[==========] Running 8 tests from 2 test suites.
[----------] Global test environment set-up.
[----------] 6 tests from LeaderRebalancerTest
[ RUN      ] LeaderRebalancerTest.FunctionalTestForDivided
WARNING: Logging before InitGoogleLogging() is written to STDERR
I20260713 09:02:43.765358 11216 internal_mini_cluster.cc:156] Creating distributed mini masters. Addrs: 127.10.244.62:33351
I20260713 09:02:43.766788 11216 env_posix.cc:2285] Not raising this process' open files per process limit of 1048576; it is already as high as it can go
I20260713 09:02:43.767768 11216 file_cache.cc:504] Constructed file cache file cache with capacity 419430
W20260713 09:02:43.782895 11222 instance_detector.cc:116] could not retrieve AWS instance metadata: Network error: curl error: HTTP response code said error: The requested URL returned error: 404
W20260713 09:02:43.782940 11223 instance_detector.cc:116] could not retrieve Azure instance metadata: Network error: curl error: HTTP response code said error: The requested URL returned error: 404
W20260713 09:02:43.783089 11225 instance_detector.cc:116] could not retrieve OpenStack instance metadata: Network error: curl error: HTTP response code said error: The requested URL returned error: 404
I20260713 09:02:43.784861 11216 server_base.cc:1061] running on GCE node
I20260713 09:02:44.901193 11216 hybrid_clock.cc:584] initializing the hybrid clock with 'system_unsync' time source
W20260713 09:02:44.901429 11216 system_unsync_time.cc:38] NTP support is disabled. Clock error bounds will not be accurate. This configuration is not suitable for distributed clusters.
I20260713 09:02:44.901620 11216 hybrid_clock.cc:648] HybridClock initialized: now 1783933364901597 us; error 0 us; skew 500 ppm
I20260713 09:02:44.902520 11216 server_base.cc:861] Flag tcmalloc_max_total_thread_cache_bytes is not working since tcmalloc is not enabled.
I20260713 09:02:44.907621 11216 webserver.cc:533] Webserver started at http://127.10.244.62:37609/ using document root <none> and password file <none>
I20260713 09:02:44.908407 11216 fs_manager.cc:362] Metadata directory not provided
I20260713 09:02:44.908640 11216 fs_manager.cc:368] Using write-ahead log directory (fs_wal_dir) as metadata directory
I20260713 09:02:44.909049 11216 server_base.cc:909] This appears to be a new deployment of Kudu; creating new FS layout
I20260713 09:02:44.914605 11216 fs_manager.cc:1068] Generated new instance metadata in path /tmp/dist-test-taskqhQebo/test-tmp/auto_leader_rebalancer-test.0.LeaderRebalancerTest.FunctionalTestForDivided.1783933363608755-11216-0/minicluster-data/master-0-root/instance:
uuid: "dbffba21f82b462baf2c9719bee72e21"
format_stamp: "Formatted at 2026-07-13 09:02:44 on dist-test-slave-77d4"
I20260713 09:02:44.921916 11216 fs_manager.cc:696] Time spent creating directory manager: real 0.007s	user 0.008s	sys 0.000s
I20260713 09:02:44.926810 11231 log_block_manager.cc:4127] Time spent loading block containers with low live blocks: real 0.000s	user 0.000s	sys 0.000s
I20260713 09:02:44.927850 11216 fs_manager.cc:730] Time spent opening block manager: real 0.003s	user 0.005s	sys 0.000s
I20260713 09:02:44.928144 11216 fs_manager.cc:647] Opened local filesystem: /tmp/dist-test-taskqhQebo/test-tmp/auto_leader_rebalancer-test.0.LeaderRebalancerTest.FunctionalTestForDivided.1783933363608755-11216-0/minicluster-data/master-0-root
uuid: "dbffba21f82b462baf2c9719bee72e21"
format_stamp: "Formatted at 2026-07-13 09:02:44 on dist-test-slave-77d4"
I20260713 09:02:44.928447 11216 fs_report.cc:389] FS layout report
--------------------
wal directory: /tmp/dist-test-taskqhQebo/test-tmp/auto_leader_rebalancer-test.0.LeaderRebalancerTest.FunctionalTestForDivided.1783933363608755-11216-0/minicluster-data/master-0-root
metadata directory: /tmp/dist-test-taskqhQebo/test-tmp/auto_leader_rebalancer-test.0.LeaderRebalancerTest.FunctionalTestForDivided.1783933363608755-11216-0/minicluster-data/master-0-root
1 data directories: /tmp/dist-test-taskqhQebo/test-tmp/auto_leader_rebalancer-test.0.LeaderRebalancerTest.FunctionalTestForDivided.1783933363608755-11216-0/minicluster-data/master-0-root/data
Total live blocks: 0
Total live bytes: 0
Total live bytes (after alignment): 0
Total number of LBM containers: 0 (0 full)
Did not check for missing blocks
Did not check for orphaned blocks
Total full LBM containers with extra space: 0 (0 repaired)
Total full LBM container extra space in bytes: 0 (0 repaired)
Total incomplete LBM containers: 0 (0 repaired)
Total LBM partial records: 0 (0 repaired)
Total corrupted LBM metadata records in RocksDB: 0 (0 repaired)
I20260713 09:02:44.995150 11216 rpc_server.cc:225] running with OpenSSL 1.1.1  11 Sep 2018
I20260713 09:02:44.996640 11216 env_posix.cc:2285] Not raising this process' running threads per effective uid limit of 18446744073709551615; it is already as high as it can go
I20260713 09:02:44.997072 11216 kserver.cc:163] Server-wide thread pool size limit: 3276
I20260713 09:02:45.063239 11216 rpc_server.cc:307] RPC server started. Bound to: 127.10.244.62:33351
I20260713 09:02:45.063344 11282 acceptor_pool.cc:272] collecting diagnostics on the listening RPC socket 127.10.244.62:33351 every 8 connection(s)
I20260713 09:02:45.070530 11283 data_dirs.cc:400] Could only allocate 1 dirs of requested 3 for tablet 00000000000000000000000000000000. 1 dirs total, 0 dirs full, 0 dirs failed
I20260713 09:02:45.090504 11283 tablet_bootstrap.cc:492] T 00000000000000000000000000000000 P dbffba21f82b462baf2c9719bee72e21: Bootstrap starting.
I20260713 09:02:45.096009 11283 tablet_bootstrap.cc:654] T 00000000000000000000000000000000 P dbffba21f82b462baf2c9719bee72e21: Neither blocks nor log segments found. Creating new log.
I20260713 09:02:45.097810 11283 log.cc:826] T 00000000000000000000000000000000 P dbffba21f82b462baf2c9719bee72e21: Log is configured to *not* fsync() on all Append() calls
I20260713 09:02:45.101974 11283 tablet_bootstrap.cc:492] T 00000000000000000000000000000000 P dbffba21f82b462baf2c9719bee72e21: No bootstrap required, opened a new log
I20260713 09:02:45.121263 11283 raft_consensus.cc:359] T 00000000000000000000000000000000 P dbffba21f82b462baf2c9719bee72e21 [term 0 FOLLOWER]: Replica starting. Triggering 0 pending ops. Active config: opid_index: -1 OBSOLETE_local: true peers { permanent_uuid: "dbffba21f82b462baf2c9719bee72e21" member_type: VOTER }
I20260713 09:02:45.121752 11283 raft_consensus.cc:385] T 00000000000000000000000000000000 P dbffba21f82b462baf2c9719bee72e21 [term 0 FOLLOWER]: Consensus starting up: Expiring failure detector timer to make a prompt election more likely
I20260713 09:02:45.121946 11283 raft_consensus.cc:740] T 00000000000000000000000000000000 P dbffba21f82b462baf2c9719bee72e21 [term 0 FOLLOWER]: Becoming Follower/Learner. State: Replica: dbffba21f82b462baf2c9719bee72e21, State: Initialized, Role: FOLLOWER
I20260713 09:02:45.122678 11283 consensus_queue.cc:260] T 00000000000000000000000000000000 P dbffba21f82b462baf2c9719bee72e21 [NON_LEADER]: Queue going to NON_LEADER mode. State: All replicated index: 0, Majority replicated index: 0, Committed index: 0, Last appended: 0.0, Last appended by leader: 0, Current term: 0, Majority size: -1, State: 0, Mode: NON_LEADER, active raft config: opid_index: -1 OBSOLETE_local: true peers { permanent_uuid: "dbffba21f82b462baf2c9719bee72e21" member_type: VOTER }
I20260713 09:02:45.123145 11283 raft_consensus.cc:399] T 00000000000000000000000000000000 P dbffba21f82b462baf2c9719bee72e21 [term 0 FOLLOWER]: Only one voter in the Raft config. Triggering election immediately
I20260713 09:02:45.123383 11283 raft_consensus.cc:493] T 00000000000000000000000000000000 P dbffba21f82b462baf2c9719bee72e21 [term 0 FOLLOWER]: Starting leader election (initial election of a single-replica configuration)
I20260713 09:02:45.123658 11283 raft_consensus.cc:3060] T 00000000000000000000000000000000 P dbffba21f82b462baf2c9719bee72e21 [term 0 FOLLOWER]: Advancing to term 1
I20260713 09:02:45.127436 11283 raft_consensus.cc:515] T 00000000000000000000000000000000 P dbffba21f82b462baf2c9719bee72e21 [term 1 FOLLOWER]: Starting leader election with config: opid_index: -1 OBSOLETE_local: true peers { permanent_uuid: "dbffba21f82b462baf2c9719bee72e21" member_type: VOTER }
I20260713 09:02:45.128070 11283 leader_election.cc:304] T 00000000000000000000000000000000 P dbffba21f82b462baf2c9719bee72e21 [CANDIDATE]: Term 1 election: Election decided. Result: candidate won. Election summary: received 1 responses out of 1 voters: 1 yes votes; 0 no votes. yes voters: dbffba21f82b462baf2c9719bee72e21; no voters: 
I20260713 09:02:45.129637 11283 leader_election.cc:290] T 00000000000000000000000000000000 P dbffba21f82b462baf2c9719bee72e21 [CANDIDATE]: Term 1 election: Requested vote from peers 
I20260713 09:02:45.130012 11286 raft_consensus.cc:2804] T 00000000000000000000000000000000 P dbffba21f82b462baf2c9719bee72e21 [term 1 FOLLOWER]: Leader election won for term 1
I20260713 09:02:45.131980 11286 raft_consensus.cc:697] T 00000000000000000000000000000000 P dbffba21f82b462baf2c9719bee72e21 [term 1 LEADER]: Becoming Leader. State: Replica: dbffba21f82b462baf2c9719bee72e21, State: Running, Role: LEADER
I20260713 09:02:45.132833 11286 consensus_queue.cc:237] T 00000000000000000000000000000000 P dbffba21f82b462baf2c9719bee72e21 [LEADER]: Queue going to LEADER mode. State: All replicated index: 0, Majority replicated index: 0, Committed index: 0, Last appended: 0.0, Last appended by leader: 0, Current term: 1, Majority size: 1, State: 0, Mode: LEADER, active raft config: opid_index: -1 OBSOLETE_local: true peers { permanent_uuid: "dbffba21f82b462baf2c9719bee72e21" member_type: VOTER }
I20260713 09:02:45.133790 11283 sys_catalog.cc:565] T 00000000000000000000000000000000 P dbffba21f82b462baf2c9719bee72e21 [sys.catalog]: configured and running, proceeding with master startup.
I20260713 09:02:45.142292 11287 sys_catalog.cc:455] T 00000000000000000000000000000000 P dbffba21f82b462baf2c9719bee72e21 [sys.catalog]: SysCatalogTable state changed. Reason: RaftConsensus started. Latest consensus state: current_term: 1 leader_uuid: "dbffba21f82b462baf2c9719bee72e21" committed_config { opid_index: -1 OBSOLETE_local: true peers { permanent_uuid: "dbffba21f82b462baf2c9719bee72e21" member_type: VOTER } }
I20260713 09:02:45.142222 11288 sys_catalog.cc:455] T 00000000000000000000000000000000 P dbffba21f82b462baf2c9719bee72e21 [sys.catalog]: SysCatalogTable state changed. Reason: New leader dbffba21f82b462baf2c9719bee72e21. Latest consensus state: current_term: 1 leader_uuid: "dbffba21f82b462baf2c9719bee72e21" committed_config { opid_index: -1 OBSOLETE_local: true peers { permanent_uuid: "dbffba21f82b462baf2c9719bee72e21" member_type: VOTER } }
I20260713 09:02:45.142930 11287 sys_catalog.cc:458] T 00000000000000000000000000000000 P dbffba21f82b462baf2c9719bee72e21 [sys.catalog]: This master's current role is: LEADER
I20260713 09:02:45.143021 11288 sys_catalog.cc:458] T 00000000000000000000000000000000 P dbffba21f82b462baf2c9719bee72e21 [sys.catalog]: This master's current role is: LEADER
I20260713 09:02:45.145574 11295 catalog_manager.cc:1511] Loading table and tablet metadata into memory...
I20260713 09:02:45.157337 11295 catalog_manager.cc:1520] Initializing Kudu cluster ID...
I20260713 09:02:45.159482 11216 internal_mini_cluster.cc:184] Waiting to initialize catalog manager on master 0
I20260713 09:02:45.173458 11295 catalog_manager.cc:1383] Generated new cluster ID: 6a1c132d67734252ab0b0dd54b076cff
I20260713 09:02:45.173738 11295 catalog_manager.cc:1531] Initializing Kudu internal certificate authority...
I20260713 09:02:45.192808 11295 catalog_manager.cc:1406] Generated new certificate authority record
I20260713 09:02:45.194234 11295 catalog_manager.cc:1540] Loading token signing keys...
I20260713 09:02:45.209334 11295 catalog_manager.cc:6070] T 00000000000000000000000000000000 P dbffba21f82b462baf2c9719bee72e21: Generated new TSK 0
I20260713 09:02:45.210212 11295 catalog_manager.cc:1550] Initializing in-progress tserver states...
I20260713 09:02:45.225648 11216 file_cache.cc:504] Constructed file cache file cache with capacity 419430
W20260713 09:02:45.233362 11305 instance_detector.cc:116] could not retrieve AWS instance metadata: Network error: curl error: HTTP response code said error: The requested URL returned error: 404
W20260713 09:02:45.234252 11306 instance_detector.cc:116] could not retrieve Azure instance metadata: Network error: curl error: HTTP response code said error: The requested URL returned error: 404
W20260713 09:02:45.237999 11308 instance_detector.cc:116] could not retrieve OpenStack instance metadata: Network error: curl error: HTTP response code said error: The requested URL returned error: 404
I20260713 09:02:45.238344 11216 server_base.cc:1061] running on GCE node
I20260713 09:02:45.239233 11216 hybrid_clock.cc:584] initializing the hybrid clock with 'system_unsync' time source
W20260713 09:02:45.239488 11216 system_unsync_time.cc:38] NTP support is disabled. Clock error bounds will not be accurate. This configuration is not suitable for distributed clusters.
I20260713 09:02:45.239683 11216 hybrid_clock.cc:648] HybridClock initialized: now 1783933365239664 us; error 0 us; skew 500 ppm
I20260713 09:02:45.240443 11216 server_base.cc:861] Flag tcmalloc_max_total_thread_cache_bytes is not working since tcmalloc is not enabled.
I20260713 09:02:45.244462 11216 webserver.cc:533] Webserver started at http://127.10.244.1:33049/ using document root <none> and password file <none>
I20260713 09:02:45.245153 11216 fs_manager.cc:362] Metadata directory not provided
I20260713 09:02:45.245409 11216 fs_manager.cc:368] Using write-ahead log directory (fs_wal_dir) as metadata directory
I20260713 09:02:45.245738 11216 server_base.cc:909] This appears to be a new deployment of Kudu; creating new FS layout
I20260713 09:02:45.247254 11216 fs_manager.cc:1068] Generated new instance metadata in path /tmp/dist-test-taskqhQebo/test-tmp/auto_leader_rebalancer-test.0.LeaderRebalancerTest.FunctionalTestForDivided.1783933363608755-11216-0/minicluster-data/ts-0-root/instance:
uuid: "bac16a197d5a42168741d4e127f332a4"
format_stamp: "Formatted at 2026-07-13 09:02:45 on dist-test-slave-77d4"
I20260713 09:02:45.253891 11216 fs_manager.cc:696] Time spent creating directory manager: real 0.006s	user 0.002s	sys 0.006s
I20260713 09:02:45.258625 11313 log_block_manager.cc:4127] Time spent loading block containers with low live blocks: real 0.000s	user 0.000s	sys 0.000s
I20260713 09:02:45.259374 11216 fs_manager.cc:730] Time spent opening block manager: real 0.003s	user 0.002s	sys 0.000s
I20260713 09:02:45.259696 11216 fs_manager.cc:647] Opened local filesystem: /tmp/dist-test-taskqhQebo/test-tmp/auto_leader_rebalancer-test.0.LeaderRebalancerTest.FunctionalTestForDivided.1783933363608755-11216-0/minicluster-data/ts-0-root
uuid: "bac16a197d5a42168741d4e127f332a4"
format_stamp: "Formatted at 2026-07-13 09:02:45 on dist-test-slave-77d4"
I20260713 09:02:45.260059 11216 fs_report.cc:389] FS layout report
--------------------
wal directory: /tmp/dist-test-taskqhQebo/test-tmp/auto_leader_rebalancer-test.0.LeaderRebalancerTest.FunctionalTestForDivided.1783933363608755-11216-0/minicluster-data/ts-0-root
metadata directory: /tmp/dist-test-taskqhQebo/test-tmp/auto_leader_rebalancer-test.0.LeaderRebalancerTest.FunctionalTestForDivided.1783933363608755-11216-0/minicluster-data/ts-0-root
1 data directories: /tmp/dist-test-taskqhQebo/test-tmp/auto_leader_rebalancer-test.0.LeaderRebalancerTest.FunctionalTestForDivided.1783933363608755-11216-0/minicluster-data/ts-0-root/data
Total live blocks: 0
Total live bytes: 0
Total live bytes (after alignment): 0
Total number of LBM containers: 0 (0 full)
Did not check for missing blocks
Did not check for orphaned blocks
Total full LBM containers with extra space: 0 (0 repaired)
Total full LBM container extra space in bytes: 0 (0 repaired)
Total incomplete LBM containers: 0 (0 repaired)
Total LBM partial records: 0 (0 repaired)
Total corrupted LBM metadata records in RocksDB: 0 (0 repaired)
I20260713 09:02:45.285449 11216 rpc_server.cc:225] running with OpenSSL 1.1.1  11 Sep 2018
I20260713 09:02:45.287110 11216 kserver.cc:163] Server-wide thread pool size limit: 3276
I20260713 09:02:45.289801 11216 txn_system_client.cc:432] TxnSystemClient initialization is disabled...
I20260713 09:02:45.294926 11216 ts_tablet_manager.cc:585] Loaded tablet metadata (0 total tablets, 0 live tablets)
I20260713 09:02:45.295230 11216 ts_tablet_manager.cc:531] Time spent load tablet metadata: real 0.000s	user 0.000s	sys 0.000s
I20260713 09:02:45.295531 11216 ts_tablet_manager.cc:616] Registered 0 tablets
I20260713 09:02:45.295742 11216 ts_tablet_manager.cc:595] Time spent register tablets: real 0.000s	user 0.000s	sys 0.000s
I20260713 09:02:45.382115 11216 rpc_server.cc:307] RPC server started. Bound to: 127.10.244.1:44735
I20260713 09:02:45.382201 11375 acceptor_pool.cc:272] collecting diagnostics on the listening RPC socket 127.10.244.1:44735 every 8 connection(s)
I20260713 09:02:45.389801 11216 file_cache.cc:504] Constructed file cache file cache with capacity 419430
W20260713 09:02:45.401939 11380 instance_detector.cc:116] could not retrieve AWS instance metadata: Network error: curl error: HTTP response code said error: The requested URL returned error: 404
W20260713 09:02:45.403344 11381 instance_detector.cc:116] could not retrieve Azure instance metadata: Network error: curl error: HTTP response code said error: The requested URL returned error: 404
W20260713 09:02:45.409842 11383 instance_detector.cc:116] could not retrieve OpenStack instance metadata: Network error: curl error: HTTP response code said error: The requested URL returned error: 404
I20260713 09:02:45.414117 11216 server_base.cc:1061] running on GCE node
I20260713 09:02:45.414907 11216 hybrid_clock.cc:584] initializing the hybrid clock with 'system_unsync' time source
W20260713 09:02:45.415158 11216 system_unsync_time.cc:38] NTP support is disabled. Clock error bounds will not be accurate. This configuration is not suitable for distributed clusters.
I20260713 09:02:45.415361 11216 hybrid_clock.cc:648] HybridClock initialized: now 1783933365415344 us; error 0 us; skew 500 ppm
I20260713 09:02:45.415972 11216 server_base.cc:861] Flag tcmalloc_max_total_thread_cache_bytes is not working since tcmalloc is not enabled.
I20260713 09:02:45.417165 11376 heartbeater.cc:344] Connected to a master server at 127.10.244.62:33351
I20260713 09:02:45.417621 11376 heartbeater.cc:461] Registering TS with master...
I20260713 09:02:45.418705 11376 heartbeater.cc:507] Master 127.10.244.62:33351 requested a full tablet report, sending...
I20260713 09:02:45.419356 11216 webserver.cc:533] Webserver started at http://127.10.244.2:40883/ using document root <none> and password file <none>
I20260713 09:02:45.419848 11216 fs_manager.cc:362] Metadata directory not provided
I20260713 09:02:45.420077 11216 fs_manager.cc:368] Using write-ahead log directory (fs_wal_dir) as metadata directory
I20260713 09:02:45.420409 11216 server_base.cc:909] This appears to be a new deployment of Kudu; creating new FS layout
I20260713 09:02:45.421633 11216 fs_manager.cc:1068] Generated new instance metadata in path /tmp/dist-test-taskqhQebo/test-tmp/auto_leader_rebalancer-test.0.LeaderRebalancerTest.FunctionalTestForDivided.1783933363608755-11216-0/minicluster-data/ts-1-root/instance:
uuid: "b03a8c0989da41f2afdf4d95f7865fd4"
format_stamp: "Formatted at 2026-07-13 09:02:45 on dist-test-slave-77d4"
I20260713 09:02:45.422051 11248 ts_manager.cc:194] Registered new tserver with Master: bac16a197d5a42168741d4e127f332a4 (127.10.244.1:44735)
I20260713 09:02:45.424925 11248 master_service.cc:502] Signed X509 certificate for tserver {username='slave'} at 127.0.0.1:36448
I20260713 09:02:45.428169 11216 fs_manager.cc:696] Time spent creating directory manager: real 0.006s	user 0.006s	sys 0.000s
I20260713 09:02:45.431821 11388 log_block_manager.cc:4127] Time spent loading block containers with low live blocks: real 0.000s	user 0.000s	sys 0.000s
I20260713 09:02:45.432611 11216 fs_manager.cc:730] Time spent opening block manager: real 0.003s	user 0.000s	sys 0.002s
I20260713 09:02:45.432917 11216 fs_manager.cc:647] Opened local filesystem: /tmp/dist-test-taskqhQebo/test-tmp/auto_leader_rebalancer-test.0.LeaderRebalancerTest.FunctionalTestForDivided.1783933363608755-11216-0/minicluster-data/ts-1-root
uuid: "b03a8c0989da41f2afdf4d95f7865fd4"
format_stamp: "Formatted at 2026-07-13 09:02:45 on dist-test-slave-77d4"
I20260713 09:02:45.433157 11216 fs_report.cc:389] FS layout report
--------------------
wal directory: /tmp/dist-test-taskqhQebo/test-tmp/auto_leader_rebalancer-test.0.LeaderRebalancerTest.FunctionalTestForDivided.1783933363608755-11216-0/minicluster-data/ts-1-root
metadata directory: /tmp/dist-test-taskqhQebo/test-tmp/auto_leader_rebalancer-test.0.LeaderRebalancerTest.FunctionalTestForDivided.1783933363608755-11216-0/minicluster-data/ts-1-root
1 data directories: /tmp/dist-test-taskqhQebo/test-tmp/auto_leader_rebalancer-test.0.LeaderRebalancerTest.FunctionalTestForDivided.1783933363608755-11216-0/minicluster-data/ts-1-root/data
Total live blocks: 0
Total live bytes: 0
Total live bytes (after alignment): 0
Total number of LBM containers: 0 (0 full)
Did not check for missing blocks
Did not check for orphaned blocks
Total full LBM containers with extra space: 0 (0 repaired)
Total full LBM container extra space in bytes: 0 (0 repaired)
Total incomplete LBM containers: 0 (0 repaired)
Total LBM partial records: 0 (0 repaired)
Total corrupted LBM metadata records in RocksDB: 0 (0 repaired)
I20260713 09:02:45.444109 11216 rpc_server.cc:225] running with OpenSSL 1.1.1  11 Sep 2018
I20260713 09:02:45.445291 11216 kserver.cc:163] Server-wide thread pool size limit: 3276
I20260713 09:02:45.447485 11216 txn_system_client.cc:432] TxnSystemClient initialization is disabled...
I20260713 09:02:45.450459 11216 ts_tablet_manager.cc:585] Loaded tablet metadata (0 total tablets, 0 live tablets)
I20260713 09:02:45.450636 11216 ts_tablet_manager.cc:531] Time spent load tablet metadata: real 0.000s	user 0.000s	sys 0.000s
I20260713 09:02:45.450861 11216 ts_tablet_manager.cc:616] Registered 0 tablets
I20260713 09:02:45.450994 11216 ts_tablet_manager.cc:595] Time spent register tablets: real 0.000s	user 0.000s	sys 0.000s
I20260713 09:02:45.540199 11216 rpc_server.cc:307] RPC server started. Bound to: 127.10.244.2:34911
I20260713 09:02:45.540319 11450 acceptor_pool.cc:272] collecting diagnostics on the listening RPC socket 127.10.244.2:34911 every 8 connection(s)
I20260713 09:02:45.546159 11216 file_cache.cc:504] Constructed file cache file cache with capacity 419430
W20260713 09:02:45.553632 11454 instance_detector.cc:116] could not retrieve AWS instance metadata: Network error: curl error: HTTP response code said error: The requested URL returned error: 404
W20260713 09:02:45.554936 11455 instance_detector.cc:116] could not retrieve Azure instance metadata: Network error: curl error: HTTP response code said error: The requested URL returned error: 404
I20260713 09:02:45.560364 11451 heartbeater.cc:344] Connected to a master server at 127.10.244.62:33351
I20260713 09:02:45.560791 11451 heartbeater.cc:461] Registering TS with master...
I20260713 09:02:45.561754 11451 heartbeater.cc:507] Master 127.10.244.62:33351 requested a full tablet report, sending...
W20260713 09:02:45.563127 11457 instance_detector.cc:116] could not retrieve OpenStack instance metadata: Network error: curl error: HTTP response code said error: The requested URL returned error: 404
I20260713 09:02:45.563822 11216 server_base.cc:1061] running on GCE node
I20260713 09:02:45.564234 11248 ts_manager.cc:194] Registered new tserver with Master: b03a8c0989da41f2afdf4d95f7865fd4 (127.10.244.2:34911)
I20260713 09:02:45.564821 11216 hybrid_clock.cc:584] initializing the hybrid clock with 'system_unsync' time source
W20260713 09:02:45.565090 11216 system_unsync_time.cc:38] NTP support is disabled. Clock error bounds will not be accurate. This configuration is not suitable for distributed clusters.
I20260713 09:02:45.565282 11216 hybrid_clock.cc:648] HybridClock initialized: now 1783933365565266 us; error 0 us; skew 500 ppm
I20260713 09:02:45.565590 11248 master_service.cc:502] Signed X509 certificate for tserver {username='slave'} at 127.0.0.1:36454
I20260713 09:02:45.566000 11216 server_base.cc:861] Flag tcmalloc_max_total_thread_cache_bytes is not working since tcmalloc is not enabled.
I20260713 09:02:45.568706 11216 webserver.cc:533] Webserver started at http://127.10.244.3:40041/ using document root <none> and password file <none>
I20260713 09:02:45.569275 11216 fs_manager.cc:362] Metadata directory not provided
I20260713 09:02:45.569516 11216 fs_manager.cc:368] Using write-ahead log directory (fs_wal_dir) as metadata directory
I20260713 09:02:45.569808 11216 server_base.cc:909] This appears to be a new deployment of Kudu; creating new FS layout
I20260713 09:02:45.571197 11216 fs_manager.cc:1068] Generated new instance metadata in path /tmp/dist-test-taskqhQebo/test-tmp/auto_leader_rebalancer-test.0.LeaderRebalancerTest.FunctionalTestForDivided.1783933363608755-11216-0/minicluster-data/ts-2-root/instance:
uuid: "579d4241beb04240ba491b8ce163e743"
format_stamp: "Formatted at 2026-07-13 09:02:45 on dist-test-slave-77d4"
I20260713 09:02:45.576685 11216 fs_manager.cc:696] Time spent creating directory manager: real 0.005s	user 0.004s	sys 0.004s
I20260713 09:02:45.580818 11462 log_block_manager.cc:4127] Time spent loading block containers with low live blocks: real 0.000s	user 0.000s	sys 0.000s
I20260713 09:02:45.581660 11216 fs_manager.cc:730] Time spent opening block manager: real 0.003s	user 0.004s	sys 0.000s
I20260713 09:02:45.582015 11216 fs_manager.cc:647] Opened local filesystem: /tmp/dist-test-taskqhQebo/test-tmp/auto_leader_rebalancer-test.0.LeaderRebalancerTest.FunctionalTestForDivided.1783933363608755-11216-0/minicluster-data/ts-2-root
uuid: "579d4241beb04240ba491b8ce163e743"
format_stamp: "Formatted at 2026-07-13 09:02:45 on dist-test-slave-77d4"
I20260713 09:02:45.583393 11216 fs_report.cc:389] FS layout report
--------------------
wal directory: /tmp/dist-test-taskqhQebo/test-tmp/auto_leader_rebalancer-test.0.LeaderRebalancerTest.FunctionalTestForDivided.1783933363608755-11216-0/minicluster-data/ts-2-root
metadata directory: /tmp/dist-test-taskqhQebo/test-tmp/auto_leader_rebalancer-test.0.LeaderRebalancerTest.FunctionalTestForDivided.1783933363608755-11216-0/minicluster-data/ts-2-root
1 data directories: /tmp/dist-test-taskqhQebo/test-tmp/auto_leader_rebalancer-test.0.LeaderRebalancerTest.FunctionalTestForDivided.1783933363608755-11216-0/minicluster-data/ts-2-root/data
Total live blocks: 0
Total live bytes: 0
Total live bytes (after alignment): 0
Total number of LBM containers: 0 (0 full)
Did not check for missing blocks
Did not check for orphaned blocks
Total full LBM containers with extra space: 0 (0 repaired)
Total full LBM container extra space in bytes: 0 (0 repaired)
Total incomplete LBM containers: 0 (0 repaired)
Total LBM partial records: 0 (0 repaired)
Total corrupted LBM metadata records in RocksDB: 0 (0 repaired)
I20260713 09:02:45.600680 11216 rpc_server.cc:225] running with OpenSSL 1.1.1  11 Sep 2018
I20260713 09:02:45.601863 11216 kserver.cc:163] Server-wide thread pool size limit: 3276
I20260713 09:02:45.603106 11216 txn_system_client.cc:432] TxnSystemClient initialization is disabled...
I20260713 09:02:45.605749 11216 ts_tablet_manager.cc:585] Loaded tablet metadata (0 total tablets, 0 live tablets)
I20260713 09:02:45.605940 11216 ts_tablet_manager.cc:531] Time spent load tablet metadata: real 0.000s	user 0.000s	sys 0.000s
I20260713 09:02:45.606173 11216 ts_tablet_manager.cc:616] Registered 0 tablets
I20260713 09:02:45.606349 11216 ts_tablet_manager.cc:595] Time spent register tablets: real 0.000s	user 0.000s	sys 0.000s
I20260713 09:02:45.686638 11216 rpc_server.cc:307] RPC server started. Bound to: 127.10.244.3:40813
I20260713 09:02:45.686743 11524 acceptor_pool.cc:272] collecting diagnostics on the listening RPC socket 127.10.244.3:40813 every 8 connection(s)
I20260713 09:02:45.701339 11525 heartbeater.cc:344] Connected to a master server at 127.10.244.62:33351
I20260713 09:02:45.701658 11525 heartbeater.cc:461] Registering TS with master...
I20260713 09:02:45.702381 11525 heartbeater.cc:507] Master 127.10.244.62:33351 requested a full tablet report, sending...
I20260713 09:02:45.704151 11248 ts_manager.cc:194] Registered new tserver with Master: 579d4241beb04240ba491b8ce163e743 (127.10.244.3:40813)
I20260713 09:02:45.704334 11216 internal_mini_cluster.cc:371] 3 TS(s) registered with all masters after 0.01334211s
I20260713 09:02:45.705422 11248 master_service.cc:502] Signed X509 certificate for tserver {username='slave'} at 127.0.0.1:36456
I20260713 09:02:45.749048 11248 catalog_manager.cc:2283] Servicing CreateTable request from {username='slave'} at 127.0.0.1:36458:
name: "test-workload"
schema {
  columns {
    name: "key"
    type: INT32
    is_key: true
    is_nullable: false
    encoding: AUTO_ENCODING
    compression: DEFAULT_COMPRESSION
    cfile_block_size: 0
    immutable: false
  }
  columns {
    name: "int_val"
    type: INT32
    is_key: false
    is_nullable: false
    encoding: AUTO_ENCODING
    compression: DEFAULT_COMPRESSION
    cfile_block_size: 0
    immutable: false
  }
  columns {
    name: "string_val"
    type: STRING
    is_key: false
    is_nullable: true
    encoding: AUTO_ENCODING
    compression: DEFAULT_COMPRESSION
    cfile_block_size: 0
    immutable: false
  }
}
num_replicas: 3
split_rows_range_bounds {
  rows: "\004\001\000\216\3438\016\004\001\000\034\307q\034\004\001\000\252\252\252*\004\001\0008\216\3438\004\001\000\306q\034G\004\001\000TUUU\004\001\000\3428\216c\004\001\000p\034\307q""\004\001\000\216\3438\016\004\001\000\034\307q\034\004\001\000\252\252\252*\004\001\0008\216\3438\004\001\000\306q\034G\004\001\000TUUU\004\001\000\3428\216c\004\001\000p\034\307q"
  indirect_data: """"
}
partition_schema {
  range_schema {
    columns {
      name: "key"
    }
  }
}
W20260713 09:02:45.752288 11248 catalog_manager.cc:7077] The number of live tablet servers is not enough to re-replicate a tablet replica of the newly created table test-workload in case of a server failure: 4 tablet servers would be needed, 3 are available. Consider bringing up more tablet servers.
I20260713 09:02:45.840214 11416 tablet_service.cc:1511] Processing CreateTablet for tablet c25da8796c43481fb69ac9325334466f (DEFAULT_TABLE table=test-workload [id=9f369a6a0ad24a6eab62bf90ca3be4b3]), partition=RANGE (key) PARTITION VALUES < 238609294
I20260713 09:02:45.850219 11416 data_dirs.cc:400] Could only allocate 1 dirs of requested 3 for tablet c25da8796c43481fb69ac9325334466f. 1 dirs total, 0 dirs full, 0 dirs failed
I20260713 09:02:45.857276 11341 tablet_service.cc:1511] Processing CreateTablet for tablet c25da8796c43481fb69ac9325334466f (DEFAULT_TABLE table=test-workload [id=9f369a6a0ad24a6eab62bf90ca3be4b3]), partition=RANGE (key) PARTITION VALUES < 238609294
I20260713 09:02:45.858498 11341 data_dirs.cc:400] Could only allocate 1 dirs of requested 3 for tablet c25da8796c43481fb69ac9325334466f. 1 dirs total, 0 dirs full, 0 dirs failed
I20260713 09:02:45.861553 11340 tablet_service.cc:1511] Processing CreateTablet for tablet f3d6fc20594940edbf8b4a9b0572a740 (DEFAULT_TABLE table=test-workload [id=9f369a6a0ad24a6eab62bf90ca3be4b3]), partition=RANGE (key) PARTITION 238609294 <= VALUES < 477218588
I20260713 09:02:45.862972 11340 data_dirs.cc:400] Could only allocate 1 dirs of requested 3 for tablet f3d6fc20594940edbf8b4a9b0572a740. 1 dirs total, 0 dirs full, 0 dirs failed
I20260713 09:02:45.866149 11339 tablet_service.cc:1511] Processing CreateTablet for tablet afb579576a054d59a21403bc198e8040 (DEFAULT_TABLE table=test-workload [id=9f369a6a0ad24a6eab62bf90ca3be4b3]), partition=RANGE (key) PARTITION 477218588 <= VALUES < 715827882
I20260713 09:02:45.869879 11339 data_dirs.cc:400] Could only allocate 1 dirs of requested 3 for tablet afb579576a054d59a21403bc198e8040. 1 dirs total, 0 dirs full, 0 dirs failed
I20260713 09:02:45.870139 11415 tablet_service.cc:1511] Processing CreateTablet for tablet f3d6fc20594940edbf8b4a9b0572a740 (DEFAULT_TABLE table=test-workload [id=9f369a6a0ad24a6eab62bf90ca3be4b3]), partition=RANGE (key) PARTITION 238609294 <= VALUES < 477218588
I20260713 09:02:45.875109 11415 data_dirs.cc:400] Could only allocate 1 dirs of requested 3 for tablet f3d6fc20594940edbf8b4a9b0572a740. 1 dirs total, 0 dirs full, 0 dirs failed
I20260713 09:02:45.875075 11414 tablet_service.cc:1511] Processing CreateTablet for tablet afb579576a054d59a21403bc198e8040 (DEFAULT_TABLE table=test-workload [id=9f369a6a0ad24a6eab62bf90ca3be4b3]), partition=RANGE (key) PARTITION 477218588 <= VALUES < 715827882
I20260713 09:02:45.879582 11338 tablet_service.cc:1511] Processing CreateTablet for tablet 885ca5bcf6a3456d85187ad4c0c9baf5 (DEFAULT_TABLE table=test-workload [id=9f369a6a0ad24a6eab62bf90ca3be4b3]), partition=RANGE (key) PARTITION 715827882 <= VALUES < 954437176
I20260713 09:02:45.882153 11414 data_dirs.cc:400] Could only allocate 1 dirs of requested 3 for tablet afb579576a054d59a21403bc198e8040. 1 dirs total, 0 dirs full, 0 dirs failed
I20260713 09:02:45.884409 11338 data_dirs.cc:400] Could only allocate 1 dirs of requested 3 for tablet 885ca5bcf6a3456d85187ad4c0c9baf5. 1 dirs total, 0 dirs full, 0 dirs failed
I20260713 09:02:45.883981 11413 tablet_service.cc:1511] Processing CreateTablet for tablet 885ca5bcf6a3456d85187ad4c0c9baf5 (DEFAULT_TABLE table=test-workload [id=9f369a6a0ad24a6eab62bf90ca3be4b3]), partition=RANGE (key) PARTITION 715827882 <= VALUES < 954437176
I20260713 09:02:45.891608 11413 data_dirs.cc:400] Could only allocate 1 dirs of requested 3 for tablet 885ca5bcf6a3456d85187ad4c0c9baf5. 1 dirs total, 0 dirs full, 0 dirs failed
I20260713 09:02:45.902427 11490 tablet_service.cc:1511] Processing CreateTablet for tablet c25da8796c43481fb69ac9325334466f (DEFAULT_TABLE table=test-workload [id=9f369a6a0ad24a6eab62bf90ca3be4b3]), partition=RANGE (key) PARTITION VALUES < 238609294
I20260713 09:02:45.903854 11490 data_dirs.cc:400] Could only allocate 1 dirs of requested 3 for tablet c25da8796c43481fb69ac9325334466f. 1 dirs total, 0 dirs full, 0 dirs failed
I20260713 09:02:45.906837 11489 tablet_service.cc:1511] Processing CreateTablet for tablet f3d6fc20594940edbf8b4a9b0572a740 (DEFAULT_TABLE table=test-workload [id=9f369a6a0ad24a6eab62bf90ca3be4b3]), partition=RANGE (key) PARTITION 238609294 <= VALUES < 477218588
I20260713 09:02:45.908550 11489 data_dirs.cc:400] Could only allocate 1 dirs of requested 3 for tablet f3d6fc20594940edbf8b4a9b0572a740. 1 dirs total, 0 dirs full, 0 dirs failed
I20260713 09:02:45.912007 11337 tablet_service.cc:1511] Processing CreateTablet for tablet 668c1d689347449289791927423a6d43 (DEFAULT_TABLE table=test-workload [id=9f369a6a0ad24a6eab62bf90ca3be4b3]), partition=RANGE (key) PARTITION 954437176 <= VALUES < 1193046470
I20260713 09:02:45.915079 11337 data_dirs.cc:400] Could only allocate 1 dirs of requested 3 for tablet 668c1d689347449289791927423a6d43. 1 dirs total, 0 dirs full, 0 dirs failed
I20260713 09:02:45.920256 11488 tablet_service.cc:1511] Processing CreateTablet for tablet afb579576a054d59a21403bc198e8040 (DEFAULT_TABLE table=test-workload [id=9f369a6a0ad24a6eab62bf90ca3be4b3]), partition=RANGE (key) PARTITION 477218588 <= VALUES < 715827882
I20260713 09:02:45.922660 11488 data_dirs.cc:400] Could only allocate 1 dirs of requested 3 for tablet afb579576a054d59a21403bc198e8040. 1 dirs total, 0 dirs full, 0 dirs failed
I20260713 09:02:45.922392 11487 tablet_service.cc:1511] Processing CreateTablet for tablet 885ca5bcf6a3456d85187ad4c0c9baf5 (DEFAULT_TABLE table=test-workload [id=9f369a6a0ad24a6eab62bf90ca3be4b3]), partition=RANGE (key) PARTITION 715827882 <= VALUES < 954437176
I20260713 09:02:45.923627 11416 tablet_service.cc:1511] Processing CreateTablet for tablet 668c1d689347449289791927423a6d43 (DEFAULT_TABLE table=test-workload [id=9f369a6a0ad24a6eab62bf90ca3be4b3]), partition=RANGE (key) PARTITION 954437176 <= VALUES < 1193046470
I20260713 09:02:45.925935 11416 data_dirs.cc:400] Could only allocate 1 dirs of requested 3 for tablet 668c1d689347449289791927423a6d43. 1 dirs total, 0 dirs full, 0 dirs failed
I20260713 09:02:45.926676 11487 data_dirs.cc:400] Could only allocate 1 dirs of requested 3 for tablet 885ca5bcf6a3456d85187ad4c0c9baf5. 1 dirs total, 0 dirs full, 0 dirs failed
I20260713 09:02:45.928632 11486 tablet_service.cc:1511] Processing CreateTablet for tablet 668c1d689347449289791927423a6d43 (DEFAULT_TABLE table=test-workload [id=9f369a6a0ad24a6eab62bf90ca3be4b3]), partition=RANGE (key) PARTITION 954437176 <= VALUES < 1193046470
I20260713 09:02:45.934257 11486 data_dirs.cc:400] Could only allocate 1 dirs of requested 3 for tablet 668c1d689347449289791927423a6d43. 1 dirs total, 0 dirs full, 0 dirs failed
I20260713 09:02:45.937477 11336 tablet_service.cc:1511] Processing CreateTablet for tablet 0b822253f1fb46c3a0c4af63f418c054 (DEFAULT_TABLE table=test-workload [id=9f369a6a0ad24a6eab62bf90ca3be4b3]), partition=RANGE (key) PARTITION 1193046470 <= VALUES < 1431655764
I20260713 09:02:45.939735 11336 data_dirs.cc:400] Could only allocate 1 dirs of requested 3 for tablet 0b822253f1fb46c3a0c4af63f418c054. 1 dirs total, 0 dirs full, 0 dirs failed
I20260713 09:02:45.943658 11543 tablet_bootstrap.cc:492] T c25da8796c43481fb69ac9325334466f P b03a8c0989da41f2afdf4d95f7865fd4: Bootstrap starting.
I20260713 09:02:45.950472 11412 tablet_service.cc:1511] Processing CreateTablet for tablet 0b822253f1fb46c3a0c4af63f418c054 (DEFAULT_TABLE table=test-workload [id=9f369a6a0ad24a6eab62bf90ca3be4b3]), partition=RANGE (key) PARTITION 1193046470 <= VALUES < 1431655764
I20260713 09:02:45.953060 11412 data_dirs.cc:400] Could only allocate 1 dirs of requested 3 for tablet 0b822253f1fb46c3a0c4af63f418c054. 1 dirs total, 0 dirs full, 0 dirs failed
I20260713 09:02:45.995529 11544 tablet_bootstrap.cc:492] T f3d6fc20594940edbf8b4a9b0572a740 P 579d4241beb04240ba491b8ce163e743: Bootstrap starting.
I20260713 09:02:46.014155 11411 tablet_service.cc:1511] Processing CreateTablet for tablet 8583c6eb1e234e2591b5e9109f381319 (DEFAULT_TABLE table=test-workload [id=9f369a6a0ad24a6eab62bf90ca3be4b3]), partition=RANGE (key) PARTITION 1431655764 <= VALUES < 1670265058
I20260713 09:02:46.016903 11411 data_dirs.cc:400] Could only allocate 1 dirs of requested 3 for tablet 8583c6eb1e234e2591b5e9109f381319. 1 dirs total, 0 dirs full, 0 dirs failed
I20260713 09:02:46.016902 11489 tablet_service.cc:1511] Processing CreateTablet for tablet 8583c6eb1e234e2591b5e9109f381319 (DEFAULT_TABLE table=test-workload [id=9f369a6a0ad24a6eab62bf90ca3be4b3]), partition=RANGE (key) PARTITION 1431655764 <= VALUES < 1670265058
I20260713 09:02:46.024124 11545 tablet_bootstrap.cc:492] T afb579576a054d59a21403bc198e8040 P bac16a197d5a42168741d4e127f332a4: Bootstrap starting.
I20260713 09:02:46.025245 11489 data_dirs.cc:400] Could only allocate 1 dirs of requested 3 for tablet 8583c6eb1e234e2591b5e9109f381319. 1 dirs total, 0 dirs full, 0 dirs failed
I20260713 09:02:46.019264 11341 tablet_service.cc:1511] Processing CreateTablet for tablet 8583c6eb1e234e2591b5e9109f381319 (DEFAULT_TABLE table=test-workload [id=9f369a6a0ad24a6eab62bf90ca3be4b3]), partition=RANGE (key) PARTITION 1431655764 <= VALUES < 1670265058
I20260713 09:02:46.032826 11341 data_dirs.cc:400] Could only allocate 1 dirs of requested 3 for tablet 8583c6eb1e234e2591b5e9109f381319. 1 dirs total, 0 dirs full, 0 dirs failed
I20260713 09:02:46.041610 11487 tablet_service.cc:1511] Processing CreateTablet for tablet 0b822253f1fb46c3a0c4af63f418c054 (DEFAULT_TABLE table=test-workload [id=9f369a6a0ad24a6eab62bf90ca3be4b3]), partition=RANGE (key) PARTITION 1193046470 <= VALUES < 1431655764
I20260713 09:02:46.052434 11487 data_dirs.cc:400] Could only allocate 1 dirs of requested 3 for tablet 0b822253f1fb46c3a0c4af63f418c054. 1 dirs total, 0 dirs full, 0 dirs failed
I20260713 09:02:46.053860 11544 tablet_bootstrap.cc:654] T f3d6fc20594940edbf8b4a9b0572a740 P 579d4241beb04240ba491b8ce163e743: Neither blocks nor log segments found. Creating new log.
I20260713 09:02:46.056031 11490 tablet_service.cc:1511] Processing CreateTablet for tablet a16f584e75fc4e839aa3906d7e8a09c6 (DEFAULT_TABLE table=test-workload [id=9f369a6a0ad24a6eab62bf90ca3be4b3]), partition=RANGE (key) PARTITION 1670265058 <= VALUES < 1908874352
I20260713 09:02:46.059150 11412 tablet_service.cc:1511] Processing CreateTablet for tablet a16f584e75fc4e839aa3906d7e8a09c6 (DEFAULT_TABLE table=test-workload [id=9f369a6a0ad24a6eab62bf90ca3be4b3]), partition=RANGE (key) PARTITION 1670265058 <= VALUES < 1908874352
I20260713 09:02:46.060616 11412 data_dirs.cc:400] Could only allocate 1 dirs of requested 3 for tablet a16f584e75fc4e839aa3906d7e8a09c6. 1 dirs total, 0 dirs full, 0 dirs failed
I20260713 09:02:46.061239 11543 tablet_bootstrap.cc:654] T c25da8796c43481fb69ac9325334466f P b03a8c0989da41f2afdf4d95f7865fd4: Neither blocks nor log segments found. Creating new log.
I20260713 09:02:46.063355 11336 tablet_service.cc:1511] Processing CreateTablet for tablet a16f584e75fc4e839aa3906d7e8a09c6 (DEFAULT_TABLE table=test-workload [id=9f369a6a0ad24a6eab62bf90ca3be4b3]), partition=RANGE (key) PARTITION 1670265058 <= VALUES < 1908874352
I20260713 09:02:46.058220 11490 data_dirs.cc:400] Could only allocate 1 dirs of requested 3 for tablet a16f584e75fc4e839aa3906d7e8a09c6. 1 dirs total, 0 dirs full, 0 dirs failed
I20260713 09:02:46.067894 11415 tablet_service.cc:1511] Processing CreateTablet for tablet a7c248c279f84ad2ae1a5e739e37665a (DEFAULT_TABLE table=test-workload [id=9f369a6a0ad24a6eab62bf90ca3be4b3]), partition=RANGE (key) PARTITION 1908874352 <= VALUES
I20260713 09:02:46.069079 11415 data_dirs.cc:400] Could only allocate 1 dirs of requested 3 for tablet a7c248c279f84ad2ae1a5e739e37665a. 1 dirs total, 0 dirs full, 0 dirs failed
I20260713 09:02:46.064463 11336 data_dirs.cc:400] Could only allocate 1 dirs of requested 3 for tablet a16f584e75fc4e839aa3906d7e8a09c6. 1 dirs total, 0 dirs full, 0 dirs failed
I20260713 09:02:46.074075 11337 tablet_service.cc:1511] Processing CreateTablet for tablet a7c248c279f84ad2ae1a5e739e37665a (DEFAULT_TABLE table=test-workload [id=9f369a6a0ad24a6eab62bf90ca3be4b3]), partition=RANGE (key) PARTITION 1908874352 <= VALUES
I20260713 09:02:46.075205 11337 data_dirs.cc:400] Could only allocate 1 dirs of requested 3 for tablet a7c248c279f84ad2ae1a5e739e37665a. 1 dirs total, 0 dirs full, 0 dirs failed
I20260713 09:02:46.078052 11486 tablet_service.cc:1511] Processing CreateTablet for tablet a7c248c279f84ad2ae1a5e739e37665a (DEFAULT_TABLE table=test-workload [id=9f369a6a0ad24a6eab62bf90ca3be4b3]), partition=RANGE (key) PARTITION 1908874352 <= VALUES
I20260713 09:02:46.073191 11545 tablet_bootstrap.cc:654] T afb579576a054d59a21403bc198e8040 P bac16a197d5a42168741d4e127f332a4: Neither blocks nor log segments found. Creating new log.
I20260713 09:02:46.084723 11543 tablet_bootstrap.cc:492] T c25da8796c43481fb69ac9325334466f P b03a8c0989da41f2afdf4d95f7865fd4: No bootstrap required, opened a new log
I20260713 09:02:46.085316 11543 ts_tablet_manager.cc:1403] T c25da8796c43481fb69ac9325334466f P b03a8c0989da41f2afdf4d95f7865fd4: Time spent bootstrapping tablet: real 0.165s	user 0.013s	sys 0.005s
I20260713 09:02:46.104830 11486 data_dirs.cc:400] Could only allocate 1 dirs of requested 3 for tablet a7c248c279f84ad2ae1a5e739e37665a. 1 dirs total, 0 dirs full, 0 dirs failed
I20260713 09:02:46.123665 11543 raft_consensus.cc:359] T c25da8796c43481fb69ac9325334466f P b03a8c0989da41f2afdf4d95f7865fd4 [term 0 FOLLOWER]: Replica starting. Triggering 0 pending ops. Active config: opid_index: -1 OBSOLETE_local: false peers { permanent_uuid: "bac16a197d5a42168741d4e127f332a4" member_type: VOTER last_known_addr { host: "127.10.244.1" port: 44735 } } peers { permanent_uuid: "b03a8c0989da41f2afdf4d95f7865fd4" member_type: VOTER last_known_addr { host: "127.10.244.2" port: 34911 } } peers { permanent_uuid: "579d4241beb04240ba491b8ce163e743" member_type: VOTER last_known_addr { host: "127.10.244.3" port: 40813 } }
I20260713 09:02:46.124550 11543 raft_consensus.cc:385] T c25da8796c43481fb69ac9325334466f P b03a8c0989da41f2afdf4d95f7865fd4 [term 0 FOLLOWER]: Consensus starting up: Expiring failure detector timer to make a prompt election more likely
I20260713 09:02:46.124905 11543 raft_consensus.cc:740] T c25da8796c43481fb69ac9325334466f P b03a8c0989da41f2afdf4d95f7865fd4 [term 0 FOLLOWER]: Becoming Follower/Learner. State: Replica: b03a8c0989da41f2afdf4d95f7865fd4, State: Initialized, Role: FOLLOWER
I20260713 09:02:46.125669 11543 consensus_queue.cc:260] T c25da8796c43481fb69ac9325334466f P b03a8c0989da41f2afdf4d95f7865fd4 [NON_LEADER]: Queue going to NON_LEADER mode. State: All replicated index: 0, Majority replicated index: 0, Committed index: 0, Last appended: 0.0, Last appended by leader: 0, Current term: 0, Majority size: -1, State: 0, Mode: NON_LEADER, active raft config: opid_index: -1 OBSOLETE_local: false peers { permanent_uuid: "bac16a197d5a42168741d4e127f332a4" member_type: VOTER last_known_addr { host: "127.10.244.1" port: 44735 } } peers { permanent_uuid: "b03a8c0989da41f2afdf4d95f7865fd4" member_type: VOTER last_known_addr { host: "127.10.244.2" port: 34911 } } peers { permanent_uuid: "579d4241beb04240ba491b8ce163e743" member_type: VOTER last_known_addr { host: "127.10.244.3" port: 40813 } }
I20260713 09:02:46.127698 11544 tablet_bootstrap.cc:492] T f3d6fc20594940edbf8b4a9b0572a740 P 579d4241beb04240ba491b8ce163e743: No bootstrap required, opened a new log
I20260713 09:02:46.136001 11544 ts_tablet_manager.cc:1403] T f3d6fc20594940edbf8b4a9b0572a740 P 579d4241beb04240ba491b8ce163e743: Time spent bootstrapping tablet: real 0.144s	user 0.016s	sys 0.031s
I20260713 09:02:46.145574 11545 tablet_bootstrap.cc:492] T afb579576a054d59a21403bc198e8040 P bac16a197d5a42168741d4e127f332a4: No bootstrap required, opened a new log
I20260713 09:02:46.146057 11545 ts_tablet_manager.cc:1403] T afb579576a054d59a21403bc198e8040 P bac16a197d5a42168741d4e127f332a4: Time spent bootstrapping tablet: real 0.149s	user 0.021s	sys 0.008s
W20260713 09:02:46.148638 11296 auto_rebalancer.cc:288] Could not retrieve cluster info: Service unavailable: Tablet not running
I20260713 09:02:46.149477 11451 heartbeater.cc:499] Master 127.10.244.62:33351 was elected leader, sending a full tablet report...
I20260713 09:02:46.149904 11543 ts_tablet_manager.cc:1434] T c25da8796c43481fb69ac9325334466f P b03a8c0989da41f2afdf4d95f7865fd4: Time spent starting tablet: real 0.064s	user 0.015s	sys 0.000s
I20260713 09:02:46.149811 11544 raft_consensus.cc:359] T f3d6fc20594940edbf8b4a9b0572a740 P 579d4241beb04240ba491b8ce163e743 [term 0 FOLLOWER]: Replica starting. Triggering 0 pending ops. Active config: opid_index: -1 OBSOLETE_local: false peers { permanent_uuid: "bac16a197d5a42168741d4e127f332a4" member_type: VOTER last_known_addr { host: "127.10.244.1" port: 44735 } } peers { permanent_uuid: "b03a8c0989da41f2afdf4d95f7865fd4" member_type: VOTER last_known_addr { host: "127.10.244.2" port: 34911 } } peers { permanent_uuid: "579d4241beb04240ba491b8ce163e743" member_type: VOTER last_known_addr { host: "127.10.244.3" port: 40813 } }
I20260713 09:02:46.150561 11544 raft_consensus.cc:385] T f3d6fc20594940edbf8b4a9b0572a740 P 579d4241beb04240ba491b8ce163e743 [term 0 FOLLOWER]: Consensus starting up: Expiring failure detector timer to make a prompt election more likely
I20260713 09:02:46.150856 11543 tablet_bootstrap.cc:492] T 885ca5bcf6a3456d85187ad4c0c9baf5 P b03a8c0989da41f2afdf4d95f7865fd4: Bootstrap starting.
I20260713 09:02:46.150846 11544 raft_consensus.cc:740] T f3d6fc20594940edbf8b4a9b0572a740 P 579d4241beb04240ba491b8ce163e743 [term 0 FOLLOWER]: Becoming Follower/Learner. State: Replica: 579d4241beb04240ba491b8ce163e743, State: Initialized, Role: FOLLOWER
I20260713 09:02:46.151639 11544 consensus_queue.cc:260] T f3d6fc20594940edbf8b4a9b0572a740 P 579d4241beb04240ba491b8ce163e743 [NON_LEADER]: Queue going to NON_LEADER mode. State: All replicated index: 0, Majority replicated index: 0, Committed index: 0, Last appended: 0.0, Last appended by leader: 0, Current term: 0, Majority size: -1, State: 0, Mode: NON_LEADER, active raft config: opid_index: -1 OBSOLETE_local: false peers { permanent_uuid: "bac16a197d5a42168741d4e127f332a4" member_type: VOTER last_known_addr { host: "127.10.244.1" port: 44735 } } peers { permanent_uuid: "b03a8c0989da41f2afdf4d95f7865fd4" member_type: VOTER last_known_addr { host: "127.10.244.2" port: 34911 } } peers { permanent_uuid: "579d4241beb04240ba491b8ce163e743" member_type: VOTER last_known_addr { host: "127.10.244.3" port: 40813 } }
I20260713 09:02:46.154022 11545 raft_consensus.cc:359] T afb579576a054d59a21403bc198e8040 P bac16a197d5a42168741d4e127f332a4 [term 0 FOLLOWER]: Replica starting. Triggering 0 pending ops. Active config: opid_index: -1 OBSOLETE_local: false peers { permanent_uuid: "bac16a197d5a42168741d4e127f332a4" member_type: VOTER last_known_addr { host: "127.10.244.1" port: 44735 } } peers { permanent_uuid: "b03a8c0989da41f2afdf4d95f7865fd4" member_type: VOTER last_known_addr { host: "127.10.244.2" port: 34911 } } peers { permanent_uuid: "579d4241beb04240ba491b8ce163e743" member_type: VOTER last_known_addr { host: "127.10.244.3" port: 40813 } }
I20260713 09:02:46.154721 11545 raft_consensus.cc:385] T afb579576a054d59a21403bc198e8040 P bac16a197d5a42168741d4e127f332a4 [term 0 FOLLOWER]: Consensus starting up: Expiring failure detector timer to make a prompt election more likely
