I20260713 09:02:59.595203  6490 raft_consensus.cc:1275] T b133458416b242d6ad13a13ae0758c17 P 3ec96e302b7647b49fe4a9d172060a28 [term 2 FOLLOWER]: Refusing update from remote peer 63a85eb6885a4721a7396d9317f2e408: Log matching property violated. Preceding OpId in replica: term: 1 index: 1. Preceding OpId from leader: term: 2 index: 2. (index mismatch)
I20260713 09:02:59.596719  6729 consensus_queue.cc:1048] T b133458416b242d6ad13a13ae0758c17 P 63a85eb6885a4721a7396d9317f2e408 [LEADER]: Connected to new peer: Peer: permanent_uuid: "3ec96e302b7647b49fe4a9d172060a28" member_type: VOTER last_known_addr { host: "127.5.159.194" port: 45779 }, Status: LMP_MISMATCH, Last received: 0.0, Next index: 2, Last known committed idx: 1, Time since last communication: 0.001s
I20260713 09:02:59.609244  6564 raft_consensus.cc:1275] T b133458416b242d6ad13a13ae0758c17 P 1302a9e7ce09452a8865651a06f7de6a [term 2 FOLLOWER]: Refusing update from remote peer 63a85eb6885a4721a7396d9317f2e408: Log matching property violated. Preceding OpId in replica: term: 1 index: 1. Preceding OpId from leader: term: 2 index: 2. (index mismatch)
I20260713 09:02:59.610977  6647 consensus_queue.cc:1048] T b133458416b242d6ad13a13ae0758c17 P 63a85eb6885a4721a7396d9317f2e408 [LEADER]: Connected to new peer: Peer: permanent_uuid: "1302a9e7ce09452a8865651a06f7de6a" member_type: VOTER last_known_addr { host: "127.5.159.195" port: 40577 }, Status: LMP_MISMATCH, Last received: 0.0, Next index: 2, Last known committed idx: 1, Time since last communication: 0.000s
I20260713 09:03:01.629464  5759 auto_leader_rebalancer.cc:141] leader rebalance for table test-workload
I20260713 09:03:01.637856  6413 tablet_service.cc:2072] Received LeaderStepDown RPC: tablet_id: "150b6f0625a041758c6e653161e0acba"
dest_uuid: "63a85eb6885a4721a7396d9317f2e408"
mode: GRACEFUL
new_leader_uuid: "1302a9e7ce09452a8865651a06f7de6a"
 from {username='slave'} at 127.0.0.1:37790
I20260713 09:03:01.638439  6413 raft_consensus.cc:606] T 150b6f0625a041758c6e653161e0acba P 63a85eb6885a4721a7396d9317f2e408 [term 2 LEADER]: Received request to transfer leadership to TS 1302a9e7ce09452a8865651a06f7de6a
I20260713 09:03:01.640676  6413 tablet_service.cc:2072] Received LeaderStepDown RPC: tablet_id: "7fffb7a786aa48a6a1475b039f9a5c14"
dest_uuid: "63a85eb6885a4721a7396d9317f2e408"
mode: GRACEFUL
new_leader_uuid: "1302a9e7ce09452a8865651a06f7de6a"
 from {username='slave'} at 127.0.0.1:37790
I20260713 09:03:01.641091  6413 raft_consensus.cc:606] T 7fffb7a786aa48a6a1475b039f9a5c14 P 63a85eb6885a4721a7396d9317f2e408 [term 4 LEADER]: Received request to transfer leadership to TS 1302a9e7ce09452a8865651a06f7de6a
I20260713 09:03:01.643113  6413 tablet_service.cc:2072] Received LeaderStepDown RPC: tablet_id: "b133458416b242d6ad13a13ae0758c17"
dest_uuid: "63a85eb6885a4721a7396d9317f2e408"
mode: GRACEFUL
new_leader_uuid: "3ec96e302b7647b49fe4a9d172060a28"
 from {username='slave'} at 127.0.0.1:37790
I20260713 09:03:01.643519  6413 raft_consensus.cc:606] T b133458416b242d6ad13a13ae0758c17 P 63a85eb6885a4721a7396d9317f2e408 [term 2 LEADER]: Received request to transfer leadership to TS 3ec96e302b7647b49fe4a9d172060a28
I20260713 09:03:01.645430  6413 tablet_service.cc:2072] Received LeaderStepDown RPC: tablet_id: "b7f7bbb2918a412e9157baf952873039"
dest_uuid: "63a85eb6885a4721a7396d9317f2e408"
mode: GRACEFUL
new_leader_uuid: "3ec96e302b7647b49fe4a9d172060a28"
 from {username='slave'} at 127.0.0.1:37790
I20260713 09:03:01.645841  6413 raft_consensus.cc:606] T b7f7bbb2918a412e9157baf952873039 P 63a85eb6885a4721a7396d9317f2e408 [term 2 LEADER]: Received request to transfer leadership to TS 3ec96e302b7647b49fe4a9d172060a28
I20260713 09:03:01.646776  5759 auto_leader_rebalancer.cc:479] table: test-workload, leader rebalance finish, leader transfer count: 4
I20260713 09:03:01.647164  5759 auto_leader_rebalancer.cc:554] All tables' leader rebalancing finished this round
I20260713 09:03:01.937064  6647 raft_consensus.cc:993] T 150b6f0625a041758c6e653161e0acba P 63a85eb6885a4721a7396d9317f2e408: : Instructing follower 1302a9e7ce09452a8865651a06f7de6a to start an election
I20260713 09:03:01.937600  6736 raft_consensus.cc:1081] T 150b6f0625a041758c6e653161e0acba P 63a85eb6885a4721a7396d9317f2e408 [term 2 LEADER]: Signalling peer 1302a9e7ce09452a8865651a06f7de6a to start an election
I20260713 09:03:01.939021  6563 tablet_service.cc:2044] Received Run Leader Election RPC: tablet_id: "150b6f0625a041758c6e653161e0acba"
dest_uuid: "1302a9e7ce09452a8865651a06f7de6a"
 from {username='slave'} at 127.0.0.1:55284
I20260713 09:03:01.939402  6563 raft_consensus.cc:493] T 150b6f0625a041758c6e653161e0acba P 1302a9e7ce09452a8865651a06f7de6a [term 2 FOLLOWER]: Starting forced leader election (received explicit request)
I20260713 09:03:01.939616  6563 raft_consensus.cc:3060] T 150b6f0625a041758c6e653161e0acba P 1302a9e7ce09452a8865651a06f7de6a [term 2 FOLLOWER]: Advancing to term 3
I20260713 09:03:01.945215  6563 raft_consensus.cc:515] T 150b6f0625a041758c6e653161e0acba P 1302a9e7ce09452a8865651a06f7de6a [term 3 FOLLOWER]: Starting forced leader election with config: opid_index: -1 OBSOLETE_local: false peers { permanent_uuid: "63a85eb6885a4721a7396d9317f2e408" member_type: VOTER last_known_addr { host: "127.5.159.193" port: 34329 } } peers { permanent_uuid: "3ec96e302b7647b49fe4a9d172060a28" member_type: VOTER last_known_addr { host: "127.5.159.194" port: 45779 } } peers { permanent_uuid: "1302a9e7ce09452a8865651a06f7de6a" member_type: VOTER last_known_addr { host: "127.5.159.195" port: 40577 } }
I20260713 09:03:01.946419  6563 leader_election.cc:290] T 150b6f0625a041758c6e653161e0acba P 1302a9e7ce09452a8865651a06f7de6a [CANDIDATE]: Term 3 election: Requested vote from peers 63a85eb6885a4721a7396d9317f2e408 (127.5.159.193:34329), 3ec96e302b7647b49fe4a9d172060a28 (127.5.159.194:45779)
I20260713 09:03:01.947170  6413 tablet_service.cc:1917] Received RequestConsensusVote() RPC: tablet_id: "150b6f0625a041758c6e653161e0acba" candidate_uuid: "1302a9e7ce09452a8865651a06f7de6a" candidate_term: 3 candidate_status { last_received { term: 2 index: 2 } } ignore_live_leader: true dest_uuid: "63a85eb6885a4721a7396d9317f2e408"
I20260713 09:03:01.947422  6490 tablet_service.cc:1917] Received RequestConsensusVote() RPC: tablet_id: "150b6f0625a041758c6e653161e0acba" candidate_uuid: "1302a9e7ce09452a8865651a06f7de6a" candidate_term: 3 candidate_status { last_received { term: 2 index: 2 } } ignore_live_leader: true dest_uuid: "3ec96e302b7647b49fe4a9d172060a28"
I20260713 09:03:01.947781  6413 raft_consensus.cc:3055] T 150b6f0625a041758c6e653161e0acba P 63a85eb6885a4721a7396d9317f2e408 [term 2 LEADER]: Stepping down as leader of term 2
I20260713 09:03:01.947826  6490 raft_consensus.cc:3060] T 150b6f0625a041758c6e653161e0acba P 3ec96e302b7647b49fe4a9d172060a28 [term 2 FOLLOWER]: Advancing to term 3
I20260713 09:03:01.948137  6413 raft_consensus.cc:740] T 150b6f0625a041758c6e653161e0acba P 63a85eb6885a4721a7396d9317f2e408 [term 2 LEADER]: Becoming Follower/Learner. State: Replica: 63a85eb6885a4721a7396d9317f2e408, State: Running, Role: LEADER
I20260713 09:03:01.948874  6413 consensus_queue.cc:260] T 150b6f0625a041758c6e653161e0acba P 63a85eb6885a4721a7396d9317f2e408 [NON_LEADER]: Queue going to NON_LEADER mode. State: All replicated index: 0, Majority replicated index: 2, Committed index: 2, Last appended: 2.2, Last appended by leader: 2, Current term: 2, Majority size: -1, State: 0, Mode: NON_LEADER, active raft config: opid_index: -1 OBSOLETE_local: false peers { permanent_uuid: "63a85eb6885a4721a7396d9317f2e408" member_type: VOTER last_known_addr { host: "127.5.159.193" port: 34329 } } peers { permanent_uuid: "3ec96e302b7647b49fe4a9d172060a28" member_type: VOTER last_known_addr { host: "127.5.159.194" port: 45779 } } peers { permanent_uuid: "1302a9e7ce09452a8865651a06f7de6a" member_type: VOTER last_known_addr { host: "127.5.159.195" port: 40577 } }
I20260713 09:03:01.949790  6413 raft_consensus.cc:3060] T 150b6f0625a041758c6e653161e0acba P 63a85eb6885a4721a7396d9317f2e408 [term 2 FOLLOWER]: Advancing to term 3
I20260713 09:03:01.951972  6490 raft_consensus.cc:2468] T 150b6f0625a041758c6e653161e0acba P 3ec96e302b7647b49fe4a9d172060a28 [term 3 FOLLOWER]: Leader election vote request: Granting yes vote for candidate 1302a9e7ce09452a8865651a06f7de6a in term 3.
I20260713 09:03:01.952905  6528 leader_election.cc:304] T 150b6f0625a041758c6e653161e0acba P 1302a9e7ce09452a8865651a06f7de6a [CANDIDATE]: Term 3 election: Election decided. Result: candidate won. Election summary: received 2 responses out of 3 voters: 2 yes votes; 0 no votes. yes voters: 1302a9e7ce09452a8865651a06f7de6a, 3ec96e302b7647b49fe4a9d172060a28; no voters: 
I20260713 09:03:01.953590  6709 raft_consensus.cc:2804] T 150b6f0625a041758c6e653161e0acba P 1302a9e7ce09452a8865651a06f7de6a [term 3 FOLLOWER]: Leader election won for term 3
I20260713 09:03:01.954391  6709 raft_consensus.cc:697] T 150b6f0625a041758c6e653161e0acba P 1302a9e7ce09452a8865651a06f7de6a [term 3 LEADER]: Becoming Leader. State: Replica: 1302a9e7ce09452a8865651a06f7de6a, State: Running, Role: LEADER
I20260713 09:03:01.954864  6413 raft_consensus.cc:2468] T 150b6f0625a041758c6e653161e0acba P 63a85eb6885a4721a7396d9317f2e408 [term 3 FOLLOWER]: Leader election vote request: Granting yes vote for candidate 1302a9e7ce09452a8865651a06f7de6a in term 3.
I20260713 09:03:01.955229  6709 consensus_queue.cc:237] T 150b6f0625a041758c6e653161e0acba P 1302a9e7ce09452a8865651a06f7de6a [LEADER]: Queue going to LEADER mode. State: All replicated index: 0, Majority replicated index: 2, Committed index: 2, Last appended: 2.2, Last appended by leader: 2, Current term: 3, Majority size: 2, State: 0, Mode: LEADER, active raft config: opid_index: -1 OBSOLETE_local: false peers { permanent_uuid: "63a85eb6885a4721a7396d9317f2e408" member_type: VOTER last_known_addr { host: "127.5.159.193" port: 34329 } } peers { permanent_uuid: "3ec96e302b7647b49fe4a9d172060a28" member_type: VOTER last_known_addr { host: "127.5.159.194" port: 45779 } } peers { permanent_uuid: "1302a9e7ce09452a8865651a06f7de6a" member_type: VOTER last_known_addr { host: "127.5.159.195" port: 40577 } }
I20260713 09:03:01.960827  6309 catalog_manager.cc:5697] T 150b6f0625a041758c6e653161e0acba P 1302a9e7ce09452a8865651a06f7de6a reported cstate change: term changed from 2 to 3, leader changed from 63a85eb6885a4721a7396d9317f2e408 (127.5.159.193) to 1302a9e7ce09452a8865651a06f7de6a (127.5.159.195). New cstate: current_term: 3 leader_uuid: "1302a9e7ce09452a8865651a06f7de6a" committed_config { opid_index: -1 OBSOLETE_local: false peers { permanent_uuid: "63a85eb6885a4721a7396d9317f2e408" member_type: VOTER last_known_addr { host: "127.5.159.193" port: 34329 } health_report { overall_health: UNKNOWN } } peers { permanent_uuid: "3ec96e302b7647b49fe4a9d172060a28" member_type: VOTER last_known_addr { host: "127.5.159.194" port: 45779 } health_report { overall_health: UNKNOWN } } peers { permanent_uuid: "1302a9e7ce09452a8865651a06f7de6a" member_type: VOTER last_known_addr { host: "127.5.159.195" port: 40577 } health_report { overall_health: HEALTHY } } }
I20260713 09:03:02.016475  6647 raft_consensus.cc:993] T b7f7bbb2918a412e9157baf952873039 P 63a85eb6885a4721a7396d9317f2e408: : Instructing follower 3ec96e302b7647b49fe4a9d172060a28 to start an election
I20260713 09:03:02.016812  6736 raft_consensus.cc:1081] T b7f7bbb2918a412e9157baf952873039 P 63a85eb6885a4721a7396d9317f2e408 [term 2 LEADER]: Signalling peer 3ec96e302b7647b49fe4a9d172060a28 to start an election
I20260713 09:03:02.017899  6490 tablet_service.cc:2044] Received Run Leader Election RPC: tablet_id: "b7f7bbb2918a412e9157baf952873039"
dest_uuid: "3ec96e302b7647b49fe4a9d172060a28"
 from {username='slave'} at 127.0.0.1:59626
I20260713 09:03:02.018256  6490 raft_consensus.cc:493] T b7f7bbb2918a412e9157baf952873039 P 3ec96e302b7647b49fe4a9d172060a28 [term 2 FOLLOWER]: Starting forced leader election (received explicit request)
I20260713 09:03:02.018487  6490 raft_consensus.cc:3060] T b7f7bbb2918a412e9157baf952873039 P 3ec96e302b7647b49fe4a9d172060a28 [term 2 FOLLOWER]: Advancing to term 3
I20260713 09:03:02.022204  6490 raft_consensus.cc:515] T b7f7bbb2918a412e9157baf952873039 P 3ec96e302b7647b49fe4a9d172060a28 [term 3 FOLLOWER]: Starting forced leader election with config: opid_index: -1 OBSOLETE_local: false peers { permanent_uuid: "63a85eb6885a4721a7396d9317f2e408" member_type: VOTER last_known_addr { host: "127.5.159.193" port: 34329 } } peers { permanent_uuid: "3ec96e302b7647b49fe4a9d172060a28" member_type: VOTER last_known_addr { host: "127.5.159.194" port: 45779 } } peers { permanent_uuid: "1302a9e7ce09452a8865651a06f7de6a" member_type: VOTER last_known_addr { host: "127.5.159.195" port: 40577 } }
I20260713 09:03:02.023455  6490 leader_election.cc:290] T b7f7bbb2918a412e9157baf952873039 P 3ec96e302b7647b49fe4a9d172060a28 [CANDIDATE]: Term 3 election: Requested vote from peers 63a85eb6885a4721a7396d9317f2e408 (127.5.159.193:34329), 1302a9e7ce09452a8865651a06f7de6a (127.5.159.195:40577)
I20260713 09:03:02.024098  6413 tablet_service.cc:1917] Received RequestConsensusVote() RPC: tablet_id: "b7f7bbb2918a412e9157baf952873039" candidate_uuid: "3ec96e302b7647b49fe4a9d172060a28" candidate_term: 3 candidate_status { last_received { term: 2 index: 2 } } ignore_live_leader: true dest_uuid: "63a85eb6885a4721a7396d9317f2e408"
I20260713 09:03:02.024425  6563 tablet_service.cc:1917] Received RequestConsensusVote() RPC: tablet_id: "b7f7bbb2918a412e9157baf952873039" candidate_uuid: "3ec96e302b7647b49fe4a9d172060a28" candidate_term: 3 candidate_status { last_received { term: 2 index: 2 } } ignore_live_leader: true dest_uuid: "1302a9e7ce09452a8865651a06f7de6a"
I20260713 09:03:02.024605  6413 raft_consensus.cc:3055] T b7f7bbb2918a412e9157baf952873039 P 63a85eb6885a4721a7396d9317f2e408 [term 2 LEADER]: Stepping down as leader of term 2
I20260713 09:03:02.024829  6563 raft_consensus.cc:3060] T b7f7bbb2918a412e9157baf952873039 P 1302a9e7ce09452a8865651a06f7de6a [term 2 FOLLOWER]: Advancing to term 3
I20260713 09:03:02.024884  6413 raft_consensus.cc:740] T b7f7bbb2918a412e9157baf952873039 P 63a85eb6885a4721a7396d9317f2e408 [term 2 LEADER]: Becoming Follower/Learner. State: Replica: 63a85eb6885a4721a7396d9317f2e408, State: Running, Role: LEADER
I20260713 09:03:02.025614  6413 consensus_queue.cc:260] T b7f7bbb2918a412e9157baf952873039 P 63a85eb6885a4721a7396d9317f2e408 [NON_LEADER]: Queue going to NON_LEADER mode. State: All replicated index: 0, Majority replicated index: 2, Committed index: 2, Last appended: 2.2, Last appended by leader: 2, Current term: 2, Majority size: -1, State: 0, Mode: NON_LEADER, active raft config: opid_index: -1 OBSOLETE_local: false peers { permanent_uuid: "63a85eb6885a4721a7396d9317f2e408" member_type: VOTER last_known_addr { host: "127.5.159.193" port: 34329 } } peers { permanent_uuid: "3ec96e302b7647b49fe4a9d172060a28" member_type: VOTER last_known_addr { host: "127.5.159.194" port: 45779 } } peers { permanent_uuid: "1302a9e7ce09452a8865651a06f7de6a" member_type: VOTER last_known_addr { host: "127.5.159.195" port: 40577 } }
I20260713 09:03:02.026472  6413 raft_consensus.cc:3060] T b7f7bbb2918a412e9157baf952873039 P 63a85eb6885a4721a7396d9317f2e408 [term 2 FOLLOWER]: Advancing to term 3
I20260713 09:03:02.028561  6563 raft_consensus.cc:2468] T b7f7bbb2918a412e9157baf952873039 P 1302a9e7ce09452a8865651a06f7de6a [term 3 FOLLOWER]: Leader election vote request: Granting yes vote for candidate 3ec96e302b7647b49fe4a9d172060a28 in term 3.
I20260713 09:03:02.029500  6453 leader_election.cc:304] T b7f7bbb2918a412e9157baf952873039 P 3ec96e302b7647b49fe4a9d172060a28 [CANDIDATE]: Term 3 election: Election decided. Result: candidate won. Election summary: received 2 responses out of 3 voters: 2 yes votes; 0 no votes. yes voters: 1302a9e7ce09452a8865651a06f7de6a, 3ec96e302b7647b49fe4a9d172060a28; no voters: 
I20260713 09:03:02.030223  6715 raft_consensus.cc:2804] T b7f7bbb2918a412e9157baf952873039 P 3ec96e302b7647b49fe4a9d172060a28 [term 3 FOLLOWER]: Leader election won for term 3
I20260713 09:03:02.031045  6413 raft_consensus.cc:2468] T b7f7bbb2918a412e9157baf952873039 P 63a85eb6885a4721a7396d9317f2e408 [term 3 FOLLOWER]: Leader election vote request: Granting yes vote for candidate 3ec96e302b7647b49fe4a9d172060a28 in term 3.
I20260713 09:03:02.031224  6715 raft_consensus.cc:697] T b7f7bbb2918a412e9157baf952873039 P 3ec96e302b7647b49fe4a9d172060a28 [term 3 LEADER]: Becoming Leader. State: Replica: 3ec96e302b7647b49fe4a9d172060a28, State: Running, Role: LEADER
I20260713 09:03:02.032079  6715 consensus_queue.cc:237] T b7f7bbb2918a412e9157baf952873039 P 3ec96e302b7647b49fe4a9d172060a28 [LEADER]: Queue going to LEADER mode. State: All replicated index: 0, Majority replicated index: 2, Committed index: 2, Last appended: 2.2, Last appended by leader: 2, Current term: 3, Majority size: 2, State: 0, Mode: LEADER, active raft config: opid_index: -1 OBSOLETE_local: false peers { permanent_uuid: "63a85eb6885a4721a7396d9317f2e408" member_type: VOTER last_known_addr { host: "127.5.159.193" port: 34329 } } peers { permanent_uuid: "3ec96e302b7647b49fe4a9d172060a28" member_type: VOTER last_known_addr { host: "127.5.159.194" port: 45779 } } peers { permanent_uuid: "1302a9e7ce09452a8865651a06f7de6a" member_type: VOTER last_known_addr { host: "127.5.159.195" port: 40577 } }
I20260713 09:03:02.037602  6309 catalog_manager.cc:5697] T b7f7bbb2918a412e9157baf952873039 P 3ec96e302b7647b49fe4a9d172060a28 reported cstate change: term changed from 2 to 3, leader changed from 63a85eb6885a4721a7396d9317f2e408 (127.5.159.193) to 3ec96e302b7647b49fe4a9d172060a28 (127.5.159.194). New cstate: current_term: 3 leader_uuid: "3ec96e302b7647b49fe4a9d172060a28" committed_config { opid_index: -1 OBSOLETE_local: false peers { permanent_uuid: "63a85eb6885a4721a7396d9317f2e408" member_type: VOTER last_known_addr { host: "127.5.159.193" port: 34329 } health_report { overall_health: UNKNOWN } } peers { permanent_uuid: "3ec96e302b7647b49fe4a9d172060a28" member_type: VOTER last_known_addr { host: "127.5.159.194" port: 45779 } health_report { overall_health: HEALTHY } } peers { permanent_uuid: "1302a9e7ce09452a8865651a06f7de6a" member_type: VOTER last_known_addr { host: "127.5.159.195" port: 40577 } health_report { overall_health: UNKNOWN } } }
I20260713 09:03:02.043716  6736 raft_consensus.cc:993] T 7fffb7a786aa48a6a1475b039f9a5c14 P 63a85eb6885a4721a7396d9317f2e408: : Instructing follower 1302a9e7ce09452a8865651a06f7de6a to start an election
I20260713 09:03:02.044149  6736 raft_consensus.cc:1081] T 7fffb7a786aa48a6a1475b039f9a5c14 P 63a85eb6885a4721a7396d9317f2e408 [term 4 LEADER]: Signalling peer 1302a9e7ce09452a8865651a06f7de6a to start an election
I20260713 09:03:02.045733  6563 tablet_service.cc:2044] Received Run Leader Election RPC: tablet_id: "7fffb7a786aa48a6a1475b039f9a5c14"
dest_uuid: "1302a9e7ce09452a8865651a06f7de6a"
 from {username='slave'} at 127.0.0.1:55284
I20260713 09:03:02.046047  6563 raft_consensus.cc:493] T 7fffb7a786aa48a6a1475b039f9a5c14 P 1302a9e7ce09452a8865651a06f7de6a [term 4 FOLLOWER]: Starting forced leader election (received explicit request)
I20260713 09:03:02.046258  6563 raft_consensus.cc:3060] T 7fffb7a786aa48a6a1475b039f9a5c14 P 1302a9e7ce09452a8865651a06f7de6a [term 4 FOLLOWER]: Advancing to term 5
I20260713 09:03:02.049893  6563 raft_consensus.cc:515] T 7fffb7a786aa48a6a1475b039f9a5c14 P 1302a9e7ce09452a8865651a06f7de6a [term 5 FOLLOWER]: Starting forced leader election with config: opid_index: -1 OBSOLETE_local: false peers { permanent_uuid: "63a85eb6885a4721a7396d9317f2e408" member_type: VOTER last_known_addr { host: "127.5.159.193" port: 34329 } } peers { permanent_uuid: "3ec96e302b7647b49fe4a9d172060a28" member_type: VOTER last_known_addr { host: "127.5.159.194" port: 45779 } } peers { permanent_uuid: "1302a9e7ce09452a8865651a06f7de6a" member_type: VOTER last_known_addr { host: "127.5.159.195" port: 40577 } }
I20260713 09:03:02.051270  6563 leader_election.cc:290] T 7fffb7a786aa48a6a1475b039f9a5c14 P 1302a9e7ce09452a8865651a06f7de6a [CANDIDATE]: Term 5 election: Requested vote from peers 63a85eb6885a4721a7396d9317f2e408 (127.5.159.193:34329), 3ec96e302b7647b49fe4a9d172060a28 (127.5.159.194:45779)
I20260713 09:03:02.051785  6413 tablet_service.cc:1917] Received RequestConsensusVote() RPC: tablet_id: "7fffb7a786aa48a6a1475b039f9a5c14" candidate_uuid: "1302a9e7ce09452a8865651a06f7de6a" candidate_term: 5 candidate_status { last_received { term: 4 index: 4 } } ignore_live_leader: true dest_uuid: "63a85eb6885a4721a7396d9317f2e408"
I20260713 09:03:02.052186  6490 tablet_service.cc:1917] Received RequestConsensusVote() RPC: tablet_id: "7fffb7a786aa48a6a1475b039f9a5c14" candidate_uuid: "1302a9e7ce09452a8865651a06f7de6a" candidate_term: 5 candidate_status { last_received { term: 4 index: 4 } } ignore_live_leader: true dest_uuid: "3ec96e302b7647b49fe4a9d172060a28"
I20260713 09:03:02.052307  6413 raft_consensus.cc:3055] T 7fffb7a786aa48a6a1475b039f9a5c14 P 63a85eb6885a4721a7396d9317f2e408 [term 4 LEADER]: Stepping down as leader of term 4
I20260713 09:03:02.052641  6490 raft_consensus.cc:3060] T 7fffb7a786aa48a6a1475b039f9a5c14 P 3ec96e302b7647b49fe4a9d172060a28 [term 4 FOLLOWER]: Advancing to term 5
I20260713 09:03:02.052608  6413 raft_consensus.cc:740] T 7fffb7a786aa48a6a1475b039f9a5c14 P 63a85eb6885a4721a7396d9317f2e408 [term 4 LEADER]: Becoming Follower/Learner. State: Replica: 63a85eb6885a4721a7396d9317f2e408, State: Running, Role: LEADER
I20260713 09:03:02.053484  6413 consensus_queue.cc:260] T 7fffb7a786aa48a6a1475b039f9a5c14 P 63a85eb6885a4721a7396d9317f2e408 [NON_LEADER]: Queue going to NON_LEADER mode. State: All replicated index: 0, Majority replicated index: 4, Committed index: 4, Last appended: 4.4, Last appended by leader: 4, Current term: 4, Majority size: -1, State: 0, Mode: NON_LEADER, active raft config: opid_index: -1 OBSOLETE_local: false peers { permanent_uuid: "63a85eb6885a4721a7396d9317f2e408" member_type: VOTER last_known_addr { host: "127.5.159.193" port: 34329 } } peers { permanent_uuid: "3ec96e302b7647b49fe4a9d172060a28" member_type: VOTER last_known_addr { host: "127.5.159.194" port: 45779 } } peers { permanent_uuid: "1302a9e7ce09452a8865651a06f7de6a" member_type: VOTER last_known_addr { host: "127.5.159.195" port: 40577 } }
I20260713 09:03:02.054569  6413 raft_consensus.cc:3060] T 7fffb7a786aa48a6a1475b039f9a5c14 P 63a85eb6885a4721a7396d9317f2e408 [term 4 FOLLOWER]: Advancing to term 5
I20260713 09:03:02.058123  6490 raft_consensus.cc:2468] T 7fffb7a786aa48a6a1475b039f9a5c14 P 3ec96e302b7647b49fe4a9d172060a28 [term 5 FOLLOWER]: Leader election vote request: Granting yes vote for candidate 1302a9e7ce09452a8865651a06f7de6a in term 5.
I20260713 09:03:02.058975  6528 leader_election.cc:304] T 7fffb7a786aa48a6a1475b039f9a5c14 P 1302a9e7ce09452a8865651a06f7de6a [CANDIDATE]: Term 5 election: Election decided. Result: candidate won. Election summary: received 2 responses out of 3 voters: 2 yes votes; 0 no votes. yes voters: 1302a9e7ce09452a8865651a06f7de6a, 3ec96e302b7647b49fe4a9d172060a28; no voters: 
I20260713 09:03:02.059556  6709 raft_consensus.cc:2804] T 7fffb7a786aa48a6a1475b039f9a5c14 P 1302a9e7ce09452a8865651a06f7de6a [term 5 FOLLOWER]: Leader election won for term 5
I20260713 09:03:02.059796  6413 raft_consensus.cc:2468] T 7fffb7a786aa48a6a1475b039f9a5c14 P 63a85eb6885a4721a7396d9317f2e408 [term 5 FOLLOWER]: Leader election vote request: Granting yes vote for candidate 1302a9e7ce09452a8865651a06f7de6a in term 5.
I20260713 09:03:02.060021  6709 raft_consensus.cc:697] T 7fffb7a786aa48a6a1475b039f9a5c14 P 1302a9e7ce09452a8865651a06f7de6a [term 5 LEADER]: Becoming Leader. State: Replica: 1302a9e7ce09452a8865651a06f7de6a, State: Running, Role: LEADER
I20260713 09:03:02.060791  6709 consensus_queue.cc:237] T 7fffb7a786aa48a6a1475b039f9a5c14 P 1302a9e7ce09452a8865651a06f7de6a [LEADER]: Queue going to LEADER mode. State: All replicated index: 0, Majority replicated index: 4, Committed index: 4, Last appended: 4.4, Last appended by leader: 4, Current term: 5, Majority size: 2, State: 0, Mode: LEADER, active raft config: opid_index: -1 OBSOLETE_local: false peers { permanent_uuid: "63a85eb6885a4721a7396d9317f2e408" member_type: VOTER last_known_addr { host: "127.5.159.193" port: 34329 } } peers { permanent_uuid: "3ec96e302b7647b49fe4a9d172060a28" member_type: VOTER last_known_addr { host: "127.5.159.194" port: 45779 } } peers { permanent_uuid: "1302a9e7ce09452a8865651a06f7de6a" member_type: VOTER last_known_addr { host: "127.5.159.195" port: 40577 } }
I20260713 09:03:02.063854  6745 raft_consensus.cc:993] T b133458416b242d6ad13a13ae0758c17 P 63a85eb6885a4721a7396d9317f2e408: : Instructing follower 3ec96e302b7647b49fe4a9d172060a28 to start an election
I20260713 09:03:02.064329  6736 raft_consensus.cc:1081] T b133458416b242d6ad13a13ae0758c17 P 63a85eb6885a4721a7396d9317f2e408 [term 2 LEADER]: Signalling peer 3ec96e302b7647b49fe4a9d172060a28 to start an election
I20260713 09:03:02.065526  6490 tablet_service.cc:2044] Received Run Leader Election RPC: tablet_id: "b133458416b242d6ad13a13ae0758c17"
dest_uuid: "3ec96e302b7647b49fe4a9d172060a28"
 from {username='slave'} at 127.0.0.1:59626
I20260713 09:03:02.065876  6490 raft_consensus.cc:493] T b133458416b242d6ad13a13ae0758c17 P 3ec96e302b7647b49fe4a9d172060a28 [term 2 FOLLOWER]: Starting forced leader election (received explicit request)
I20260713 09:03:02.066103  6490 raft_consensus.cc:3060] T b133458416b242d6ad13a13ae0758c17 P 3ec96e302b7647b49fe4a9d172060a28 [term 2 FOLLOWER]: Advancing to term 3
I20260713 09:03:02.067193  6309 catalog_manager.cc:5697] T 7fffb7a786aa48a6a1475b039f9a5c14 P 1302a9e7ce09452a8865651a06f7de6a reported cstate change: term changed from 4 to 5, leader changed from 63a85eb6885a4721a7396d9317f2e408 (127.5.159.193) to 1302a9e7ce09452a8865651a06f7de6a (127.5.159.195). New cstate: current_term: 5 leader_uuid: "1302a9e7ce09452a8865651a06f7de6a" committed_config { opid_index: -1 OBSOLETE_local: false peers { permanent_uuid: "63a85eb6885a4721a7396d9317f2e408" member_type: VOTER last_known_addr { host: "127.5.159.193" port: 34329 } health_report { overall_health: UNKNOWN } } peers { permanent_uuid: "3ec96e302b7647b49fe4a9d172060a28" member_type: VOTER last_known_addr { host: "127.5.159.194" port: 45779 } health_report { overall_health: UNKNOWN } } peers { permanent_uuid: "1302a9e7ce09452a8865651a06f7de6a" member_type: VOTER last_known_addr { host: "127.5.159.195" port: 40577 } health_report { overall_health: HEALTHY } } }
I20260713 09:03:02.070466  6490 raft_consensus.cc:515] T b133458416b242d6ad13a13ae0758c17 P 3ec96e302b7647b49fe4a9d172060a28 [term 3 FOLLOWER]: Starting forced leader election with config: opid_index: -1 OBSOLETE_local: false peers { permanent_uuid: "63a85eb6885a4721a7396d9317f2e408" member_type: VOTER last_known_addr { host: "127.5.159.193" port: 34329 } } peers { permanent_uuid: "3ec96e302b7647b49fe4a9d172060a28" member_type: VOTER last_known_addr { host: "127.5.159.194" port: 45779 } } peers { permanent_uuid: "1302a9e7ce09452a8865651a06f7de6a" member_type: VOTER last_known_addr { host: "127.5.159.195" port: 40577 } }
I20260713 09:03:02.071794  6490 leader_election.cc:290] T b133458416b242d6ad13a13ae0758c17 P 3ec96e302b7647b49fe4a9d172060a28 [CANDIDATE]: Term 3 election: Requested vote from peers 63a85eb6885a4721a7396d9317f2e408 (127.5.159.193:34329), 1302a9e7ce09452a8865651a06f7de6a (127.5.159.195:40577)
I20260713 09:03:02.072352  6413 tablet_service.cc:1917] Received RequestConsensusVote() RPC: tablet_id: "b133458416b242d6ad13a13ae0758c17" candidate_uuid: "3ec96e302b7647b49fe4a9d172060a28" candidate_term: 3 candidate_status { last_received { term: 2 index: 2 } } ignore_live_leader: true dest_uuid: "63a85eb6885a4721a7396d9317f2e408"
I20260713 09:03:02.072718  6563 tablet_service.cc:1917] Received RequestConsensusVote() RPC: tablet_id: "b133458416b242d6ad13a13ae0758c17" candidate_uuid: "3ec96e302b7647b49fe4a9d172060a28" candidate_term: 3 candidate_status { last_received { term: 2 index: 2 } } ignore_live_leader: true dest_uuid: "1302a9e7ce09452a8865651a06f7de6a"
I20260713 09:03:02.072794  6413 raft_consensus.cc:3055] T b133458416b242d6ad13a13ae0758c17 P 63a85eb6885a4721a7396d9317f2e408 [term 2 LEADER]: Stepping down as leader of term 2
I20260713 09:03:02.073235  6413 raft_consensus.cc:740] T b133458416b242d6ad13a13ae0758c17 P 63a85eb6885a4721a7396d9317f2e408 [term 2 LEADER]: Becoming Follower/Learner. State: Replica: 63a85eb6885a4721a7396d9317f2e408, State: Running, Role: LEADER
I20260713 09:03:02.073239  6563 raft_consensus.cc:3060] T b133458416b242d6ad13a13ae0758c17 P 1302a9e7ce09452a8865651a06f7de6a [term 2 FOLLOWER]: Advancing to term 3
I20260713 09:03:02.073979  6413 consensus_queue.cc:260] T b133458416b242d6ad13a13ae0758c17 P 63a85eb6885a4721a7396d9317f2e408 [NON_LEADER]: Queue going to NON_LEADER mode. State: All replicated index: 0, Majority replicated index: 2, Committed index: 2, Last appended: 2.2, Last appended by leader: 2, Current term: 2, Majority size: -1, State: 0, Mode: NON_LEADER, active raft config: opid_index: -1 OBSOLETE_local: false peers { permanent_uuid: "63a85eb6885a4721a7396d9317f2e408" member_type: VOTER last_known_addr { host: "127.5.159.193" port: 34329 } } peers { permanent_uuid: "3ec96e302b7647b49fe4a9d172060a28" member_type: VOTER last_known_addr { host: "127.5.159.194" port: 45779 } } peers { permanent_uuid: "1302a9e7ce09452a8865651a06f7de6a" member_type: VOTER last_known_addr { host: "127.5.159.195" port: 40577 } }
I20260713 09:03:02.075013  6413 raft_consensus.cc:3060] T b133458416b242d6ad13a13ae0758c17 P 63a85eb6885a4721a7396d9317f2e408 [term 2 FOLLOWER]: Advancing to term 3
I20260713 09:03:02.078467  6563 raft_consensus.cc:2468] T b133458416b242d6ad13a13ae0758c17 P 1302a9e7ce09452a8865651a06f7de6a [term 3 FOLLOWER]: Leader election vote request: Granting yes vote for candidate 3ec96e302b7647b49fe4a9d172060a28 in term 3.
I20260713 09:03:02.079290  6453 leader_election.cc:304] T b133458416b242d6ad13a13ae0758c17 P 3ec96e302b7647b49fe4a9d172060a28 [CANDIDATE]: Term 3 election: Election decided. Result: candidate won. Election summary: received 2 responses out of 3 voters: 2 yes votes; 0 no votes. yes voters: 1302a9e7ce09452a8865651a06f7de6a, 3ec96e302b7647b49fe4a9d172060a28; no voters: 
I20260713 09:03:02.079931  6715 raft_consensus.cc:2804] T b133458416b242d6ad13a13ae0758c17 P 3ec96e302b7647b49fe4a9d172060a28 [term 3 FOLLOWER]: Leader election won for term 3
I20260713 09:03:02.080111  6413 raft_consensus.cc:2468] T b133458416b242d6ad13a13ae0758c17 P 63a85eb6885a4721a7396d9317f2e408 [term 3 FOLLOWER]: Leader election vote request: Granting yes vote for candidate 3ec96e302b7647b49fe4a9d172060a28 in term 3.
I20260713 09:03:02.080291  6715 raft_consensus.cc:697] T b133458416b242d6ad13a13ae0758c17 P 3ec96e302b7647b49fe4a9d172060a28 [term 3 LEADER]: Becoming Leader. State: Replica: 3ec96e302b7647b49fe4a9d172060a28, State: Running, Role: LEADER
I20260713 09:03:02.081007  6715 consensus_queue.cc:237] T b133458416b242d6ad13a13ae0758c17 P 3ec96e302b7647b49fe4a9d172060a28 [LEADER]: Queue going to LEADER mode. State: All replicated index: 0, Majority replicated index: 2, Committed index: 2, Last appended: 2.2, Last appended by leader: 2, Current term: 3, Majority size: 2, State: 0, Mode: LEADER, active raft config: opid_index: -1 OBSOLETE_local: false peers { permanent_uuid: "63a85eb6885a4721a7396d9317f2e408" member_type: VOTER last_known_addr { host: "127.5.159.193" port: 34329 } } peers { permanent_uuid: "3ec96e302b7647b49fe4a9d172060a28" member_type: VOTER last_known_addr { host: "127.5.159.194" port: 45779 } } peers { permanent_uuid: "1302a9e7ce09452a8865651a06f7de6a" member_type: VOTER last_known_addr { host: "127.5.159.195" port: 40577 } }
I20260713 09:03:02.086887  6309 catalog_manager.cc:5697] T b133458416b242d6ad13a13ae0758c17 P 3ec96e302b7647b49fe4a9d172060a28 reported cstate change: term changed from 2 to 3, leader changed from 63a85eb6885a4721a7396d9317f2e408 (127.5.159.193) to 3ec96e302b7647b49fe4a9d172060a28 (127.5.159.194). New cstate: current_term: 3 leader_uuid: "3ec96e302b7647b49fe4a9d172060a28" committed_config { opid_index: -1 OBSOLETE_local: false peers { permanent_uuid: "63a85eb6885a4721a7396d9317f2e408" member_type: VOTER last_known_addr { host: "127.5.159.193" port: 34329 } health_report { overall_health: UNKNOWN } } peers { permanent_uuid: "3ec96e302b7647b49fe4a9d172060a28" member_type: VOTER last_known_addr { host: "127.5.159.194" port: 45779 } health_report { overall_health: HEALTHY } } peers { permanent_uuid: "1302a9e7ce09452a8865651a06f7de6a" member_type: VOTER last_known_addr { host: "127.5.159.195" port: 40577 } health_report { overall_health: UNKNOWN } } }
I20260713 09:03:02.439268  6490 raft_consensus.cc:1275] T 7fffb7a786aa48a6a1475b039f9a5c14 P 3ec96e302b7647b49fe4a9d172060a28 [term 5 FOLLOWER]: Refusing update from remote peer 1302a9e7ce09452a8865651a06f7de6a: Log matching property violated. Preceding OpId in replica: term: 4 index: 4. Preceding OpId from leader: term: 5 index: 5. (index mismatch)
I20260713 09:03:02.440279  6709 consensus_queue.cc:1048] T 7fffb7a786aa48a6a1475b039f9a5c14 P 1302a9e7ce09452a8865651a06f7de6a [LEADER]: Connected to new peer: Peer: permanent_uuid: "3ec96e302b7647b49fe4a9d172060a28" member_type: VOTER last_known_addr { host: "127.5.159.194" port: 45779 }, Status: LMP_MISMATCH, Last received: 0.0, Next index: 5, Last known committed idx: 4, Time since last communication: 0.000s
I20260713 09:03:02.449079  6413 raft_consensus.cc:1275] T 7fffb7a786aa48a6a1475b039f9a5c14 P 63a85eb6885a4721a7396d9317f2e408 [term 5 FOLLOWER]: Refusing update from remote peer 1302a9e7ce09452a8865651a06f7de6a: Log matching property violated. Preceding OpId in replica: term: 4 index: 4. Preceding OpId from leader: term: 5 index: 5. (index mismatch)
I20260713 09:03:02.450596  6750 consensus_queue.cc:1048] T 7fffb7a786aa48a6a1475b039f9a5c14 P 1302a9e7ce09452a8865651a06f7de6a [LEADER]: Connected to new peer: Peer: permanent_uuid: "63a85eb6885a4721a7396d9317f2e408" member_type: VOTER last_known_addr { host: "127.5.159.193" port: 34329 }, Status: LMP_MISMATCH, Last received: 0.0, Next index: 5, Last known committed idx: 4, Time since last communication: 0.001s
I20260713 09:03:02.471062  6490 raft_consensus.cc:1275] T 150b6f0625a041758c6e653161e0acba P 3ec96e302b7647b49fe4a9d172060a28 [term 3 FOLLOWER]: Refusing update from remote peer 1302a9e7ce09452a8865651a06f7de6a: Log matching property violated. Preceding OpId in replica: term: 2 index: 2. Preceding OpId from leader: term: 3 index: 3. (index mismatch)
I20260713 09:03:02.472078  6737 consensus_queue.cc:1048] T 150b6f0625a041758c6e653161e0acba P 1302a9e7ce09452a8865651a06f7de6a [LEADER]: Connected to new peer: Peer: permanent_uuid: "3ec96e302b7647b49fe4a9d172060a28" member_type: VOTER last_known_addr { host: "127.5.159.194" port: 45779 }, Status: LMP_MISMATCH, Last received: 0.0, Next index: 3, Last known committed idx: 2, Time since last communication: 0.000s
I20260713 09:03:02.478780  6413 raft_consensus.cc:1275] T 150b6f0625a041758c6e653161e0acba P 63a85eb6885a4721a7396d9317f2e408 [term 3 FOLLOWER]: Refusing update from remote peer 1302a9e7ce09452a8865651a06f7de6a: Log matching property violated. Preceding OpId in replica: term: 2 index: 2. Preceding OpId from leader: term: 3 index: 3. (index mismatch)
I20260713 09:03:02.480504  6709 consensus_queue.cc:1048] T 150b6f0625a041758c6e653161e0acba P 1302a9e7ce09452a8865651a06f7de6a [LEADER]: Connected to new peer: Peer: permanent_uuid: "63a85eb6885a4721a7396d9317f2e408" member_type: VOTER last_known_addr { host: "127.5.159.193" port: 34329 }, Status: LMP_MISMATCH, Last received: 0.0, Next index: 3, Last known committed idx: 2, Time since last communication: 0.000s
I20260713 09:03:02.496628  6563 raft_consensus.cc:1275] T b133458416b242d6ad13a13ae0758c17 P 1302a9e7ce09452a8865651a06f7de6a [term 3 FOLLOWER]: Refusing update from remote peer 3ec96e302b7647b49fe4a9d172060a28: Log matching property violated. Preceding OpId in replica: term: 2 index: 2. Preceding OpId from leader: term: 3 index: 3. (index mismatch)
I20260713 09:03:02.497434  6715 consensus_queue.cc:1048] T b133458416b242d6ad13a13ae0758c17 P 3ec96e302b7647b49fe4a9d172060a28 [LEADER]: Connected to new peer: Peer: permanent_uuid: "1302a9e7ce09452a8865651a06f7de6a" member_type: VOTER last_known_addr { host: "127.5.159.195" port: 40577 }, Status: LMP_MISMATCH, Last received: 0.0, Next index: 3, Last known committed idx: 2, Time since last communication: 0.000s
I20260713 09:03:02.504110  6413 raft_consensus.cc:1275] T b133458416b242d6ad13a13ae0758c17 P 63a85eb6885a4721a7396d9317f2e408 [term 3 FOLLOWER]: Refusing update from remote peer 3ec96e302b7647b49fe4a9d172060a28: Log matching property violated. Preceding OpId in replica: term: 2 index: 2. Preceding OpId from leader: term: 3 index: 3. (index mismatch)
I20260713 09:03:02.505414  6564 raft_consensus.cc:1275] T b7f7bbb2918a412e9157baf952873039 P 1302a9e7ce09452a8865651a06f7de6a [term 3 FOLLOWER]: Refusing update from remote peer 3ec96e302b7647b49fe4a9d172060a28: Log matching property violated. Preceding OpId in replica: term: 2 index: 2. Preceding OpId from leader: term: 3 index: 3. (index mismatch)
I20260713 09:03:02.505503  6715 consensus_queue.cc:1048] T b133458416b242d6ad13a13ae0758c17 P 3ec96e302b7647b49fe4a9d172060a28 [LEADER]: Connected to new peer: Peer: permanent_uuid: "63a85eb6885a4721a7396d9317f2e408" member_type: VOTER last_known_addr { host: "127.5.159.193" port: 34329 }, Status: LMP_MISMATCH, Last received: 0.0, Next index: 3, Last known committed idx: 2, Time since last communication: 0.000s
I20260713 09:03:02.507808  6715 consensus_queue.cc:1048] T b7f7bbb2918a412e9157baf952873039 P 3ec96e302b7647b49fe4a9d172060a28 [LEADER]: Connected to new peer: Peer: permanent_uuid: "1302a9e7ce09452a8865651a06f7de6a" member_type: VOTER last_known_addr { host: "127.5.159.195" port: 40577 }, Status: LMP_MISMATCH, Last received: 0.0, Next index: 3, Last known committed idx: 2, Time since last communication: 0.000s
I20260713 09:03:02.529834  6413 raft_consensus.cc:1275] T b7f7bbb2918a412e9157baf952873039 P 63a85eb6885a4721a7396d9317f2e408 [term 3 FOLLOWER]: Refusing update from remote peer 3ec96e302b7647b49fe4a9d172060a28: Log matching property violated. Preceding OpId in replica: term: 2 index: 2. Preceding OpId from leader: term: 3 index: 3. (index mismatch)
I20260713 09:03:02.531219  6743 consensus_queue.cc:1048] T b7f7bbb2918a412e9157baf952873039 P 3ec96e302b7647b49fe4a9d172060a28 [LEADER]: Connected to new peer: Peer: permanent_uuid: "63a85eb6885a4721a7396d9317f2e408" member_type: VOTER last_known_addr { host: "127.5.159.193" port: 34329 }, Status: LMP_MISMATCH, Last received: 0.0, Next index: 3, Last known committed idx: 2, Time since last communication: 0.001s
I20260713 09:03:02.647854  5759 auto_leader_rebalancer.cc:141] leader rebalance for table test-workload
I20260713 09:03:02.653256  5759 tablet_server.cc:179] TabletServer@127.5.159.193:0 shutting down...
I20260713 09:03:02.672537  5759 ts_tablet_manager.cc:1507] Shutting down tablet manager...
I20260713 09:03:02.673134  5759 tablet_replica.cc:333] T 993a04a87dc949b3a2e3aa272f2b7fbf P 63a85eb6885a4721a7396d9317f2e408: stopping tablet replica
I20260713 09:03:02.673659  5759 raft_consensus.cc:2243] T 993a04a87dc949b3a2e3aa272f2b7fbf P 63a85eb6885a4721a7396d9317f2e408 [term 1 FOLLOWER]: Raft consensus shutting down.
I20260713 09:03:02.674082  5759 raft_consensus.cc:2272] T 993a04a87dc949b3a2e3aa272f2b7fbf P 63a85eb6885a4721a7396d9317f2e408 [term 1 FOLLOWER]: Raft consensus is shut down!
I20260713 09:03:02.675736  5759 tablet_replica.cc:333] T b7f7bbb2918a412e9157baf952873039 P 63a85eb6885a4721a7396d9317f2e408: stopping tablet replica
I20260713 09:03:02.676249  5759 raft_consensus.cc:2243] T b7f7bbb2918a412e9157baf952873039 P 63a85eb6885a4721a7396d9317f2e408 [term 3 FOLLOWER]: Raft consensus shutting down.
I20260713 09:03:02.676584  5759 raft_consensus.cc:2272] T b7f7bbb2918a412e9157baf952873039 P 63a85eb6885a4721a7396d9317f2e408 [term 3 FOLLOWER]: Raft consensus is shut down!
I20260713 09:03:02.678279  5759 tablet_replica.cc:333] T ae32002452ad484db829c1547ee17613 P 63a85eb6885a4721a7396d9317f2e408: stopping tablet replica
I20260713 09:03:02.678730  5759 raft_consensus.cc:2243] T ae32002452ad484db829c1547ee17613 P 63a85eb6885a4721a7396d9317f2e408 [term 3 LEADER]: Raft consensus shutting down.
I20260713 09:03:02.679345  5759 raft_consensus.cc:2272] T ae32002452ad484db829c1547ee17613 P 63a85eb6885a4721a7396d9317f2e408 [term 3 FOLLOWER]: Raft consensus is shut down!
I20260713 09:03:02.680846  5759 tablet_replica.cc:333] T 2c10552d04554687a24205577d7e4b61 P 63a85eb6885a4721a7396d9317f2e408: stopping tablet replica
I20260713 09:03:02.681289  5759 raft_consensus.cc:2243] T 2c10552d04554687a24205577d7e4b61 P 63a85eb6885a4721a7396d9317f2e408 [term 2 LEADER]: Raft consensus shutting down.
I20260713 09:03:02.681941  5759 raft_consensus.cc:2272] T 2c10552d04554687a24205577d7e4b61 P 63a85eb6885a4721a7396d9317f2e408 [term 2 FOLLOWER]: Raft consensus is shut down!
I20260713 09:03:02.683413  5759 tablet_replica.cc:333] T c6e4c63db2684073aa19a375ade6a386 P 63a85eb6885a4721a7396d9317f2e408: stopping tablet replica
I20260713 09:03:02.683842  5759 raft_consensus.cc:2243] T c6e4c63db2684073aa19a375ade6a386 P 63a85eb6885a4721a7396d9317f2e408 [term 2 LEADER]: Raft consensus shutting down.
I20260713 09:03:02.684527  5759 raft_consensus.cc:2272] T c6e4c63db2684073aa19a375ade6a386 P 63a85eb6885a4721a7396d9317f2e408 [term 2 FOLLOWER]: Raft consensus is shut down!
I20260713 09:03:02.686071  5759 tablet_replica.cc:333] T 150b6f0625a041758c6e653161e0acba P 63a85eb6885a4721a7396d9317f2e408: stopping tablet replica
I20260713 09:03:02.686499  5759 raft_consensus.cc:2243] T 150b6f0625a041758c6e653161e0acba P 63a85eb6885a4721a7396d9317f2e408 [term 3 FOLLOWER]: Raft consensus shutting down.
I20260713 09:03:02.686836  5759 raft_consensus.cc:2272] T 150b6f0625a041758c6e653161e0acba P 63a85eb6885a4721a7396d9317f2e408 [term 3 FOLLOWER]: Raft consensus is shut down!
I20260713 09:03:02.688617  5759 tablet_replica.cc:333] T b133458416b242d6ad13a13ae0758c17 P 63a85eb6885a4721a7396d9317f2e408: stopping tablet replica
I20260713 09:03:02.689049  5759 raft_consensus.cc:2243] T b133458416b242d6ad13a13ae0758c17 P 63a85eb6885a4721a7396d9317f2e408 [term 3 FOLLOWER]: Raft consensus shutting down.
I20260713 09:03:02.689376  5759 raft_consensus.cc:2272] T b133458416b242d6ad13a13ae0758c17 P 63a85eb6885a4721a7396d9317f2e408 [term 3 FOLLOWER]: Raft consensus is shut down!
I20260713 09:03:02.691063  5759 tablet_replica.cc:333] T f80dd16ea51643c2bfa7f50748630137 P 63a85eb6885a4721a7396d9317f2e408: stopping tablet replica
I20260713 09:03:02.691524  5759 raft_consensus.cc:2243] T f80dd16ea51643c2bfa7f50748630137 P 63a85eb6885a4721a7396d9317f2e408 [term 2 FOLLOWER]: Raft consensus shutting down.
I20260713 09:03:02.691977  5759 raft_consensus.cc:2272] T f80dd16ea51643c2bfa7f50748630137 P 63a85eb6885a4721a7396d9317f2e408 [term 2 FOLLOWER]: Raft consensus is shut down!
I20260713 09:03:02.693506  5759 tablet_replica.cc:333] T 7fffb7a786aa48a6a1475b039f9a5c14 P 63a85eb6885a4721a7396d9317f2e408: stopping tablet replica
I20260713 09:03:02.693917  5759 raft_consensus.cc:2243] T 7fffb7a786aa48a6a1475b039f9a5c14 P 63a85eb6885a4721a7396d9317f2e408 [term 5 FOLLOWER]: Raft consensus shutting down.
I20260713 09:03:02.694265  5759 raft_consensus.cc:2272] T 7fffb7a786aa48a6a1475b039f9a5c14 P 63a85eb6885a4721a7396d9317f2e408 [term 5 FOLLOWER]: Raft consensus is shut down!
I20260713 09:03:02.696205  5759 tablet_replica.cc:333] T 3aafd4d6bb7f48cca8028f02e703f9c0 P 63a85eb6885a4721a7396d9317f2e408: stopping tablet replica
I20260713 09:03:02.696619  5759 raft_consensus.cc:2243] T 3aafd4d6bb7f48cca8028f02e703f9c0 P 63a85eb6885a4721a7396d9317f2e408 [term 3 LEADER]: Raft consensus shutting down.
I20260713 09:03:02.697245  5759 raft_consensus.cc:2272] T 3aafd4d6bb7f48cca8028f02e703f9c0 P 63a85eb6885a4721a7396d9317f2e408 [term 3 FOLLOWER]: Raft consensus is shut down!
I20260713 09:03:02.715111  5759 tablet_server.cc:196] TabletServer@127.5.159.193:0 shutdown complete.
I20260713 09:03:02.733479  5759 tablet_server.cc:179] TabletServer@127.5.159.194:0 shutting down...
I20260713 09:03:02.751995  5759 ts_tablet_manager.cc:1507] Shutting down tablet manager...
I20260713 09:03:02.752643  5759 tablet_replica.cc:333] T 993a04a87dc949b3a2e3aa272f2b7fbf P 3ec96e302b7647b49fe4a9d172060a28: stopping tablet replica
I20260713 09:03:02.753372  5759 raft_consensus.cc:2243] T 993a04a87dc949b3a2e3aa272f2b7fbf P 3ec96e302b7647b49fe4a9d172060a28 [term 1 FOLLOWER]: Raft consensus shutting down.
I20260713 09:03:02.753916  5759 raft_consensus.cc:2272] T 993a04a87dc949b3a2e3aa272f2b7fbf P 3ec96e302b7647b49fe4a9d172060a28 [term 1 FOLLOWER]: Raft consensus is shut down!
I20260713 09:03:02.755533  5759 tablet_replica.cc:333] T ae32002452ad484db829c1547ee17613 P 3ec96e302b7647b49fe4a9d172060a28: stopping tablet replica
I20260713 09:03:02.756045  5759 raft_consensus.cc:2243] T ae32002452ad484db829c1547ee17613 P 3ec96e302b7647b49fe4a9d172060a28 [term 3 FOLLOWER]: Raft consensus shutting down.
I20260713 09:03:02.756409  5759 raft_consensus.cc:2272] T ae32002452ad484db829c1547ee17613 P 3ec96e302b7647b49fe4a9d172060a28 [term 3 FOLLOWER]: Raft consensus is shut down!
I20260713 09:03:02.757966  5759 tablet_replica.cc:333] T 3aafd4d6bb7f48cca8028f02e703f9c0 P 3ec96e302b7647b49fe4a9d172060a28: stopping tablet replica
I20260713 09:03:02.758394  5759 raft_consensus.cc:2243] T 3aafd4d6bb7f48cca8028f02e703f9c0 P 3ec96e302b7647b49fe4a9d172060a28 [term 3 FOLLOWER]: Raft consensus shutting down.
I20260713 09:03:02.758715  5759 raft_consensus.cc:2272] T 3aafd4d6bb7f48cca8028f02e703f9c0 P 3ec96e302b7647b49fe4a9d172060a28 [term 3 FOLLOWER]: Raft consensus is shut down!
I20260713 09:03:02.760288  5759 tablet_replica.cc:333] T f80dd16ea51643c2bfa7f50748630137 P 3ec96e302b7647b49fe4a9d172060a28: stopping tablet replica
I20260713 09:03:02.760710  5759 raft_consensus.cc:2243] T f80dd16ea51643c2bfa7f50748630137 P 3ec96e302b7647b49fe4a9d172060a28 [term 2 LEADER]: Raft consensus shutting down.
I20260713 09:03:02.761358  5759 raft_consensus.cc:2272] T f80dd16ea51643c2bfa7f50748630137 P 3ec96e302b7647b49fe4a9d172060a28 [term 2 FOLLOWER]: Raft consensus is shut down!
I20260713 09:03:02.762976  5759 tablet_replica.cc:333] T 2c10552d04554687a24205577d7e4b61 P 3ec96e302b7647b49fe4a9d172060a28: stopping tablet replica
I20260713 09:03:02.763397  5759 raft_consensus.cc:2243] T 2c10552d04554687a24205577d7e4b61 P 3ec96e302b7647b49fe4a9d172060a28 [term 2 FOLLOWER]: Raft consensus shutting down.
I20260713 09:03:02.763742  5759 raft_consensus.cc:2272] T 2c10552d04554687a24205577d7e4b61 P 3ec96e302b7647b49fe4a9d172060a28 [term 2 FOLLOWER]: Raft consensus is shut down!
I20260713 09:03:02.765602  5759 tablet_replica.cc:333] T c6e4c63db2684073aa19a375ade6a386 P 3ec96e302b7647b49fe4a9d172060a28: stopping tablet replica
I20260713 09:03:02.766017  5759 raft_consensus.cc:2243] T c6e4c63db2684073aa19a375ade6a386 P 3ec96e302b7647b49fe4a9d172060a28 [term 2 FOLLOWER]: Raft consensus shutting down.
I20260713 09:03:02.766382  5759 raft_consensus.cc:2272] T c6e4c63db2684073aa19a375ade6a386 P 3ec96e302b7647b49fe4a9d172060a28 [term 2 FOLLOWER]: Raft consensus is shut down!
I20260713 09:03:02.767957  5759 tablet_replica.cc:333] T b7f7bbb2918a412e9157baf952873039 P 3ec96e302b7647b49fe4a9d172060a28: stopping tablet replica
I20260713 09:03:02.768366  5759 raft_consensus.cc:2243] T b7f7bbb2918a412e9157baf952873039 P 3ec96e302b7647b49fe4a9d172060a28 [term 3 LEADER]: Raft consensus shutting down.
I20260713 09:03:02.768963  5759 raft_consensus.cc:2272] T b7f7bbb2918a412e9157baf952873039 P 3ec96e302b7647b49fe4a9d172060a28 [term 3 FOLLOWER]: Raft consensus is shut down!
I20260713 09:03:02.770550  5759 tablet_replica.cc:333] T 7fffb7a786aa48a6a1475b039f9a5c14 P 3ec96e302b7647b49fe4a9d172060a28: stopping tablet replica
I20260713 09:03:02.770937  5759 raft_consensus.cc:2243] T 7fffb7a786aa48a6a1475b039f9a5c14 P 3ec96e302b7647b49fe4a9d172060a28 [term 5 FOLLOWER]: Raft consensus shutting down.
I20260713 09:03:02.771275  5759 raft_consensus.cc:2272] T 7fffb7a786aa48a6a1475b039f9a5c14 P 3ec96e302b7647b49fe4a9d172060a28 [term 5 FOLLOWER]: Raft consensus is shut down!
I20260713 09:03:02.772951  5759 tablet_replica.cc:333] T 150b6f0625a041758c6e653161e0acba P 3ec96e302b7647b49fe4a9d172060a28: stopping tablet replica
I20260713 09:03:02.773356  5759 raft_consensus.cc:2243] T 150b6f0625a041758c6e653161e0acba P 3ec96e302b7647b49fe4a9d172060a28 [term 3 FOLLOWER]: Raft consensus shutting down.
I20260713 09:03:02.773685  5759 raft_consensus.cc:2272] T 150b6f0625a041758c6e653161e0acba P 3ec96e302b7647b49fe4a9d172060a28 [term 3 FOLLOWER]: Raft consensus is shut down!
I20260713 09:03:02.775291  5759 tablet_replica.cc:333] T b133458416b242d6ad13a13ae0758c17 P 3ec96e302b7647b49fe4a9d172060a28: stopping tablet replica
I20260713 09:03:02.775655  5759 raft_consensus.cc:2243] T b133458416b242d6ad13a13ae0758c17 P 3ec96e302b7647b49fe4a9d172060a28 [term 3 LEADER]: Raft consensus shutting down.
I20260713 09:03:02.776283  5759 raft_consensus.cc:2272] T b133458416b242d6ad13a13ae0758c17 P 3ec96e302b7647b49fe4a9d172060a28 [term 3 FOLLOWER]: Raft consensus is shut down!
I20260713 09:03:02.801342  5759 tablet_server.cc:196] TabletServer@127.5.159.194:0 shutdown complete.
I20260713 09:03:02.818447  5759 tablet_server.cc:179] TabletServer@127.5.159.195:0 shutting down...
I20260713 09:03:02.837852  5759 ts_tablet_manager.cc:1507] Shutting down tablet manager...
