I20260713 09:02:44.567946 11623 raft_consensus.cc:493] T a7dd0509f14f4e39aaac8ae0c5e6401b P ff1dfa5b8fc74ae9bd3019d08d73567c [term 2 FOLLOWER]: Starting forced leader election (received explicit request)
I20260713 09:02:44.568254 11623 raft_consensus.cc:3060] T a7dd0509f14f4e39aaac8ae0c5e6401b P ff1dfa5b8fc74ae9bd3019d08d73567c [term 2 FOLLOWER]: Advancing to term 3
I20260713 09:02:44.572818 11623 raft_consensus.cc:515] T a7dd0509f14f4e39aaac8ae0c5e6401b P ff1dfa5b8fc74ae9bd3019d08d73567c [term 3 FOLLOWER]: Starting forced leader election with config: opid_index: -1 OBSOLETE_local: false peers { permanent_uuid: "35511d2a33da42de9f0bc0204ebfc727" member_type: VOTER last_known_addr { host: "127.11.37.129" port: 37545 } } peers { permanent_uuid: "ff1dfa5b8fc74ae9bd3019d08d73567c" member_type: VOTER last_known_addr { host: "127.11.37.130" port: 45351 } } peers { permanent_uuid: "5c563fe97d8c44b4bb205ac1cab91511" member_type: VOTER last_known_addr { host: "127.11.37.131" port: 37267 } }
I20260713 09:02:44.575225 11623 leader_election.cc:290] T a7dd0509f14f4e39aaac8ae0c5e6401b P ff1dfa5b8fc74ae9bd3019d08d73567c [CANDIDATE]: Term 3 election: Requested vote from peers 35511d2a33da42de9f0bc0204ebfc727 (127.11.37.129:37545), 5c563fe97d8c44b4bb205ac1cab91511 (127.11.37.131:37267)
I20260713 09:02:44.575443 11547 tablet_service.cc:1917] Received RequestConsensusVote() RPC: tablet_id: "a7dd0509f14f4e39aaac8ae0c5e6401b" candidate_uuid: "ff1dfa5b8fc74ae9bd3019d08d73567c" candidate_term: 3 candidate_status { last_received { term: 2 index: 1 } } ignore_live_leader: true dest_uuid: "35511d2a33da42de9f0bc0204ebfc727"
I20260713 09:02:44.575814 11698 tablet_service.cc:1917] Received RequestConsensusVote() RPC: tablet_id: "a7dd0509f14f4e39aaac8ae0c5e6401b" candidate_uuid: "ff1dfa5b8fc74ae9bd3019d08d73567c" candidate_term: 3 candidate_status { last_received { term: 2 index: 1 } } ignore_live_leader: true dest_uuid: "5c563fe97d8c44b4bb205ac1cab91511"
I20260713 09:02:44.576053 11547 raft_consensus.cc:3055] T a7dd0509f14f4e39aaac8ae0c5e6401b P 35511d2a33da42de9f0bc0204ebfc727 [term 2 LEADER]: Stepping down as leader of term 2
I20260713 09:02:44.576399 11698 raft_consensus.cc:3060] T a7dd0509f14f4e39aaac8ae0c5e6401b P 5c563fe97d8c44b4bb205ac1cab91511 [term 2 FOLLOWER]: Advancing to term 3
I20260713 09:02:44.576409 11547 raft_consensus.cc:740] T a7dd0509f14f4e39aaac8ae0c5e6401b P 35511d2a33da42de9f0bc0204ebfc727 [term 2 LEADER]: Becoming Follower/Learner. State: Replica: 35511d2a33da42de9f0bc0204ebfc727, State: Running, Role: LEADER
I20260713 09:02:44.577354 11547 consensus_queue.cc:260] T a7dd0509f14f4e39aaac8ae0c5e6401b P 35511d2a33da42de9f0bc0204ebfc727 [NON_LEADER]: Queue going to NON_LEADER mode. State: All replicated index: 0, Majority replicated index: 1, Committed index: 1, Last appended: 2.1, Last appended by leader: 1, Current term: 2, Majority size: -1, State: 0, Mode: NON_LEADER, active raft config: opid_index: -1 OBSOLETE_local: false peers { permanent_uuid: "35511d2a33da42de9f0bc0204ebfc727" member_type: VOTER last_known_addr { host: "127.11.37.129" port: 37545 } } peers { permanent_uuid: "ff1dfa5b8fc74ae9bd3019d08d73567c" member_type: VOTER last_known_addr { host: "127.11.37.130" port: 45351 } } peers { permanent_uuid: "5c563fe97d8c44b4bb205ac1cab91511" member_type: VOTER last_known_addr { host: "127.11.37.131" port: 37267 } }
I20260713 09:02:44.578510 11547 raft_consensus.cc:3060] T a7dd0509f14f4e39aaac8ae0c5e6401b P 35511d2a33da42de9f0bc0204ebfc727 [term 2 FOLLOWER]: Advancing to term 3
I20260713 09:02:44.580593 11835 raft_consensus.cc:993] T 5bd4be89949541be9063457bbfb1e88e P ff1dfa5b8fc74ae9bd3019d08d73567c: : Instructing follower 35511d2a33da42de9f0bc0204ebfc727 to start an election
I20260713 09:02:44.581090 11835 raft_consensus.cc:1081] T 5bd4be89949541be9063457bbfb1e88e P ff1dfa5b8fc74ae9bd3019d08d73567c [term 1 LEADER]: Signalling peer 35511d2a33da42de9f0bc0204ebfc727 to start an election
I20260713 09:02:44.582669 11548 tablet_service.cc:2044] Received Run Leader Election RPC: tablet_id: "5bd4be89949541be9063457bbfb1e88e"
dest_uuid: "35511d2a33da42de9f0bc0204ebfc727"
 from {username='slave'} at 127.0.0.1:37710
I20260713 09:02:44.583115 11548 raft_consensus.cc:493] T 5bd4be89949541be9063457bbfb1e88e P 35511d2a33da42de9f0bc0204ebfc727 [term 1 FOLLOWER]: Starting forced leader election (received explicit request)
I20260713 09:02:44.583249 11698 raft_consensus.cc:2468] T a7dd0509f14f4e39aaac8ae0c5e6401b P 5c563fe97d8c44b4bb205ac1cab91511 [term 3 FOLLOWER]: Leader election vote request: Granting yes vote for candidate ff1dfa5b8fc74ae9bd3019d08d73567c in term 3.
I20260713 09:02:44.583441 11548 raft_consensus.cc:3060] T 5bd4be89949541be9063457bbfb1e88e P 35511d2a33da42de9f0bc0204ebfc727 [term 1 FOLLOWER]: Advancing to term 2
I20260713 09:02:44.584585 11588 leader_election.cc:304] T a7dd0509f14f4e39aaac8ae0c5e6401b P ff1dfa5b8fc74ae9bd3019d08d73567c [CANDIDATE]: Term 3 election: Election decided. Result: candidate won. Election summary: received 2 responses out of 3 voters: 2 yes votes; 0 no votes. yes voters: 5c563fe97d8c44b4bb205ac1cab91511, ff1dfa5b8fc74ae9bd3019d08d73567c; no voters: 
I20260713 09:02:44.585413 11835 raft_consensus.cc:2804] T a7dd0509f14f4e39aaac8ae0c5e6401b P ff1dfa5b8fc74ae9bd3019d08d73567c [term 3 FOLLOWER]: Leader election won for term 3
I20260713 09:02:44.585534 11547 raft_consensus.cc:2468] T a7dd0509f14f4e39aaac8ae0c5e6401b P 35511d2a33da42de9f0bc0204ebfc727 [term 3 FOLLOWER]: Leader election vote request: Granting yes vote for candidate ff1dfa5b8fc74ae9bd3019d08d73567c in term 3.
I20260713 09:02:44.585915 11835 raft_consensus.cc:697] T a7dd0509f14f4e39aaac8ae0c5e6401b P ff1dfa5b8fc74ae9bd3019d08d73567c [term 3 LEADER]: Becoming Leader. State: Replica: ff1dfa5b8fc74ae9bd3019d08d73567c, State: Running, Role: LEADER
I20260713 09:02:44.586740 11835 consensus_queue.cc:237] T a7dd0509f14f4e39aaac8ae0c5e6401b P ff1dfa5b8fc74ae9bd3019d08d73567c [LEADER]: Queue going to LEADER mode. State: All replicated index: 0, Majority replicated index: 1, Committed index: 1, Last appended: 2.1, Last appended by leader: 1, Current term: 3, Majority size: 2, State: 0, Mode: LEADER, active raft config: opid_index: -1 OBSOLETE_local: false peers { permanent_uuid: "35511d2a33da42de9f0bc0204ebfc727" member_type: VOTER last_known_addr { host: "127.11.37.129" port: 37545 } } peers { permanent_uuid: "ff1dfa5b8fc74ae9bd3019d08d73567c" member_type: VOTER last_known_addr { host: "127.11.37.130" port: 45351 } } peers { permanent_uuid: "5c563fe97d8c44b4bb205ac1cab91511" member_type: VOTER last_known_addr { host: "127.11.37.131" port: 37267 } }
I20260713 09:02:44.590070 11548 raft_consensus.cc:515] T 5bd4be89949541be9063457bbfb1e88e P 35511d2a33da42de9f0bc0204ebfc727 [term 2 FOLLOWER]: Starting forced leader election with config: opid_index: -1 OBSOLETE_local: false peers { permanent_uuid: "35511d2a33da42de9f0bc0204ebfc727" member_type: VOTER last_known_addr { host: "127.11.37.129" port: 37545 } } peers { permanent_uuid: "ff1dfa5b8fc74ae9bd3019d08d73567c" member_type: VOTER last_known_addr { host: "127.11.37.130" port: 45351 } } peers { permanent_uuid: "5c563fe97d8c44b4bb205ac1cab91511" member_type: VOTER last_known_addr { host: "127.11.37.131" port: 37267 } }
I20260713 09:02:44.592351 11548 leader_election.cc:290] T 5bd4be89949541be9063457bbfb1e88e P 35511d2a33da42de9f0bc0204ebfc727 [CANDIDATE]: Term 2 election: Requested vote from peers ff1dfa5b8fc74ae9bd3019d08d73567c (127.11.37.130:45351), 5c563fe97d8c44b4bb205ac1cab91511 (127.11.37.131:37267)
I20260713 09:02:44.592758 11842 raft_consensus.cc:993] T 9ec9890d93c64a37826640b4b2616abe P 5c563fe97d8c44b4bb205ac1cab91511: : Instructing follower ff1dfa5b8fc74ae9bd3019d08d73567c to start an election
I20260713 09:02:44.593232 11825 raft_consensus.cc:1081] T 9ec9890d93c64a37826640b4b2616abe P 5c563fe97d8c44b4bb205ac1cab91511 [term 1 LEADER]: Signalling peer ff1dfa5b8fc74ae9bd3019d08d73567c to start an election
I20260713 09:02:44.593396 11698 tablet_service.cc:1917] Received RequestConsensusVote() RPC: tablet_id: "5bd4be89949541be9063457bbfb1e88e" candidate_uuid: "35511d2a33da42de9f0bc0204ebfc727" candidate_term: 2 candidate_status { last_received { term: 1 index: 1 } } ignore_live_leader: true dest_uuid: "5c563fe97d8c44b4bb205ac1cab91511"
I20260713 09:02:44.593993 11698 raft_consensus.cc:3060] T 5bd4be89949541be9063457bbfb1e88e P 5c563fe97d8c44b4bb205ac1cab91511 [term 1 FOLLOWER]: Advancing to term 2
I20260713 09:02:44.594779 11624 tablet_service.cc:2044] Received Run Leader Election RPC: tablet_id: "9ec9890d93c64a37826640b4b2616abe"
dest_uuid: "ff1dfa5b8fc74ae9bd3019d08d73567c"
 from {username='slave'} at 127.0.0.1:44016
I20260713 09:02:44.595232 11624 raft_consensus.cc:493] T 9ec9890d93c64a37826640b4b2616abe P ff1dfa5b8fc74ae9bd3019d08d73567c [term 1 FOLLOWER]: Starting forced leader election (received explicit request)
I20260713 09:02:44.594574 11445 catalog_manager.cc:5697] T a7dd0509f14f4e39aaac8ae0c5e6401b P ff1dfa5b8fc74ae9bd3019d08d73567c reported cstate change: term changed from 2 to 3, leader changed from 35511d2a33da42de9f0bc0204ebfc727 (127.11.37.129) to ff1dfa5b8fc74ae9bd3019d08d73567c (127.11.37.130). New cstate: current_term: 3 leader_uuid: "ff1dfa5b8fc74ae9bd3019d08d73567c" committed_config { opid_index: -1 OBSOLETE_local: false peers { permanent_uuid: "35511d2a33da42de9f0bc0204ebfc727" member_type: VOTER last_known_addr { host: "127.11.37.129" port: 37545 } health_report { overall_health: UNKNOWN } } peers { permanent_uuid: "ff1dfa5b8fc74ae9bd3019d08d73567c" member_type: VOTER last_known_addr { host: "127.11.37.130" port: 45351 } health_report { overall_health: HEALTHY } } peers { permanent_uuid: "5c563fe97d8c44b4bb205ac1cab91511" member_type: VOTER last_known_addr { host: "127.11.37.131" port: 37267 } health_report { overall_health: UNKNOWN } } }
I20260713 09:02:44.595532 11624 raft_consensus.cc:3060] T 9ec9890d93c64a37826640b4b2616abe P ff1dfa5b8fc74ae9bd3019d08d73567c [term 1 FOLLOWER]: Advancing to term 2
I20260713 09:02:44.596848 11623 tablet_service.cc:1917] Received RequestConsensusVote() RPC: tablet_id: "5bd4be89949541be9063457bbfb1e88e" candidate_uuid: "35511d2a33da42de9f0bc0204ebfc727" candidate_term: 2 candidate_status { last_received { term: 1 index: 1 } } ignore_live_leader: true dest_uuid: "ff1dfa5b8fc74ae9bd3019d08d73567c"
I20260713 09:02:44.597465 11623 raft_consensus.cc:3055] T 5bd4be89949541be9063457bbfb1e88e P ff1dfa5b8fc74ae9bd3019d08d73567c [term 1 LEADER]: Stepping down as leader of term 1
I20260713 09:02:44.597837 11623 raft_consensus.cc:740] T 5bd4be89949541be9063457bbfb1e88e P ff1dfa5b8fc74ae9bd3019d08d73567c [term 1 LEADER]: Becoming Follower/Learner. State: Replica: ff1dfa5b8fc74ae9bd3019d08d73567c, State: Running, Role: LEADER
I20260713 09:02:44.598704 11623 consensus_queue.cc:260] T 5bd4be89949541be9063457bbfb1e88e P ff1dfa5b8fc74ae9bd3019d08d73567c [NON_LEADER]: Queue going to NON_LEADER mode. State: All replicated index: 0, Majority replicated index: 1, Committed index: 1, Last appended: 1.1, Last appended by leader: 1, Current term: 1, Majority size: -1, State: 0, Mode: NON_LEADER, active raft config: opid_index: -1 OBSOLETE_local: false peers { permanent_uuid: "35511d2a33da42de9f0bc0204ebfc727" member_type: VOTER last_known_addr { host: "127.11.37.129" port: 37545 } } peers { permanent_uuid: "ff1dfa5b8fc74ae9bd3019d08d73567c" member_type: VOTER last_known_addr { host: "127.11.37.130" port: 45351 } } peers { permanent_uuid: "5c563fe97d8c44b4bb205ac1cab91511" member_type: VOTER last_known_addr { host: "127.11.37.131" port: 37267 } }
I20260713 09:02:44.599985 11623 raft_consensus.cc:3060] T 5bd4be89949541be9063457bbfb1e88e P ff1dfa5b8fc74ae9bd3019d08d73567c [term 1 FOLLOWER]: Advancing to term 2
I20260713 09:02:44.600847 11698 raft_consensus.cc:2468] T 5bd4be89949541be9063457bbfb1e88e P 5c563fe97d8c44b4bb205ac1cab91511 [term 2 FOLLOWER]: Leader election vote request: Granting yes vote for candidate 35511d2a33da42de9f0bc0204ebfc727 in term 2.
I20260713 09:02:44.602025 11513 leader_election.cc:304] T 5bd4be89949541be9063457bbfb1e88e P 35511d2a33da42de9f0bc0204ebfc727 [CANDIDATE]: Term 2 election: Election decided. Result: candidate won. Election summary: received 2 responses out of 3 voters: 2 yes votes; 0 no votes. yes voters: 35511d2a33da42de9f0bc0204ebfc727, 5c563fe97d8c44b4bb205ac1cab91511; no voters: 
I20260713 09:02:44.602802 11747 raft_consensus.cc:2804] T 5bd4be89949541be9063457bbfb1e88e P 35511d2a33da42de9f0bc0204ebfc727 [term 2 FOLLOWER]: Leader election won for term 2
I20260713 09:02:44.603339 11747 raft_consensus.cc:697] T 5bd4be89949541be9063457bbfb1e88e P 35511d2a33da42de9f0bc0204ebfc727 [term 2 LEADER]: Becoming Leader. State: Replica: 35511d2a33da42de9f0bc0204ebfc727, State: Running, Role: LEADER
I20260713 09:02:44.604139 11747 consensus_queue.cc:237] T 5bd4be89949541be9063457bbfb1e88e P 35511d2a33da42de9f0bc0204ebfc727 [LEADER]: Queue going to LEADER mode. State: All replicated index: 0, Majority replicated index: 1, Committed index: 1, Last appended: 1.1, Last appended by leader: 1, Current term: 2, Majority size: 2, State: 0, Mode: LEADER, active raft config: opid_index: -1 OBSOLETE_local: false peers { permanent_uuid: "35511d2a33da42de9f0bc0204ebfc727" member_type: VOTER last_known_addr { host: "127.11.37.129" port: 37545 } } peers { permanent_uuid: "ff1dfa5b8fc74ae9bd3019d08d73567c" member_type: VOTER last_known_addr { host: "127.11.37.130" port: 45351 } } peers { permanent_uuid: "5c563fe97d8c44b4bb205ac1cab91511" member_type: VOTER last_known_addr { host: "127.11.37.131" port: 37267 } }
I20260713 09:02:44.602349 11624 raft_consensus.cc:515] T 9ec9890d93c64a37826640b4b2616abe P ff1dfa5b8fc74ae9bd3019d08d73567c [term 2 FOLLOWER]: Starting forced leader election with config: opid_index: -1 OBSOLETE_local: false peers { permanent_uuid: "35511d2a33da42de9f0bc0204ebfc727" member_type: VOTER last_known_addr { host: "127.11.37.129" port: 37545 } } peers { permanent_uuid: "ff1dfa5b8fc74ae9bd3019d08d73567c" member_type: VOTER last_known_addr { host: "127.11.37.130" port: 45351 } } peers { permanent_uuid: "5c563fe97d8c44b4bb205ac1cab91511" member_type: VOTER last_known_addr { host: "127.11.37.131" port: 37267 } }
I20260713 09:02:44.606930 11623 raft_consensus.cc:2468] T 5bd4be89949541be9063457bbfb1e88e P ff1dfa5b8fc74ae9bd3019d08d73567c [term 2 FOLLOWER]: Leader election vote request: Granting yes vote for candidate 35511d2a33da42de9f0bc0204ebfc727 in term 2.
I20260713 09:02:44.607453 11624 leader_election.cc:290] T 9ec9890d93c64a37826640b4b2616abe P ff1dfa5b8fc74ae9bd3019d08d73567c [CANDIDATE]: Term 2 election: Requested vote from peers 35511d2a33da42de9f0bc0204ebfc727 (127.11.37.129:37545), 5c563fe97d8c44b4bb205ac1cab91511 (127.11.37.131:37267)
I20260713 09:02:44.608219 11548 tablet_service.cc:1917] Received RequestConsensusVote() RPC: tablet_id: "9ec9890d93c64a37826640b4b2616abe" candidate_uuid: "ff1dfa5b8fc74ae9bd3019d08d73567c" candidate_term: 2 candidate_status { last_received { term: 1 index: 1 } } ignore_live_leader: true dest_uuid: "35511d2a33da42de9f0bc0204ebfc727"
I20260713 09:02:44.608808 11548 raft_consensus.cc:3060] T 9ec9890d93c64a37826640b4b2616abe P 35511d2a33da42de9f0bc0204ebfc727 [term 1 FOLLOWER]: Advancing to term 2
I20260713 09:02:44.609294 11698 tablet_service.cc:1917] Received RequestConsensusVote() RPC: tablet_id: "9ec9890d93c64a37826640b4b2616abe" candidate_uuid: "ff1dfa5b8fc74ae9bd3019d08d73567c" candidate_term: 2 candidate_status { last_received { term: 1 index: 1 } } ignore_live_leader: true dest_uuid: "5c563fe97d8c44b4bb205ac1cab91511"
I20260713 09:02:44.609848 11698 raft_consensus.cc:3055] T 9ec9890d93c64a37826640b4b2616abe P 5c563fe97d8c44b4bb205ac1cab91511 [term 1 LEADER]: Stepping down as leader of term 1
I20260713 09:02:44.610172 11698 raft_consensus.cc:740] T 9ec9890d93c64a37826640b4b2616abe P 5c563fe97d8c44b4bb205ac1cab91511 [term 1 LEADER]: Becoming Follower/Learner. State: Replica: 5c563fe97d8c44b4bb205ac1cab91511, State: Running, Role: LEADER
I20260713 09:02:44.610960 11698 consensus_queue.cc:260] T 9ec9890d93c64a37826640b4b2616abe P 5c563fe97d8c44b4bb205ac1cab91511 [NON_LEADER]: Queue going to NON_LEADER mode. State: All replicated index: 0, Majority replicated index: 1, Committed index: 1, Last appended: 1.1, Last appended by leader: 1, Current term: 1, Majority size: -1, State: 0, Mode: NON_LEADER, active raft config: opid_index: -1 OBSOLETE_local: false peers { permanent_uuid: "35511d2a33da42de9f0bc0204ebfc727" member_type: VOTER last_known_addr { host: "127.11.37.129" port: 37545 } } peers { permanent_uuid: "ff1dfa5b8fc74ae9bd3019d08d73567c" member_type: VOTER last_known_addr { host: "127.11.37.130" port: 45351 } } peers { permanent_uuid: "5c563fe97d8c44b4bb205ac1cab91511" member_type: VOTER last_known_addr { host: "127.11.37.131" port: 37267 } }
I20260713 09:02:44.612378 11698 raft_consensus.cc:3060] T 9ec9890d93c64a37826640b4b2616abe P 5c563fe97d8c44b4bb205ac1cab91511 [term 1 FOLLOWER]: Advancing to term 2
I20260713 09:02:44.615175 11548 raft_consensus.cc:2468] T 9ec9890d93c64a37826640b4b2616abe P 35511d2a33da42de9f0bc0204ebfc727 [term 2 FOLLOWER]: Leader election vote request: Granting yes vote for candidate ff1dfa5b8fc74ae9bd3019d08d73567c in term 2.
I20260713 09:02:44.616736 11590 leader_election.cc:304] T 9ec9890d93c64a37826640b4b2616abe P ff1dfa5b8fc74ae9bd3019d08d73567c [CANDIDATE]: Term 2 election: Election decided. Result: candidate won. Election summary: received 2 responses out of 3 voters: 2 yes votes; 0 no votes. yes voters: 35511d2a33da42de9f0bc0204ebfc727, ff1dfa5b8fc74ae9bd3019d08d73567c; no voters: 
I20260713 09:02:44.617796 11835 raft_consensus.cc:2804] T 9ec9890d93c64a37826640b4b2616abe P ff1dfa5b8fc74ae9bd3019d08d73567c [term 2 FOLLOWER]: Leader election won for term 2
I20260713 09:02:44.618316 11835 raft_consensus.cc:697] T 9ec9890d93c64a37826640b4b2616abe P ff1dfa5b8fc74ae9bd3019d08d73567c [term 2 LEADER]: Becoming Leader. State: Replica: ff1dfa5b8fc74ae9bd3019d08d73567c, State: Running, Role: LEADER
I20260713 09:02:44.619168 11835 consensus_queue.cc:237] T 9ec9890d93c64a37826640b4b2616abe P ff1dfa5b8fc74ae9bd3019d08d73567c [LEADER]: Queue going to LEADER mode. State: All replicated index: 0, Majority replicated index: 1, Committed index: 1, Last appended: 1.1, Last appended by leader: 1, Current term: 2, Majority size: 2, State: 0, Mode: LEADER, active raft config: opid_index: -1 OBSOLETE_local: false peers { permanent_uuid: "35511d2a33da42de9f0bc0204ebfc727" member_type: VOTER last_known_addr { host: "127.11.37.129" port: 37545 } } peers { permanent_uuid: "ff1dfa5b8fc74ae9bd3019d08d73567c" member_type: VOTER last_known_addr { host: "127.11.37.130" port: 45351 } } peers { permanent_uuid: "5c563fe97d8c44b4bb205ac1cab91511" member_type: VOTER last_known_addr { host: "127.11.37.131" port: 37267 } }
I20260713 09:02:44.619534 11698 raft_consensus.cc:2468] T 9ec9890d93c64a37826640b4b2616abe P 5c563fe97d8c44b4bb205ac1cab91511 [term 2 FOLLOWER]: Leader election vote request: Granting yes vote for candidate ff1dfa5b8fc74ae9bd3019d08d73567c in term 2.
I20260713 09:02:44.624204 11445 catalog_manager.cc:5697] T 5bd4be89949541be9063457bbfb1e88e P 35511d2a33da42de9f0bc0204ebfc727 reported cstate change: term changed from 1 to 2, leader changed from ff1dfa5b8fc74ae9bd3019d08d73567c (127.11.37.130) to 35511d2a33da42de9f0bc0204ebfc727 (127.11.37.129). New cstate: current_term: 2 leader_uuid: "35511d2a33da42de9f0bc0204ebfc727" committed_config { opid_index: -1 OBSOLETE_local: false peers { permanent_uuid: "35511d2a33da42de9f0bc0204ebfc727" member_type: VOTER last_known_addr { host: "127.11.37.129" port: 37545 } health_report { overall_health: HEALTHY } } peers { permanent_uuid: "ff1dfa5b8fc74ae9bd3019d08d73567c" member_type: VOTER last_known_addr { host: "127.11.37.130" port: 45351 } health_report { overall_health: UNKNOWN } } peers { permanent_uuid: "5c563fe97d8c44b4bb205ac1cab91511" member_type: VOTER last_known_addr { host: "127.11.37.131" port: 37267 } health_report { overall_health: UNKNOWN } } }
I20260713 09:02:44.631031 11444 catalog_manager.cc:5697] T 9ec9890d93c64a37826640b4b2616abe P ff1dfa5b8fc74ae9bd3019d08d73567c reported cstate change: term changed from 1 to 2, leader changed from 5c563fe97d8c44b4bb205ac1cab91511 (127.11.37.131) to ff1dfa5b8fc74ae9bd3019d08d73567c (127.11.37.130). New cstate: current_term: 2 leader_uuid: "ff1dfa5b8fc74ae9bd3019d08d73567c" committed_config { opid_index: -1 OBSOLETE_local: false peers { permanent_uuid: "35511d2a33da42de9f0bc0204ebfc727" member_type: VOTER last_known_addr { host: "127.11.37.129" port: 37545 } health_report { overall_health: UNKNOWN } } peers { permanent_uuid: "ff1dfa5b8fc74ae9bd3019d08d73567c" member_type: VOTER last_known_addr { host: "127.11.37.130" port: 45351 } health_report { overall_health: HEALTHY } } peers { permanent_uuid: "5c563fe97d8c44b4bb205ac1cab91511" member_type: VOTER last_known_addr { host: "127.11.37.131" port: 37267 } health_report { overall_health: UNKNOWN } } }
I20260713 09:02:44.772804 11782 raft_consensus.cc:993] T 000b241ae29245498e56523a7561ac3a P 35511d2a33da42de9f0bc0204ebfc727: : Instructing follower ff1dfa5b8fc74ae9bd3019d08d73567c to start an election
I20260713 09:02:44.773239 11747 raft_consensus.cc:1081] T 000b241ae29245498e56523a7561ac3a P 35511d2a33da42de9f0bc0204ebfc727 [term 1 LEADER]: Signalling peer ff1dfa5b8fc74ae9bd3019d08d73567c to start an election
I20260713 09:02:44.774856 11624 tablet_service.cc:2044] Received Run Leader Election RPC: tablet_id: "000b241ae29245498e56523a7561ac3a"
dest_uuid: "ff1dfa5b8fc74ae9bd3019d08d73567c"
 from {username='slave'} at 127.0.0.1:44020
I20260713 09:02:44.775430 11624 raft_consensus.cc:493] T 000b241ae29245498e56523a7561ac3a P ff1dfa5b8fc74ae9bd3019d08d73567c [term 1 FOLLOWER]: Starting forced leader election (received explicit request)
I20260713 09:02:44.775771 11624 raft_consensus.cc:3060] T 000b241ae29245498e56523a7561ac3a P ff1dfa5b8fc74ae9bd3019d08d73567c [term 1 FOLLOWER]: Advancing to term 2
I20260713 09:02:44.780130 11624 raft_consensus.cc:515] T 000b241ae29245498e56523a7561ac3a P ff1dfa5b8fc74ae9bd3019d08d73567c [term 2 FOLLOWER]: Starting forced leader election with config: opid_index: -1 OBSOLETE_local: false peers { permanent_uuid: "35511d2a33da42de9f0bc0204ebfc727" member_type: VOTER last_known_addr { host: "127.11.37.129" port: 37545 } } peers { permanent_uuid: "ff1dfa5b8fc74ae9bd3019d08d73567c" member_type: VOTER last_known_addr { host: "127.11.37.130" port: 45351 } } peers { permanent_uuid: "5c563fe97d8c44b4bb205ac1cab91511" member_type: VOTER last_known_addr { host: "127.11.37.131" port: 37267 } }
I20260713 09:02:44.782235 11624 leader_election.cc:290] T 000b241ae29245498e56523a7561ac3a P ff1dfa5b8fc74ae9bd3019d08d73567c [CANDIDATE]: Term 2 election: Requested vote from peers 35511d2a33da42de9f0bc0204ebfc727 (127.11.37.129:37545), 5c563fe97d8c44b4bb205ac1cab91511 (127.11.37.131:37267)
I20260713 09:02:44.783084 11548 tablet_service.cc:1917] Received RequestConsensusVote() RPC: tablet_id: "000b241ae29245498e56523a7561ac3a" candidate_uuid: "ff1dfa5b8fc74ae9bd3019d08d73567c" candidate_term: 2 candidate_status { last_received { term: 1 index: 1 } } ignore_live_leader: true dest_uuid: "35511d2a33da42de9f0bc0204ebfc727"
I20260713 09:02:44.783368 11698 tablet_service.cc:1917] Received RequestConsensusVote() RPC: tablet_id: "000b241ae29245498e56523a7561ac3a" candidate_uuid: "ff1dfa5b8fc74ae9bd3019d08d73567c" candidate_term: 2 candidate_status { last_received { term: 1 index: 1 } } ignore_live_leader: true dest_uuid: "5c563fe97d8c44b4bb205ac1cab91511"
I20260713 09:02:44.783677 11548 raft_consensus.cc:3055] T 000b241ae29245498e56523a7561ac3a P 35511d2a33da42de9f0bc0204ebfc727 [term 1 LEADER]: Stepping down as leader of term 1
I20260713 09:02:44.784029 11548 raft_consensus.cc:740] T 000b241ae29245498e56523a7561ac3a P 35511d2a33da42de9f0bc0204ebfc727 [term 1 LEADER]: Becoming Follower/Learner. State: Replica: 35511d2a33da42de9f0bc0204ebfc727, State: Running, Role: LEADER
I20260713 09:02:44.784003 11698 raft_consensus.cc:3060] T 000b241ae29245498e56523a7561ac3a P 5c563fe97d8c44b4bb205ac1cab91511 [term 1 FOLLOWER]: Advancing to term 2
I20260713 09:02:44.784981 11548 consensus_queue.cc:260] T 000b241ae29245498e56523a7561ac3a P 35511d2a33da42de9f0bc0204ebfc727 [NON_LEADER]: Queue going to NON_LEADER mode. State: All replicated index: 0, Majority replicated index: 1, Committed index: 1, Last appended: 1.1, Last appended by leader: 1, Current term: 1, Majority size: -1, State: 0, Mode: NON_LEADER, active raft config: opid_index: -1 OBSOLETE_local: false peers { permanent_uuid: "35511d2a33da42de9f0bc0204ebfc727" member_type: VOTER last_known_addr { host: "127.11.37.129" port: 37545 } } peers { permanent_uuid: "ff1dfa5b8fc74ae9bd3019d08d73567c" member_type: VOTER last_known_addr { host: "127.11.37.130" port: 45351 } } peers { permanent_uuid: "5c563fe97d8c44b4bb205ac1cab91511" member_type: VOTER last_known_addr { host: "127.11.37.131" port: 37267 } }
I20260713 09:02:44.786140 11548 raft_consensus.cc:3060] T 000b241ae29245498e56523a7561ac3a P 35511d2a33da42de9f0bc0204ebfc727 [term 1 FOLLOWER]: Advancing to term 2
I20260713 09:02:44.789404 11842 raft_consensus.cc:993] T 25f70f46a9a943d7b09f6b85f4380566 P 5c563fe97d8c44b4bb205ac1cab91511: : Instructing follower 35511d2a33da42de9f0bc0204ebfc727 to start an election
I20260713 09:02:44.789893 11842 raft_consensus.cc:1081] T 25f70f46a9a943d7b09f6b85f4380566 P 5c563fe97d8c44b4bb205ac1cab91511 [term 1 LEADER]: Signalling peer 35511d2a33da42de9f0bc0204ebfc727 to start an election
I20260713 09:02:44.790938 11698 raft_consensus.cc:2468] T 000b241ae29245498e56523a7561ac3a P 5c563fe97d8c44b4bb205ac1cab91511 [term 2 FOLLOWER]: Leader election vote request: Granting yes vote for candidate ff1dfa5b8fc74ae9bd3019d08d73567c in term 2.
I20260713 09:02:44.791664 11547 tablet_service.cc:2044] Received Run Leader Election RPC: tablet_id: "25f70f46a9a943d7b09f6b85f4380566"
dest_uuid: "35511d2a33da42de9f0bc0204ebfc727"
 from {username='slave'} at 127.0.0.1:37694
I20260713 09:02:44.792088 11588 leader_election.cc:304] T 000b241ae29245498e56523a7561ac3a P ff1dfa5b8fc74ae9bd3019d08d73567c [CANDIDATE]: Term 2 election: Election decided. Result: candidate won. Election summary: received 2 responses out of 3 voters: 2 yes votes; 0 no votes. yes voters: 5c563fe97d8c44b4bb205ac1cab91511, ff1dfa5b8fc74ae9bd3019d08d73567c; no voters: 
I20260713 09:02:44.792237 11547 raft_consensus.cc:493] T 25f70f46a9a943d7b09f6b85f4380566 P 35511d2a33da42de9f0bc0204ebfc727 [term 1 FOLLOWER]: Starting forced leader election (received explicit request)
I20260713 09:02:44.792237 11548 raft_consensus.cc:2468] T 000b241ae29245498e56523a7561ac3a P 35511d2a33da42de9f0bc0204ebfc727 [term 2 FOLLOWER]: Leader election vote request: Granting yes vote for candidate ff1dfa5b8fc74ae9bd3019d08d73567c in term 2.
I20260713 09:02:44.792845 11547 raft_consensus.cc:3060] T 25f70f46a9a943d7b09f6b85f4380566 P 35511d2a33da42de9f0bc0204ebfc727 [term 1 FOLLOWER]: Advancing to term 2
I20260713 09:02:44.792979 11835 raft_consensus.cc:2804] T 000b241ae29245498e56523a7561ac3a P ff1dfa5b8fc74ae9bd3019d08d73567c [term 2 FOLLOWER]: Leader election won for term 2
I20260713 09:02:44.793684 11835 raft_consensus.cc:697] T 000b241ae29245498e56523a7561ac3a P ff1dfa5b8fc74ae9bd3019d08d73567c [term 2 LEADER]: Becoming Leader. State: Replica: ff1dfa5b8fc74ae9bd3019d08d73567c, State: Running, Role: LEADER
I20260713 09:02:44.794553 11835 consensus_queue.cc:237] T 000b241ae29245498e56523a7561ac3a P ff1dfa5b8fc74ae9bd3019d08d73567c [LEADER]: Queue going to LEADER mode. State: All replicated index: 0, Majority replicated index: 1, Committed index: 1, Last appended: 1.1, Last appended by leader: 1, Current term: 2, Majority size: 2, State: 0, Mode: LEADER, active raft config: opid_index: -1 OBSOLETE_local: false peers { permanent_uuid: "35511d2a33da42de9f0bc0204ebfc727" member_type: VOTER last_known_addr { host: "127.11.37.129" port: 37545 } } peers { permanent_uuid: "ff1dfa5b8fc74ae9bd3019d08d73567c" member_type: VOTER last_known_addr { host: "127.11.37.130" port: 45351 } } peers { permanent_uuid: "5c563fe97d8c44b4bb205ac1cab91511" member_type: VOTER last_known_addr { host: "127.11.37.131" port: 37267 } }
I20260713 09:02:44.797864 11547 raft_consensus.cc:515] T 25f70f46a9a943d7b09f6b85f4380566 P 35511d2a33da42de9f0bc0204ebfc727 [term 2 FOLLOWER]: Starting forced leader election with config: opid_index: -1 OBSOLETE_local: false peers { permanent_uuid: "35511d2a33da42de9f0bc0204ebfc727" member_type: VOTER last_known_addr { host: "127.11.37.129" port: 37545 } } peers { permanent_uuid: "ff1dfa5b8fc74ae9bd3019d08d73567c" member_type: VOTER last_known_addr { host: "127.11.37.130" port: 45351 } } peers { permanent_uuid: "5c563fe97d8c44b4bb205ac1cab91511" member_type: VOTER last_known_addr { host: "127.11.37.131" port: 37267 } }
I20260713 09:02:44.800568 11547 leader_election.cc:290] T 25f70f46a9a943d7b09f6b85f4380566 P 35511d2a33da42de9f0bc0204ebfc727 [CANDIDATE]: Term 2 election: Requested vote from peers ff1dfa5b8fc74ae9bd3019d08d73567c (127.11.37.130:45351), 5c563fe97d8c44b4bb205ac1cab91511 (127.11.37.131:37267)
I20260713 09:02:44.801011 11624 tablet_service.cc:1917] Received RequestConsensusVote() RPC: tablet_id: "25f70f46a9a943d7b09f6b85f4380566" candidate_uuid: "35511d2a33da42de9f0bc0204ebfc727" candidate_term: 2 candidate_status { last_received { term: 1 index: 1 } } ignore_live_leader: true dest_uuid: "ff1dfa5b8fc74ae9bd3019d08d73567c"
I20260713 09:02:44.802977 11444 catalog_manager.cc:5697] T 000b241ae29245498e56523a7561ac3a P ff1dfa5b8fc74ae9bd3019d08d73567c reported cstate change: term changed from 1 to 2, leader changed from 35511d2a33da42de9f0bc0204ebfc727 (127.11.37.129) to ff1dfa5b8fc74ae9bd3019d08d73567c (127.11.37.130). New cstate: current_term: 2 leader_uuid: "ff1dfa5b8fc74ae9bd3019d08d73567c" committed_config { opid_index: -1 OBSOLETE_local: false peers { permanent_uuid: "35511d2a33da42de9f0bc0204ebfc727" member_type: VOTER last_known_addr { host: "127.11.37.129" port: 37545 } health_report { overall_health: UNKNOWN } } peers { permanent_uuid: "ff1dfa5b8fc74ae9bd3019d08d73567c" member_type: VOTER last_known_addr { host: "127.11.37.130" port: 45351 } health_report { overall_health: HEALTHY } } peers { permanent_uuid: "5c563fe97d8c44b4bb205ac1cab91511" member_type: VOTER last_known_addr { host: "127.11.37.131" port: 37267 } health_report { overall_health: UNKNOWN } } }
I20260713 09:02:44.801311 11698 tablet_service.cc:1917] Received RequestConsensusVote() RPC: tablet_id: "25f70f46a9a943d7b09f6b85f4380566" candidate_uuid: "35511d2a33da42de9f0bc0204ebfc727" candidate_term: 2 candidate_status { last_received { term: 1 index: 1 } } ignore_live_leader: true dest_uuid: "5c563fe97d8c44b4bb205ac1cab91511"
I20260713 09:02:44.804445 11624 raft_consensus.cc:3060] T 25f70f46a9a943d7b09f6b85f4380566 P ff1dfa5b8fc74ae9bd3019d08d73567c [term 1 FOLLOWER]: Advancing to term 2
I20260713 09:02:44.804764 11698 raft_consensus.cc:3055] T 25f70f46a9a943d7b09f6b85f4380566 P 5c563fe97d8c44b4bb205ac1cab91511 [term 1 LEADER]: Stepping down as leader of term 1
I20260713 09:02:44.805162 11698 raft_consensus.cc:740] T 25f70f46a9a943d7b09f6b85f4380566 P 5c563fe97d8c44b4bb205ac1cab91511 [term 1 LEADER]: Becoming Follower/Learner. State: Replica: 5c563fe97d8c44b4bb205ac1cab91511, State: Running, Role: LEADER
I20260713 09:02:44.806049 11698 consensus_queue.cc:260] T 25f70f46a9a943d7b09f6b85f4380566 P 5c563fe97d8c44b4bb205ac1cab91511 [NON_LEADER]: Queue going to NON_LEADER mode. State: All replicated index: 0, Majority replicated index: 1, Committed index: 1, Last appended: 1.1, Last appended by leader: 1, Current term: 1, Majority size: -1, State: 0, Mode: NON_LEADER, active raft config: opid_index: -1 OBSOLETE_local: false peers { permanent_uuid: "35511d2a33da42de9f0bc0204ebfc727" member_type: VOTER last_known_addr { host: "127.11.37.129" port: 37545 } } peers { permanent_uuid: "ff1dfa5b8fc74ae9bd3019d08d73567c" member_type: VOTER last_known_addr { host: "127.11.37.130" port: 45351 } } peers { permanent_uuid: "5c563fe97d8c44b4bb205ac1cab91511" member_type: VOTER last_known_addr { host: "127.11.37.131" port: 37267 } }
I20260713 09:02:44.807320 11698 raft_consensus.cc:3060] T 25f70f46a9a943d7b09f6b85f4380566 P 5c563fe97d8c44b4bb205ac1cab91511 [term 1 FOLLOWER]: Advancing to term 2
I20260713 09:02:44.810468 11624 raft_consensus.cc:2468] T 25f70f46a9a943d7b09f6b85f4380566 P ff1dfa5b8fc74ae9bd3019d08d73567c [term 2 FOLLOWER]: Leader election vote request: Granting yes vote for candidate 35511d2a33da42de9f0bc0204ebfc727 in term 2.
I20260713 09:02:44.811636 11515 leader_election.cc:304] T 25f70f46a9a943d7b09f6b85f4380566 P 35511d2a33da42de9f0bc0204ebfc727 [CANDIDATE]: Term 2 election: Election decided. Result: candidate won. Election summary: received 2 responses out of 3 voters: 2 yes votes; 0 no votes. yes voters: 35511d2a33da42de9f0bc0204ebfc727, ff1dfa5b8fc74ae9bd3019d08d73567c; no voters: 
I20260713 09:02:44.812444 11747 raft_consensus.cc:2804] T 25f70f46a9a943d7b09f6b85f4380566 P 35511d2a33da42de9f0bc0204ebfc727 [term 2 FOLLOWER]: Leader election won for term 2
I20260713 09:02:44.812882 11747 raft_consensus.cc:697] T 25f70f46a9a943d7b09f6b85f4380566 P 35511d2a33da42de9f0bc0204ebfc727 [term 2 LEADER]: Becoming Leader. State: Replica: 35511d2a33da42de9f0bc0204ebfc727, State: Running, Role: LEADER
I20260713 09:02:44.813513 11747 consensus_queue.cc:237] T 25f70f46a9a943d7b09f6b85f4380566 P 35511d2a33da42de9f0bc0204ebfc727 [LEADER]: Queue going to LEADER mode. State: All replicated index: 0, Majority replicated index: 1, Committed index: 1, Last appended: 1.1, Last appended by leader: 1, Current term: 2, Majority size: 2, State: 0, Mode: LEADER, active raft config: opid_index: -1 OBSOLETE_local: false peers { permanent_uuid: "35511d2a33da42de9f0bc0204ebfc727" member_type: VOTER last_known_addr { host: "127.11.37.129" port: 37545 } } peers { permanent_uuid: "ff1dfa5b8fc74ae9bd3019d08d73567c" member_type: VOTER last_known_addr { host: "127.11.37.130" port: 45351 } } peers { permanent_uuid: "5c563fe97d8c44b4bb205ac1cab91511" member_type: VOTER last_known_addr { host: "127.11.37.131" port: 37267 } }
I20260713 09:02:44.814246 11698 raft_consensus.cc:2468] T 25f70f46a9a943d7b09f6b85f4380566 P 5c563fe97d8c44b4bb205ac1cab91511 [term 2 FOLLOWER]: Leader election vote request: Granting yes vote for candidate 35511d2a33da42de9f0bc0204ebfc727 in term 2.
I20260713 09:02:44.821412 11444 catalog_manager.cc:5697] T 25f70f46a9a943d7b09f6b85f4380566 P 35511d2a33da42de9f0bc0204ebfc727 reported cstate change: term changed from 1 to 2, leader changed from 5c563fe97d8c44b4bb205ac1cab91511 (127.11.37.131) to 35511d2a33da42de9f0bc0204ebfc727 (127.11.37.129). New cstate: current_term: 2 leader_uuid: "35511d2a33da42de9f0bc0204ebfc727" committed_config { opid_index: -1 OBSOLETE_local: false peers { permanent_uuid: "35511d2a33da42de9f0bc0204ebfc727" member_type: VOTER last_known_addr { host: "127.11.37.129" port: 37545 } health_report { overall_health: HEALTHY } } peers { permanent_uuid: "ff1dfa5b8fc74ae9bd3019d08d73567c" member_type: VOTER last_known_addr { host: "127.11.37.130" port: 45351 } health_report { overall_health: UNKNOWN } } peers { permanent_uuid: "5c563fe97d8c44b4bb205ac1cab91511" member_type: VOTER last_known_addr { host: "127.11.37.131" port: 37267 } health_report { overall_health: UNKNOWN } } }
I20260713 09:02:44.943787 11782 raft_consensus.cc:993] T d427d89d02af406e8e7adbd401c8a196 P 35511d2a33da42de9f0bc0204ebfc727: : Instructing follower ff1dfa5b8fc74ae9bd3019d08d73567c to start an election
I20260713 09:02:44.944221 11747 raft_consensus.cc:1081] T d427d89d02af406e8e7adbd401c8a196 P 35511d2a33da42de9f0bc0204ebfc727 [term 1 LEADER]: Signalling peer ff1dfa5b8fc74ae9bd3019d08d73567c to start an election
I20260713 09:02:44.945947 11624 tablet_service.cc:2044] Received Run Leader Election RPC: tablet_id: "d427d89d02af406e8e7adbd401c8a196"
dest_uuid: "ff1dfa5b8fc74ae9bd3019d08d73567c"
 from {username='slave'} at 127.0.0.1:44020
I20260713 09:02:44.946444 11624 raft_consensus.cc:493] T d427d89d02af406e8e7adbd401c8a196 P ff1dfa5b8fc74ae9bd3019d08d73567c [term 1 FOLLOWER]: Starting forced leader election (received explicit request)
I20260713 09:02:44.946730 11624 raft_consensus.cc:3060] T d427d89d02af406e8e7adbd401c8a196 P ff1dfa5b8fc74ae9bd3019d08d73567c [term 1 FOLLOWER]: Advancing to term 2
I20260713 09:02:44.951155 11624 raft_consensus.cc:515] T d427d89d02af406e8e7adbd401c8a196 P ff1dfa5b8fc74ae9bd3019d08d73567c [term 2 FOLLOWER]: Starting forced leader election with config: opid_index: -1 OBSOLETE_local: false peers { permanent_uuid: "35511d2a33da42de9f0bc0204ebfc727" member_type: VOTER last_known_addr { host: "127.11.37.129" port: 37545 } } peers { permanent_uuid: "ff1dfa5b8fc74ae9bd3019d08d73567c" member_type: VOTER last_known_addr { host: "127.11.37.130" port: 45351 } } peers { permanent_uuid: "5c563fe97d8c44b4bb205ac1cab91511" member_type: VOTER last_known_addr { host: "127.11.37.131" port: 37267 } }
I20260713 09:02:44.952903 11624 leader_election.cc:290] T d427d89d02af406e8e7adbd401c8a196 P ff1dfa5b8fc74ae9bd3019d08d73567c [CANDIDATE]: Term 2 election: Requested vote from peers 35511d2a33da42de9f0bc0204ebfc727 (127.11.37.129:37545), 5c563fe97d8c44b4bb205ac1cab91511 (127.11.37.131:37267)
I20260713 09:02:44.954174 11547 tablet_service.cc:1917] Received RequestConsensusVote() RPC: tablet_id: "d427d89d02af406e8e7adbd401c8a196" candidate_uuid: "ff1dfa5b8fc74ae9bd3019d08d73567c" candidate_term: 2 candidate_status { last_received { term: 1 index: 1 } } ignore_live_leader: true dest_uuid: "35511d2a33da42de9f0bc0204ebfc727"
I20260713 09:02:44.954648 11698 tablet_service.cc:1917] Received RequestConsensusVote() RPC: tablet_id: "d427d89d02af406e8e7adbd401c8a196" candidate_uuid: "ff1dfa5b8fc74ae9bd3019d08d73567c" candidate_term: 2 candidate_status { last_received { term: 1 index: 1 } } ignore_live_leader: true dest_uuid: "5c563fe97d8c44b4bb205ac1cab91511"
I20260713 09:02:44.954813 11547 raft_consensus.cc:3055] T d427d89d02af406e8e7adbd401c8a196 P 35511d2a33da42de9f0bc0204ebfc727 [term 1 LEADER]: Stepping down as leader of term 1
I20260713 09:02:44.955147 11547 raft_consensus.cc:740] T d427d89d02af406e8e7adbd401c8a196 P 35511d2a33da42de9f0bc0204ebfc727 [term 1 LEADER]: Becoming Follower/Learner. State: Replica: 35511d2a33da42de9f0bc0204ebfc727, State: Running, Role: LEADER
I20260713 09:02:44.955210 11698 raft_consensus.cc:3060] T d427d89d02af406e8e7adbd401c8a196 P 5c563fe97d8c44b4bb205ac1cab91511 [term 1 FOLLOWER]: Advancing to term 2
I20260713 09:02:44.956044 11547 consensus_queue.cc:260] T d427d89d02af406e8e7adbd401c8a196 P 35511d2a33da42de9f0bc0204ebfc727 [NON_LEADER]: Queue going to NON_LEADER mode. State: All replicated index: 0, Majority replicated index: 1, Committed index: 1, Last appended: 1.1, Last appended by leader: 1, Current term: 1, Majority size: -1, State: 0, Mode: NON_LEADER, active raft config: opid_index: -1 OBSOLETE_local: false peers { permanent_uuid: "35511d2a33da42de9f0bc0204ebfc727" member_type: VOTER last_known_addr { host: "127.11.37.129" port: 37545 } } peers { permanent_uuid: "ff1dfa5b8fc74ae9bd3019d08d73567c" member_type: VOTER last_known_addr { host: "127.11.37.130" port: 45351 } } peers { permanent_uuid: "5c563fe97d8c44b4bb205ac1cab91511" member_type: VOTER last_known_addr { host: "127.11.37.131" port: 37267 } }
I20260713 09:02:44.957309 11547 raft_consensus.cc:3060] T d427d89d02af406e8e7adbd401c8a196 P 35511d2a33da42de9f0bc0204ebfc727 [term 1 FOLLOWER]: Advancing to term 2
I20260713 09:02:44.962059 11698 raft_consensus.cc:2468] T d427d89d02af406e8e7adbd401c8a196 P 5c563fe97d8c44b4bb205ac1cab91511 [term 2 FOLLOWER]: Leader election vote request: Granting yes vote for candidate ff1dfa5b8fc74ae9bd3019d08d73567c in term 2.
I20260713 09:02:44.963280 11588 leader_election.cc:304] T d427d89d02af406e8e7adbd401c8a196 P ff1dfa5b8fc74ae9bd3019d08d73567c [CANDIDATE]: Term 2 election: Election decided. Result: candidate won. Election summary: received 2 responses out of 3 voters: 2 yes votes; 0 no votes. yes voters: 5c563fe97d8c44b4bb205ac1cab91511, ff1dfa5b8fc74ae9bd3019d08d73567c; no voters: 
I20260713 09:02:44.963886 11547 raft_consensus.cc:2468] T d427d89d02af406e8e7adbd401c8a196 P 35511d2a33da42de9f0bc0204ebfc727 [term 2 FOLLOWER]: Leader election vote request: Granting yes vote for candidate ff1dfa5b8fc74ae9bd3019d08d73567c in term 2.
I20260713 09:02:44.964082 11835 raft_consensus.cc:2804] T d427d89d02af406e8e7adbd401c8a196 P ff1dfa5b8fc74ae9bd3019d08d73567c [term 2 FOLLOWER]: Leader election won for term 2
I20260713 09:02:44.964653 11835 raft_consensus.cc:697] T d427d89d02af406e8e7adbd401c8a196 P ff1dfa5b8fc74ae9bd3019d08d73567c [term 2 LEADER]: Becoming Leader. State: Replica: ff1dfa5b8fc74ae9bd3019d08d73567c, State: Running, Role: LEADER
I20260713 09:02:44.965472 11835 consensus_queue.cc:237] T d427d89d02af406e8e7adbd401c8a196 P ff1dfa5b8fc74ae9bd3019d08d73567c [LEADER]: Queue going to LEADER mode. State: All replicated index: 0, Majority replicated index: 1, Committed index: 1, Last appended: 1.1, Last appended by leader: 1, Current term: 2, Majority size: 2, State: 0, Mode: LEADER, active raft config: opid_index: -1 OBSOLETE_local: false peers { permanent_uuid: "35511d2a33da42de9f0bc0204ebfc727" member_type: VOTER last_known_addr { host: "127.11.37.129" port: 37545 } } peers { permanent_uuid: "ff1dfa5b8fc74ae9bd3019d08d73567c" member_type: VOTER last_known_addr { host: "127.11.37.130" port: 45351 } } peers { permanent_uuid: "5c563fe97d8c44b4bb205ac1cab91511" member_type: VOTER last_known_addr { host: "127.11.37.131" port: 37267 } }
I20260713 09:02:44.972236 11444 catalog_manager.cc:5697] T d427d89d02af406e8e7adbd401c8a196 P ff1dfa5b8fc74ae9bd3019d08d73567c reported cstate change: term changed from 1 to 2, leader changed from 35511d2a33da42de9f0bc0204ebfc727 (127.11.37.129) to ff1dfa5b8fc74ae9bd3019d08d73567c (127.11.37.130). New cstate: current_term: 2 leader_uuid: "ff1dfa5b8fc74ae9bd3019d08d73567c" committed_config { opid_index: -1 OBSOLETE_local: false peers { permanent_uuid: "35511d2a33da42de9f0bc0204ebfc727" member_type: VOTER last_known_addr { host: "127.11.37.129" port: 37545 } health_report { overall_health: UNKNOWN } } peers { permanent_uuid: "ff1dfa5b8fc74ae9bd3019d08d73567c" member_type: VOTER last_known_addr { host: "127.11.37.130" port: 45351 } health_report { overall_health: HEALTHY } } peers { permanent_uuid: "5c563fe97d8c44b4bb205ac1cab91511" member_type: VOTER last_known_addr { host: "127.11.37.131" port: 37267 } health_report { overall_health: UNKNOWN } } }
I20260713 09:02:44.986414 11698 raft_consensus.cc:1275] T 3358296746fb482bbe89039b3ca32e46 P 5c563fe97d8c44b4bb205ac1cab91511 [term 2 FOLLOWER]: Refusing update from remote peer 35511d2a33da42de9f0bc0204ebfc727: Log matching property violated. Preceding OpId in replica: term: 1 index: 1. Preceding OpId from leader: term: 2 index: 2. (index mismatch)
I20260713 09:02:44.987567 11747 consensus_queue.cc:1048] T 3358296746fb482bbe89039b3ca32e46 P 35511d2a33da42de9f0bc0204ebfc727 [LEADER]: Connected to new peer: Peer: permanent_uuid: "5c563fe97d8c44b4bb205ac1cab91511" member_type: VOTER last_known_addr { host: "127.11.37.131" port: 37267 }, Status: LMP_MISMATCH, Last received: 0.0, Next index: 2, Last known committed idx: 1, Time since last communication: 0.000s
I20260713 09:02:44.996403 11624 raft_consensus.cc:1275] T 3358296746fb482bbe89039b3ca32e46 P ff1dfa5b8fc74ae9bd3019d08d73567c [term 2 FOLLOWER]: Refusing update from remote peer 35511d2a33da42de9f0bc0204ebfc727: Log matching property violated. Preceding OpId in replica: term: 1 index: 1. Preceding OpId from leader: term: 2 index: 2. (index mismatch)
I20260713 09:02:44.998579 11747 consensus_queue.cc:1048] T 3358296746fb482bbe89039b3ca32e46 P 35511d2a33da42de9f0bc0204ebfc727 [LEADER]: Connected to new peer: Peer: permanent_uuid: "ff1dfa5b8fc74ae9bd3019d08d73567c" member_type: VOTER last_known_addr { host: "127.11.37.130" port: 45351 }, Status: LMP_MISMATCH, Last received: 0.0, Next index: 2, Last known committed idx: 1, Time since last communication: 0.000s
I20260713 09:02:45.008692 11547 raft_consensus.cc:1275] T 9ec9890d93c64a37826640b4b2616abe P 35511d2a33da42de9f0bc0204ebfc727 [term 2 FOLLOWER]: Refusing update from remote peer ff1dfa5b8fc74ae9bd3019d08d73567c: Log matching property violated. Preceding OpId in replica: term: 1 index: 1. Preceding OpId from leader: term: 2 index: 2. (index mismatch)
I20260713 09:02:45.010373 11784 consensus_queue.cc:1048] T 9ec9890d93c64a37826640b4b2616abe P ff1dfa5b8fc74ae9bd3019d08d73567c [LEADER]: Connected to new peer: Peer: permanent_uuid: "35511d2a33da42de9f0bc0204ebfc727" member_type: VOTER last_known_addr { host: "127.11.37.129" port: 37545 }, Status: LMP_MISMATCH, Last received: 0.0, Next index: 2, Last known committed idx: 1, Time since last communication: 0.000s
I20260713 09:02:45.013094 11695 raft_consensus.cc:1275] T a7dd0509f14f4e39aaac8ae0c5e6401b P 5c563fe97d8c44b4bb205ac1cab91511 [term 3 FOLLOWER]: Refusing update from remote peer ff1dfa5b8fc74ae9bd3019d08d73567c: Log matching property violated. Preceding OpId in replica: term: 2 index: 1. Preceding OpId from leader: term: 3 index: 2. (index mismatch)
I20260713 09:02:45.014779 11698 raft_consensus.cc:1275] T 9ec9890d93c64a37826640b4b2616abe P 5c563fe97d8c44b4bb205ac1cab91511 [term 2 FOLLOWER]: Refusing update from remote peer ff1dfa5b8fc74ae9bd3019d08d73567c: Log matching property violated. Preceding OpId in replica: term: 1 index: 1. Preceding OpId from leader: term: 2 index: 2. (index mismatch)
I20260713 09:02:45.014953 11623 raft_consensus.cc:1275] T 5bd4be89949541be9063457bbfb1e88e P ff1dfa5b8fc74ae9bd3019d08d73567c [term 2 FOLLOWER]: Refusing update from remote peer 35511d2a33da42de9f0bc0204ebfc727: Log matching property violated. Preceding OpId in replica: term: 1 index: 1. Preceding OpId from leader: term: 2 index: 2. (index mismatch)
I20260713 09:02:45.015259 11784 consensus_queue.cc:1048] T a7dd0509f14f4e39aaac8ae0c5e6401b P ff1dfa5b8fc74ae9bd3019d08d73567c [LEADER]: Connected to new peer: Peer: permanent_uuid: "5c563fe97d8c44b4bb205ac1cab91511" member_type: VOTER last_known_addr { host: "127.11.37.131" port: 37267 }, Status: LMP_MISMATCH, Last received: 0.0, Next index: 2, Last known committed idx: 1, Time since last communication: 0.000s
I20260713 09:02:45.016613 11784 raft_consensus.cc:993] T 914f3cf3a7804152b92a237a301535eb P ff1dfa5b8fc74ae9bd3019d08d73567c: : Instructing follower 5c563fe97d8c44b4bb205ac1cab91511 to start an election
I20260713 09:02:45.017014 11784 raft_consensus.cc:1081] T 914f3cf3a7804152b92a237a301535eb P ff1dfa5b8fc74ae9bd3019d08d73567c [term 1 LEADER]: Signalling peer 5c563fe97d8c44b4bb205ac1cab91511 to start an election
I20260713 09:02:45.019228 11835 consensus_queue.cc:1048] T 9ec9890d93c64a37826640b4b2616abe P ff1dfa5b8fc74ae9bd3019d08d73567c [LEADER]: Connected to new peer: Peer: permanent_uuid: "5c563fe97d8c44b4bb205ac1cab91511" member_type: VOTER last_known_addr { host: "127.11.37.131" port: 37267 }, Status: LMP_MISMATCH, Last received: 0.0, Next index: 2, Last known committed idx: 1, Time since last communication: 0.000s
I20260713 09:02:45.020437 11695 tablet_service.cc:2044] Received Run Leader Election RPC: tablet_id: "914f3cf3a7804152b92a237a301535eb"
dest_uuid: "5c563fe97d8c44b4bb205ac1cab91511"
 from {username='slave'} at 127.0.0.1:52796
I20260713 09:02:45.021023 11695 raft_consensus.cc:493] T 914f3cf3a7804152b92a237a301535eb P 5c563fe97d8c44b4bb205ac1cab91511 [term 1 FOLLOWER]: Starting forced leader election (received explicit request)
I20260713 09:02:45.021389 11695 raft_consensus.cc:3060] T 914f3cf3a7804152b92a237a301535eb P 5c563fe97d8c44b4bb205ac1cab91511 [term 1 FOLLOWER]: Advancing to term 2
I20260713 09:02:45.025513 11849 consensus_queue.cc:1048] T 5bd4be89949541be9063457bbfb1e88e P 35511d2a33da42de9f0bc0204ebfc727 [LEADER]: Connected to new peer: Peer: permanent_uuid: "ff1dfa5b8fc74ae9bd3019d08d73567c" member_type: VOTER last_known_addr { host: "127.11.37.130" port: 45351 }, Status: LMP_MISMATCH, Last received: 0.0, Next index: 2, Last known committed idx: 1, Time since last communication: 0.000s
I20260713 09:02:45.036737 11548 raft_consensus.cc:1275] T a7dd0509f14f4e39aaac8ae0c5e6401b P 35511d2a33da42de9f0bc0204ebfc727 [term 3 FOLLOWER]: Refusing update from remote peer ff1dfa5b8fc74ae9bd3019d08d73567c: Log matching property violated. Preceding OpId in replica: term: 2 index: 1. Preceding OpId from leader: term: 3 index: 2. (index mismatch)
I20260713 09:02:45.039412 11835 consensus_queue.cc:1048] T a7dd0509f14f4e39aaac8ae0c5e6401b P ff1dfa5b8fc74ae9bd3019d08d73567c [LEADER]: Connected to new peer: Peer: permanent_uuid: "35511d2a33da42de9f0bc0204ebfc727" member_type: VOTER last_known_addr { host: "127.11.37.129" port: 37545 }, Status: LMP_MISMATCH, Last received: 0.0, Next index: 2, Last known committed idx: 1, Time since last communication: 0.001s
I20260713 09:02:45.039456 11695 raft_consensus.cc:515] T 914f3cf3a7804152b92a237a301535eb P 5c563fe97d8c44b4bb205ac1cab91511 [term 2 FOLLOWER]: Starting forced leader election with config: opid_index: -1 OBSOLETE_local: false peers { permanent_uuid: "35511d2a33da42de9f0bc0204ebfc727" member_type: VOTER last_known_addr { host: "127.11.37.129" port: 37545 } } peers { permanent_uuid: "ff1dfa5b8fc74ae9bd3019d08d73567c" member_type: VOTER last_known_addr { host: "127.11.37.130" port: 45351 } } peers { permanent_uuid: "5c563fe97d8c44b4bb205ac1cab91511" member_type: VOTER last_known_addr { host: "127.11.37.131" port: 37267 } }
