dest_uuid: "4a9f606dcea6485baf5238fa304e92c6"
mode: GRACEFUL
new_leader_uuid: "2b963123ecea45dd97a603ca80293e81"
 from {username='slave'} at 127.0.0.1:55684
I20260713 09:03:27.096767  7109 raft_consensus.cc:606] T 5a6ce94c974d4db7a113efbcca648eb8 P 4a9f606dcea6485baf5238fa304e92c6 [term 1 LEADER]: Received request to transfer leadership to TS 2b963123ecea45dd97a603ca80293e81
I20260713 09:03:27.099423  6960 tablet_service.cc:2072] Received LeaderStepDown RPC: tablet_id: "631919862f254abf84d3ca7cfbaa25f1"
dest_uuid: "883231b4361d46648733b981f93cba7a"
mode: GRACEFUL
new_leader_uuid: "0e4fc10afe1046368024b67a5d7ee97d"
 from {username='slave'} at 127.0.0.1:54046
I20260713 09:03:27.099900  6960 raft_consensus.cc:606] T 631919862f254abf84d3ca7cfbaa25f1 P 883231b4361d46648733b981f93cba7a [term 1 LEADER]: Received request to transfer leadership to TS 0e4fc10afe1046368024b67a5d7ee97d
I20260713 09:03:27.102275  7109 tablet_service.cc:2072] Received LeaderStepDown RPC: tablet_id: "bcdec8dbb85241ac9dc981d743bb2b32"
dest_uuid: "4a9f606dcea6485baf5238fa304e92c6"
mode: GRACEFUL
new_leader_uuid: "0e4fc10afe1046368024b67a5d7ee97d"
 from {username='slave'} at 127.0.0.1:55684
I20260713 09:03:27.102726  7109 raft_consensus.cc:606] T bcdec8dbb85241ac9dc981d743bb2b32 P 4a9f606dcea6485baf5238fa304e92c6 [term 1 LEADER]: Received request to transfer leadership to TS 0e4fc10afe1046368024b67a5d7ee97d
I20260713 09:03:27.104847  7109 tablet_service.cc:2072] Received LeaderStepDown RPC: tablet_id: "c92d0f9cb1664f09ab7b8f70a2138147"
dest_uuid: "4a9f606dcea6485baf5238fa304e92c6"
mode: GRACEFUL
new_leader_uuid: "0e4fc10afe1046368024b67a5d7ee97d"
 from {username='slave'} at 127.0.0.1:55684
I20260713 09:03:27.105273  7109 raft_consensus.cc:606] T c92d0f9cb1664f09ab7b8f70a2138147 P 4a9f606dcea6485baf5238fa304e92c6 [term 1 LEADER]: Received request to transfer leadership to TS 0e4fc10afe1046368024b67a5d7ee97d
I20260713 09:03:27.106280  5818 auto_leader_rebalancer.cc:479] table: test-workload, leader rebalance finish, leader transfer count: 5
I20260713 09:03:27.107131  5818 auto_leader_rebalancer.cc:554] All tables' leader rebalancing finished this round
I20260713 09:03:27.154858  7626 raft_consensus.cc:993] T 631919862f254abf84d3ca7cfbaa25f1 P 883231b4361d46648733b981f93cba7a: : Instructing follower 0e4fc10afe1046368024b67a5d7ee97d to start an election
I20260713 09:03:27.155421  7626 raft_consensus.cc:1081] T 631919862f254abf84d3ca7cfbaa25f1 P 883231b4361d46648733b981f93cba7a [term 1 LEADER]: Signalling peer 0e4fc10afe1046368024b67a5d7ee97d to start an election
I20260713 09:03:27.156781  7373 tablet_service.cc:2044] Received Run Leader Election RPC: tablet_id: "631919862f254abf84d3ca7cfbaa25f1"
dest_uuid: "0e4fc10afe1046368024b67a5d7ee97d"
 from {username='slave'} at 127.0.0.1:60864
I20260713 09:03:27.157239  7373 raft_consensus.cc:493] T 631919862f254abf84d3ca7cfbaa25f1 P 0e4fc10afe1046368024b67a5d7ee97d [term 1 FOLLOWER]: Starting forced leader election (received explicit request)
I20260713 09:03:27.157594  7373 raft_consensus.cc:3060] T 631919862f254abf84d3ca7cfbaa25f1 P 0e4fc10afe1046368024b67a5d7ee97d [term 1 FOLLOWER]: Advancing to term 2
I20260713 09:03:27.163817  7373 raft_consensus.cc:515] T 631919862f254abf84d3ca7cfbaa25f1 P 0e4fc10afe1046368024b67a5d7ee97d [term 2 FOLLOWER]: Starting forced leader election with config: opid_index: 4 OBSOLETE_local: false peers { permanent_uuid: "883231b4361d46648733b981f93cba7a" member_type: VOTER last_known_addr { host: "127.5.174.129" port: 38771 } } peers { permanent_uuid: "4a9f606dcea6485baf5238fa304e92c6" member_type: VOTER last_known_addr { host: "127.5.174.131" port: 41345 } } peers { permanent_uuid: "0e4fc10afe1046368024b67a5d7ee97d" member_type: VOTER last_known_addr { host: "127.5.174.132" port: 42717 } attrs { promote: false } }
I20260713 09:03:27.165620  7373 leader_election.cc:290] T 631919862f254abf84d3ca7cfbaa25f1 P 0e4fc10afe1046368024b67a5d7ee97d [CANDIDATE]: Term 2 election: Requested vote from peers 883231b4361d46648733b981f93cba7a (127.5.174.129:38771), 4a9f606dcea6485baf5238fa304e92c6 (127.5.174.131:41345)
I20260713 09:03:27.166637  6960 tablet_service.cc:1917] Received RequestConsensusVote() RPC: tablet_id: "631919862f254abf84d3ca7cfbaa25f1" candidate_uuid: "0e4fc10afe1046368024b67a5d7ee97d" candidate_term: 2 candidate_status { last_received { term: 1 index: 4 } } ignore_live_leader: true dest_uuid: "883231b4361d46648733b981f93cba7a"
I20260713 09:03:27.166659  7109 tablet_service.cc:1917] Received RequestConsensusVote() RPC: tablet_id: "631919862f254abf84d3ca7cfbaa25f1" candidate_uuid: "0e4fc10afe1046368024b67a5d7ee97d" candidate_term: 2 candidate_status { last_received { term: 1 index: 4 } } ignore_live_leader: true dest_uuid: "4a9f606dcea6485baf5238fa304e92c6"
I20260713 09:03:27.167364  6960 raft_consensus.cc:3055] T 631919862f254abf84d3ca7cfbaa25f1 P 883231b4361d46648733b981f93cba7a [term 1 LEADER]: Stepping down as leader of term 1
I20260713 09:03:27.167487  7109 raft_consensus.cc:3060] T 631919862f254abf84d3ca7cfbaa25f1 P 4a9f606dcea6485baf5238fa304e92c6 [term 1 FOLLOWER]: Advancing to term 2
I20260713 09:03:27.167639  6960 raft_consensus.cc:740] T 631919862f254abf84d3ca7cfbaa25f1 P 883231b4361d46648733b981f93cba7a [term 1 LEADER]: Becoming Follower/Learner. State: Replica: 883231b4361d46648733b981f93cba7a, State: Running, Role: LEADER
I20260713 09:03:27.168385  6960 consensus_queue.cc:260] T 631919862f254abf84d3ca7cfbaa25f1 P 883231b4361d46648733b981f93cba7a [NON_LEADER]: Queue going to NON_LEADER mode. State: All replicated index: 0, Majority replicated index: 4, Committed index: 4, Last appended: 1.4, Last appended by leader: 4, Current term: 1, Majority size: -1, State: 0, Mode: NON_LEADER, active raft config: opid_index: 4 OBSOLETE_local: false peers { permanent_uuid: "883231b4361d46648733b981f93cba7a" member_type: VOTER last_known_addr { host: "127.5.174.129" port: 38771 } } peers { permanent_uuid: "4a9f606dcea6485baf5238fa304e92c6" member_type: VOTER last_known_addr { host: "127.5.174.131" port: 41345 } } peers { permanent_uuid: "0e4fc10afe1046368024b67a5d7ee97d" member_type: VOTER last_known_addr { host: "127.5.174.132" port: 42717 } attrs { promote: false } }
I20260713 09:03:27.169286  6960 raft_consensus.cc:3060] T 631919862f254abf84d3ca7cfbaa25f1 P 883231b4361d46648733b981f93cba7a [term 1 FOLLOWER]: Advancing to term 2
I20260713 09:03:27.172478  7109 raft_consensus.cc:2468] T 631919862f254abf84d3ca7cfbaa25f1 P 4a9f606dcea6485baf5238fa304e92c6 [term 2 FOLLOWER]: Leader election vote request: Granting yes vote for candidate 0e4fc10afe1046368024b67a5d7ee97d in term 2.
I20260713 09:03:27.173718  7337 leader_election.cc:304] T 631919862f254abf84d3ca7cfbaa25f1 P 0e4fc10afe1046368024b67a5d7ee97d [CANDIDATE]: Term 2 election: Election decided. Result: candidate won. Election summary: received 2 responses out of 3 voters: 2 yes votes; 0 no votes. yes voters: 0e4fc10afe1046368024b67a5d7ee97d, 4a9f606dcea6485baf5238fa304e92c6; no voters: 
I20260713 09:03:27.174345  6960 raft_consensus.cc:2468] T 631919862f254abf84d3ca7cfbaa25f1 P 883231b4361d46648733b981f93cba7a [term 2 FOLLOWER]: Leader election vote request: Granting yes vote for candidate 0e4fc10afe1046368024b67a5d7ee97d in term 2.
I20260713 09:03:27.175675  7728 raft_consensus.cc:2804] T 631919862f254abf84d3ca7cfbaa25f1 P 0e4fc10afe1046368024b67a5d7ee97d [term 2 FOLLOWER]: Leader election won for term 2
I20260713 09:03:27.176853  7728 raft_consensus.cc:697] T 631919862f254abf84d3ca7cfbaa25f1 P 0e4fc10afe1046368024b67a5d7ee97d [term 2 LEADER]: Becoming Leader. State: Replica: 0e4fc10afe1046368024b67a5d7ee97d, State: Running, Role: LEADER
I20260713 09:03:27.178012  7728 consensus_queue.cc:237] T 631919862f254abf84d3ca7cfbaa25f1 P 0e4fc10afe1046368024b67a5d7ee97d [LEADER]: Queue going to LEADER mode. State: All replicated index: 0, Majority replicated index: 4, Committed index: 4, Last appended: 1.4, Last appended by leader: 4, Current term: 2, Majority size: 2, State: 0, Mode: LEADER, active raft config: opid_index: 4 OBSOLETE_local: false peers { permanent_uuid: "883231b4361d46648733b981f93cba7a" member_type: VOTER last_known_addr { host: "127.5.174.129" port: 38771 } } peers { permanent_uuid: "4a9f606dcea6485baf5238fa304e92c6" member_type: VOTER last_known_addr { host: "127.5.174.131" port: 41345 } } peers { permanent_uuid: "0e4fc10afe1046368024b67a5d7ee97d" member_type: VOTER last_known_addr { host: "127.5.174.132" port: 42717 } attrs { promote: false } }
I20260713 09:03:27.186018  6858 catalog_manager.cc:5697] T 631919862f254abf84d3ca7cfbaa25f1 P 0e4fc10afe1046368024b67a5d7ee97d reported cstate change: term changed from 1 to 2, leader changed from 883231b4361d46648733b981f93cba7a (127.5.174.129) to 0e4fc10afe1046368024b67a5d7ee97d (127.5.174.132). New cstate: current_term: 2 leader_uuid: "0e4fc10afe1046368024b67a5d7ee97d" committed_config { opid_index: 4 OBSOLETE_local: false peers { permanent_uuid: "883231b4361d46648733b981f93cba7a" member_type: VOTER last_known_addr { host: "127.5.174.129" port: 38771 } health_report { overall_health: UNKNOWN } } peers { permanent_uuid: "4a9f606dcea6485baf5238fa304e92c6" member_type: VOTER last_known_addr { host: "127.5.174.131" port: 41345 } health_report { overall_health: UNKNOWN } } peers { permanent_uuid: "0e4fc10afe1046368024b67a5d7ee97d" member_type: VOTER last_known_addr { host: "127.5.174.132" port: 42717 } attrs { promote: false } health_report { overall_health: HEALTHY } } }
I20260713 09:03:27.298987  7727 raft_consensus.cc:993] T bcdec8dbb85241ac9dc981d743bb2b32 P 4a9f606dcea6485baf5238fa304e92c6: : Instructing follower 0e4fc10afe1046368024b67a5d7ee97d to start an election
I20260713 09:03:27.299611  7722 raft_consensus.cc:1081] T bcdec8dbb85241ac9dc981d743bb2b32 P 4a9f606dcea6485baf5238fa304e92c6 [term 1 LEADER]: Signalling peer 0e4fc10afe1046368024b67a5d7ee97d to start an election
I20260713 09:03:27.301239  7370 tablet_service.cc:2044] Received Run Leader Election RPC: tablet_id: "bcdec8dbb85241ac9dc981d743bb2b32"
dest_uuid: "0e4fc10afe1046368024b67a5d7ee97d"
 from {username='slave'} at 127.0.0.1:60876
I20260713 09:03:27.301985  7370 raft_consensus.cc:493] T bcdec8dbb85241ac9dc981d743bb2b32 P 0e4fc10afe1046368024b67a5d7ee97d [term 1 FOLLOWER]: Starting forced leader election (received explicit request)
I20260713 09:03:27.302338  7370 raft_consensus.cc:3060] T bcdec8dbb85241ac9dc981d743bb2b32 P 0e4fc10afe1046368024b67a5d7ee97d [term 1 FOLLOWER]: Advancing to term 2
I20260713 09:03:27.308490  7370 raft_consensus.cc:515] T bcdec8dbb85241ac9dc981d743bb2b32 P 0e4fc10afe1046368024b67a5d7ee97d [term 2 FOLLOWER]: Starting forced leader election with config: opid_index: 4 OBSOLETE_local: false peers { permanent_uuid: "883231b4361d46648733b981f93cba7a" member_type: VOTER last_known_addr { host: "127.5.174.129" port: 38771 } } peers { permanent_uuid: "4a9f606dcea6485baf5238fa304e92c6" member_type: VOTER last_known_addr { host: "127.5.174.131" port: 41345 } } peers { permanent_uuid: "0e4fc10afe1046368024b67a5d7ee97d" member_type: VOTER last_known_addr { host: "127.5.174.132" port: 42717 } attrs { promote: false } }
I20260713 09:03:27.311614  7370 leader_election.cc:290] T bcdec8dbb85241ac9dc981d743bb2b32 P 0e4fc10afe1046368024b67a5d7ee97d [CANDIDATE]: Term 2 election: Requested vote from peers 883231b4361d46648733b981f93cba7a (127.5.174.129:38771), 4a9f606dcea6485baf5238fa304e92c6 (127.5.174.131:41345)
I20260713 09:03:27.312208  6960 tablet_service.cc:1917] Received RequestConsensusVote() RPC: tablet_id: "bcdec8dbb85241ac9dc981d743bb2b32" candidate_uuid: "0e4fc10afe1046368024b67a5d7ee97d" candidate_term: 2 candidate_status { last_received { term: 1 index: 4 } } ignore_live_leader: true dest_uuid: "883231b4361d46648733b981f93cba7a"
I20260713 09:03:27.312952  6960 raft_consensus.cc:3060] T bcdec8dbb85241ac9dc981d743bb2b32 P 883231b4361d46648733b981f93cba7a [term 1 FOLLOWER]: Advancing to term 2
I20260713 09:03:27.315400  7109 tablet_service.cc:1917] Received RequestConsensusVote() RPC: tablet_id: "bcdec8dbb85241ac9dc981d743bb2b32" candidate_uuid: "0e4fc10afe1046368024b67a5d7ee97d" candidate_term: 2 candidate_status { last_received { term: 1 index: 4 } } ignore_live_leader: true dest_uuid: "4a9f606dcea6485baf5238fa304e92c6"
I20260713 09:03:27.316044  7109 raft_consensus.cc:3055] T bcdec8dbb85241ac9dc981d743bb2b32 P 4a9f606dcea6485baf5238fa304e92c6 [term 1 LEADER]: Stepping down as leader of term 1
I20260713 09:03:27.316362  7109 raft_consensus.cc:740] T bcdec8dbb85241ac9dc981d743bb2b32 P 4a9f606dcea6485baf5238fa304e92c6 [term 1 LEADER]: Becoming Follower/Learner. State: Replica: 4a9f606dcea6485baf5238fa304e92c6, State: Running, Role: LEADER
I20260713 09:03:27.317113  7109 consensus_queue.cc:260] T bcdec8dbb85241ac9dc981d743bb2b32 P 4a9f606dcea6485baf5238fa304e92c6 [NON_LEADER]: Queue going to NON_LEADER mode. State: All replicated index: 0, Majority replicated index: 4, Committed index: 4, Last appended: 1.4, Last appended by leader: 4, Current term: 1, Majority size: -1, State: 0, Mode: NON_LEADER, active raft config: opid_index: 4 OBSOLETE_local: false peers { permanent_uuid: "883231b4361d46648733b981f93cba7a" member_type: VOTER last_known_addr { host: "127.5.174.129" port: 38771 } } peers { permanent_uuid: "4a9f606dcea6485baf5238fa304e92c6" member_type: VOTER last_known_addr { host: "127.5.174.131" port: 41345 } } peers { permanent_uuid: "0e4fc10afe1046368024b67a5d7ee97d" member_type: VOTER last_known_addr { host: "127.5.174.132" port: 42717 } attrs { promote: false } }
I20260713 09:03:27.318387  7109 raft_consensus.cc:3060] T bcdec8dbb85241ac9dc981d743bb2b32 P 4a9f606dcea6485baf5238fa304e92c6 [term 1 FOLLOWER]: Advancing to term 2
I20260713 09:03:27.320000  6960 raft_consensus.cc:2468] T bcdec8dbb85241ac9dc981d743bb2b32 P 883231b4361d46648733b981f93cba7a [term 2 FOLLOWER]: Leader election vote request: Granting yes vote for candidate 0e4fc10afe1046368024b67a5d7ee97d in term 2.
I20260713 09:03:27.321074  7335 leader_election.cc:304] T bcdec8dbb85241ac9dc981d743bb2b32 P 0e4fc10afe1046368024b67a5d7ee97d [CANDIDATE]: Term 2 election: Election decided. Result: candidate won. Election summary: received 2 responses out of 3 voters: 2 yes votes; 0 no votes. yes voters: 0e4fc10afe1046368024b67a5d7ee97d, 883231b4361d46648733b981f93cba7a; no voters: 
I20260713 09:03:27.321962  7728 raft_consensus.cc:2804] T bcdec8dbb85241ac9dc981d743bb2b32 P 0e4fc10afe1046368024b67a5d7ee97d [term 2 FOLLOWER]: Leader election won for term 2
I20260713 09:03:27.322413  7728 raft_consensus.cc:697] T bcdec8dbb85241ac9dc981d743bb2b32 P 0e4fc10afe1046368024b67a5d7ee97d [term 2 LEADER]: Becoming Leader. State: Replica: 0e4fc10afe1046368024b67a5d7ee97d, State: Running, Role: LEADER
I20260713 09:03:27.323274  7728 consensus_queue.cc:237] T bcdec8dbb85241ac9dc981d743bb2b32 P 0e4fc10afe1046368024b67a5d7ee97d [LEADER]: Queue going to LEADER mode. State: All replicated index: 0, Majority replicated index: 4, Committed index: 4, Last appended: 1.4, Last appended by leader: 4, Current term: 2, Majority size: 2, State: 0, Mode: LEADER, active raft config: opid_index: 4 OBSOLETE_local: false peers { permanent_uuid: "883231b4361d46648733b981f93cba7a" member_type: VOTER last_known_addr { host: "127.5.174.129" port: 38771 } } peers { permanent_uuid: "4a9f606dcea6485baf5238fa304e92c6" member_type: VOTER last_known_addr { host: "127.5.174.131" port: 41345 } } peers { permanent_uuid: "0e4fc10afe1046368024b67a5d7ee97d" member_type: VOTER last_known_addr { host: "127.5.174.132" port: 42717 } attrs { promote: false } }
I20260713 09:03:27.324360  7109 raft_consensus.cc:2468] T bcdec8dbb85241ac9dc981d743bb2b32 P 4a9f606dcea6485baf5238fa304e92c6 [term 2 FOLLOWER]: Leader election vote request: Granting yes vote for candidate 0e4fc10afe1046368024b67a5d7ee97d in term 2.
I20260713 09:03:27.331363  6858 catalog_manager.cc:5697] T bcdec8dbb85241ac9dc981d743bb2b32 P 0e4fc10afe1046368024b67a5d7ee97d reported cstate change: term changed from 1 to 2, leader changed from 4a9f606dcea6485baf5238fa304e92c6 (127.5.174.131) to 0e4fc10afe1046368024b67a5d7ee97d (127.5.174.132). New cstate: current_term: 2 leader_uuid: "0e4fc10afe1046368024b67a5d7ee97d" committed_config { opid_index: 4 OBSOLETE_local: false peers { permanent_uuid: "883231b4361d46648733b981f93cba7a" member_type: VOTER last_known_addr { host: "127.5.174.129" port: 38771 } health_report { overall_health: UNKNOWN } } peers { permanent_uuid: "4a9f606dcea6485baf5238fa304e92c6" member_type: VOTER last_known_addr { host: "127.5.174.131" port: 41345 } health_report { overall_health: UNKNOWN } } peers { permanent_uuid: "0e4fc10afe1046368024b67a5d7ee97d" member_type: VOTER last_known_addr { host: "127.5.174.132" port: 42717 } attrs { promote: false } health_report { overall_health: HEALTHY } } }
I20260713 09:03:27.335970  7727 raft_consensus.cc:993] T c92d0f9cb1664f09ab7b8f70a2138147 P 4a9f606dcea6485baf5238fa304e92c6: : Instructing follower 0e4fc10afe1046368024b67a5d7ee97d to start an election
I20260713 09:03:27.336472  7722 raft_consensus.cc:1081] T c92d0f9cb1664f09ab7b8f70a2138147 P 4a9f606dcea6485baf5238fa304e92c6 [term 1 LEADER]: Signalling peer 0e4fc10afe1046368024b67a5d7ee97d to start an election
I20260713 09:03:27.337949  7373 tablet_service.cc:2044] Received Run Leader Election RPC: tablet_id: "c92d0f9cb1664f09ab7b8f70a2138147"
dest_uuid: "0e4fc10afe1046368024b67a5d7ee97d"
 from {username='slave'} at 127.0.0.1:60876
I20260713 09:03:27.338421  7373 raft_consensus.cc:493] T c92d0f9cb1664f09ab7b8f70a2138147 P 0e4fc10afe1046368024b67a5d7ee97d [term 1 FOLLOWER]: Starting forced leader election (received explicit request)
I20260713 09:03:27.338762  7373 raft_consensus.cc:3060] T c92d0f9cb1664f09ab7b8f70a2138147 P 0e4fc10afe1046368024b67a5d7ee97d [term 1 FOLLOWER]: Advancing to term 2
I20260713 09:03:27.344022  7373 raft_consensus.cc:515] T c92d0f9cb1664f09ab7b8f70a2138147 P 0e4fc10afe1046368024b67a5d7ee97d [term 2 FOLLOWER]: Starting forced leader election with config: opid_index: 4 OBSOLETE_local: false peers { permanent_uuid: "2b963123ecea45dd97a603ca80293e81" member_type: VOTER last_known_addr { host: "127.5.174.130" port: 35857 } } peers { permanent_uuid: "4a9f606dcea6485baf5238fa304e92c6" member_type: VOTER last_known_addr { host: "127.5.174.131" port: 41345 } } peers { permanent_uuid: "0e4fc10afe1046368024b67a5d7ee97d" member_type: VOTER last_known_addr { host: "127.5.174.132" port: 42717 } attrs { promote: false } }
I20260713 09:03:27.345646  7373 leader_election.cc:290] T c92d0f9cb1664f09ab7b8f70a2138147 P 0e4fc10afe1046368024b67a5d7ee97d [CANDIDATE]: Term 2 election: Requested vote from peers 2b963123ecea45dd97a603ca80293e81 (127.5.174.130:35857), 4a9f606dcea6485baf5238fa304e92c6 (127.5.174.131:41345)
I20260713 09:03:27.346637  7034 tablet_service.cc:1917] Received RequestConsensusVote() RPC: tablet_id: "c92d0f9cb1664f09ab7b8f70a2138147" candidate_uuid: "0e4fc10afe1046368024b67a5d7ee97d" candidate_term: 2 candidate_status { last_received { term: 1 index: 4 } } ignore_live_leader: true dest_uuid: "2b963123ecea45dd97a603ca80293e81"
I20260713 09:03:27.346803  7109 tablet_service.cc:1917] Received RequestConsensusVote() RPC: tablet_id: "c92d0f9cb1664f09ab7b8f70a2138147" candidate_uuid: "0e4fc10afe1046368024b67a5d7ee97d" candidate_term: 2 candidate_status { last_received { term: 1 index: 4 } } ignore_live_leader: true dest_uuid: "4a9f606dcea6485baf5238fa304e92c6"
I20260713 09:03:27.347224  7034 raft_consensus.cc:3060] T c92d0f9cb1664f09ab7b8f70a2138147 P 2b963123ecea45dd97a603ca80293e81 [term 1 FOLLOWER]: Advancing to term 2
I20260713 09:03:27.347252  7109 raft_consensus.cc:3055] T c92d0f9cb1664f09ab7b8f70a2138147 P 4a9f606dcea6485baf5238fa304e92c6 [term 1 LEADER]: Stepping down as leader of term 1
I20260713 09:03:27.347764  7109 raft_consensus.cc:740] T c92d0f9cb1664f09ab7b8f70a2138147 P 4a9f606dcea6485baf5238fa304e92c6 [term 1 LEADER]: Becoming Follower/Learner. State: Replica: 4a9f606dcea6485baf5238fa304e92c6, State: Running, Role: LEADER
I20260713 09:03:27.348585  7109 consensus_queue.cc:260] T c92d0f9cb1664f09ab7b8f70a2138147 P 4a9f606dcea6485baf5238fa304e92c6 [NON_LEADER]: Queue going to NON_LEADER mode. State: All replicated index: 0, Majority replicated index: 4, Committed index: 4, Last appended: 1.4, Last appended by leader: 4, Current term: 1, Majority size: -1, State: 0, Mode: NON_LEADER, active raft config: opid_index: 4 OBSOLETE_local: false peers { permanent_uuid: "2b963123ecea45dd97a603ca80293e81" member_type: VOTER last_known_addr { host: "127.5.174.130" port: 35857 } } peers { permanent_uuid: "4a9f606dcea6485baf5238fa304e92c6" member_type: VOTER last_known_addr { host: "127.5.174.131" port: 41345 } } peers { permanent_uuid: "0e4fc10afe1046368024b67a5d7ee97d" member_type: VOTER last_known_addr { host: "127.5.174.132" port: 42717 } attrs { promote: false } }
I20260713 09:03:27.349839  7109 raft_consensus.cc:3060] T c92d0f9cb1664f09ab7b8f70a2138147 P 4a9f606dcea6485baf5238fa304e92c6 [term 1 FOLLOWER]: Advancing to term 2
I20260713 09:03:27.354161  7034 raft_consensus.cc:2468] T c92d0f9cb1664f09ab7b8f70a2138147 P 2b963123ecea45dd97a603ca80293e81 [term 2 FOLLOWER]: Leader election vote request: Granting yes vote for candidate 0e4fc10afe1046368024b67a5d7ee97d in term 2.
I20260713 09:03:27.355432  7337 leader_election.cc:304] T c92d0f9cb1664f09ab7b8f70a2138147 P 0e4fc10afe1046368024b67a5d7ee97d [CANDIDATE]: Term 2 election: Election decided. Result: candidate won. Election summary: received 2 responses out of 3 voters: 2 yes votes; 0 no votes. yes voters: 0e4fc10afe1046368024b67a5d7ee97d, 2b963123ecea45dd97a603ca80293e81; no voters: 
I20260713 09:03:27.356282  7728 raft_consensus.cc:2804] T c92d0f9cb1664f09ab7b8f70a2138147 P 0e4fc10afe1046368024b67a5d7ee97d [term 2 FOLLOWER]: Leader election won for term 2
I20260713 09:03:27.356706  7109 raft_consensus.cc:2468] T c92d0f9cb1664f09ab7b8f70a2138147 P 4a9f606dcea6485baf5238fa304e92c6 [term 2 FOLLOWER]: Leader election vote request: Granting yes vote for candidate 0e4fc10afe1046368024b67a5d7ee97d in term 2.
I20260713 09:03:27.356769  7728 raft_consensus.cc:697] T c92d0f9cb1664f09ab7b8f70a2138147 P 0e4fc10afe1046368024b67a5d7ee97d [term 2 LEADER]: Becoming Leader. State: Replica: 0e4fc10afe1046368024b67a5d7ee97d, State: Running, Role: LEADER
I20260713 09:03:27.358008  7728 consensus_queue.cc:237] T c92d0f9cb1664f09ab7b8f70a2138147 P 0e4fc10afe1046368024b67a5d7ee97d [LEADER]: Queue going to LEADER mode. State: All replicated index: 0, Majority replicated index: 4, Committed index: 4, Last appended: 1.4, Last appended by leader: 4, Current term: 2, Majority size: 2, State: 0, Mode: LEADER, active raft config: opid_index: 4 OBSOLETE_local: false peers { permanent_uuid: "2b963123ecea45dd97a603ca80293e81" member_type: VOTER last_known_addr { host: "127.5.174.130" port: 35857 } } peers { permanent_uuid: "4a9f606dcea6485baf5238fa304e92c6" member_type: VOTER last_known_addr { host: "127.5.174.131" port: 41345 } } peers { permanent_uuid: "0e4fc10afe1046368024b67a5d7ee97d" member_type: VOTER last_known_addr { host: "127.5.174.132" port: 42717 } attrs { promote: false } }
I20260713 09:03:27.367130  6858 catalog_manager.cc:5697] T c92d0f9cb1664f09ab7b8f70a2138147 P 0e4fc10afe1046368024b67a5d7ee97d reported cstate change: term changed from 1 to 2, leader changed from 4a9f606dcea6485baf5238fa304e92c6 (127.5.174.131) to 0e4fc10afe1046368024b67a5d7ee97d (127.5.174.132). New cstate: current_term: 2 leader_uuid: "0e4fc10afe1046368024b67a5d7ee97d" committed_config { opid_index: 4 OBSOLETE_local: false peers { permanent_uuid: "2b963123ecea45dd97a603ca80293e81" member_type: VOTER last_known_addr { host: "127.5.174.130" port: 35857 } health_report { overall_health: UNKNOWN } } peers { permanent_uuid: "4a9f606dcea6485baf5238fa304e92c6" member_type: VOTER last_known_addr { host: "127.5.174.131" port: 41345 } health_report { overall_health: UNKNOWN } } peers { permanent_uuid: "0e4fc10afe1046368024b67a5d7ee97d" member_type: VOTER last_known_addr { host: "127.5.174.132" port: 42717 } attrs { promote: false } health_report { overall_health: HEALTHY } } }
I20260713 09:03:27.378191  7727 raft_consensus.cc:993] T 5a6ce94c974d4db7a113efbcca648eb8 P 4a9f606dcea6485baf5238fa304e92c6: : Instructing follower 2b963123ecea45dd97a603ca80293e81 to start an election
I20260713 09:03:27.379331  7722 raft_consensus.cc:1081] T 5a6ce94c974d4db7a113efbcca648eb8 P 4a9f606dcea6485baf5238fa304e92c6 [term 1 LEADER]: Signalling peer 2b963123ecea45dd97a603ca80293e81 to start an election
I20260713 09:03:27.381224  7034 tablet_service.cc:2044] Received Run Leader Election RPC: tablet_id: "5a6ce94c974d4db7a113efbcca648eb8"
dest_uuid: "2b963123ecea45dd97a603ca80293e81"
 from {username='slave'} at 127.0.0.1:50450
I20260713 09:03:27.381801  7034 raft_consensus.cc:493] T 5a6ce94c974d4db7a113efbcca648eb8 P 2b963123ecea45dd97a603ca80293e81 [term 1 FOLLOWER]: Starting forced leader election (received explicit request)
I20260713 09:03:27.382154  7034 raft_consensus.cc:3060] T 5a6ce94c974d4db7a113efbcca648eb8 P 2b963123ecea45dd97a603ca80293e81 [term 1 FOLLOWER]: Advancing to term 2
I20260713 09:03:27.389209  7034 raft_consensus.cc:515] T 5a6ce94c974d4db7a113efbcca648eb8 P 2b963123ecea45dd97a603ca80293e81 [term 2 FOLLOWER]: Starting forced leader election with config: opid_index: -1 OBSOLETE_local: false peers { permanent_uuid: "883231b4361d46648733b981f93cba7a" member_type: VOTER last_known_addr { host: "127.5.174.129" port: 38771 } } peers { permanent_uuid: "2b963123ecea45dd97a603ca80293e81" member_type: VOTER last_known_addr { host: "127.5.174.130" port: 35857 } } peers { permanent_uuid: "4a9f606dcea6485baf5238fa304e92c6" member_type: VOTER last_known_addr { host: "127.5.174.131" port: 41345 } }
I20260713 09:03:27.391412  7034 leader_election.cc:290] T 5a6ce94c974d4db7a113efbcca648eb8 P 2b963123ecea45dd97a603ca80293e81 [CANDIDATE]: Term 2 election: Requested vote from peers 883231b4361d46648733b981f93cba7a (127.5.174.129:38771), 4a9f606dcea6485baf5238fa304e92c6 (127.5.174.131:41345)
I20260713 09:03:27.391752  6960 tablet_service.cc:1917] Received RequestConsensusVote() RPC: tablet_id: "5a6ce94c974d4db7a113efbcca648eb8" candidate_uuid: "2b963123ecea45dd97a603ca80293e81" candidate_term: 2 candidate_status { last_received { term: 1 index: 1 } } ignore_live_leader: true dest_uuid: "883231b4361d46648733b981f93cba7a"
I20260713 09:03:27.392026  7109 tablet_service.cc:1917] Received RequestConsensusVote() RPC: tablet_id: "5a6ce94c974d4db7a113efbcca648eb8" candidate_uuid: "2b963123ecea45dd97a603ca80293e81" candidate_term: 2 candidate_status { last_received { term: 1 index: 1 } } ignore_live_leader: true dest_uuid: "4a9f606dcea6485baf5238fa304e92c6"
I20260713 09:03:27.392414  6960 raft_consensus.cc:3060] T 5a6ce94c974d4db7a113efbcca648eb8 P 883231b4361d46648733b981f93cba7a [term 1 FOLLOWER]: Advancing to term 2
I20260713 09:03:27.392534  7109 raft_consensus.cc:3055] T 5a6ce94c974d4db7a113efbcca648eb8 P 4a9f606dcea6485baf5238fa304e92c6 [term 1 LEADER]: Stepping down as leader of term 1
I20260713 09:03:27.392871  7109 raft_consensus.cc:740] T 5a6ce94c974d4db7a113efbcca648eb8 P 4a9f606dcea6485baf5238fa304e92c6 [term 1 LEADER]: Becoming Follower/Learner. State: Replica: 4a9f606dcea6485baf5238fa304e92c6, State: Running, Role: LEADER
I20260713 09:03:27.393653  7109 consensus_queue.cc:260] T 5a6ce94c974d4db7a113efbcca648eb8 P 4a9f606dcea6485baf5238fa304e92c6 [NON_LEADER]: Queue going to NON_LEADER mode. State: All replicated index: 0, Majority replicated index: 1, Committed index: 1, Last appended: 1.1, Last appended by leader: 1, Current term: 1, Majority size: -1, State: 0, Mode: NON_LEADER, active raft config: opid_index: -1 OBSOLETE_local: false peers { permanent_uuid: "883231b4361d46648733b981f93cba7a" member_type: VOTER last_known_addr { host: "127.5.174.129" port: 38771 } } peers { permanent_uuid: "2b963123ecea45dd97a603ca80293e81" member_type: VOTER last_known_addr { host: "127.5.174.130" port: 35857 } } peers { permanent_uuid: "4a9f606dcea6485baf5238fa304e92c6" member_type: VOTER last_known_addr { host: "127.5.174.131" port: 41345 } }
I20260713 09:03:27.394958  7109 raft_consensus.cc:3060] T 5a6ce94c974d4db7a113efbcca648eb8 P 4a9f606dcea6485baf5238fa304e92c6 [term 1 FOLLOWER]: Advancing to term 2
I20260713 09:03:27.400385  6960 raft_consensus.cc:2468] T 5a6ce94c974d4db7a113efbcca648eb8 P 883231b4361d46648733b981f93cba7a [term 2 FOLLOWER]: Leader election vote request: Granting yes vote for candidate 2b963123ecea45dd97a603ca80293e81 in term 2.
I20260713 09:03:27.401584  7001 leader_election.cc:304] T 5a6ce94c974d4db7a113efbcca648eb8 P 2b963123ecea45dd97a603ca80293e81 [CANDIDATE]: Term 2 election: Election decided. Result: candidate won. Election summary: received 2 responses out of 3 voters: 2 yes votes; 0 no votes. yes voters: 2b963123ecea45dd97a603ca80293e81, 883231b4361d46648733b981f93cba7a; no voters: 
I20260713 09:03:27.402417  7721 raft_consensus.cc:2804] T 5a6ce94c974d4db7a113efbcca648eb8 P 2b963123ecea45dd97a603ca80293e81 [term 2 FOLLOWER]: Leader election won for term 2
I20260713 09:03:27.402513  7109 raft_consensus.cc:2468] T 5a6ce94c974d4db7a113efbcca648eb8 P 4a9f606dcea6485baf5238fa304e92c6 [term 2 FOLLOWER]: Leader election vote request: Granting yes vote for candidate 2b963123ecea45dd97a603ca80293e81 in term 2.
I20260713 09:03:27.404067  7721 raft_consensus.cc:697] T 5a6ce94c974d4db7a113efbcca648eb8 P 2b963123ecea45dd97a603ca80293e81 [term 2 LEADER]: Becoming Leader. State: Replica: 2b963123ecea45dd97a603ca80293e81, State: Running, Role: LEADER
I20260713 09:03:27.404881  7721 consensus_queue.cc:237] T 5a6ce94c974d4db7a113efbcca648eb8 P 2b963123ecea45dd97a603ca80293e81 [LEADER]: Queue going to LEADER mode. State: All replicated index: 0, Majority replicated index: 1, Committed index: 1, Last appended: 1.1, Last appended by leader: 1, Current term: 2, Majority size: 2, State: 0, Mode: LEADER, active raft config: opid_index: -1 OBSOLETE_local: false peers { permanent_uuid: "883231b4361d46648733b981f93cba7a" member_type: VOTER last_known_addr { host: "127.5.174.129" port: 38771 } } peers { permanent_uuid: "2b963123ecea45dd97a603ca80293e81" member_type: VOTER last_known_addr { host: "127.5.174.130" port: 35857 } } peers { permanent_uuid: "4a9f606dcea6485baf5238fa304e92c6" member_type: VOTER last_known_addr { host: "127.5.174.131" port: 41345 } }
I20260713 09:03:27.414933  6858 catalog_manager.cc:5697] T 5a6ce94c974d4db7a113efbcca648eb8 P 2b963123ecea45dd97a603ca80293e81 reported cstate change: term changed from 1 to 2, leader changed from 4a9f606dcea6485baf5238fa304e92c6 (127.5.174.131) to 2b963123ecea45dd97a603ca80293e81 (127.5.174.130). New cstate: current_term: 2 leader_uuid: "2b963123ecea45dd97a603ca80293e81" committed_config { opid_index: -1 OBSOLETE_local: false peers { permanent_uuid: "883231b4361d46648733b981f93cba7a" member_type: VOTER last_known_addr { host: "127.5.174.129" port: 38771 } health_report { overall_health: UNKNOWN } } peers { permanent_uuid: "2b963123ecea45dd97a603ca80293e81" member_type: VOTER last_known_addr { host: "127.5.174.130" port: 35857 } health_report { overall_health: HEALTHY } } peers { permanent_uuid: "4a9f606dcea6485baf5238fa304e92c6" member_type: VOTER last_known_addr { host: "127.5.174.131" port: 41345 } health_report { overall_health: UNKNOWN } } }
I20260713 09:03:27.415942  7626 raft_consensus.cc:993] T 5833694e47fc4d659422cf7bc40f4881 P 883231b4361d46648733b981f93cba7a: : Instructing follower 2b963123ecea45dd97a603ca80293e81 to start an election
I20260713 09:03:27.416493  7739 raft_consensus.cc:1081] T 5833694e47fc4d659422cf7bc40f4881 P 883231b4361d46648733b981f93cba7a [term 1 LEADER]: Signalling peer 2b963123ecea45dd97a603ca80293e81 to start an election
I20260713 09:03:27.418243  7034 tablet_service.cc:2044] Received Run Leader Election RPC: tablet_id: "5833694e47fc4d659422cf7bc40f4881"
dest_uuid: "2b963123ecea45dd97a603ca80293e81"
 from {username='slave'} at 127.0.0.1:50458
I20260713 09:03:27.418721  7034 raft_consensus.cc:493] T 5833694e47fc4d659422cf7bc40f4881 P 2b963123ecea45dd97a603ca80293e81 [term 1 FOLLOWER]: Starting forced leader election (received explicit request)
I20260713 09:03:27.419086  7034 raft_consensus.cc:3060] T 5833694e47fc4d659422cf7bc40f4881 P 2b963123ecea45dd97a603ca80293e81 [term 1 FOLLOWER]: Advancing to term 2
I20260713 09:03:27.426084  7034 raft_consensus.cc:515] T 5833694e47fc4d659422cf7bc40f4881 P 2b963123ecea45dd97a603ca80293e81 [term 2 FOLLOWER]: Starting forced leader election with config: opid_index: -1 OBSOLETE_local: false peers { permanent_uuid: "883231b4361d46648733b981f93cba7a" member_type: VOTER last_known_addr { host: "127.5.174.129" port: 38771 } } peers { permanent_uuid: "2b963123ecea45dd97a603ca80293e81" member_type: VOTER last_known_addr { host: "127.5.174.130" port: 35857 } } peers { permanent_uuid: "4a9f606dcea6485baf5238fa304e92c6" member_type: VOTER last_known_addr { host: "127.5.174.131" port: 41345 } }
I20260713 09:03:27.427714  7034 leader_election.cc:290] T 5833694e47fc4d659422cf7bc40f4881 P 2b963123ecea45dd97a603ca80293e81 [CANDIDATE]: Term 2 election: Requested vote from peers 883231b4361d46648733b981f93cba7a (127.5.174.129:38771), 4a9f606dcea6485baf5238fa304e92c6 (127.5.174.131:41345)
I20260713 09:03:27.428493  6960 tablet_service.cc:1917] Received RequestConsensusVote() RPC: tablet_id: "5833694e47fc4d659422cf7bc40f4881" candidate_uuid: "2b963123ecea45dd97a603ca80293e81" candidate_term: 2 candidate_status { last_received { term: 1 index: 1 } } ignore_live_leader: true dest_uuid: "883231b4361d46648733b981f93cba7a"
I20260713 09:03:27.428773  7109 tablet_service.cc:1917] Received RequestConsensusVote() RPC: tablet_id: "5833694e47fc4d659422cf7bc40f4881" candidate_uuid: "2b963123ecea45dd97a603ca80293e81" candidate_term: 2 candidate_status { last_received { term: 1 index: 1 } } ignore_live_leader: true dest_uuid: "4a9f606dcea6485baf5238fa304e92c6"
I20260713 09:03:27.429064  6960 raft_consensus.cc:3055] T 5833694e47fc4d659422cf7bc40f4881 P 883231b4361d46648733b981f93cba7a [term 1 LEADER]: Stepping down as leader of term 1
I20260713 09:03:27.429348  7109 raft_consensus.cc:3060] T 5833694e47fc4d659422cf7bc40f4881 P 4a9f606dcea6485baf5238fa304e92c6 [term 1 FOLLOWER]: Advancing to term 2
I20260713 09:03:27.429366  6960 raft_consensus.cc:740] T 5833694e47fc4d659422cf7bc40f4881 P 883231b4361d46648733b981f93cba7a [term 1 LEADER]: Becoming Follower/Learner. State: Replica: 883231b4361d46648733b981f93cba7a, State: Running, Role: LEADER
I20260713 09:03:27.430368  6960 consensus_queue.cc:260] T 5833694e47fc4d659422cf7bc40f4881 P 883231b4361d46648733b981f93cba7a [NON_LEADER]: Queue going to NON_LEADER mode. State: All replicated index: 0, Majority replicated index: 1, Committed index: 1, Last appended: 1.1, Last appended by leader: 1, Current term: 1, Majority size: -1, State: 0, Mode: NON_LEADER, active raft config: opid_index: -1 OBSOLETE_local: false peers { permanent_uuid: "883231b4361d46648733b981f93cba7a" member_type: VOTER last_known_addr { host: "127.5.174.129" port: 38771 } } peers { permanent_uuid: "2b963123ecea45dd97a603ca80293e81" member_type: VOTER last_known_addr { host: "127.5.174.130" port: 35857 } } peers { permanent_uuid: "4a9f606dcea6485baf5238fa304e92c6" member_type: VOTER last_known_addr { host: "127.5.174.131" port: 41345 } }
I20260713 09:03:27.431422  6960 raft_consensus.cc:3060] T 5833694e47fc4d659422cf7bc40f4881 P 883231b4361d46648733b981f93cba7a [term 1 FOLLOWER]: Advancing to term 2
I20260713 09:03:27.434715  7109 raft_consensus.cc:2468] T 5833694e47fc4d659422cf7bc40f4881 P 4a9f606dcea6485baf5238fa304e92c6 [term 2 FOLLOWER]: Leader election vote request: Granting yes vote for candidate 2b963123ecea45dd97a603ca80293e81 in term 2.
I20260713 09:03:27.435971  7003 leader_election.cc:304] T 5833694e47fc4d659422cf7bc40f4881 P 2b963123ecea45dd97a603ca80293e81 [CANDIDATE]: Term 2 election: Election decided. Result: candidate won. Election summary: received 2 responses out of 3 voters: 2 yes votes; 0 no votes. yes voters: 2b963123ecea45dd97a603ca80293e81, 4a9f606dcea6485baf5238fa304e92c6; no voters: 
I20260713 09:03:27.436787  7721 raft_consensus.cc:2804] T 5833694e47fc4d659422cf7bc40f4881 P 2b963123ecea45dd97a603ca80293e81 [term 2 FOLLOWER]: Leader election won for term 2
I20260713 09:03:27.437256  7721 raft_consensus.cc:697] T 5833694e47fc4d659422cf7bc40f4881 P 2b963123ecea45dd97a603ca80293e81 [term 2 LEADER]: Becoming Leader. State: Replica: 2b963123ecea45dd97a603ca80293e81, State: Running, Role: LEADER
I20260713 09:03:27.437227  6960 raft_consensus.cc:2468] T 5833694e47fc4d659422cf7bc40f4881 P 883231b4361d46648733b981f93cba7a [term 2 FOLLOWER]: Leader election vote request: Granting yes vote for candidate 2b963123ecea45dd97a603ca80293e81 in term 2.
I20260713 09:03:27.438304  7721 consensus_queue.cc:237] T 5833694e47fc4d659422cf7bc40f4881 P 2b963123ecea45dd97a603ca80293e81 [LEADER]: Queue going to LEADER mode. State: All replicated index: 0, Majority replicated index: 1, Committed index: 1, Last appended: 1.1, Last appended by leader: 1, Current term: 2, Majority size: 2, State: 0, Mode: LEADER, active raft config: opid_index: -1 OBSOLETE_local: false peers { permanent_uuid: "883231b4361d46648733b981f93cba7a" member_type: VOTER last_known_addr { host: "127.5.174.129" port: 38771 } } peers { permanent_uuid: "2b963123ecea45dd97a603ca80293e81" member_type: VOTER last_known_addr { host: "127.5.174.130" port: 35857 } } peers { permanent_uuid: "4a9f606dcea6485baf5238fa304e92c6" member_type: VOTER last_known_addr { host: "127.5.174.131" port: 41345 } }
I20260713 09:03:27.447050  6858 catalog_manager.cc:5697] T 5833694e47fc4d659422cf7bc40f4881 P 2b963123ecea45dd97a603ca80293e81 reported cstate change: term changed from 1 to 2, leader changed from 883231b4361d46648733b981f93cba7a (127.5.174.129) to 2b963123ecea45dd97a603ca80293e81 (127.5.174.130). New cstate: current_term: 2 leader_uuid: "2b963123ecea45dd97a603ca80293e81" committed_config { opid_index: -1 OBSOLETE_local: false peers { permanent_uuid: "883231b4361d46648733b981f93cba7a" member_type: VOTER last_known_addr { host: "127.5.174.129" port: 38771 } health_report { overall_health: UNKNOWN } } peers { permanent_uuid: "2b963123ecea45dd97a603ca80293e81" member_type: VOTER last_known_addr { host: "127.5.174.130" port: 35857 } health_report { overall_health: HEALTHY } } peers { permanent_uuid: "4a9f606dcea6485baf5238fa304e92c6" member_type: VOTER last_known_addr { host: "127.5.174.131" port: 41345 } health_report { overall_health: UNKNOWN } } }
I20260713 09:03:27.693336  6960 raft_consensus.cc:1275] T 631919862f254abf84d3ca7cfbaa25f1 P 883231b4361d46648733b981f93cba7a [term 2 FOLLOWER]: Refusing update from remote peer 0e4fc10afe1046368024b67a5d7ee97d: Log matching property violated. Preceding OpId in replica: term: 1 index: 4. Preceding OpId from leader: term: 2 index: 5. (index mismatch)
I20260713 09:03:27.694656  7728 consensus_queue.cc:1048] T 631919862f254abf84d3ca7cfbaa25f1 P 0e4fc10afe1046368024b67a5d7ee97d [LEADER]: Connected to new peer: Peer: permanent_uuid: "883231b4361d46648733b981f93cba7a" member_type: VOTER last_known_addr { host: "127.5.174.129" port: 38771 }, Status: LMP_MISMATCH, Last received: 0.0, Next index: 5, Last known committed idx: 4, Time since last communication: 0.000s
I20260713 09:03:27.708189  7109 raft_consensus.cc:1275] T 631919862f254abf84d3ca7cfbaa25f1 P 4a9f606dcea6485baf5238fa304e92c6 [term 2 FOLLOWER]: Refusing update from remote peer 0e4fc10afe1046368024b67a5d7ee97d: Log matching property violated. Preceding OpId in replica: term: 1 index: 4. Preceding OpId from leader: term: 2 index: 5. (index mismatch)
I20260713 09:03:27.710820  7729 consensus_queue.cc:1048] T 631919862f254abf84d3ca7cfbaa25f1 P 0e4fc10afe1046368024b67a5d7ee97d [LEADER]: Connected to new peer: Peer: permanent_uuid: "4a9f606dcea6485baf5238fa304e92c6" member_type: VOTER last_known_addr { host: "127.5.174.131" port: 41345 }, Status: LMP_MISMATCH, Last received: 0.0, Next index: 5, Last known committed idx: 4, Time since last communication: 0.000s
I20260713 09:03:27.755978  7108 raft_consensus.cc:1275] T bcdec8dbb85241ac9dc981d743bb2b32 P 4a9f606dcea6485baf5238fa304e92c6 [term 2 FOLLOWER]: Refusing update from remote peer 0e4fc10afe1046368024b67a5d7ee97d: Log matching property violated. Preceding OpId in replica: term: 1 index: 4. Preceding OpId from leader: term: 2 index: 5. (index mismatch)
I20260713 09:03:27.757360  7744 consensus_queue.cc:1048] T bcdec8dbb85241ac9dc981d743bb2b32 P 0e4fc10afe1046368024b67a5d7ee97d [LEADER]: Connected to new peer: Peer: permanent_uuid: "4a9f606dcea6485baf5238fa304e92c6" member_type: VOTER last_known_addr { host: "127.5.174.131" port: 41345 }, Status: LMP_MISMATCH, Last received: 0.0, Next index: 5, Last known committed idx: 4, Time since last communication: 0.000s
I20260713 09:03:27.766121  6960 raft_consensus.cc:1275] T bcdec8dbb85241ac9dc981d743bb2b32 P 883231b4361d46648733b981f93cba7a [term 2 FOLLOWER]: Refusing update from remote peer 0e4fc10afe1046368024b67a5d7ee97d: Log matching property violated. Preceding OpId in replica: term: 1 index: 4. Preceding OpId from leader: term: 2 index: 5. (index mismatch)
I20260713 09:03:27.767894  7729 consensus_queue.cc:1048] T bcdec8dbb85241ac9dc981d743bb2b32 P 0e4fc10afe1046368024b67a5d7ee97d [LEADER]: Connected to new peer: Peer: permanent_uuid: "883231b4361d46648733b981f93cba7a" member_type: VOTER last_known_addr { host: "127.5.174.129" port: 38771 }, Status: LMP_MISMATCH, Last received: 0.0, Next index: 5, Last known committed idx: 4, Time since last communication: 0.000s
I20260713 09:03:27.885177  6960 raft_consensus.cc:1275] T 5833694e47fc4d659422cf7bc40f4881 P 883231b4361d46648733b981f93cba7a [term 2 FOLLOWER]: Refusing update from remote peer 2b963123ecea45dd97a603ca80293e81: Log matching property violated. Preceding OpId in replica: term: 1 index: 1. Preceding OpId from leader: term: 2 index: 2. (index mismatch)
I20260713 09:03:27.886286  7721 consensus_queue.cc:1048] T 5833694e47fc4d659422cf7bc40f4881 P 2b963123ecea45dd97a603ca80293e81 [LEADER]: Connected to new peer: Peer: permanent_uuid: "883231b4361d46648733b981f93cba7a" member_type: VOTER last_known_addr { host: "127.5.174.129" port: 38771 }, Status: LMP_MISMATCH, Last received: 0.0, Next index: 2, Last known committed idx: 1, Time since last communication: 0.000s
I20260713 09:03:27.896196  7108 raft_consensus.cc:1275] T 5833694e47fc4d659422cf7bc40f4881 P 4a9f606dcea6485baf5238fa304e92c6 [term 2 FOLLOWER]: Refusing update from remote peer 2b963123ecea45dd97a603ca80293e81: Log matching property violated. Preceding OpId in replica: term: 1 index: 1. Preceding OpId from leader: term: 2 index: 2. (index mismatch)
I20260713 09:03:27.897519  7738 consensus_queue.cc:1048] T 5833694e47fc4d659422cf7bc40f4881 P 2b963123ecea45dd97a603ca80293e81 [LEADER]: Connected to new peer: Peer: permanent_uuid: "4a9f606dcea6485baf5238fa304e92c6" member_type: VOTER last_known_addr { host: "127.5.174.131" port: 41345 }, Status: LMP_MISMATCH, Last received: 0.0, Next index: 2, Last known committed idx: 1, Time since last communication: 0.000s
I20260713 09:03:27.906492  7109 raft_consensus.cc:1275] T 5a6ce94c974d4db7a113efbcca648eb8 P 4a9f606dcea6485baf5238fa304e92c6 [term 2 FOLLOWER]: Refusing update from remote peer 2b963123ecea45dd97a603ca80293e81: Log matching property violated. Preceding OpId in replica: term: 1 index: 1. Preceding OpId from leader: term: 2 index: 2. (index mismatch)
I20260713 09:03:27.907496  6960 raft_consensus.cc:1275] T 5a6ce94c974d4db7a113efbcca648eb8 P 883231b4361d46648733b981f93cba7a [term 2 FOLLOWER]: Refusing update from remote peer 2b963123ecea45dd97a603ca80293e81: Log matching property violated. Preceding OpId in replica: term: 1 index: 1. Preceding OpId from leader: term: 2 index: 2. (index mismatch)
I20260713 09:03:27.908283  7738 consensus_queue.cc:1048] T 5a6ce94c974d4db7a113efbcca648eb8 P 2b963123ecea45dd97a603ca80293e81 [LEADER]: Connected to new peer: Peer: permanent_uuid: "4a9f606dcea6485baf5238fa304e92c6" member_type: VOTER last_known_addr { host: "127.5.174.131" port: 41345 }, Status: LMP_MISMATCH, Last received: 0.0, Next index: 2, Last known committed idx: 1, Time since last communication: 0.000s
I20260713 09:03:27.909605  7738 consensus_queue.cc:1048] T 5a6ce94c974d4db7a113efbcca648eb8 P 2b963123ecea45dd97a603ca80293e81 [LEADER]: Connected to new peer: Peer: permanent_uuid: "883231b4361d46648733b981f93cba7a" member_type: VOTER last_known_addr { host: "127.5.174.129" port: 38771 }, Status: LMP_MISMATCH, Last received: 0.0, Next index: 2, Last known committed idx: 1, Time since last communication: 0.000s
I20260713 09:03:27.931262  7034 raft_consensus.cc:1275] T c92d0f9cb1664f09ab7b8f70a2138147 P 2b963123ecea45dd97a603ca80293e81 [term 2 FOLLOWER]: Refusing update from remote peer 0e4fc10afe1046368024b67a5d7ee97d: Log matching property violated. Preceding OpId in replica: term: 1 index: 4. Preceding OpId from leader: term: 2 index: 5. (index mismatch)
I20260713 09:03:27.933822  7728 consensus_queue.cc:1048] T c92d0f9cb1664f09ab7b8f70a2138147 P 0e4fc10afe1046368024b67a5d7ee97d [LEADER]: Connected to new peer: Peer: permanent_uuid: "2b963123ecea45dd97a603ca80293e81" member_type: VOTER last_known_addr { host: "127.5.174.130" port: 35857 }, Status: LMP_MISMATCH, Last received: 0.0, Next index: 5, Last known committed idx: 4, Time since last communication: 0.000s
I20260713 09:03:27.949038  7109 raft_consensus.cc:1275] T c92d0f9cb1664f09ab7b8f70a2138147 P 4a9f606dcea6485baf5238fa304e92c6 [term 2 FOLLOWER]: Refusing update from remote peer 0e4fc10afe1046368024b67a5d7ee97d: Log matching property violated. Preceding OpId in replica: term: 1 index: 4. Preceding OpId from leader: term: 2 index: 5. (index mismatch)
I20260713 09:03:27.950886  7749 consensus_queue.cc:1048] T c92d0f9cb1664f09ab7b8f70a2138147 P 0e4fc10afe1046368024b67a5d7ee97d [LEADER]: Connected to new peer: Peer: permanent_uuid: "4a9f606dcea6485baf5238fa304e92c6" member_type: VOTER last_known_addr { host: "127.5.174.131" port: 41345 }, Status: LMP_MISMATCH, Last received: 0.0, Next index: 5, Last known committed idx: 4, Time since last communication: 0.000s
I20260713 09:03:28.108132  5818 auto_leader_rebalancer.cc:141] leader rebalance for table test-workload
I20260713 09:03:28.126401  5818 auto_leader_rebalancer.cc:141] leader rebalance for table test-workload
I20260713 09:03:28.140326  6960 tablet_service.cc:2072] Received LeaderStepDown RPC: tablet_id: "861e4e4a63304cee924666452bce211d"
dest_uuid: "883231b4361d46648733b981f93cba7a"
mode: GRACEFUL
new_leader_uuid: "0e4fc10afe1046368024b67a5d7ee97d"
 from {username='slave'} at 127.0.0.1:54046
I20260713 09:03:28.140909  6960 raft_consensus.cc:606] T 861e4e4a63304cee924666452bce211d P 883231b4361d46648733b981f93cba7a [term 1 LEADER]: Received request to transfer leadership to TS 0e4fc10afe1046368024b67a5d7ee97d
I20260713 09:03:28.158185  7034 tablet_service.cc:2072] Received LeaderStepDown RPC: tablet_id: "c4fa42b239784d7db013eda2445615e8"
dest_uuid: "2b963123ecea45dd97a603ca80293e81"
mode: GRACEFUL
new_leader_uuid: "4a9f606dcea6485baf5238fa304e92c6"
 from {username='slave'} at 127.0.0.1:32782
I20260713 09:03:28.158773  7034 raft_consensus.cc:606] T c4fa42b239784d7db013eda2445615e8 P 2b963123ecea45dd97a603ca80293e81 [term 1 LEADER]: Received request to transfer leadership to TS 4a9f606dcea6485baf5238fa304e92c6
I20260713 09:03:28.161414  6960 tablet_service.cc:2072] Received LeaderStepDown RPC: tablet_id: "cb549ee7951048b7abaee1acd07c30e0"
dest_uuid: "883231b4361d46648733b981f93cba7a"
mode: GRACEFUL
new_leader_uuid: "2b963123ecea45dd97a603ca80293e81"
 from {username='slave'} at 127.0.0.1:54046
I20260713 09:03:28.161952  6960 raft_consensus.cc:606] T cb549ee7951048b7abaee1acd07c30e0 P 883231b4361d46648733b981f93cba7a [term 1 LEADER]: Received request to transfer leadership to TS 2b963123ecea45dd97a603ca80293e81
I20260713 09:03:28.163091  5818 auto_leader_rebalancer.cc:479] table: test-workload, leader rebalance finish, leader transfer count: 3
I20260713 09:03:28.164012  5818 auto_leader_rebalancer.cc:554] All tables' leader rebalancing finished this round
I20260713 09:03:28.453001  7739 raft_consensus.cc:993] T cb549ee7951048b7abaee1acd07c30e0 P 883231b4361d46648733b981f93cba7a: : Instructing follower 2b963123ecea45dd97a603ca80293e81 to start an election
I20260713 09:03:28.453541  7723 raft_consensus.cc:1081] T cb549ee7951048b7abaee1acd07c30e0 P 883231b4361d46648733b981f93cba7a [term 1 LEADER]: Signalling peer 2b963123ecea45dd97a603ca80293e81 to start an election
I20260713 09:03:28.455197  7034 tablet_service.cc:2044] Received Run Leader Election RPC: tablet_id: "cb549ee7951048b7abaee1acd07c30e0"
dest_uuid: "2b963123ecea45dd97a603ca80293e81"
 from {username='slave'} at 127.0.0.1:50458
I20260713 09:03:28.455713  7034 raft_consensus.cc:493] T cb549ee7951048b7abaee1acd07c30e0 P 2b963123ecea45dd97a603ca80293e81 [term 1 FOLLOWER]: Starting forced leader election (received explicit request)
I20260713 09:03:28.456067  7034 raft_consensus.cc:3060] T cb549ee7951048b7abaee1acd07c30e0 P 2b963123ecea45dd97a603ca80293e81 [term 1 FOLLOWER]: Advancing to term 2
I20260713 09:03:28.461272  7034 raft_consensus.cc:515] T cb549ee7951048b7abaee1acd07c30e0 P 2b963123ecea45dd97a603ca80293e81 [term 2 FOLLOWER]: Starting forced leader election with config: opid_index: -1 OBSOLETE_local: false peers { permanent_uuid: "883231b4361d46648733b981f93cba7a" member_type: VOTER last_known_addr { host: "127.5.174.129" port: 38771 } } peers { permanent_uuid: "2b963123ecea45dd97a603ca80293e81" member_type: VOTER last_known_addr { host: "127.5.174.130" port: 35857 } } peers { permanent_uuid: "4a9f606dcea6485baf5238fa304e92c6" member_type: VOTER last_known_addr { host: "127.5.174.131" port: 41345 } }
