W20260713 09:02:50.590695  5909 consensus_peers.cc:597] T 8c59a07b5e564d3cbb92b6d780002ea8 P 1d9434bff543451eb686ea08a463f2f9 -> Peer 89e9f97f8f444309853686ae8c441139 (127.5.154.1:41875): Couldn't send request to peer 89e9f97f8f444309853686ae8c441139. Status: Network error: Client connection negotiation failed: client connection to 127.5.154.1:41875: connect: Connection refused (error 111). This is attempt 1: this message will repeat every 5th retry.
I20260713 09:02:50.597719  5736 tablet_server.cc:179] TabletServer@127.5.154.2:0 shutting down...
I20260713 09:02:50.636901  5736 ts_tablet_manager.cc:1507] Shutting down tablet manager...
I20260713 09:02:50.637759  5736 tablet_replica.cc:333] T 8c59a07b5e564d3cbb92b6d780002ea8 P 1d9434bff543451eb686ea08a463f2f9: stopping tablet replica
I20260713 09:02:50.638612  5736 raft_consensus.cc:2243] T 8c59a07b5e564d3cbb92b6d780002ea8 P 1d9434bff543451eb686ea08a463f2f9 [term 2 LEADER]: Raft consensus shutting down.
I20260713 09:02:50.639621  5736 raft_consensus.cc:2272] T 8c59a07b5e564d3cbb92b6d780002ea8 P 1d9434bff543451eb686ea08a463f2f9 [term 2 FOLLOWER]: Raft consensus is shut down!
I20260713 09:02:50.642057  5736 tablet_replica.cc:333] T 8b1f1c76561d473db9a9de316cb3c4d3 P 1d9434bff543451eb686ea08a463f2f9: stopping tablet replica
I20260713 09:02:50.642902  5736 raft_consensus.cc:2243] T 8b1f1c76561d473db9a9de316cb3c4d3 P 1d9434bff543451eb686ea08a463f2f9 [term 5 FOLLOWER]: Raft consensus shutting down.
I20260713 09:02:50.643415  5736 raft_consensus.cc:2272] T 8b1f1c76561d473db9a9de316cb3c4d3 P 1d9434bff543451eb686ea08a463f2f9 [term 5 FOLLOWER]: Raft consensus is shut down!
I20260713 09:02:50.646188  5736 tablet_replica.cc:333] T c2027a4ac27c46e4a83859d49a2b8ca9 P 1d9434bff543451eb686ea08a463f2f9: stopping tablet replica
I20260713 09:02:50.646920  5736 raft_consensus.cc:2243] T c2027a4ac27c46e4a83859d49a2b8ca9 P 1d9434bff543451eb686ea08a463f2f9 [term 1 FOLLOWER]: Raft consensus shutting down.
I20260713 09:02:50.647532  5736 raft_consensus.cc:2272] T c2027a4ac27c46e4a83859d49a2b8ca9 P 1d9434bff543451eb686ea08a463f2f9 [term 1 FOLLOWER]: Raft consensus is shut down!
I20260713 09:02:50.650072  5736 tablet_replica.cc:333] T 76c1f6cfd26a4b0fb9181b9c9b526688 P 1d9434bff543451eb686ea08a463f2f9: stopping tablet replica
I20260713 09:02:50.650802  5736 raft_consensus.cc:2243] T 76c1f6cfd26a4b0fb9181b9c9b526688 P 1d9434bff543451eb686ea08a463f2f9 [term 4 FOLLOWER]: Raft consensus shutting down.
I20260713 09:02:50.651265  5736 raft_consensus.cc:2272] T 76c1f6cfd26a4b0fb9181b9c9b526688 P 1d9434bff543451eb686ea08a463f2f9 [term 4 FOLLOWER]: Raft consensus is shut down!
I20260713 09:02:50.653463  5736 tablet_replica.cc:333] T bb84b46d27cb43ac9f1e71c0386b6167 P 1d9434bff543451eb686ea08a463f2f9: stopping tablet replica
I20260713 09:02:50.654186  5736 raft_consensus.cc:2243] T bb84b46d27cb43ac9f1e71c0386b6167 P 1d9434bff543451eb686ea08a463f2f9 [term 5 FOLLOWER]: Raft consensus shutting down.
I20260713 09:02:50.654704  5736 raft_consensus.cc:2272] T bb84b46d27cb43ac9f1e71c0386b6167 P 1d9434bff543451eb686ea08a463f2f9 [term 5 FOLLOWER]: Raft consensus is shut down!
I20260713 09:02:50.657178  5736 tablet_replica.cc:333] T 652d5e9d40f84613bfa1f02cb29b1f7d P 1d9434bff543451eb686ea08a463f2f9: stopping tablet replica
I20260713 09:02:50.657967  5736 raft_consensus.cc:2243] T 652d5e9d40f84613bfa1f02cb29b1f7d P 1d9434bff543451eb686ea08a463f2f9 [term 3 LEADER]: Raft consensus shutting down.
I20260713 09:02:50.658946  5736 raft_consensus.cc:2272] T 652d5e9d40f84613bfa1f02cb29b1f7d P 1d9434bff543451eb686ea08a463f2f9 [term 3 FOLLOWER]: Raft consensus is shut down!
I20260713 09:02:50.661218  5736 tablet_replica.cc:333] T 74e3157df9854ad3b92496e483a84500 P 1d9434bff543451eb686ea08a463f2f9: stopping tablet replica
I20260713 09:02:50.661919  5736 raft_consensus.cc:2243] T 74e3157df9854ad3b92496e483a84500 P 1d9434bff543451eb686ea08a463f2f9 [term 1 LEADER]: Raft consensus shutting down.
I20260713 09:02:50.662873  5736 raft_consensus.cc:2272] T 74e3157df9854ad3b92496e483a84500 P 1d9434bff543451eb686ea08a463f2f9 [term 1 FOLLOWER]: Raft consensus is shut down!
I20260713 09:02:50.665328  5736 tablet_replica.cc:333] T 2a7b7d324f6c46e59057655e713e053c P 1d9434bff543451eb686ea08a463f2f9: stopping tablet replica
I20260713 09:02:50.666107  5736 raft_consensus.cc:2243] T 2a7b7d324f6c46e59057655e713e053c P 1d9434bff543451eb686ea08a463f2f9 [term 3 FOLLOWER]: Raft consensus shutting down.
I20260713 09:02:50.666627  5736 raft_consensus.cc:2272] T 2a7b7d324f6c46e59057655e713e053c P 1d9434bff543451eb686ea08a463f2f9 [term 3 FOLLOWER]: Raft consensus is shut down!
I20260713 09:02:50.669255  5736 tablet_replica.cc:333] T 4a5049ce4e55408f8d6a703f4b73cd08 P 1d9434bff543451eb686ea08a463f2f9: stopping tablet replica
I20260713 09:02:50.669952  5736 raft_consensus.cc:2243] T 4a5049ce4e55408f8d6a703f4b73cd08 P 1d9434bff543451eb686ea08a463f2f9 [term 2 FOLLOWER]: Raft consensus shutting down.
I20260713 09:02:50.670468  5736 raft_consensus.cc:2272] T 4a5049ce4e55408f8d6a703f4b73cd08 P 1d9434bff543451eb686ea08a463f2f9 [term 2 FOLLOWER]: Raft consensus is shut down!
I20260713 09:02:50.693368  5736 tablet_server.cc:196] TabletServer@127.5.154.2:0 shutdown complete.
W20260713 09:02:50.698361  5983 consensus_peers.cc:597] T c2027a4ac27c46e4a83859d49a2b8ca9 P 5ff598c96b1c41c992486f2576caf9c8 -> Peer 89e9f97f8f444309853686ae8c441139 (127.5.154.1:41875): Couldn't send request to peer 89e9f97f8f444309853686ae8c441139. Status: Network error: Client connection negotiation failed: client connection to 127.5.154.1:41875: connect: Connection refused (error 111). This is attempt 1: this message will repeat every 5th retry.
I20260713 09:02:50.712772  5736 tablet_server.cc:179] TabletServer@127.5.154.3:0 shutting down...
I20260713 09:02:50.737063  5736 ts_tablet_manager.cc:1507] Shutting down tablet manager...
I20260713 09:02:50.737901  5736 tablet_replica.cc:333] T 8c59a07b5e564d3cbb92b6d780002ea8 P 5ff598c96b1c41c992486f2576caf9c8: stopping tablet replica
I20260713 09:02:50.738528  5736 raft_consensus.cc:2243] T 8c59a07b5e564d3cbb92b6d780002ea8 P 5ff598c96b1c41c992486f2576caf9c8 [term 2 FOLLOWER]: Raft consensus shutting down.
I20260713 09:02:50.739017  5736 raft_consensus.cc:2272] T 8c59a07b5e564d3cbb92b6d780002ea8 P 5ff598c96b1c41c992486f2576caf9c8 [term 2 FOLLOWER]: Raft consensus is shut down!
I20260713 09:02:50.740901  5736 tablet_replica.cc:333] T 652d5e9d40f84613bfa1f02cb29b1f7d P 5ff598c96b1c41c992486f2576caf9c8: stopping tablet replica
I20260713 09:02:50.741461  5736 raft_consensus.cc:2243] T 652d5e9d40f84613bfa1f02cb29b1f7d P 5ff598c96b1c41c992486f2576caf9c8 [term 3 FOLLOWER]: Raft consensus shutting down.
I20260713 09:02:50.741961  5736 raft_consensus.cc:2272] T 652d5e9d40f84613bfa1f02cb29b1f7d P 5ff598c96b1c41c992486f2576caf9c8 [term 3 FOLLOWER]: Raft consensus is shut down!
I20260713 09:02:50.743681  5736 tablet_replica.cc:333] T 74e3157df9854ad3b92496e483a84500 P 5ff598c96b1c41c992486f2576caf9c8: stopping tablet replica
I20260713 09:02:50.744196  5736 raft_consensus.cc:2243] T 74e3157df9854ad3b92496e483a84500 P 5ff598c96b1c41c992486f2576caf9c8 [term 1 FOLLOWER]: Raft consensus shutting down.
I20260713 09:02:50.744592  5736 raft_consensus.cc:2272] T 74e3157df9854ad3b92496e483a84500 P 5ff598c96b1c41c992486f2576caf9c8 [term 1 FOLLOWER]: Raft consensus is shut down!
I20260713 09:02:50.746364  5736 tablet_replica.cc:333] T 2a7b7d324f6c46e59057655e713e053c P 5ff598c96b1c41c992486f2576caf9c8: stopping tablet replica
I20260713 09:02:50.746898  5736 raft_consensus.cc:2243] T 2a7b7d324f6c46e59057655e713e053c P 5ff598c96b1c41c992486f2576caf9c8 [term 3 FOLLOWER]: Raft consensus shutting down.
I20260713 09:02:50.747315  5736 raft_consensus.cc:2272] T 2a7b7d324f6c46e59057655e713e053c P 5ff598c96b1c41c992486f2576caf9c8 [term 3 FOLLOWER]: Raft consensus is shut down!
I20260713 09:02:50.750072  5736 tablet_replica.cc:333] T 8b1f1c76561d473db9a9de316cb3c4d3 P 5ff598c96b1c41c992486f2576caf9c8: stopping tablet replica
I20260713 09:02:50.750589  5736 raft_consensus.cc:2243] T 8b1f1c76561d473db9a9de316cb3c4d3 P 5ff598c96b1c41c992486f2576caf9c8 [term 5 LEADER]: Raft consensus shutting down.
I20260713 09:02:50.751317  5736 raft_consensus.cc:2272] T 8b1f1c76561d473db9a9de316cb3c4d3 P 5ff598c96b1c41c992486f2576caf9c8 [term 5 FOLLOWER]: Raft consensus is shut down!
I20260713 09:02:50.753214  5736 tablet_replica.cc:333] T c2027a4ac27c46e4a83859d49a2b8ca9 P 5ff598c96b1c41c992486f2576caf9c8: stopping tablet replica
I20260713 09:02:50.753800  5736 raft_consensus.cc:2243] T c2027a4ac27c46e4a83859d49a2b8ca9 P 5ff598c96b1c41c992486f2576caf9c8 [term 1 LEADER]: Raft consensus shutting down.
I20260713 09:02:50.754541  5736 raft_consensus.cc:2272] T c2027a4ac27c46e4a83859d49a2b8ca9 P 5ff598c96b1c41c992486f2576caf9c8 [term 1 FOLLOWER]: Raft consensus is shut down!
I20260713 09:02:50.756230  5736 tablet_replica.cc:333] T 76c1f6cfd26a4b0fb9181b9c9b526688 P 5ff598c96b1c41c992486f2576caf9c8: stopping tablet replica
I20260713 09:02:50.756733  5736 raft_consensus.cc:2243] T 76c1f6cfd26a4b0fb9181b9c9b526688 P 5ff598c96b1c41c992486f2576caf9c8 [term 4 FOLLOWER]: Raft consensus shutting down.
I20260713 09:02:50.757177  5736 raft_consensus.cc:2272] T 76c1f6cfd26a4b0fb9181b9c9b526688 P 5ff598c96b1c41c992486f2576caf9c8 [term 4 FOLLOWER]: Raft consensus is shut down!
I20260713 09:02:50.758903  5736 tablet_replica.cc:333] T bb84b46d27cb43ac9f1e71c0386b6167 P 5ff598c96b1c41c992486f2576caf9c8: stopping tablet replica
I20260713 09:02:50.759392  5736 raft_consensus.cc:2243] T bb84b46d27cb43ac9f1e71c0386b6167 P 5ff598c96b1c41c992486f2576caf9c8 [term 5 FOLLOWER]: Raft consensus shutting down.
I20260713 09:02:50.759829  5736 raft_consensus.cc:2272] T bb84b46d27cb43ac9f1e71c0386b6167 P 5ff598c96b1c41c992486f2576caf9c8 [term 5 FOLLOWER]: Raft consensus is shut down!
I20260713 09:02:50.761809  5736 tablet_replica.cc:333] T 4a5049ce4e55408f8d6a703f4b73cd08 P 5ff598c96b1c41c992486f2576caf9c8: stopping tablet replica
I20260713 09:02:50.762288  5736 raft_consensus.cc:2243] T 4a5049ce4e55408f8d6a703f4b73cd08 P 5ff598c96b1c41c992486f2576caf9c8 [term 2 LEADER]: Raft consensus shutting down.
I20260713 09:02:50.763029  5736 raft_consensus.cc:2272] T 4a5049ce4e55408f8d6a703f4b73cd08 P 5ff598c96b1c41c992486f2576caf9c8 [term 2 FOLLOWER]: Raft consensus is shut down!
I20260713 09:02:50.789770  5736 tablet_server.cc:196] TabletServer@127.5.154.3:0 shutdown complete.
I20260713 09:02:50.805354  5736 master.cc:562] Master@127.5.154.62:43967 shutting down...
I20260713 09:02:50.945217  5736 raft_consensus.cc:2243] T 00000000000000000000000000000000 P 608ee7b86de44756aae076fe4ba7b18a [term 1 LEADER]: Raft consensus shutting down.
I20260713 09:02:50.945861  5736 raft_consensus.cc:2272] T 00000000000000000000000000000000 P 608ee7b86de44756aae076fe4ba7b18a [term 1 FOLLOWER]: Raft consensus is shut down!
I20260713 09:02:50.946153  5736 tablet_replica.cc:333] T 00000000000000000000000000000000 P 608ee7b86de44756aae076fe4ba7b18a: stopping tablet replica
I20260713 09:02:50.965050  5736 master.cc:584] Master@127.5.154.62:43967 shutdown complete.
1d9434bff543451eb686ea08a463f2f9  4
5ff598c96b1c41c992486f2576caf9c8  1
89e9f97f8f444309853686ae8c441139  4
[       OK ] LeaderRebalancerTest.FunctionalTestForDivided (13996 ms)
[ RUN      ] LeaderRebalancerTest.FunctionalTestForNotDivided
I20260713 09:02:51.004999  5736 internal_mini_cluster.cc:156] Creating distributed mini masters. Addrs: 127.5.154.62:41583
I20260713 09:02:51.006136  5736 file_cache.cc:504] Constructed file cache file cache with capacity 419430
W20260713 09:02:51.010921  6259 instance_detector.cc:116] could not retrieve AWS instance metadata: Network error: curl error: HTTP response code said error: The requested URL returned error: 404
W20260713 09:02:51.011695  6260 instance_detector.cc:116] could not retrieve Azure instance metadata: Network error: curl error: HTTP response code said error: The requested URL returned error: 404
W20260713 09:02:51.012988  6262 instance_detector.cc:116] could not retrieve OpenStack instance metadata: Network error: curl error: HTTP response code said error: The requested URL returned error: 404
I20260713 09:02:51.013278  5736 server_base.cc:1061] running on GCE node
I20260713 09:02:51.014218  5736 hybrid_clock.cc:584] initializing the hybrid clock with 'system_unsync' time source
W20260713 09:02:51.014382  5736 system_unsync_time.cc:38] NTP support is disabled. Clock error bounds will not be accurate. This configuration is not suitable for distributed clusters.
I20260713 09:02:51.014492  5736 hybrid_clock.cc:648] HybridClock initialized: now 1783933371014482 us; error 0 us; skew 500 ppm
I20260713 09:02:51.014933  5736 server_base.cc:861] Flag tcmalloc_max_total_thread_cache_bytes is not working since tcmalloc is not enabled.
I20260713 09:02:51.017197  5736 webserver.cc:533] Webserver started at http://127.5.154.62:40519/ using document root <none> and password file <none>
I20260713 09:02:51.017678  5736 fs_manager.cc:362] Metadata directory not provided
I20260713 09:02:51.017834  5736 fs_manager.cc:368] Using write-ahead log directory (fs_wal_dir) as metadata directory
I20260713 09:02:51.018041  5736 server_base.cc:909] This appears to be a new deployment of Kudu; creating new FS layout
I20260713 09:02:51.019021  5736 fs_manager.cc:1068] Generated new instance metadata in path /tmp/dist-test-task2NKP2P/test-tmp/auto_leader_rebalancer-test.0.LeaderRebalancerTest.FunctionalTestForNotDivided.1783933356847920-5736-0/minicluster-data/master-0-root/instance:
uuid: "b685461ac7b440cc946d36a04de33e21"
format_stamp: "Formatted at 2026-07-13 09:02:51 on dist-test-slave-z8rn"
I20260713 09:02:51.023206  5736 fs_manager.cc:696] Time spent creating directory manager: real 0.004s	user 0.005s	sys 0.000s
I20260713 09:02:51.026261  6267 log_block_manager.cc:4127] Time spent loading block containers with low live blocks: real 0.000s	user 0.000s	sys 0.000s
I20260713 09:02:51.027086  5736 fs_manager.cc:730] Time spent opening block manager: real 0.002s	user 0.003s	sys 0.000s
I20260713 09:02:51.027436  5736 fs_manager.cc:647] Opened local filesystem: /tmp/dist-test-task2NKP2P/test-tmp/auto_leader_rebalancer-test.0.LeaderRebalancerTest.FunctionalTestForNotDivided.1783933356847920-5736-0/minicluster-data/master-0-root
uuid: "b685461ac7b440cc946d36a04de33e21"
format_stamp: "Formatted at 2026-07-13 09:02:51 on dist-test-slave-z8rn"
I20260713 09:02:51.027753  5736 fs_report.cc:389] FS layout report
--------------------
wal directory: /tmp/dist-test-task2NKP2P/test-tmp/auto_leader_rebalancer-test.0.LeaderRebalancerTest.FunctionalTestForNotDivided.1783933356847920-5736-0/minicluster-data/master-0-root
metadata directory: /tmp/dist-test-task2NKP2P/test-tmp/auto_leader_rebalancer-test.0.LeaderRebalancerTest.FunctionalTestForNotDivided.1783933356847920-5736-0/minicluster-data/master-0-root
1 data directories: /tmp/dist-test-task2NKP2P/test-tmp/auto_leader_rebalancer-test.0.LeaderRebalancerTest.FunctionalTestForNotDivided.1783933356847920-5736-0/minicluster-data/master-0-root/data
Total live blocks: 0
Total live bytes: 0
Total live bytes (after alignment): 0
Total number of LBM containers: 0 (0 full)
Did not check for missing blocks
Did not check for orphaned blocks
Total full LBM containers with extra space: 0 (0 repaired)
Total full LBM container extra space in bytes: 0 (0 repaired)
Total incomplete LBM containers: 0 (0 repaired)
Total LBM partial records: 0 (0 repaired)
Total corrupted LBM metadata records in RocksDB: 0 (0 repaired)
I20260713 09:02:51.056636  5736 rpc_server.cc:225] running with OpenSSL 1.1.1  11 Sep 2018
I20260713 09:02:51.057897  5736 kserver.cc:163] Server-wide thread pool size limit: 3276
I20260713 09:02:51.093683  5736 rpc_server.cc:307] RPC server started. Bound to: 127.5.154.62:41583
I20260713 09:02:51.093762  6318 acceptor_pool.cc:272] collecting diagnostics on the listening RPC socket 127.5.154.62:41583 every 8 connection(s)
I20260713 09:02:51.097450  6319 data_dirs.cc:400] Could only allocate 1 dirs of requested 3 for tablet 00000000000000000000000000000000. 1 dirs total, 0 dirs full, 0 dirs failed
I20260713 09:02:51.106339  6319 tablet_bootstrap.cc:492] T 00000000000000000000000000000000 P b685461ac7b440cc946d36a04de33e21: Bootstrap starting.
I20260713 09:02:51.110816  6319 tablet_bootstrap.cc:654] T 00000000000000000000000000000000 P b685461ac7b440cc946d36a04de33e21: Neither blocks nor log segments found. Creating new log.
I20260713 09:02:51.114964  6319 tablet_bootstrap.cc:492] T 00000000000000000000000000000000 P b685461ac7b440cc946d36a04de33e21: No bootstrap required, opened a new log
I20260713 09:02:51.117002  6319 raft_consensus.cc:359] T 00000000000000000000000000000000 P b685461ac7b440cc946d36a04de33e21 [term 0 FOLLOWER]: Replica starting. Triggering 0 pending ops. Active config: opid_index: -1 OBSOLETE_local: true peers { permanent_uuid: "b685461ac7b440cc946d36a04de33e21" member_type: VOTER }
I20260713 09:02:51.117383  6319 raft_consensus.cc:385] T 00000000000000000000000000000000 P b685461ac7b440cc946d36a04de33e21 [term 0 FOLLOWER]: Consensus starting up: Expiring failure detector timer to make a prompt election more likely
I20260713 09:02:51.117655  6319 raft_consensus.cc:740] T 00000000000000000000000000000000 P b685461ac7b440cc946d36a04de33e21 [term 0 FOLLOWER]: Becoming Follower/Learner. State: Replica: b685461ac7b440cc946d36a04de33e21, State: Initialized, Role: FOLLOWER
I20260713 09:02:51.118188  6319 consensus_queue.cc:260] T 00000000000000000000000000000000 P b685461ac7b440cc946d36a04de33e21 [NON_LEADER]: Queue going to NON_LEADER mode. State: All replicated index: 0, Majority replicated index: 0, Committed index: 0, Last appended: 0.0, Last appended by leader: 0, Current term: 0, Majority size: -1, State: 0, Mode: NON_LEADER, active raft config: opid_index: -1 OBSOLETE_local: true peers { permanent_uuid: "b685461ac7b440cc946d36a04de33e21" member_type: VOTER }
I20260713 09:02:51.118639  6319 raft_consensus.cc:399] T 00000000000000000000000000000000 P b685461ac7b440cc946d36a04de33e21 [term 0 FOLLOWER]: Only one voter in the Raft config. Triggering election immediately
I20260713 09:02:51.118852  6319 raft_consensus.cc:493] T 00000000000000000000000000000000 P b685461ac7b440cc946d36a04de33e21 [term 0 FOLLOWER]: Starting leader election (initial election of a single-replica configuration)
I20260713 09:02:51.119082  6319 raft_consensus.cc:3060] T 00000000000000000000000000000000 P b685461ac7b440cc946d36a04de33e21 [term 0 FOLLOWER]: Advancing to term 1
I20260713 09:02:51.123019  6319 raft_consensus.cc:515] T 00000000000000000000000000000000 P b685461ac7b440cc946d36a04de33e21 [term 1 FOLLOWER]: Starting leader election with config: opid_index: -1 OBSOLETE_local: true peers { permanent_uuid: "b685461ac7b440cc946d36a04de33e21" member_type: VOTER }
I20260713 09:02:51.123490  6319 leader_election.cc:304] T 00000000000000000000000000000000 P b685461ac7b440cc946d36a04de33e21 [CANDIDATE]: Term 1 election: Election decided. Result: candidate won. Election summary: received 1 responses out of 1 voters: 1 yes votes; 0 no votes. yes voters: b685461ac7b440cc946d36a04de33e21; no voters: 
I20260713 09:02:51.124557  6319 leader_election.cc:290] T 00000000000000000000000000000000 P b685461ac7b440cc946d36a04de33e21 [CANDIDATE]: Term 1 election: Requested vote from peers 
I20260713 09:02:51.124944  6322 raft_consensus.cc:2804] T 00000000000000000000000000000000 P b685461ac7b440cc946d36a04de33e21 [term 1 FOLLOWER]: Leader election won for term 1
I20260713 09:02:51.126178  6322 raft_consensus.cc:697] T 00000000000000000000000000000000 P b685461ac7b440cc946d36a04de33e21 [term 1 LEADER]: Becoming Leader. State: Replica: b685461ac7b440cc946d36a04de33e21, State: Running, Role: LEADER
I20260713 09:02:51.126811  6322 consensus_queue.cc:237] T 00000000000000000000000000000000 P b685461ac7b440cc946d36a04de33e21 [LEADER]: Queue going to LEADER mode. State: All replicated index: 0, Majority replicated index: 0, Committed index: 0, Last appended: 0.0, Last appended by leader: 0, Current term: 1, Majority size: 1, State: 0, Mode: LEADER, active raft config: opid_index: -1 OBSOLETE_local: true peers { permanent_uuid: "b685461ac7b440cc946d36a04de33e21" member_type: VOTER }
I20260713 09:02:51.127355  6319 sys_catalog.cc:565] T 00000000000000000000000000000000 P b685461ac7b440cc946d36a04de33e21 [sys.catalog]: configured and running, proceeding with master startup.
I20260713 09:02:51.130856  6324 sys_catalog.cc:455] T 00000000000000000000000000000000 P b685461ac7b440cc946d36a04de33e21 [sys.catalog]: SysCatalogTable state changed. Reason: New leader b685461ac7b440cc946d36a04de33e21. Latest consensus state: current_term: 1 leader_uuid: "b685461ac7b440cc946d36a04de33e21" committed_config { opid_index: -1 OBSOLETE_local: true peers { permanent_uuid: "b685461ac7b440cc946d36a04de33e21" member_type: VOTER } }
I20260713 09:02:51.131794  6323 sys_catalog.cc:455] T 00000000000000000000000000000000 P b685461ac7b440cc946d36a04de33e21 [sys.catalog]: SysCatalogTable state changed. Reason: RaftConsensus started. Latest consensus state: current_term: 1 leader_uuid: "b685461ac7b440cc946d36a04de33e21" committed_config { opid_index: -1 OBSOLETE_local: true peers { permanent_uuid: "b685461ac7b440cc946d36a04de33e21" member_type: VOTER } }
I20260713 09:02:51.132298  6324 sys_catalog.cc:458] T 00000000000000000000000000000000 P b685461ac7b440cc946d36a04de33e21 [sys.catalog]: This master's current role is: LEADER
I20260713 09:02:51.132405  6323 sys_catalog.cc:458] T 00000000000000000000000000000000 P b685461ac7b440cc946d36a04de33e21 [sys.catalog]: This master's current role is: LEADER
I20260713 09:02:51.134250  6329 catalog_manager.cc:1511] Loading table and tablet metadata into memory...
I20260713 09:02:51.139997  6329 catalog_manager.cc:1520] Initializing Kudu cluster ID...
I20260713 09:02:51.142333  5736 internal_mini_cluster.cc:184] Waiting to initialize catalog manager on master 0
I20260713 09:02:51.148304  6329 catalog_manager.cc:1383] Generated new cluster ID: 676565f8c0384405bf241fc5cf2f1099
I20260713 09:02:51.148561  6329 catalog_manager.cc:1531] Initializing Kudu internal certificate authority...
I20260713 09:02:51.166635  6329 catalog_manager.cc:1406] Generated new certificate authority record
I20260713 09:02:51.167768  6329 catalog_manager.cc:1540] Loading token signing keys...
I20260713 09:02:51.181787  6329 catalog_manager.cc:6070] T 00000000000000000000000000000000 P b685461ac7b440cc946d36a04de33e21: Generated new TSK 0
I20260713 09:02:51.182337  6329 catalog_manager.cc:1550] Initializing in-progress tserver states...
I20260713 09:02:51.208508  5736 file_cache.cc:504] Constructed file cache file cache with capacity 419430
W20260713 09:02:51.214533  6340 instance_detector.cc:116] could not retrieve AWS instance metadata: Network error: curl error: HTTP response code said error: The requested URL returned error: 404
W20260713 09:02:51.215749  6341 instance_detector.cc:116] could not retrieve Azure instance metadata: Network error: curl error: HTTP response code said error: The requested URL returned error: 404
I20260713 09:02:51.217253  5736 server_base.cc:1061] running on GCE node
W20260713 09:02:51.217568  6343 instance_detector.cc:116] could not retrieve OpenStack instance metadata: Network error: curl error: HTTP response code said error: The requested URL returned error: 404
I20260713 09:02:51.218526  5736 hybrid_clock.cc:584] initializing the hybrid clock with 'system_unsync' time source
W20260713 09:02:51.218724  5736 system_unsync_time.cc:38] NTP support is disabled. Clock error bounds will not be accurate. This configuration is not suitable for distributed clusters.
I20260713 09:02:51.218853  5736 hybrid_clock.cc:648] HybridClock initialized: now 1783933371218841 us; error 0 us; skew 500 ppm
I20260713 09:02:51.219331  5736 server_base.cc:861] Flag tcmalloc_max_total_thread_cache_bytes is not working since tcmalloc is not enabled.
I20260713 09:02:51.221837  5736 webserver.cc:533] Webserver started at http://127.5.154.1:37501/ using document root <none> and password file <none>
I20260713 09:02:51.222327  5736 fs_manager.cc:362] Metadata directory not provided
I20260713 09:02:51.222517  5736 fs_manager.cc:368] Using write-ahead log directory (fs_wal_dir) as metadata directory
I20260713 09:02:51.222760  5736 server_base.cc:909] This appears to be a new deployment of Kudu; creating new FS layout
I20260713 09:02:51.223909  5736 fs_manager.cc:1068] Generated new instance metadata in path /tmp/dist-test-task2NKP2P/test-tmp/auto_leader_rebalancer-test.0.LeaderRebalancerTest.FunctionalTestForNotDivided.1783933356847920-5736-0/minicluster-data/ts-0-root/instance:
uuid: "4943d296f22e46e4a8bcadc2da98ae35"
format_stamp: "Formatted at 2026-07-13 09:02:51 on dist-test-slave-z8rn"
I20260713 09:02:51.228724  5736 fs_manager.cc:696] Time spent creating directory manager: real 0.004s	user 0.002s	sys 0.004s
I20260713 09:02:51.232183  6348 log_block_manager.cc:4127] Time spent loading block containers with low live blocks: real 0.000s	user 0.000s	sys 0.000s
I20260713 09:02:51.232975  5736 fs_manager.cc:730] Time spent opening block manager: real 0.002s	user 0.002s	sys 0.000s
I20260713 09:02:51.233279  5736 fs_manager.cc:647] Opened local filesystem: /tmp/dist-test-task2NKP2P/test-tmp/auto_leader_rebalancer-test.0.LeaderRebalancerTest.FunctionalTestForNotDivided.1783933356847920-5736-0/minicluster-data/ts-0-root
uuid: "4943d296f22e46e4a8bcadc2da98ae35"
format_stamp: "Formatted at 2026-07-13 09:02:51 on dist-test-slave-z8rn"
I20260713 09:02:51.233642  5736 fs_report.cc:389] FS layout report
--------------------
wal directory: /tmp/dist-test-task2NKP2P/test-tmp/auto_leader_rebalancer-test.0.LeaderRebalancerTest.FunctionalTestForNotDivided.1783933356847920-5736-0/minicluster-data/ts-0-root
metadata directory: /tmp/dist-test-task2NKP2P/test-tmp/auto_leader_rebalancer-test.0.LeaderRebalancerTest.FunctionalTestForNotDivided.1783933356847920-5736-0/minicluster-data/ts-0-root
1 data directories: /tmp/dist-test-task2NKP2P/test-tmp/auto_leader_rebalancer-test.0.LeaderRebalancerTest.FunctionalTestForNotDivided.1783933356847920-5736-0/minicluster-data/ts-0-root/data
Total live blocks: 0
Total live bytes: 0
Total live bytes (after alignment): 0
Total number of LBM containers: 0 (0 full)
Did not check for missing blocks
Did not check for orphaned blocks
Total full LBM containers with extra space: 0 (0 repaired)
Total full LBM container extra space in bytes: 0 (0 repaired)
Total incomplete LBM containers: 0 (0 repaired)
Total LBM partial records: 0 (0 repaired)
Total corrupted LBM metadata records in RocksDB: 0 (0 repaired)
I20260713 09:02:51.245308  5736 rpc_server.cc:225] running with OpenSSL 1.1.1  11 Sep 2018
I20260713 09:02:51.246595  5736 kserver.cc:163] Server-wide thread pool size limit: 3276
I20260713 09:02:51.248101  5736 txn_system_client.cc:432] TxnSystemClient initialization is disabled...
I20260713 09:02:51.250406  5736 ts_tablet_manager.cc:585] Loaded tablet metadata (0 total tablets, 0 live tablets)
I20260713 09:02:51.250646  5736 ts_tablet_manager.cc:531] Time spent load tablet metadata: real 0.000s	user 0.000s	sys 0.000s
I20260713 09:02:51.250896  5736 ts_tablet_manager.cc:616] Registered 0 tablets
I20260713 09:02:51.251096  5736 ts_tablet_manager.cc:595] Time spent register tablets: real 0.000s	user 0.000s	sys 0.000s
I20260713 09:02:51.290660  5736 rpc_server.cc:307] RPC server started. Bound to: 127.5.154.1:44595
I20260713 09:02:51.290789  6410 acceptor_pool.cc:272] collecting diagnostics on the listening RPC socket 127.5.154.1:44595 every 8 connection(s)
I20260713 09:02:51.295632  5736 file_cache.cc:504] Constructed file cache file cache with capacity 419430
W20260713 09:02:51.306130  6415 instance_detector.cc:116] could not retrieve AWS instance metadata: Network error: curl error: HTTP response code said error: The requested URL returned error: 404
W20260713 09:02:51.306185  6416 instance_detector.cc:116] could not retrieve Azure instance metadata: Network error: curl error: HTTP response code said error: The requested URL returned error: 404
W20260713 09:02:51.308755  6418 instance_detector.cc:116] could not retrieve OpenStack instance metadata: Network error: curl error: HTTP response code said error: The requested URL returned error: 404
I20260713 09:02:51.310027  5736 server_base.cc:1061] running on GCE node
I20260713 09:02:51.311003  5736 hybrid_clock.cc:584] initializing the hybrid clock with 'system_unsync' time source
W20260713 09:02:51.311260  5736 system_unsync_time.cc:38] NTP support is disabled. Clock error bounds will not be accurate. This configuration is not suitable for distributed clusters.
I20260713 09:02:51.311465  5736 hybrid_clock.cc:648] HybridClock initialized: now 1783933371311446 us; error 0 us; skew 500 ppm
I20260713 09:02:51.312016  5736 server_base.cc:861] Flag tcmalloc_max_total_thread_cache_bytes is not working since tcmalloc is not enabled.
I20260713 09:02:51.314284  6411 heartbeater.cc:344] Connected to a master server at 127.5.154.62:41583
I20260713 09:02:51.314651  6411 heartbeater.cc:461] Registering TS with master...
I20260713 09:02:51.315435  5736 webserver.cc:533] Webserver started at http://127.5.154.2:38323/ using document root <none> and password file <none>
I20260713 09:02:51.315560  6411 heartbeater.cc:507] Master 127.5.154.62:41583 requested a full tablet report, sending...
I20260713 09:02:51.316067  5736 fs_manager.cc:362] Metadata directory not provided
I20260713 09:02:51.316313  5736 fs_manager.cc:368] Using write-ahead log directory (fs_wal_dir) as metadata directory
I20260713 09:02:51.316622  5736 server_base.cc:909] This appears to be a new deployment of Kudu; creating new FS layout
I20260713 09:02:51.317742  5736 fs_manager.cc:1068] Generated new instance metadata in path /tmp/dist-test-task2NKP2P/test-tmp/auto_leader_rebalancer-test.0.LeaderRebalancerTest.FunctionalTestForNotDivided.1783933356847920-5736-0/minicluster-data/ts-1-root/instance:
uuid: "59dc6b29ab754e4389d4e40825a7f2d5"
format_stamp: "Formatted at 2026-07-13 09:02:51 on dist-test-slave-z8rn"
I20260713 09:02:51.317914  6284 ts_manager.cc:194] Registered new tserver with Master: 4943d296f22e46e4a8bcadc2da98ae35 (127.5.154.1:44595)
I20260713 09:02:51.319820  6284 master_service.cc:502] Signed X509 certificate for tserver {username='slave'} at 127.0.0.1:40202
I20260713 09:02:51.322175  5736 fs_manager.cc:696] Time spent creating directory manager: real 0.004s	user 0.003s	sys 0.001s
I20260713 09:02:51.325551  6423 log_block_manager.cc:4127] Time spent loading block containers with low live blocks: real 0.000s	user 0.000s	sys 0.000s
I20260713 09:02:51.326339  5736 fs_manager.cc:730] Time spent opening block manager: real 0.002s	user 0.002s	sys 0.001s
I20260713 09:02:51.326606  5736 fs_manager.cc:647] Opened local filesystem: /tmp/dist-test-task2NKP2P/test-tmp/auto_leader_rebalancer-test.0.LeaderRebalancerTest.FunctionalTestForNotDivided.1783933356847920-5736-0/minicluster-data/ts-1-root
uuid: "59dc6b29ab754e4389d4e40825a7f2d5"
format_stamp: "Formatted at 2026-07-13 09:02:51 on dist-test-slave-z8rn"
I20260713 09:02:51.326849  5736 fs_report.cc:389] FS layout report
--------------------
wal directory: /tmp/dist-test-task2NKP2P/test-tmp/auto_leader_rebalancer-test.0.LeaderRebalancerTest.FunctionalTestForNotDivided.1783933356847920-5736-0/minicluster-data/ts-1-root
metadata directory: /tmp/dist-test-task2NKP2P/test-tmp/auto_leader_rebalancer-test.0.LeaderRebalancerTest.FunctionalTestForNotDivided.1783933356847920-5736-0/minicluster-data/ts-1-root
1 data directories: /tmp/dist-test-task2NKP2P/test-tmp/auto_leader_rebalancer-test.0.LeaderRebalancerTest.FunctionalTestForNotDivided.1783933356847920-5736-0/minicluster-data/ts-1-root/data
Total live blocks: 0
Total live bytes: 0
Total live bytes (after alignment): 0
Total number of LBM containers: 0 (0 full)
Did not check for missing blocks
Did not check for orphaned blocks
Total full LBM containers with extra space: 0 (0 repaired)
Total full LBM container extra space in bytes: 0 (0 repaired)
Total incomplete LBM containers: 0 (0 repaired)
Total LBM partial records: 0 (0 repaired)
Total corrupted LBM metadata records in RocksDB: 0 (0 repaired)
I20260713 09:02:51.347729  5736 rpc_server.cc:225] running with OpenSSL 1.1.1  11 Sep 2018
I20260713 09:02:51.348841  5736 kserver.cc:163] Server-wide thread pool size limit: 3276
I20260713 09:02:51.350332  5736 txn_system_client.cc:432] TxnSystemClient initialization is disabled...
I20260713 09:02:51.352391  5736 ts_tablet_manager.cc:585] Loaded tablet metadata (0 total tablets, 0 live tablets)
I20260713 09:02:51.352558  5736 ts_tablet_manager.cc:531] Time spent load tablet metadata: real 0.000s	user 0.000s	sys 0.000s
I20260713 09:02:51.352839  5736 ts_tablet_manager.cc:616] Registered 0 tablets
I20260713 09:02:51.352994  5736 ts_tablet_manager.cc:595] Time spent register tablets: real 0.000s	user 0.000s	sys 0.000s
I20260713 09:02:51.391813  5736 rpc_server.cc:307] RPC server started. Bound to: 127.5.154.2:39921
I20260713 09:02:51.391988  6485 acceptor_pool.cc:272] collecting diagnostics on the listening RPC socket 127.5.154.2:39921 every 8 connection(s)
I20260713 09:02:51.397195  5736 file_cache.cc:504] Constructed file cache file cache with capacity 419430
W20260713 09:02:51.404397  6489 instance_detector.cc:116] could not retrieve AWS instance metadata: Network error: curl error: HTTP response code said error: The requested URL returned error: 404
W20260713 09:02:51.405623  6490 instance_detector.cc:116] could not retrieve Azure instance metadata: Network error: curl error: HTTP response code said error: The requested URL returned error: 404
I20260713 09:02:51.408586  5736 server_base.cc:1061] running on GCE node
W20260713 09:02:51.409284  6492 instance_detector.cc:116] could not retrieve OpenStack instance metadata: Network error: curl error: HTTP response code said error: The requested URL returned error: 404
I20260713 09:02:51.409794  6486 heartbeater.cc:344] Connected to a master server at 127.5.154.62:41583
I20260713 09:02:51.410164  6486 heartbeater.cc:461] Registering TS with master...
I20260713 09:02:51.410288  5736 hybrid_clock.cc:584] initializing the hybrid clock with 'system_unsync' time source
W20260713 09:02:51.410538  5736 system_unsync_time.cc:38] NTP support is disabled. Clock error bounds will not be accurate. This configuration is not suitable for distributed clusters.
I20260713 09:02:51.410717  5736 hybrid_clock.cc:648] HybridClock initialized: now 1783933371410701 us; error 0 us; skew 500 ppm
I20260713 09:02:51.410902  6486 heartbeater.cc:507] Master 127.5.154.62:41583 requested a full tablet report, sending...
I20260713 09:02:51.411306  5736 server_base.cc:861] Flag tcmalloc_max_total_thread_cache_bytes is not working since tcmalloc is not enabled.
I20260713 09:02:51.412825  6284 ts_manager.cc:194] Registered new tserver with Master: 59dc6b29ab754e4389d4e40825a7f2d5 (127.5.154.2:39921)
I20260713 09:02:51.414116  5736 webserver.cc:533] Webserver started at http://127.5.154.3:34811/ using document root <none> and password file <none>
I20260713 09:02:51.414274  6284 master_service.cc:502] Signed X509 certificate for tserver {username='slave'} at 127.0.0.1:40204
I20260713 09:02:51.414657  5736 fs_manager.cc:362] Metadata directory not provided
I20260713 09:02:51.414911  5736 fs_manager.cc:368] Using write-ahead log directory (fs_wal_dir) as metadata directory
I20260713 09:02:51.415251  5736 server_base.cc:909] This appears to be a new deployment of Kudu; creating new FS layout
I20260713 09:02:51.416373  5736 fs_manager.cc:1068] Generated new instance metadata in path /tmp/dist-test-task2NKP2P/test-tmp/auto_leader_rebalancer-test.0.LeaderRebalancerTest.FunctionalTestForNotDivided.1783933356847920-5736-0/minicluster-data/ts-2-root/instance:
uuid: "ac8ba346de8b49f5932a001daeab9dc4"
format_stamp: "Formatted at 2026-07-13 09:02:51 on dist-test-slave-z8rn"
I20260713 09:02:51.420540  5736 fs_manager.cc:696] Time spent creating directory manager: real 0.004s	user 0.004s	sys 0.002s
I20260713 09:02:51.423470  6497 log_block_manager.cc:4127] Time spent loading block containers with low live blocks: real 0.000s	user 0.000s	sys 0.000s
I20260713 09:02:51.424232  5736 fs_manager.cc:730] Time spent opening block manager: real 0.002s	user 0.002s	sys 0.000s
I20260713 09:02:51.424557  5736 fs_manager.cc:647] Opened local filesystem: /tmp/dist-test-task2NKP2P/test-tmp/auto_leader_rebalancer-test.0.LeaderRebalancerTest.FunctionalTestForNotDivided.1783933356847920-5736-0/minicluster-data/ts-2-root
uuid: "ac8ba346de8b49f5932a001daeab9dc4"
format_stamp: "Formatted at 2026-07-13 09:02:51 on dist-test-slave-z8rn"
I20260713 09:02:51.424856  5736 fs_report.cc:389] FS layout report
--------------------
wal directory: /tmp/dist-test-task2NKP2P/test-tmp/auto_leader_rebalancer-test.0.LeaderRebalancerTest.FunctionalTestForNotDivided.1783933356847920-5736-0/minicluster-data/ts-2-root
metadata directory: /tmp/dist-test-task2NKP2P/test-tmp/auto_leader_rebalancer-test.0.LeaderRebalancerTest.FunctionalTestForNotDivided.1783933356847920-5736-0/minicluster-data/ts-2-root
1 data directories: /tmp/dist-test-task2NKP2P/test-tmp/auto_leader_rebalancer-test.0.LeaderRebalancerTest.FunctionalTestForNotDivided.1783933356847920-5736-0/minicluster-data/ts-2-root/data
Total live blocks: 0
Total live bytes: 0
Total live bytes (after alignment): 0
Total number of LBM containers: 0 (0 full)
Did not check for missing blocks
Did not check for orphaned blocks
Total full LBM containers with extra space: 0 (0 repaired)
Total full LBM container extra space in bytes: 0 (0 repaired)
Total incomplete LBM containers: 0 (0 repaired)
Total LBM partial records: 0 (0 repaired)
Total corrupted LBM metadata records in RocksDB: 0 (0 repaired)
I20260713 09:02:51.444137  5736 rpc_server.cc:225] running with OpenSSL 1.1.1  11 Sep 2018
I20260713 09:02:51.445354  5736 kserver.cc:163] Server-wide thread pool size limit: 3276
I20260713 09:02:51.446897  5736 txn_system_client.cc:432] TxnSystemClient initialization is disabled...
I20260713 09:02:51.449172  5736 ts_tablet_manager.cc:585] Loaded tablet metadata (0 total tablets, 0 live tablets)
I20260713 09:02:51.449386  5736 ts_tablet_manager.cc:531] Time spent load tablet metadata: real 0.000s	user 0.000s	sys 0.000s
I20260713 09:02:51.449724  5736 ts_tablet_manager.cc:616] Registered 0 tablets
I20260713 09:02:51.449901  5736 ts_tablet_manager.cc:595] Time spent register tablets: real 0.000s	user 0.000s	sys 0.000s
I20260713 09:02:51.491436  5736 rpc_server.cc:307] RPC server started. Bound to: 127.5.154.3:37263
I20260713 09:02:51.491530  6559 acceptor_pool.cc:272] collecting diagnostics on the listening RPC socket 127.5.154.3:37263 every 8 connection(s)
I20260713 09:02:51.505334  6560 heartbeater.cc:344] Connected to a master server at 127.5.154.62:41583
I20260713 09:02:51.505653  6560 heartbeater.cc:461] Registering TS with master...
I20260713 09:02:51.506274  6560 heartbeater.cc:507] Master 127.5.154.62:41583 requested a full tablet report, sending...
I20260713 09:02:51.508086  6284 ts_manager.cc:194] Registered new tserver with Master: ac8ba346de8b49f5932a001daeab9dc4 (127.5.154.3:37263)
I20260713 09:02:51.508347  5736 internal_mini_cluster.cc:371] 3 TS(s) registered with all masters after 0.013485151s
I20260713 09:02:51.509366  6284 master_service.cc:502] Signed X509 certificate for tserver {username='slave'} at 127.0.0.1:40220
I20260713 09:02:51.533881  6284 catalog_manager.cc:2283] Servicing CreateTable request from {username='slave'} at 127.0.0.1:40228:
name: "test-workload"
schema {
  columns {
    name: "key"
    type: INT32
    is_key: true
    is_nullable: false
    encoding: AUTO_ENCODING
    compression: DEFAULT_COMPRESSION
    cfile_block_size: 0
    immutable: false
  }
  columns {
    name: "int_val"
    type: INT32
    is_key: false
    is_nullable: false
    encoding: AUTO_ENCODING
    compression: DEFAULT_COMPRESSION
    cfile_block_size: 0
    immutable: false
  }
  columns {
    name: "string_val"
    type: STRING
    is_key: false
    is_nullable: true
    encoding: AUTO_ENCODING
    compression: DEFAULT_COMPRESSION
    cfile_block_size: 0
    immutable: false
  }
}
num_replicas: 3
split_rows_range_bounds {
  rows: "\004\001\000\314\314\314\014\004\001\000\230\231\231\031\004\001\000dff&\004\001\0000333\004\001\000\374\377\377?\004\001\000\310\314\314L\004\001\000\224\231\231Y\004\001\000`fff\004\001\000,33s""\004\001\000\314\314\314\014\004\001\000\230\231\231\031\004\001\000dff&\004\001\0000333\004\001\000\374\377\377?\004\001\000\310\314\314L\004\001\000\224\231\231Y\004\001\000`fff\004\001\000,33s"
  indirect_data: """"
}
partition_schema {
  range_schema {
    columns {
      name: "key"
    }
  }
}
W20260713 09:02:51.537048  6284 catalog_manager.cc:7077] The number of live tablet servers is not enough to re-replicate a tablet replica of the newly created table test-workload in case of a server failure: 4 tablet servers would be needed, 3 are available. Consider bringing up more tablet servers.
I20260713 09:02:51.623565  6525 tablet_service.cc:1511] Processing CreateTablet for tablet ee24993414a447c7a336a86519522e26 (DEFAULT_TABLE table=test-workload [id=401a7428fc064549b78b34f3cfab3574]), partition=RANGE (key) PARTITION VALUES < 214748364
I20260713 09:02:51.625166  6525 data_dirs.cc:400] Could only allocate 1 dirs of requested 3 for tablet ee24993414a447c7a336a86519522e26. 1 dirs total, 0 dirs full, 0 dirs failed
I20260713 09:02:51.627116  6524 tablet_service.cc:1511] Processing CreateTablet for tablet 38773584be21497ab54aa43a597bb327 (DEFAULT_TABLE table=test-workload [id=401a7428fc064549b78b34f3cfab3574]), partition=RANGE (key) PARTITION 214748364 <= VALUES < 429496728
I20260713 09:02:51.628265  6524 data_dirs.cc:400] Could only allocate 1 dirs of requested 3 for tablet 38773584be21497ab54aa43a597bb327. 1 dirs total, 0 dirs full, 0 dirs failed
I20260713 09:02:51.631498  6376 tablet_service.cc:1511] Processing CreateTablet for tablet ee24993414a447c7a336a86519522e26 (DEFAULT_TABLE table=test-workload [id=401a7428fc064549b78b34f3cfab3574]), partition=RANGE (key) PARTITION VALUES < 214748364
I20260713 09:02:51.631883  6375 tablet_service.cc:1511] Processing CreateTablet for tablet 38773584be21497ab54aa43a597bb327 (DEFAULT_TABLE table=test-workload [id=401a7428fc064549b78b34f3cfab3574]), partition=RANGE (key) PARTITION 214748364 <= VALUES < 429496728
I20260713 09:02:51.632946  6376 data_dirs.cc:400] Could only allocate 1 dirs of requested 3 for tablet ee24993414a447c7a336a86519522e26. 1 dirs total, 0 dirs full, 0 dirs failed
I20260713 09:02:51.634160  6523 tablet_service.cc:1511] Processing CreateTablet for tablet 1ca14e82b79649e8a302f628acc0d3a6 (DEFAULT_TABLE table=test-workload [id=401a7428fc064549b78b34f3cfab3574]), partition=RANGE (key) PARTITION 429496728 <= VALUES < 644245092
I20260713 09:02:51.634552  6372 tablet_service.cc:1511] Processing CreateTablet for tablet 3b06e9ea3cfd4b5392a231f0ca80fbab (DEFAULT_TABLE table=test-workload [id=401a7428fc064549b78b34f3cfab3574]), partition=RANGE (key) PARTITION 858993456 <= VALUES < 1073741820
I20260713 09:02:51.635586  6523 data_dirs.cc:400] Could only allocate 1 dirs of requested 3 for tablet 1ca14e82b79649e8a302f628acc0d3a6. 1 dirs total, 0 dirs full, 0 dirs failed
I20260713 09:02:51.635852  6372 data_dirs.cc:400] Could only allocate 1 dirs of requested 3 for tablet 3b06e9ea3cfd4b5392a231f0ca80fbab. 1 dirs total, 0 dirs full, 0 dirs failed
I20260713 09:02:51.638314  6374 tablet_service.cc:1511] Processing CreateTablet for tablet 1ca14e82b79649e8a302f628acc0d3a6 (DEFAULT_TABLE table=test-workload [id=401a7428fc064549b78b34f3cfab3574]), partition=RANGE (key) PARTITION 429496728 <= VALUES < 644245092
I20260713 09:02:51.639712  6374 data_dirs.cc:400] Could only allocate 1 dirs of requested 3 for tablet 1ca14e82b79649e8a302f628acc0d3a6. 1 dirs total, 0 dirs full, 0 dirs failed
I20260713 09:02:51.642755  6522 tablet_service.cc:1511] Processing CreateTablet for tablet a3fad2af5aec4d5b98a0fb437f69fd45 (DEFAULT_TABLE table=test-workload [id=401a7428fc064549b78b34f3cfab3574]), partition=RANGE (key) PARTITION 644245092 <= VALUES < 858993456
I20260713 09:02:51.645219  6373 tablet_service.cc:1511] Processing CreateTablet for tablet a3fad2af5aec4d5b98a0fb437f69fd45 (DEFAULT_TABLE table=test-workload [id=401a7428fc064549b78b34f3cfab3574]), partition=RANGE (key) PARTITION 644245092 <= VALUES < 858993456
I20260713 09:02:51.646543  6373 data_dirs.cc:400] Could only allocate 1 dirs of requested 3 for tablet a3fad2af5aec4d5b98a0fb437f69fd45. 1 dirs total, 0 dirs full, 0 dirs failed
I20260713 09:02:51.652599  6375 data_dirs.cc:400] Could only allocate 1 dirs of requested 3 for tablet 38773584be21497ab54aa43a597bb327. 1 dirs total, 0 dirs full, 0 dirs failed
I20260713 09:02:51.653436  6521 tablet_service.cc:1511] Processing CreateTablet for tablet 3b06e9ea3cfd4b5392a231f0ca80fbab (DEFAULT_TABLE table=test-workload [id=401a7428fc064549b78b34f3cfab3574]), partition=RANGE (key) PARTITION 858993456 <= VALUES < 1073741820
I20260713 09:02:51.656296  6451 tablet_service.cc:1511] Processing CreateTablet for tablet ee24993414a447c7a336a86519522e26 (DEFAULT_TABLE table=test-workload [id=401a7428fc064549b78b34f3cfab3574]), partition=RANGE (key) PARTITION VALUES < 214748364
I20260713 09:02:51.657706  6448 tablet_service.cc:1511] Processing CreateTablet for tablet a3fad2af5aec4d5b98a0fb437f69fd45 (DEFAULT_TABLE table=test-workload [id=401a7428fc064549b78b34f3cfab3574]), partition=RANGE (key) PARTITION 644245092 <= VALUES < 858993456
I20260713 09:02:51.658691  6450 tablet_service.cc:1511] Processing CreateTablet for tablet 38773584be21497ab54aa43a597bb327 (DEFAULT_TABLE table=test-workload [id=401a7428fc064549b78b34f3cfab3574]), partition=RANGE (key) PARTITION 214748364 <= VALUES < 429496728
I20260713 09:02:51.660185  6447 tablet_service.cc:1511] Processing CreateTablet for tablet 3b06e9ea3cfd4b5392a231f0ca80fbab (DEFAULT_TABLE table=test-workload [id=401a7428fc064549b78b34f3cfab3574]), partition=RANGE (key) PARTITION 858993456 <= VALUES < 1073741820
I20260713 09:02:51.660934  6449 tablet_service.cc:1511] Processing CreateTablet for tablet 1ca14e82b79649e8a302f628acc0d3a6 (DEFAULT_TABLE table=test-workload [id=401a7428fc064549b78b34f3cfab3574]), partition=RANGE (key) PARTITION 429496728 <= VALUES < 644245092
I20260713 09:02:51.662488  6451 data_dirs.cc:400] Could only allocate 1 dirs of requested 3 for tablet ee24993414a447c7a336a86519522e26. 1 dirs total, 0 dirs full, 0 dirs failed
I20260713 09:02:51.663615  6446 tablet_service.cc:1511] Processing CreateTablet for tablet 810f10d2c4204c3da5628ce5fd1f09f8 (DEFAULT_TABLE table=test-workload [id=401a7428fc064549b78b34f3cfab3574]), partition=RANGE (key) PARTITION 1073741820 <= VALUES < 1288490184
I20260713 09:02:51.664930  6446 data_dirs.cc:400] Could only allocate 1 dirs of requested 3 for tablet 810f10d2c4204c3da5628ce5fd1f09f8. 1 dirs total, 0 dirs full, 0 dirs failed
I20260713 09:02:51.665836  6449 data_dirs.cc:400] Could only allocate 1 dirs of requested 3 for tablet 1ca14e82b79649e8a302f628acc0d3a6. 1 dirs total, 0 dirs full, 0 dirs failed
I20260713 09:02:51.667074  6447 data_dirs.cc:400] Could only allocate 1 dirs of requested 3 for tablet 3b06e9ea3cfd4b5392a231f0ca80fbab. 1 dirs total, 0 dirs full, 0 dirs failed
I20260713 09:02:51.667814  6371 tablet_service.cc:1511] Processing CreateTablet for tablet 4e06200760f241f0a44da489b29cbe5c (DEFAULT_TABLE table=test-workload [id=401a7428fc064549b78b34f3cfab3574]), partition=RANGE (key) PARTITION 1288490184 <= VALUES < 1503238548
I20260713 09:02:51.669116  6371 data_dirs.cc:400] Could only allocate 1 dirs of requested 3 for tablet 4e06200760f241f0a44da489b29cbe5c. 1 dirs total, 0 dirs full, 0 dirs failed
I20260713 09:02:51.672271  6450 data_dirs.cc:400] Could only allocate 1 dirs of requested 3 for tablet 38773584be21497ab54aa43a597bb327. 1 dirs total, 0 dirs full, 0 dirs failed
I20260713 09:02:51.673677  6445 tablet_service.cc:1511] Processing CreateTablet for tablet 4e06200760f241f0a44da489b29cbe5c (DEFAULT_TABLE table=test-workload [id=401a7428fc064549b78b34f3cfab3574]), partition=RANGE (key) PARTITION 1288490184 <= VALUES < 1503238548
I20260713 09:02:51.674959  6445 data_dirs.cc:400] Could only allocate 1 dirs of requested 3 for tablet 4e06200760f241f0a44da489b29cbe5c. 1 dirs total, 0 dirs full, 0 dirs failed
I20260713 09:02:51.675948  6370 tablet_service.cc:1511] Processing CreateTablet for tablet de82ac061dd840ee9f10a88b099e2db2 (DEFAULT_TABLE table=test-workload [id=401a7428fc064549b78b34f3cfab3574]), partition=RANGE (key) PARTITION 1503238548 <= VALUES < 1717986912
I20260713 09:02:51.677229  6370 data_dirs.cc:400] Could only allocate 1 dirs of requested 3 for tablet de82ac061dd840ee9f10a88b099e2db2. 1 dirs total, 0 dirs full, 0 dirs failed
I20260713 09:02:51.644016  6522 data_dirs.cc:400] Could only allocate 1 dirs of requested 3 for tablet a3fad2af5aec4d5b98a0fb437f69fd45. 1 dirs total, 0 dirs full, 0 dirs failed
I20260713 09:02:51.677807  6448 data_dirs.cc:400] Could only allocate 1 dirs of requested 3 for tablet a3fad2af5aec4d5b98a0fb437f69fd45. 1 dirs total, 0 dirs full, 0 dirs failed
I20260713 09:02:51.682395  6521 data_dirs.cc:400] Could only allocate 1 dirs of requested 3 for tablet 3b06e9ea3cfd4b5392a231f0ca80fbab. 1 dirs total, 0 dirs full, 0 dirs failed
I20260713 09:02:51.683087  6369 tablet_service.cc:1511] Processing CreateTablet for tablet 32a5aef4fe564a3789aed12022b09fc6 (DEFAULT_TABLE table=test-workload [id=401a7428fc064549b78b34f3cfab3574]), partition=RANGE (key) PARTITION 1717986912 <= VALUES < 1932735276
