I20260713 09:02:55.398533 11939 raft_consensus.cc:3055] T 322a8dac7ed34f2e9f8b12fc1a50d584 P 29809f6d698d4045bd137e8ba82bd10d [term 1 LEADER]: Stepping down as leader of term 1
I20260713 09:02:55.398998 12013 raft_consensus.cc:3060] T 322a8dac7ed34f2e9f8b12fc1a50d584 P 4f596a9ecf054ed99794c19ea1210326 [term 1 FOLLOWER]: Advancing to term 2
I20260713 09:02:55.399290 11939 raft_consensus.cc:740] T 322a8dac7ed34f2e9f8b12fc1a50d584 P 29809f6d698d4045bd137e8ba82bd10d [term 1 LEADER]: Becoming Follower/Learner. State: Replica: 29809f6d698d4045bd137e8ba82bd10d, State: Running, Role: LEADER
I20260713 09:02:55.400041 11939 consensus_queue.cc:260] T 322a8dac7ed34f2e9f8b12fc1a50d584 P 29809f6d698d4045bd137e8ba82bd10d [NON_LEADER]: Queue going to NON_LEADER mode. State: All replicated index: 0, Majority replicated index: 1, Committed index: 1, Last appended: 1.1, Last appended by leader: 1, Current term: 1, Majority size: -1, State: 0, Mode: NON_LEADER, active raft config: opid_index: -1 OBSOLETE_local: false peers { permanent_uuid: "9ee5d3cb34ce4dd2acc239d79e37f14a" member_type: VOTER last_known_addr { host: "127.10.248.193" port: 46429 } } peers { permanent_uuid: "29809f6d698d4045bd137e8ba82bd10d" member_type: VOTER last_known_addr { host: "127.10.248.194" port: 36927 } } peers { permanent_uuid: "4f596a9ecf054ed99794c19ea1210326" member_type: VOTER last_known_addr { host: "127.10.248.195" port: 35599 } }
I20260713 09:02:55.401151 11939 raft_consensus.cc:3060] T 322a8dac7ed34f2e9f8b12fc1a50d584 P 29809f6d698d4045bd137e8ba82bd10d [term 1 FOLLOWER]: Advancing to term 2
I20260713 09:02:55.403244 11863 raft_consensus.cc:515] T 04278cf9a59d4801a239364012986876 P 9ee5d3cb34ce4dd2acc239d79e37f14a [term 2 FOLLOWER]: Starting forced leader election with config: opid_index: -1 OBSOLETE_local: false peers { permanent_uuid: "9ee5d3cb34ce4dd2acc239d79e37f14a" member_type: VOTER last_known_addr { host: "127.10.248.193" port: 46429 } } peers { permanent_uuid: "29809f6d698d4045bd137e8ba82bd10d" member_type: VOTER last_known_addr { host: "127.10.248.194" port: 36927 } } peers { permanent_uuid: "4f596a9ecf054ed99794c19ea1210326" member_type: VOTER last_known_addr { host: "127.10.248.195" port: 35599 } }
I20260713 09:02:55.404963 11863 leader_election.cc:290] T 04278cf9a59d4801a239364012986876 P 9ee5d3cb34ce4dd2acc239d79e37f14a [CANDIDATE]: Term 2 election: Requested vote from peers 29809f6d698d4045bd137e8ba82bd10d (127.10.248.194:36927), 4f596a9ecf054ed99794c19ea1210326 (127.10.248.195:35599)
I20260713 09:02:55.405475 12013 raft_consensus.cc:2468] T 322a8dac7ed34f2e9f8b12fc1a50d584 P 4f596a9ecf054ed99794c19ea1210326 [term 2 FOLLOWER]: Leader election vote request: Granting yes vote for candidate 9ee5d3cb34ce4dd2acc239d79e37f14a in term 2.
I20260713 09:02:55.405804 11940 tablet_service.cc:1917] Received RequestConsensusVote() RPC: tablet_id: "04278cf9a59d4801a239364012986876" candidate_uuid: "9ee5d3cb34ce4dd2acc239d79e37f14a" candidate_term: 2 candidate_status { last_received { term: 1 index: 1 } } ignore_live_leader: true dest_uuid: "29809f6d698d4045bd137e8ba82bd10d"
I20260713 09:02:55.406416 11940 raft_consensus.cc:3055] T 04278cf9a59d4801a239364012986876 P 29809f6d698d4045bd137e8ba82bd10d [term 1 LEADER]: Stepping down as leader of term 1
I20260713 09:02:55.406622 12013 tablet_service.cc:1917] Received RequestConsensusVote() RPC: tablet_id: "04278cf9a59d4801a239364012986876" candidate_uuid: "9ee5d3cb34ce4dd2acc239d79e37f14a" candidate_term: 2 candidate_status { last_received { term: 1 index: 1 } } ignore_live_leader: true dest_uuid: "4f596a9ecf054ed99794c19ea1210326"
I20260713 09:02:55.406749 11940 raft_consensus.cc:740] T 04278cf9a59d4801a239364012986876 P 29809f6d698d4045bd137e8ba82bd10d [term 1 LEADER]: Becoming Follower/Learner. State: Replica: 29809f6d698d4045bd137e8ba82bd10d, State: Running, Role: LEADER
I20260713 09:02:55.407236 11939 raft_consensus.cc:2468] T 322a8dac7ed34f2e9f8b12fc1a50d584 P 29809f6d698d4045bd137e8ba82bd10d [term 2 FOLLOWER]: Leader election vote request: Granting yes vote for candidate 9ee5d3cb34ce4dd2acc239d79e37f14a in term 2.
I20260713 09:02:55.407195 11829 leader_election.cc:304] T 322a8dac7ed34f2e9f8b12fc1a50d584 P 9ee5d3cb34ce4dd2acc239d79e37f14a [CANDIDATE]: Term 2 election: Election decided. Result: candidate won. Election summary: received 2 responses out of 3 voters: 2 yes votes; 0 no votes. yes voters: 4f596a9ecf054ed99794c19ea1210326, 9ee5d3cb34ce4dd2acc239d79e37f14a; no voters: 
I20260713 09:02:55.407677 11940 consensus_queue.cc:260] T 04278cf9a59d4801a239364012986876 P 29809f6d698d4045bd137e8ba82bd10d [NON_LEADER]: Queue going to NON_LEADER mode. State: All replicated index: 0, Majority replicated index: 1, Committed index: 1, Last appended: 1.1, Last appended by leader: 1, Current term: 1, Majority size: -1, State: 0, Mode: NON_LEADER, active raft config: opid_index: -1 OBSOLETE_local: false peers { permanent_uuid: "9ee5d3cb34ce4dd2acc239d79e37f14a" member_type: VOTER last_known_addr { host: "127.10.248.193" port: 46429 } } peers { permanent_uuid: "29809f6d698d4045bd137e8ba82bd10d" member_type: VOTER last_known_addr { host: "127.10.248.194" port: 36927 } } peers { permanent_uuid: "4f596a9ecf054ed99794c19ea1210326" member_type: VOTER last_known_addr { host: "127.10.248.195" port: 35599 } }
I20260713 09:02:55.408182 12143 raft_consensus.cc:2804] T 322a8dac7ed34f2e9f8b12fc1a50d584 P 9ee5d3cb34ce4dd2acc239d79e37f14a [term 2 FOLLOWER]: Leader election won for term 2
I20260713 09:02:55.408278 12013 raft_consensus.cc:3060] T 04278cf9a59d4801a239364012986876 P 4f596a9ecf054ed99794c19ea1210326 [term 1 FOLLOWER]: Advancing to term 2
I20260713 09:02:55.409024 11940 raft_consensus.cc:3060] T 04278cf9a59d4801a239364012986876 P 29809f6d698d4045bd137e8ba82bd10d [term 1 FOLLOWER]: Advancing to term 2
I20260713 09:02:55.412714 12143 raft_consensus.cc:697] T 322a8dac7ed34f2e9f8b12fc1a50d584 P 9ee5d3cb34ce4dd2acc239d79e37f14a [term 2 LEADER]: Becoming Leader. State: Replica: 9ee5d3cb34ce4dd2acc239d79e37f14a, State: Running, Role: LEADER
I20260713 09:02:55.413755 12143 consensus_queue.cc:237] T 322a8dac7ed34f2e9f8b12fc1a50d584 P 9ee5d3cb34ce4dd2acc239d79e37f14a [LEADER]: Queue going to LEADER mode. State: All replicated index: 0, Majority replicated index: 1, Committed index: 1, Last appended: 1.1, Last appended by leader: 1, Current term: 2, Majority size: 2, State: 0, Mode: LEADER, active raft config: opid_index: -1 OBSOLETE_local: false peers { permanent_uuid: "9ee5d3cb34ce4dd2acc239d79e37f14a" member_type: VOTER last_known_addr { host: "127.10.248.193" port: 46429 } } peers { permanent_uuid: "29809f6d698d4045bd137e8ba82bd10d" member_type: VOTER last_known_addr { host: "127.10.248.194" port: 36927 } } peers { permanent_uuid: "4f596a9ecf054ed99794c19ea1210326" member_type: VOTER last_known_addr { host: "127.10.248.195" port: 35599 } }
I20260713 09:02:55.415267 12013 raft_consensus.cc:2468] T 04278cf9a59d4801a239364012986876 P 4f596a9ecf054ed99794c19ea1210326 [term 2 FOLLOWER]: Leader election vote request: Granting yes vote for candidate 9ee5d3cb34ce4dd2acc239d79e37f14a in term 2.
I20260713 09:02:55.416407 11829 leader_election.cc:304] T 04278cf9a59d4801a239364012986876 P 9ee5d3cb34ce4dd2acc239d79e37f14a [CANDIDATE]: Term 2 election: Election decided. Result: candidate won. Election summary: received 2 responses out of 3 voters: 2 yes votes; 0 no votes. yes voters: 4f596a9ecf054ed99794c19ea1210326, 9ee5d3cb34ce4dd2acc239d79e37f14a; no voters: 
I20260713 09:02:55.417107 12171 raft_consensus.cc:2804] T 04278cf9a59d4801a239364012986876 P 9ee5d3cb34ce4dd2acc239d79e37f14a [term 2 FOLLOWER]: Leader election won for term 2
I20260713 09:02:55.416878 11940 raft_consensus.cc:2468] T 04278cf9a59d4801a239364012986876 P 29809f6d698d4045bd137e8ba82bd10d [term 2 FOLLOWER]: Leader election vote request: Granting yes vote for candidate 9ee5d3cb34ce4dd2acc239d79e37f14a in term 2.
I20260713 09:02:55.420794 12171 raft_consensus.cc:697] T 04278cf9a59d4801a239364012986876 P 9ee5d3cb34ce4dd2acc239d79e37f14a [term 2 LEADER]: Becoming Leader. State: Replica: 9ee5d3cb34ce4dd2acc239d79e37f14a, State: Running, Role: LEADER
I20260713 09:02:55.421661 12171 consensus_queue.cc:237] T 04278cf9a59d4801a239364012986876 P 9ee5d3cb34ce4dd2acc239d79e37f14a [LEADER]: Queue going to LEADER mode. State: All replicated index: 0, Majority replicated index: 1, Committed index: 1, Last appended: 1.1, Last appended by leader: 1, Current term: 2, Majority size: 2, State: 0, Mode: LEADER, active raft config: opid_index: -1 OBSOLETE_local: false peers { permanent_uuid: "9ee5d3cb34ce4dd2acc239d79e37f14a" member_type: VOTER last_known_addr { host: "127.10.248.193" port: 46429 } } peers { permanent_uuid: "29809f6d698d4045bd137e8ba82bd10d" member_type: VOTER last_known_addr { host: "127.10.248.194" port: 36927 } } peers { permanent_uuid: "4f596a9ecf054ed99794c19ea1210326" member_type: VOTER last_known_addr { host: "127.10.248.195" port: 35599 } }
I20260713 09:02:55.423120 11760 catalog_manager.cc:5697] T 322a8dac7ed34f2e9f8b12fc1a50d584 P 9ee5d3cb34ce4dd2acc239d79e37f14a reported cstate change: term changed from 1 to 2, leader changed from 29809f6d698d4045bd137e8ba82bd10d (127.10.248.194) to 9ee5d3cb34ce4dd2acc239d79e37f14a (127.10.248.193). New cstate: current_term: 2 leader_uuid: "9ee5d3cb34ce4dd2acc239d79e37f14a" committed_config { opid_index: -1 OBSOLETE_local: false peers { permanent_uuid: "9ee5d3cb34ce4dd2acc239d79e37f14a" member_type: VOTER last_known_addr { host: "127.10.248.193" port: 46429 } health_report { overall_health: HEALTHY } } peers { permanent_uuid: "29809f6d698d4045bd137e8ba82bd10d" member_type: VOTER last_known_addr { host: "127.10.248.194" port: 36927 } health_report { overall_health: UNKNOWN } } peers { permanent_uuid: "4f596a9ecf054ed99794c19ea1210326" member_type: VOTER last_known_addr { host: "127.10.248.195" port: 35599 } health_report { overall_health: UNKNOWN } } }
I20260713 09:02:55.439208 11760 catalog_manager.cc:5697] T 04278cf9a59d4801a239364012986876 P 9ee5d3cb34ce4dd2acc239d79e37f14a reported cstate change: term changed from 1 to 2, leader changed from 29809f6d698d4045bd137e8ba82bd10d (127.10.248.194) to 9ee5d3cb34ce4dd2acc239d79e37f14a (127.10.248.193). New cstate: current_term: 2 leader_uuid: "9ee5d3cb34ce4dd2acc239d79e37f14a" committed_config { opid_index: -1 OBSOLETE_local: false peers { permanent_uuid: "9ee5d3cb34ce4dd2acc239d79e37f14a" member_type: VOTER last_known_addr { host: "127.10.248.193" port: 46429 } health_report { overall_health: HEALTHY } } peers { permanent_uuid: "29809f6d698d4045bd137e8ba82bd10d" member_type: VOTER last_known_addr { host: "127.10.248.194" port: 36927 } health_report { overall_health: UNKNOWN } } peers { permanent_uuid: "4f596a9ecf054ed99794c19ea1210326" member_type: VOTER last_known_addr { host: "127.10.248.195" port: 35599 } health_report { overall_health: UNKNOWN } } }
I20260713 09:02:55.465827 12108 raft_consensus.cc:993] T 8ab243044ab543469c96fe9c4546fc73 P 4f596a9ecf054ed99794c19ea1210326: : Instructing follower 9ee5d3cb34ce4dd2acc239d79e37f14a to start an election
I20260713 09:02:55.466300 12164 raft_consensus.cc:1081] T 8ab243044ab543469c96fe9c4546fc73 P 4f596a9ecf054ed99794c19ea1210326 [term 3 LEADER]: Signalling peer 9ee5d3cb34ce4dd2acc239d79e37f14a to start an election
I20260713 09:02:55.467880 11863 tablet_service.cc:2044] Received Run Leader Election RPC: tablet_id: "8ab243044ab543469c96fe9c4546fc73"
dest_uuid: "9ee5d3cb34ce4dd2acc239d79e37f14a"
 from {username='slave'} at 127.0.0.1:51694
I20260713 09:02:55.468430 11863 raft_consensus.cc:493] T 8ab243044ab543469c96fe9c4546fc73 P 9ee5d3cb34ce4dd2acc239d79e37f14a [term 3 FOLLOWER]: Starting forced leader election (received explicit request)
I20260713 09:02:55.468803 11863 raft_consensus.cc:3060] T 8ab243044ab543469c96fe9c4546fc73 P 9ee5d3cb34ce4dd2acc239d79e37f14a [term 3 FOLLOWER]: Advancing to term 4
I20260713 09:02:55.473361 11863 raft_consensus.cc:515] T 8ab243044ab543469c96fe9c4546fc73 P 9ee5d3cb34ce4dd2acc239d79e37f14a [term 4 FOLLOWER]: Starting forced leader election with config: opid_index: -1 OBSOLETE_local: false peers { permanent_uuid: "9ee5d3cb34ce4dd2acc239d79e37f14a" member_type: VOTER last_known_addr { host: "127.10.248.193" port: 46429 } } peers { permanent_uuid: "29809f6d698d4045bd137e8ba82bd10d" member_type: VOTER last_known_addr { host: "127.10.248.194" port: 36927 } } peers { permanent_uuid: "4f596a9ecf054ed99794c19ea1210326" member_type: VOTER last_known_addr { host: "127.10.248.195" port: 35599 } }
I20260713 09:02:55.474987 11863 leader_election.cc:290] T 8ab243044ab543469c96fe9c4546fc73 P 9ee5d3cb34ce4dd2acc239d79e37f14a [CANDIDATE]: Term 4 election: Requested vote from peers 29809f6d698d4045bd137e8ba82bd10d (127.10.248.194:36927), 4f596a9ecf054ed99794c19ea1210326 (127.10.248.195:35599)
I20260713 09:02:55.475919 11940 tablet_service.cc:1917] Received RequestConsensusVote() RPC: tablet_id: "8ab243044ab543469c96fe9c4546fc73" candidate_uuid: "9ee5d3cb34ce4dd2acc239d79e37f14a" candidate_term: 4 candidate_status { last_received { term: 3 index: 3 } } ignore_live_leader: true dest_uuid: "29809f6d698d4045bd137e8ba82bd10d"
I20260713 09:02:55.476047 12013 tablet_service.cc:1917] Received RequestConsensusVote() RPC: tablet_id: "8ab243044ab543469c96fe9c4546fc73" candidate_uuid: "9ee5d3cb34ce4dd2acc239d79e37f14a" candidate_term: 4 candidate_status { last_received { term: 3 index: 3 } } ignore_live_leader: true dest_uuid: "4f596a9ecf054ed99794c19ea1210326"
I20260713 09:02:55.476480 11940 raft_consensus.cc:3060] T 8ab243044ab543469c96fe9c4546fc73 P 29809f6d698d4045bd137e8ba82bd10d [term 3 FOLLOWER]: Advancing to term 4
I20260713 09:02:55.476634 12013 raft_consensus.cc:3055] T 8ab243044ab543469c96fe9c4546fc73 P 4f596a9ecf054ed99794c19ea1210326 [term 3 LEADER]: Stepping down as leader of term 3
I20260713 09:02:55.476996 12013 raft_consensus.cc:740] T 8ab243044ab543469c96fe9c4546fc73 P 4f596a9ecf054ed99794c19ea1210326 [term 3 LEADER]: Becoming Follower/Learner. State: Replica: 4f596a9ecf054ed99794c19ea1210326, State: Running, Role: LEADER
I20260713 09:02:55.477715 12013 consensus_queue.cc:260] T 8ab243044ab543469c96fe9c4546fc73 P 4f596a9ecf054ed99794c19ea1210326 [NON_LEADER]: Queue going to NON_LEADER mode. State: All replicated index: 0, Majority replicated index: 3, Committed index: 3, Last appended: 3.3, Last appended by leader: 3, Current term: 3, Majority size: -1, State: 0, Mode: NON_LEADER, active raft config: opid_index: -1 OBSOLETE_local: false peers { permanent_uuid: "9ee5d3cb34ce4dd2acc239d79e37f14a" member_type: VOTER last_known_addr { host: "127.10.248.193" port: 46429 } } peers { permanent_uuid: "29809f6d698d4045bd137e8ba82bd10d" member_type: VOTER last_known_addr { host: "127.10.248.194" port: 36927 } } peers { permanent_uuid: "4f596a9ecf054ed99794c19ea1210326" member_type: VOTER last_known_addr { host: "127.10.248.195" port: 35599 } }
I20260713 09:02:55.478681 12013 raft_consensus.cc:3060] T 8ab243044ab543469c96fe9c4546fc73 P 4f596a9ecf054ed99794c19ea1210326 [term 3 FOLLOWER]: Advancing to term 4
I20260713 09:02:55.481325 11940 raft_consensus.cc:2468] T 8ab243044ab543469c96fe9c4546fc73 P 29809f6d698d4045bd137e8ba82bd10d [term 4 FOLLOWER]: Leader election vote request: Granting yes vote for candidate 9ee5d3cb34ce4dd2acc239d79e37f14a in term 4.
I20260713 09:02:55.482698 11828 leader_election.cc:304] T 8ab243044ab543469c96fe9c4546fc73 P 9ee5d3cb34ce4dd2acc239d79e37f14a [CANDIDATE]: Term 4 election: Election decided. Result: candidate won. Election summary: received 2 responses out of 3 voters: 2 yes votes; 0 no votes. yes voters: 29809f6d698d4045bd137e8ba82bd10d, 9ee5d3cb34ce4dd2acc239d79e37f14a; no voters: 
I20260713 09:02:55.483582 12171 raft_consensus.cc:2804] T 8ab243044ab543469c96fe9c4546fc73 P 9ee5d3cb34ce4dd2acc239d79e37f14a [term 4 FOLLOWER]: Leader election won for term 4
I20260713 09:02:55.483904 12013 raft_consensus.cc:2468] T 8ab243044ab543469c96fe9c4546fc73 P 4f596a9ecf054ed99794c19ea1210326 [term 4 FOLLOWER]: Leader election vote request: Granting yes vote for candidate 9ee5d3cb34ce4dd2acc239d79e37f14a in term 4.
I20260713 09:02:55.484004 12171 raft_consensus.cc:697] T 8ab243044ab543469c96fe9c4546fc73 P 9ee5d3cb34ce4dd2acc239d79e37f14a [term 4 LEADER]: Becoming Leader. State: Replica: 9ee5d3cb34ce4dd2acc239d79e37f14a, State: Running, Role: LEADER
I20260713 09:02:55.484879 12171 consensus_queue.cc:237] T 8ab243044ab543469c96fe9c4546fc73 P 9ee5d3cb34ce4dd2acc239d79e37f14a [LEADER]: Queue going to LEADER mode. State: All replicated index: 0, Majority replicated index: 3, Committed index: 3, Last appended: 3.3, Last appended by leader: 3, Current term: 4, Majority size: 2, State: 0, Mode: LEADER, active raft config: opid_index: -1 OBSOLETE_local: false peers { permanent_uuid: "9ee5d3cb34ce4dd2acc239d79e37f14a" member_type: VOTER last_known_addr { host: "127.10.248.193" port: 46429 } } peers { permanent_uuid: "29809f6d698d4045bd137e8ba82bd10d" member_type: VOTER last_known_addr { host: "127.10.248.194" port: 36927 } } peers { permanent_uuid: "4f596a9ecf054ed99794c19ea1210326" member_type: VOTER last_known_addr { host: "127.10.248.195" port: 35599 } }
I20260713 09:02:55.490274 11760 catalog_manager.cc:5697] T 8ab243044ab543469c96fe9c4546fc73 P 9ee5d3cb34ce4dd2acc239d79e37f14a reported cstate change: term changed from 3 to 4, leader changed from 4f596a9ecf054ed99794c19ea1210326 (127.10.248.195) to 9ee5d3cb34ce4dd2acc239d79e37f14a (127.10.248.193). New cstate: current_term: 4 leader_uuid: "9ee5d3cb34ce4dd2acc239d79e37f14a" committed_config { opid_index: -1 OBSOLETE_local: false peers { permanent_uuid: "9ee5d3cb34ce4dd2acc239d79e37f14a" member_type: VOTER last_known_addr { host: "127.10.248.193" port: 46429 } health_report { overall_health: HEALTHY } } peers { permanent_uuid: "29809f6d698d4045bd137e8ba82bd10d" member_type: VOTER last_known_addr { host: "127.10.248.194" port: 36927 } health_report { overall_health: UNKNOWN } } peers { permanent_uuid: "4f596a9ecf054ed99794c19ea1210326" member_type: VOTER last_known_addr { host: "127.10.248.195" port: 35599 } health_report { overall_health: UNKNOWN } } }
I20260713 09:02:55.584009 12155 raft_consensus.cc:993] T ac808fdc2f0f4ecf98c9fa9ed0599043 P 4f596a9ecf054ed99794c19ea1210326: : Instructing follower 9ee5d3cb34ce4dd2acc239d79e37f14a to start an election
I20260713 09:02:55.584575 12108 raft_consensus.cc:1081] T ac808fdc2f0f4ecf98c9fa9ed0599043 P 4f596a9ecf054ed99794c19ea1210326 [term 3 LEADER]: Signalling peer 9ee5d3cb34ce4dd2acc239d79e37f14a to start an election
I20260713 09:02:55.586176 11865 tablet_service.cc:2044] Received Run Leader Election RPC: tablet_id: "ac808fdc2f0f4ecf98c9fa9ed0599043"
dest_uuid: "9ee5d3cb34ce4dd2acc239d79e37f14a"
 from {username='slave'} at 127.0.0.1:51694
I20260713 09:02:55.586675 11865 raft_consensus.cc:493] T ac808fdc2f0f4ecf98c9fa9ed0599043 P 9ee5d3cb34ce4dd2acc239d79e37f14a [term 3 FOLLOWER]: Starting forced leader election (received explicit request)
I20260713 09:02:55.587038 11865 raft_consensus.cc:3060] T ac808fdc2f0f4ecf98c9fa9ed0599043 P 9ee5d3cb34ce4dd2acc239d79e37f14a [term 3 FOLLOWER]: Advancing to term 4
I20260713 09:02:55.590941 11865 raft_consensus.cc:515] T ac808fdc2f0f4ecf98c9fa9ed0599043 P 9ee5d3cb34ce4dd2acc239d79e37f14a [term 4 FOLLOWER]: Starting forced leader election with config: opid_index: -1 OBSOLETE_local: false peers { permanent_uuid: "9ee5d3cb34ce4dd2acc239d79e37f14a" member_type: VOTER last_known_addr { host: "127.10.248.193" port: 46429 } } peers { permanent_uuid: "29809f6d698d4045bd137e8ba82bd10d" member_type: VOTER last_known_addr { host: "127.10.248.194" port: 36927 } } peers { permanent_uuid: "4f596a9ecf054ed99794c19ea1210326" member_type: VOTER last_known_addr { host: "127.10.248.195" port: 35599 } }
I20260713 09:02:55.592412 11865 leader_election.cc:290] T ac808fdc2f0f4ecf98c9fa9ed0599043 P 9ee5d3cb34ce4dd2acc239d79e37f14a [CANDIDATE]: Term 4 election: Requested vote from peers 29809f6d698d4045bd137e8ba82bd10d (127.10.248.194:36927), 4f596a9ecf054ed99794c19ea1210326 (127.10.248.195:35599)
I20260713 09:02:55.593412 11940 tablet_service.cc:1917] Received RequestConsensusVote() RPC: tablet_id: "ac808fdc2f0f4ecf98c9fa9ed0599043" candidate_uuid: "9ee5d3cb34ce4dd2acc239d79e37f14a" candidate_term: 4 candidate_status { last_received { term: 3 index: 3 } } ignore_live_leader: true dest_uuid: "29809f6d698d4045bd137e8ba82bd10d"
I20260713 09:02:55.593575 12013 tablet_service.cc:1917] Received RequestConsensusVote() RPC: tablet_id: "ac808fdc2f0f4ecf98c9fa9ed0599043" candidate_uuid: "9ee5d3cb34ce4dd2acc239d79e37f14a" candidate_term: 4 candidate_status { last_received { term: 3 index: 3 } } ignore_live_leader: true dest_uuid: "4f596a9ecf054ed99794c19ea1210326"
I20260713 09:02:55.594033 11940 raft_consensus.cc:3060] T ac808fdc2f0f4ecf98c9fa9ed0599043 P 29809f6d698d4045bd137e8ba82bd10d [term 3 FOLLOWER]: Advancing to term 4
I20260713 09:02:55.594072 12013 raft_consensus.cc:3055] T ac808fdc2f0f4ecf98c9fa9ed0599043 P 4f596a9ecf054ed99794c19ea1210326 [term 3 LEADER]: Stepping down as leader of term 3
I20260713 09:02:55.594586 12013 raft_consensus.cc:740] T ac808fdc2f0f4ecf98c9fa9ed0599043 P 4f596a9ecf054ed99794c19ea1210326 [term 3 LEADER]: Becoming Follower/Learner. State: Replica: 4f596a9ecf054ed99794c19ea1210326, State: Running, Role: LEADER
I20260713 09:02:55.595501 12013 consensus_queue.cc:260] T ac808fdc2f0f4ecf98c9fa9ed0599043 P 4f596a9ecf054ed99794c19ea1210326 [NON_LEADER]: Queue going to NON_LEADER mode. State: All replicated index: 0, Majority replicated index: 3, Committed index: 3, Last appended: 3.3, Last appended by leader: 3, Current term: 3, Majority size: -1, State: 0, Mode: NON_LEADER, active raft config: opid_index: -1 OBSOLETE_local: false peers { permanent_uuid: "9ee5d3cb34ce4dd2acc239d79e37f14a" member_type: VOTER last_known_addr { host: "127.10.248.193" port: 46429 } } peers { permanent_uuid: "29809f6d698d4045bd137e8ba82bd10d" member_type: VOTER last_known_addr { host: "127.10.248.194" port: 36927 } } peers { permanent_uuid: "4f596a9ecf054ed99794c19ea1210326" member_type: VOTER last_known_addr { host: "127.10.248.195" port: 35599 } }
I20260713 09:02:55.596735 12013 raft_consensus.cc:3060] T ac808fdc2f0f4ecf98c9fa9ed0599043 P 4f596a9ecf054ed99794c19ea1210326 [term 3 FOLLOWER]: Advancing to term 4
I20260713 09:02:55.601516 11940 raft_consensus.cc:2468] T ac808fdc2f0f4ecf98c9fa9ed0599043 P 29809f6d698d4045bd137e8ba82bd10d [term 4 FOLLOWER]: Leader election vote request: Granting yes vote for candidate 9ee5d3cb34ce4dd2acc239d79e37f14a in term 4.
I20260713 09:02:55.602928 11828 leader_election.cc:304] T ac808fdc2f0f4ecf98c9fa9ed0599043 P 9ee5d3cb34ce4dd2acc239d79e37f14a [CANDIDATE]: Term 4 election: Election decided. Result: candidate won. Election summary: received 2 responses out of 3 voters: 2 yes votes; 0 no votes. yes voters: 29809f6d698d4045bd137e8ba82bd10d, 9ee5d3cb34ce4dd2acc239d79e37f14a; no voters: 
I20260713 09:02:55.603453 12013 raft_consensus.cc:2468] T ac808fdc2f0f4ecf98c9fa9ed0599043 P 4f596a9ecf054ed99794c19ea1210326 [term 4 FOLLOWER]: Leader election vote request: Granting yes vote for candidate 9ee5d3cb34ce4dd2acc239d79e37f14a in term 4.
I20260713 09:02:55.603726 12171 raft_consensus.cc:2804] T ac808fdc2f0f4ecf98c9fa9ed0599043 P 9ee5d3cb34ce4dd2acc239d79e37f14a [term 4 FOLLOWER]: Leader election won for term 4
I20260713 09:02:55.604251 12171 raft_consensus.cc:697] T ac808fdc2f0f4ecf98c9fa9ed0599043 P 9ee5d3cb34ce4dd2acc239d79e37f14a [term 4 LEADER]: Becoming Leader. State: Replica: 9ee5d3cb34ce4dd2acc239d79e37f14a, State: Running, Role: LEADER
I20260713 09:02:55.605036 12171 consensus_queue.cc:237] T ac808fdc2f0f4ecf98c9fa9ed0599043 P 9ee5d3cb34ce4dd2acc239d79e37f14a [LEADER]: Queue going to LEADER mode. State: All replicated index: 0, Majority replicated index: 3, Committed index: 3, Last appended: 3.3, Last appended by leader: 3, Current term: 4, Majority size: 2, State: 0, Mode: LEADER, active raft config: opid_index: -1 OBSOLETE_local: false peers { permanent_uuid: "9ee5d3cb34ce4dd2acc239d79e37f14a" member_type: VOTER last_known_addr { host: "127.10.248.193" port: 46429 } } peers { permanent_uuid: "29809f6d698d4045bd137e8ba82bd10d" member_type: VOTER last_known_addr { host: "127.10.248.194" port: 36927 } } peers { permanent_uuid: "4f596a9ecf054ed99794c19ea1210326" member_type: VOTER last_known_addr { host: "127.10.248.195" port: 35599 } }
I20260713 09:02:55.610675 11760 catalog_manager.cc:5697] T ac808fdc2f0f4ecf98c9fa9ed0599043 P 9ee5d3cb34ce4dd2acc239d79e37f14a reported cstate change: term changed from 3 to 4, leader changed from 4f596a9ecf054ed99794c19ea1210326 (127.10.248.195) to 9ee5d3cb34ce4dd2acc239d79e37f14a (127.10.248.193). New cstate: current_term: 4 leader_uuid: "9ee5d3cb34ce4dd2acc239d79e37f14a" committed_config { opid_index: -1 OBSOLETE_local: false peers { permanent_uuid: "9ee5d3cb34ce4dd2acc239d79e37f14a" member_type: VOTER last_known_addr { host: "127.10.248.193" port: 46429 } health_report { overall_health: HEALTHY } } peers { permanent_uuid: "29809f6d698d4045bd137e8ba82bd10d" member_type: VOTER last_known_addr { host: "127.10.248.194" port: 36927 } health_report { overall_health: UNKNOWN } } peers { permanent_uuid: "4f596a9ecf054ed99794c19ea1210326" member_type: VOTER last_known_addr { host: "127.10.248.195" port: 35599 } health_report { overall_health: UNKNOWN } } }
I20260713 09:02:55.627457 12170 raft_consensus.cc:993] T 6493120d71864838a9ef48064284b601 P 29809f6d698d4045bd137e8ba82bd10d: : Instructing follower 9ee5d3cb34ce4dd2acc239d79e37f14a to start an election
I20260713 09:02:55.627885 12112 raft_consensus.cc:1081] T 6493120d71864838a9ef48064284b601 P 29809f6d698d4045bd137e8ba82bd10d [term 2 LEADER]: Signalling peer 9ee5d3cb34ce4dd2acc239d79e37f14a to start an election
I20260713 09:02:55.629405 11865 tablet_service.cc:2044] Received Run Leader Election RPC: tablet_id: "6493120d71864838a9ef48064284b601"
dest_uuid: "9ee5d3cb34ce4dd2acc239d79e37f14a"
 from {username='slave'} at 127.0.0.1:51708
I20260713 09:02:55.629879 11865 raft_consensus.cc:493] T 6493120d71864838a9ef48064284b601 P 9ee5d3cb34ce4dd2acc239d79e37f14a [term 2 FOLLOWER]: Starting forced leader election (received explicit request)
I20260713 09:02:55.630206 11865 raft_consensus.cc:3060] T 6493120d71864838a9ef48064284b601 P 9ee5d3cb34ce4dd2acc239d79e37f14a [term 2 FOLLOWER]: Advancing to term 3
I20260713 09:02:55.635720 11865 raft_consensus.cc:515] T 6493120d71864838a9ef48064284b601 P 9ee5d3cb34ce4dd2acc239d79e37f14a [term 3 FOLLOWER]: Starting forced leader election with config: opid_index: -1 OBSOLETE_local: false peers { permanent_uuid: "9ee5d3cb34ce4dd2acc239d79e37f14a" member_type: VOTER last_known_addr { host: "127.10.248.193" port: 46429 } } peers { permanent_uuid: "29809f6d698d4045bd137e8ba82bd10d" member_type: VOTER last_known_addr { host: "127.10.248.194" port: 36927 } } peers { permanent_uuid: "4f596a9ecf054ed99794c19ea1210326" member_type: VOTER last_known_addr { host: "127.10.248.195" port: 35599 } }
I20260713 09:02:55.637060 11865 leader_election.cc:290] T 6493120d71864838a9ef48064284b601 P 9ee5d3cb34ce4dd2acc239d79e37f14a [CANDIDATE]: Term 3 election: Requested vote from peers 29809f6d698d4045bd137e8ba82bd10d (127.10.248.194:36927), 4f596a9ecf054ed99794c19ea1210326 (127.10.248.195:35599)
I20260713 09:02:55.637893 11940 tablet_service.cc:1917] Received RequestConsensusVote() RPC: tablet_id: "6493120d71864838a9ef48064284b601" candidate_uuid: "9ee5d3cb34ce4dd2acc239d79e37f14a" candidate_term: 3 candidate_status { last_received { term: 2 index: 2 } } ignore_live_leader: true dest_uuid: "29809f6d698d4045bd137e8ba82bd10d"
I20260713 09:02:55.638075 12013 tablet_service.cc:1917] Received RequestConsensusVote() RPC: tablet_id: "6493120d71864838a9ef48064284b601" candidate_uuid: "9ee5d3cb34ce4dd2acc239d79e37f14a" candidate_term: 3 candidate_status { last_received { term: 2 index: 2 } } ignore_live_leader: true dest_uuid: "4f596a9ecf054ed99794c19ea1210326"
I20260713 09:02:55.638424 11940 raft_consensus.cc:3055] T 6493120d71864838a9ef48064284b601 P 29809f6d698d4045bd137e8ba82bd10d [term 2 LEADER]: Stepping down as leader of term 2
I20260713 09:02:55.638656 12013 raft_consensus.cc:3060] T 6493120d71864838a9ef48064284b601 P 4f596a9ecf054ed99794c19ea1210326 [term 2 FOLLOWER]: Advancing to term 3
I20260713 09:02:55.638828 11940 raft_consensus.cc:740] T 6493120d71864838a9ef48064284b601 P 29809f6d698d4045bd137e8ba82bd10d [term 2 LEADER]: Becoming Follower/Learner. State: Replica: 29809f6d698d4045bd137e8ba82bd10d, State: Running, Role: LEADER
I20260713 09:02:55.639576 11940 consensus_queue.cc:260] T 6493120d71864838a9ef48064284b601 P 29809f6d698d4045bd137e8ba82bd10d [NON_LEADER]: Queue going to NON_LEADER mode. State: All replicated index: 0, Majority replicated index: 2, Committed index: 2, Last appended: 2.2, Last appended by leader: 2, Current term: 2, Majority size: -1, State: 0, Mode: NON_LEADER, active raft config: opid_index: -1 OBSOLETE_local: false peers { permanent_uuid: "9ee5d3cb34ce4dd2acc239d79e37f14a" member_type: VOTER last_known_addr { host: "127.10.248.193" port: 46429 } } peers { permanent_uuid: "29809f6d698d4045bd137e8ba82bd10d" member_type: VOTER last_known_addr { host: "127.10.248.194" port: 36927 } } peers { permanent_uuid: "4f596a9ecf054ed99794c19ea1210326" member_type: VOTER last_known_addr { host: "127.10.248.195" port: 35599 } }
I20260713 09:02:55.640502 11940 raft_consensus.cc:3060] T 6493120d71864838a9ef48064284b601 P 29809f6d698d4045bd137e8ba82bd10d [term 2 FOLLOWER]: Advancing to term 3
I20260713 09:02:55.643791 12013 raft_consensus.cc:2468] T 6493120d71864838a9ef48064284b601 P 4f596a9ecf054ed99794c19ea1210326 [term 3 FOLLOWER]: Leader election vote request: Granting yes vote for candidate 9ee5d3cb34ce4dd2acc239d79e37f14a in term 3.
I20260713 09:02:55.644851 11829 leader_election.cc:304] T 6493120d71864838a9ef48064284b601 P 9ee5d3cb34ce4dd2acc239d79e37f14a [CANDIDATE]: Term 3 election: Election decided. Result: candidate won. Election summary: received 2 responses out of 3 voters: 2 yes votes; 0 no votes. yes voters: 4f596a9ecf054ed99794c19ea1210326, 9ee5d3cb34ce4dd2acc239d79e37f14a; no voters: 
I20260713 09:02:55.645313 11940 raft_consensus.cc:2468] T 6493120d71864838a9ef48064284b601 P 29809f6d698d4045bd137e8ba82bd10d [term 3 FOLLOWER]: Leader election vote request: Granting yes vote for candidate 9ee5d3cb34ce4dd2acc239d79e37f14a in term 3.
I20260713 09:02:55.645517 12171 raft_consensus.cc:2804] T 6493120d71864838a9ef48064284b601 P 9ee5d3cb34ce4dd2acc239d79e37f14a [term 3 FOLLOWER]: Leader election won for term 3
I20260713 09:02:55.645956 12171 raft_consensus.cc:697] T 6493120d71864838a9ef48064284b601 P 9ee5d3cb34ce4dd2acc239d79e37f14a [term 3 LEADER]: Becoming Leader. State: Replica: 9ee5d3cb34ce4dd2acc239d79e37f14a, State: Running, Role: LEADER
I20260713 09:02:55.646732 12171 consensus_queue.cc:237] T 6493120d71864838a9ef48064284b601 P 9ee5d3cb34ce4dd2acc239d79e37f14a [LEADER]: Queue going to LEADER mode. State: All replicated index: 0, Majority replicated index: 2, Committed index: 2, Last appended: 2.2, Last appended by leader: 2, Current term: 3, Majority size: 2, State: 0, Mode: LEADER, active raft config: opid_index: -1 OBSOLETE_local: false peers { permanent_uuid: "9ee5d3cb34ce4dd2acc239d79e37f14a" member_type: VOTER last_known_addr { host: "127.10.248.193" port: 46429 } } peers { permanent_uuid: "29809f6d698d4045bd137e8ba82bd10d" member_type: VOTER last_known_addr { host: "127.10.248.194" port: 36927 } } peers { permanent_uuid: "4f596a9ecf054ed99794c19ea1210326" member_type: VOTER last_known_addr { host: "127.10.248.195" port: 35599 } }
I20260713 09:02:55.652755 11760 catalog_manager.cc:5697] T 6493120d71864838a9ef48064284b601 P 9ee5d3cb34ce4dd2acc239d79e37f14a reported cstate change: term changed from 2 to 3, leader changed from 29809f6d698d4045bd137e8ba82bd10d (127.10.248.194) to 9ee5d3cb34ce4dd2acc239d79e37f14a (127.10.248.193). New cstate: current_term: 3 leader_uuid: "9ee5d3cb34ce4dd2acc239d79e37f14a" committed_config { opid_index: -1 OBSOLETE_local: false peers { permanent_uuid: "9ee5d3cb34ce4dd2acc239d79e37f14a" member_type: VOTER last_known_addr { host: "127.10.248.193" port: 46429 } health_report { overall_health: HEALTHY } } peers { permanent_uuid: "29809f6d698d4045bd137e8ba82bd10d" member_type: VOTER last_known_addr { host: "127.10.248.194" port: 36927 } health_report { overall_health: UNKNOWN } } peers { permanent_uuid: "4f596a9ecf054ed99794c19ea1210326" member_type: VOTER last_known_addr { host: "127.10.248.195" port: 35599 } health_report { overall_health: UNKNOWN } } }
I20260713 09:02:55.821182 12013 raft_consensus.cc:1275] T 322a8dac7ed34f2e9f8b12fc1a50d584 P 4f596a9ecf054ed99794c19ea1210326 [term 2 FOLLOWER]: Refusing update from remote peer 9ee5d3cb34ce4dd2acc239d79e37f14a: Log matching property violated. Preceding OpId in replica: term: 1 index: 1. Preceding OpId from leader: term: 2 index: 2. (index mismatch)
I20260713 09:02:55.822477 12013 raft_consensus.cc:1275] T 04278cf9a59d4801a239364012986876 P 4f596a9ecf054ed99794c19ea1210326 [term 2 FOLLOWER]: Refusing update from remote peer 9ee5d3cb34ce4dd2acc239d79e37f14a: Log matching property violated. Preceding OpId in replica: term: 1 index: 1. Preceding OpId from leader: term: 2 index: 2. (index mismatch)
I20260713 09:02:55.822533 12171 consensus_queue.cc:1048] T 322a8dac7ed34f2e9f8b12fc1a50d584 P 9ee5d3cb34ce4dd2acc239d79e37f14a [LEADER]: Connected to new peer: Peer: permanent_uuid: "4f596a9ecf054ed99794c19ea1210326" member_type: VOTER last_known_addr { host: "127.10.248.195" port: 35599 }, Status: LMP_MISMATCH, Last received: 0.0, Next index: 2, Last known committed idx: 1, Time since last communication: 0.000s
I20260713 09:02:55.823822 12173 consensus_queue.cc:1048] T 04278cf9a59d4801a239364012986876 P 9ee5d3cb34ce4dd2acc239d79e37f14a [LEADER]: Connected to new peer: Peer: permanent_uuid: "4f596a9ecf054ed99794c19ea1210326" member_type: VOTER last_known_addr { host: "127.10.248.195" port: 35599 }, Status: LMP_MISMATCH, Last received: 0.0, Next index: 2, Last known committed idx: 1, Time since last communication: 0.000s
I20260713 09:02:55.840181 11940 raft_consensus.cc:1275] T 322a8dac7ed34f2e9f8b12fc1a50d584 P 29809f6d698d4045bd137e8ba82bd10d [term 2 FOLLOWER]: Refusing update from remote peer 9ee5d3cb34ce4dd2acc239d79e37f14a: Log matching property violated. Preceding OpId in replica: term: 1 index: 1. Preceding OpId from leader: term: 2 index: 2. (index mismatch)
I20260713 09:02:55.842291 12171 consensus_queue.cc:1048] T 322a8dac7ed34f2e9f8b12fc1a50d584 P 9ee5d3cb34ce4dd2acc239d79e37f14a [LEADER]: Connected to new peer: Peer: permanent_uuid: "29809f6d698d4045bd137e8ba82bd10d" member_type: VOTER last_known_addr { host: "127.10.248.194" port: 36927 }, Status: LMP_MISMATCH, Last received: 0.0, Next index: 2, Last known committed idx: 1, Time since last communication: 0.000s
I20260713 09:02:55.845587 11940 raft_consensus.cc:1275] T 04278cf9a59d4801a239364012986876 P 29809f6d698d4045bd137e8ba82bd10d [term 2 FOLLOWER]: Refusing update from remote peer 9ee5d3cb34ce4dd2acc239d79e37f14a: Log matching property violated. Preceding OpId in replica: term: 1 index: 1. Preceding OpId from leader: term: 2 index: 2. (index mismatch)
I20260713 09:02:55.847011 12173 consensus_queue.cc:1048] T 04278cf9a59d4801a239364012986876 P 9ee5d3cb34ce4dd2acc239d79e37f14a [LEADER]: Connected to new peer: Peer: permanent_uuid: "29809f6d698d4045bd137e8ba82bd10d" member_type: VOTER last_known_addr { host: "127.10.248.194" port: 36927 }, Status: LMP_MISMATCH, Last received: 0.0, Next index: 2, Last known committed idx: 1, Time since last communication: 0.000s
I20260713 09:02:55.974823 11939 raft_consensus.cc:1275] T 8ab243044ab543469c96fe9c4546fc73 P 29809f6d698d4045bd137e8ba82bd10d [term 4 FOLLOWER]: Refusing update from remote peer 9ee5d3cb34ce4dd2acc239d79e37f14a: Log matching property violated. Preceding OpId in replica: term: 3 index: 3. Preceding OpId from leader: term: 4 index: 4. (index mismatch)
I20260713 09:02:55.976114 12173 consensus_queue.cc:1048] T 8ab243044ab543469c96fe9c4546fc73 P 9ee5d3cb34ce4dd2acc239d79e37f14a [LEADER]: Connected to new peer: Peer: permanent_uuid: "29809f6d698d4045bd137e8ba82bd10d" member_type: VOTER last_known_addr { host: "127.10.248.194" port: 36927 }, Status: LMP_MISMATCH, Last received: 0.0, Next index: 4, Last known committed idx: 3, Time since last communication: 0.000s
I20260713 09:02:55.985692 12014 raft_consensus.cc:1275] T 8ab243044ab543469c96fe9c4546fc73 P 4f596a9ecf054ed99794c19ea1210326 [term 4 FOLLOWER]: Refusing update from remote peer 9ee5d3cb34ce4dd2acc239d79e37f14a: Log matching property violated. Preceding OpId in replica: term: 3 index: 3. Preceding OpId from leader: term: 4 index: 4. (index mismatch)
I20260713 09:02:55.987288 12143 consensus_queue.cc:1048] T 8ab243044ab543469c96fe9c4546fc73 P 9ee5d3cb34ce4dd2acc239d79e37f14a [LEADER]: Connected to new peer: Peer: permanent_uuid: "4f596a9ecf054ed99794c19ea1210326" member_type: VOTER last_known_addr { host: "127.10.248.195" port: 35599 }, Status: LMP_MISMATCH, Last received: 0.0, Next index: 4, Last known committed idx: 3, Time since last communication: 0.000s
I20260713 09:02:56.077587 12014 raft_consensus.cc:1275] T 6493120d71864838a9ef48064284b601 P 4f596a9ecf054ed99794c19ea1210326 [term 3 FOLLOWER]: Refusing update from remote peer 9ee5d3cb34ce4dd2acc239d79e37f14a: Log matching property violated. Preceding OpId in replica: term: 2 index: 2. Preceding OpId from leader: term: 3 index: 3. (index mismatch)
I20260713 09:02:56.078943 12143 consensus_queue.cc:1048] T 6493120d71864838a9ef48064284b601 P 9ee5d3cb34ce4dd2acc239d79e37f14a [LEADER]: Connected to new peer: Peer: permanent_uuid: "4f596a9ecf054ed99794c19ea1210326" member_type: VOTER last_known_addr { host: "127.10.248.195" port: 35599 }, Status: LMP_MISMATCH, Last received: 0.0, Next index: 3, Last known committed idx: 2, Time since last communication: 0.000s
I20260713 09:02:56.087940 11940 raft_consensus.cc:1275] T 6493120d71864838a9ef48064284b601 P 29809f6d698d4045bd137e8ba82bd10d [term 3 FOLLOWER]: Refusing update from remote peer 9ee5d3cb34ce4dd2acc239d79e37f14a: Log matching property violated. Preceding OpId in replica: term: 2 index: 2. Preceding OpId from leader: term: 3 index: 3. (index mismatch)
I20260713 09:02:56.089488 12143 consensus_queue.cc:1048] T 6493120d71864838a9ef48064284b601 P 9ee5d3cb34ce4dd2acc239d79e37f14a [LEADER]: Connected to new peer: Peer: permanent_uuid: "29809f6d698d4045bd137e8ba82bd10d" member_type: VOTER last_known_addr { host: "127.10.248.194" port: 36927 }, Status: LMP_MISMATCH, Last received: 0.0, Next index: 3, Last known committed idx: 2, Time since last communication: 0.000s
I20260713 09:02:56.161650 12014 raft_consensus.cc:1275] T ac808fdc2f0f4ecf98c9fa9ed0599043 P 4f596a9ecf054ed99794c19ea1210326 [term 4 FOLLOWER]: Refusing update from remote peer 9ee5d3cb34ce4dd2acc239d79e37f14a: Log matching property violated. Preceding OpId in replica: term: 3 index: 3. Preceding OpId from leader: term: 4 index: 4. (index mismatch)
I20260713 09:02:56.162426 11939 raft_consensus.cc:1275] T ac808fdc2f0f4ecf98c9fa9ed0599043 P 29809f6d698d4045bd137e8ba82bd10d [term 4 FOLLOWER]: Refusing update from remote peer 9ee5d3cb34ce4dd2acc239d79e37f14a: Log matching property violated. Preceding OpId in replica: term: 3 index: 3. Preceding OpId from leader: term: 4 index: 4. (index mismatch)
I20260713 09:02:56.163012 12143 consensus_queue.cc:1048] T ac808fdc2f0f4ecf98c9fa9ed0599043 P 9ee5d3cb34ce4dd2acc239d79e37f14a [LEADER]: Connected to new peer: Peer: permanent_uuid: "4f596a9ecf054ed99794c19ea1210326" member_type: VOTER last_known_addr { host: "127.10.248.195" port: 35599 }, Status: LMP_MISMATCH, Last received: 0.0, Next index: 4, Last known committed idx: 3, Time since last communication: 0.000s
I20260713 09:02:56.163743 12192 consensus_queue.cc:1048] T ac808fdc2f0f4ecf98c9fa9ed0599043 P 9ee5d3cb34ce4dd2acc239d79e37f14a [LEADER]: Connected to new peer: Peer: permanent_uuid: "29809f6d698d4045bd137e8ba82bd10d" member_type: VOTER last_known_addr { host: "127.10.248.194" port: 36927 }, Status: LMP_MISMATCH, Last received: 0.0, Next index: 4, Last known committed idx: 3, Time since last communication: 0.000s
I20260713 09:02:58.306486 11235 auto_leader_rebalancer.cc:141] leader rebalance for table test-workload
I20260713 09:02:58.315496 11865 tablet_service.cc:2072] Received LeaderStepDown RPC: tablet_id: "04278cf9a59d4801a239364012986876"
dest_uuid: "9ee5d3cb34ce4dd2acc239d79e37f14a"
mode: GRACEFUL
new_leader_uuid: "29809f6d698d4045bd137e8ba82bd10d"
 from {username='slave'} at 127.0.0.1:51722
I20260713 09:02:58.316237 11865 raft_consensus.cc:606] T 04278cf9a59d4801a239364012986876 P 9ee5d3cb34ce4dd2acc239d79e37f14a [term 2 LEADER]: Received request to transfer leadership to TS 29809f6d698d4045bd137e8ba82bd10d
I20260713 09:02:58.319110 11865 tablet_service.cc:2072] Received LeaderStepDown RPC: tablet_id: "15af0bc27b6d48708c51552083c3e6fb"
dest_uuid: "9ee5d3cb34ce4dd2acc239d79e37f14a"
mode: GRACEFUL
new_leader_uuid: "4f596a9ecf054ed99794c19ea1210326"
 from {username='slave'} at 127.0.0.1:51722
I20260713 09:02:58.319587 11865 raft_consensus.cc:606] T 15af0bc27b6d48708c51552083c3e6fb P 9ee5d3cb34ce4dd2acc239d79e37f14a [term 1 LEADER]: Received request to transfer leadership to TS 4f596a9ecf054ed99794c19ea1210326
I20260713 09:02:58.322001 11865 tablet_service.cc:2072] Received LeaderStepDown RPC: tablet_id: "a4c92f1bbad74b93a5fc8cd4c83f61ea"
dest_uuid: "9ee5d3cb34ce4dd2acc239d79e37f14a"
mode: GRACEFUL
new_leader_uuid: "29809f6d698d4045bd137e8ba82bd10d"
 from {username='slave'} at 127.0.0.1:51722
I20260713 09:02:58.322481 11865 raft_consensus.cc:606] T a4c92f1bbad74b93a5fc8cd4c83f61ea P 9ee5d3cb34ce4dd2acc239d79e37f14a [term 2 LEADER]: Received request to transfer leadership to TS 29809f6d698d4045bd137e8ba82bd10d
I20260713 09:02:58.325003 11865 tablet_service.cc:2072] Received LeaderStepDown RPC: tablet_id: "ac808fdc2f0f4ecf98c9fa9ed0599043"
dest_uuid: "9ee5d3cb34ce4dd2acc239d79e37f14a"
mode: GRACEFUL
new_leader_uuid: "4f596a9ecf054ed99794c19ea1210326"
 from {username='slave'} at 127.0.0.1:51722
I20260713 09:02:58.325486 11865 raft_consensus.cc:606] T ac808fdc2f0f4ecf98c9fa9ed0599043 P 9ee5d3cb34ce4dd2acc239d79e37f14a [term 4 LEADER]: Received request to transfer leadership to TS 4f596a9ecf054ed99794c19ea1210326
I20260713 09:02:58.326589 11235 auto_leader_rebalancer.cc:479] table: test-workload, leader rebalance finish, leader transfer count: 4
I20260713 09:02:58.327090 11235 auto_leader_rebalancer.cc:554] All tables' leader rebalancing finished this round
I20260713 09:02:58.368036 12143 raft_consensus.cc:993] T ac808fdc2f0f4ecf98c9fa9ed0599043 P 9ee5d3cb34ce4dd2acc239d79e37f14a: : Instructing follower 4f596a9ecf054ed99794c19ea1210326 to start an election
I20260713 09:02:58.368662 12173 raft_consensus.cc:1081] T ac808fdc2f0f4ecf98c9fa9ed0599043 P 9ee5d3cb34ce4dd2acc239d79e37f14a [term 4 LEADER]: Signalling peer 4f596a9ecf054ed99794c19ea1210326 to start an election
I20260713 09:02:58.370205 12013 tablet_service.cc:2044] Received Run Leader Election RPC: tablet_id: "ac808fdc2f0f4ecf98c9fa9ed0599043"
dest_uuid: "4f596a9ecf054ed99794c19ea1210326"
 from {username='slave'} at 127.0.0.1:33184
I20260713 09:02:58.370733 12013 raft_consensus.cc:493] T ac808fdc2f0f4ecf98c9fa9ed0599043 P 4f596a9ecf054ed99794c19ea1210326 [term 4 FOLLOWER]: Starting forced leader election (received explicit request)
I20260713 09:02:58.371116 12013 raft_consensus.cc:3060] T ac808fdc2f0f4ecf98c9fa9ed0599043 P 4f596a9ecf054ed99794c19ea1210326 [term 4 FOLLOWER]: Advancing to term 5
I20260713 09:02:58.376598 12013 raft_consensus.cc:515] T ac808fdc2f0f4ecf98c9fa9ed0599043 P 4f596a9ecf054ed99794c19ea1210326 [term 5 FOLLOWER]: Starting forced leader election with config: opid_index: -1 OBSOLETE_local: false peers { permanent_uuid: "9ee5d3cb34ce4dd2acc239d79e37f14a" member_type: VOTER last_known_addr { host: "127.10.248.193" port: 46429 } } peers { permanent_uuid: "29809f6d698d4045bd137e8ba82bd10d" member_type: VOTER last_known_addr { host: "127.10.248.194" port: 36927 } } peers { permanent_uuid: "4f596a9ecf054ed99794c19ea1210326" member_type: VOTER last_known_addr { host: "127.10.248.195" port: 35599 } }
I20260713 09:02:58.378623 12013 leader_election.cc:290] T ac808fdc2f0f4ecf98c9fa9ed0599043 P 4f596a9ecf054ed99794c19ea1210326 [CANDIDATE]: Term 5 election: Requested vote from peers 9ee5d3cb34ce4dd2acc239d79e37f14a (127.10.248.193:46429), 29809f6d698d4045bd137e8ba82bd10d (127.10.248.194:36927)
I20260713 09:02:58.379607 11865 tablet_service.cc:1917] Received RequestConsensusVote() RPC: tablet_id: "ac808fdc2f0f4ecf98c9fa9ed0599043" candidate_uuid: "4f596a9ecf054ed99794c19ea1210326" candidate_term: 5 candidate_status { last_received { term: 4 index: 4 } } ignore_live_leader: true dest_uuid: "9ee5d3cb34ce4dd2acc239d79e37f14a"
I20260713 09:02:58.380046 11940 tablet_service.cc:1917] Received RequestConsensusVote() RPC: tablet_id: "ac808fdc2f0f4ecf98c9fa9ed0599043" candidate_uuid: "4f596a9ecf054ed99794c19ea1210326" candidate_term: 5 candidate_status { last_received { term: 4 index: 4 } } ignore_live_leader: true dest_uuid: "29809f6d698d4045bd137e8ba82bd10d"
I20260713 09:02:58.380533 11865 raft_consensus.cc:3055] T ac808fdc2f0f4ecf98c9fa9ed0599043 P 9ee5d3cb34ce4dd2acc239d79e37f14a [term 4 LEADER]: Stepping down as leader of term 4
I20260713 09:02:58.380621 11940 raft_consensus.cc:3060] T ac808fdc2f0f4ecf98c9fa9ed0599043 P 29809f6d698d4045bd137e8ba82bd10d [term 4 FOLLOWER]: Advancing to term 5
I20260713 09:02:58.380837 11865 raft_consensus.cc:740] T ac808fdc2f0f4ecf98c9fa9ed0599043 P 9ee5d3cb34ce4dd2acc239d79e37f14a [term 4 LEADER]: Becoming Follower/Learner. State: Replica: 9ee5d3cb34ce4dd2acc239d79e37f14a, State: Running, Role: LEADER
I20260713 09:02:58.381877 11865 consensus_queue.cc:260] T ac808fdc2f0f4ecf98c9fa9ed0599043 P 9ee5d3cb34ce4dd2acc239d79e37f14a [NON_LEADER]: Queue going to NON_LEADER mode. State: All replicated index: 0, Majority replicated index: 4, Committed index: 4, Last appended: 4.4, Last appended by leader: 4, Current term: 4, Majority size: -1, State: 0, Mode: NON_LEADER, active raft config: opid_index: -1 OBSOLETE_local: false peers { permanent_uuid: "9ee5d3cb34ce4dd2acc239d79e37f14a" member_type: VOTER last_known_addr { host: "127.10.248.193" port: 46429 } } peers { permanent_uuid: "29809f6d698d4045bd137e8ba82bd10d" member_type: VOTER last_known_addr { host: "127.10.248.194" port: 36927 } } peers { permanent_uuid: "4f596a9ecf054ed99794c19ea1210326" member_type: VOTER last_known_addr { host: "127.10.248.195" port: 35599 } }
I20260713 09:02:58.383216 11865 raft_consensus.cc:3060] T ac808fdc2f0f4ecf98c9fa9ed0599043 P 9ee5d3cb34ce4dd2acc239d79e37f14a [term 4 FOLLOWER]: Advancing to term 5
I20260713 09:02:58.384079 12143 raft_consensus.cc:993] T 15af0bc27b6d48708c51552083c3e6fb P 9ee5d3cb34ce4dd2acc239d79e37f14a: : Instructing follower 4f596a9ecf054ed99794c19ea1210326 to start an election
I20260713 09:02:58.385190 12143 raft_consensus.cc:1081] T 15af0bc27b6d48708c51552083c3e6fb P 9ee5d3cb34ce4dd2acc239d79e37f14a [term 1 LEADER]: Signalling peer 4f596a9ecf054ed99794c19ea1210326 to start an election
I20260713 09:02:58.386847 12013 tablet_service.cc:2044] Received Run Leader Election RPC: tablet_id: "15af0bc27b6d48708c51552083c3e6fb"
dest_uuid: "4f596a9ecf054ed99794c19ea1210326"
 from {username='slave'} at 127.0.0.1:33184
I20260713 09:02:58.387427 12013 raft_consensus.cc:493] T 15af0bc27b6d48708c51552083c3e6fb P 4f596a9ecf054ed99794c19ea1210326 [term 1 FOLLOWER]: Starting forced leader election (received explicit request)
I20260713 09:02:58.387501 11940 raft_consensus.cc:2468] T ac808fdc2f0f4ecf98c9fa9ed0599043 P 29809f6d698d4045bd137e8ba82bd10d [term 5 FOLLOWER]: Leader election vote request: Granting yes vote for candidate 4f596a9ecf054ed99794c19ea1210326 in term 5.
I20260713 09:02:58.387820 12013 raft_consensus.cc:3060] T 15af0bc27b6d48708c51552083c3e6fb P 4f596a9ecf054ed99794c19ea1210326 [term 1 FOLLOWER]: Advancing to term 2
I20260713 09:02:58.388864 11977 leader_election.cc:304] T ac808fdc2f0f4ecf98c9fa9ed0599043 P 4f596a9ecf054ed99794c19ea1210326 [CANDIDATE]: Term 5 election: Election decided. Result: candidate won. Election summary: received 2 responses out of 3 voters: 2 yes votes; 0 no votes. yes voters: 29809f6d698d4045bd137e8ba82bd10d, 4f596a9ecf054ed99794c19ea1210326; no voters: 
I20260713 09:02:58.389482 11865 raft_consensus.cc:2468] T ac808fdc2f0f4ecf98c9fa9ed0599043 P 9ee5d3cb34ce4dd2acc239d79e37f14a [term 5 FOLLOWER]: Leader election vote request: Granting yes vote for candidate 4f596a9ecf054ed99794c19ea1210326 in term 5.
I20260713 09:02:58.389778 12108 raft_consensus.cc:2804] T ac808fdc2f0f4ecf98c9fa9ed0599043 P 4f596a9ecf054ed99794c19ea1210326 [term 5 FOLLOWER]: Leader election won for term 5
I20260713 09:02:58.390924 12108 raft_consensus.cc:697] T ac808fdc2f0f4ecf98c9fa9ed0599043 P 4f596a9ecf054ed99794c19ea1210326 [term 5 LEADER]: Becoming Leader. State: Replica: 4f596a9ecf054ed99794c19ea1210326, State: Running, Role: LEADER
