I20260713 09:03:00.496538  7140 consensus_queue.cc:260] T c20122f73602458cb2c295cb6180a4e0 P 8d2c84ca6fd64567af5e397e9f8457bb [NON_LEADER]: Queue going to NON_LEADER mode. State: All replicated index: 0, Majority replicated index: 0, Committed index: 0, Last appended: 0.0, Last appended by leader: 0, Current term: 0, Majority size: -1, State: 0, Mode: NON_LEADER, active raft config: opid_index: -1 OBSOLETE_local: false peers { permanent_uuid: "0065cb78f2954da2820eabc47706caa4" member_type: VOTER last_known_addr { host: "127.5.182.65" port: 32901 } } peers { permanent_uuid: "8d2c84ca6fd64567af5e397e9f8457bb" member_type: VOTER last_known_addr { host: "127.5.182.66" port: 34221 } } peers { permanent_uuid: "f9746d62994441abbadc98adb47a7839" member_type: VOTER last_known_addr { host: "127.5.182.67" port: 39475 } }
I20260713 09:03:00.498622  7140 ts_tablet_manager.cc:1434] T c20122f73602458cb2c295cb6180a4e0 P 8d2c84ca6fd64567af5e397e9f8457bb: Time spent starting tablet: real 0.013s	user 0.003s	sys 0.000s
I20260713 09:03:00.499221  7141 tablet_bootstrap.cc:492] T ff02601843c145ba918e39771c18dffb P 0065cb78f2954da2820eabc47706caa4: No bootstrap required, opened a new log
I20260713 09:03:00.499531  7140 tablet_bootstrap.cc:492] T 9ecf5699e85e4622b0aefc8f73d6e5c4 P 8d2c84ca6fd64567af5e397e9f8457bb: Bootstrap starting.
I20260713 09:03:00.499624  7141 ts_tablet_manager.cc:1403] T ff02601843c145ba918e39771c18dffb P 0065cb78f2954da2820eabc47706caa4: Time spent bootstrapping tablet: real 0.037s	user 0.021s	sys 0.005s
I20260713 09:03:00.502260  6951 raft_consensus.cc:2468] T c20122f73602458cb2c295cb6180a4e0 P 0065cb78f2954da2820eabc47706caa4 [term 1 FOLLOWER]: Leader election vote request: Granting yes vote for candidate f9746d62994441abbadc98adb47a7839 in term 1.
I20260713 09:03:00.502089  7141 raft_consensus.cc:359] T ff02601843c145ba918e39771c18dffb P 0065cb78f2954da2820eabc47706caa4 [term 0 FOLLOWER]: Replica starting. Triggering 0 pending ops. Active config: opid_index: -1 OBSOLETE_local: false peers { permanent_uuid: "0065cb78f2954da2820eabc47706caa4" member_type: VOTER last_known_addr { host: "127.5.182.65" port: 32901 } } peers { permanent_uuid: "8d2c84ca6fd64567af5e397e9f8457bb" member_type: VOTER last_known_addr { host: "127.5.182.66" port: 34221 } } peers { permanent_uuid: "f9746d62994441abbadc98adb47a7839" member_type: VOTER last_known_addr { host: "127.5.182.67" port: 39475 } }
I20260713 09:03:00.505198  7140 tablet_bootstrap.cc:654] T 9ecf5699e85e4622b0aefc8f73d6e5c4 P 8d2c84ca6fd64567af5e397e9f8457bb: Neither blocks nor log segments found. Creating new log.
I20260713 09:03:00.505402  7141 raft_consensus.cc:385] T ff02601843c145ba918e39771c18dffb P 0065cb78f2954da2820eabc47706caa4 [term 0 FOLLOWER]: Consensus starting up: Expiring failure detector timer to make a prompt election more likely
I20260713 09:03:00.503969  7026 tablet_service.cc:1917] Received RequestConsensusVote() RPC: tablet_id: "c20122f73602458cb2c295cb6180a4e0" candidate_uuid: "f9746d62994441abbadc98adb47a7839" candidate_term: 1 candidate_status { last_received { term: 0 index: 0 } } ignore_live_leader: false dest_uuid: "8d2c84ca6fd64567af5e397e9f8457bb"
I20260713 09:03:00.505738  7141 raft_consensus.cc:740] T ff02601843c145ba918e39771c18dffb P 0065cb78f2954da2820eabc47706caa4 [term 0 FOLLOWER]: Becoming Follower/Learner. State: Replica: 0065cb78f2954da2820eabc47706caa4, State: Initialized, Role: FOLLOWER
I20260713 09:03:00.505911  7026 raft_consensus.cc:3060] T c20122f73602458cb2c295cb6180a4e0 P 8d2c84ca6fd64567af5e397e9f8457bb [term 0 FOLLOWER]: Advancing to term 1
I20260713 09:03:00.506393  7141 consensus_queue.cc:260] T ff02601843c145ba918e39771c18dffb P 0065cb78f2954da2820eabc47706caa4 [NON_LEADER]: Queue going to NON_LEADER mode. State: All replicated index: 0, Majority replicated index: 0, Committed index: 0, Last appended: 0.0, Last appended by leader: 0, Current term: 0, Majority size: -1, State: 0, Mode: NON_LEADER, active raft config: opid_index: -1 OBSOLETE_local: false peers { permanent_uuid: "0065cb78f2954da2820eabc47706caa4" member_type: VOTER last_known_addr { host: "127.5.182.65" port: 32901 } } peers { permanent_uuid: "8d2c84ca6fd64567af5e397e9f8457bb" member_type: VOTER last_known_addr { host: "127.5.182.66" port: 34221 } } peers { permanent_uuid: "f9746d62994441abbadc98adb47a7839" member_type: VOTER last_known_addr { host: "127.5.182.67" port: 39475 } }
I20260713 09:03:00.507085  7148 raft_consensus.cc:493] T 99ca148460564088bcc771accfa14c58 P f9746d62994441abbadc98adb47a7839 [term 0 FOLLOWER]: Starting pre-election (no leader contacted us within the election timeout)
I20260713 09:03:00.507488  7148 raft_consensus.cc:515] T 99ca148460564088bcc771accfa14c58 P f9746d62994441abbadc98adb47a7839 [term 0 FOLLOWER]: Starting pre-election with config: opid_index: -1 OBSOLETE_local: false peers { permanent_uuid: "0065cb78f2954da2820eabc47706caa4" member_type: VOTER last_known_addr { host: "127.5.182.65" port: 32901 } } peers { permanent_uuid: "8d2c84ca6fd64567af5e397e9f8457bb" member_type: VOTER last_known_addr { host: "127.5.182.66" port: 34221 } } peers { permanent_uuid: "f9746d62994441abbadc98adb47a7839" member_type: VOTER last_known_addr { host: "127.5.182.67" port: 39475 } }
I20260713 09:03:00.509251  7148 leader_election.cc:290] T 99ca148460564088bcc771accfa14c58 P f9746d62994441abbadc98adb47a7839 [CANDIDATE]: Term 1 pre-election: Requested pre-vote from peers 0065cb78f2954da2820eabc47706caa4 (127.5.182.65:32901), 8d2c84ca6fd64567af5e397e9f8457bb (127.5.182.66:34221)
I20260713 09:03:00.511390  7141 ts_tablet_manager.cc:1434] T ff02601843c145ba918e39771c18dffb P 0065cb78f2954da2820eabc47706caa4: Time spent starting tablet: real 0.011s	user 0.006s	sys 0.000s
I20260713 09:03:00.511879  7140 tablet_bootstrap.cc:492] T 9ecf5699e85e4622b0aefc8f73d6e5c4 P 8d2c84ca6fd64567af5e397e9f8457bb: No bootstrap required, opened a new log
I20260713 09:03:00.512301  7141 tablet_bootstrap.cc:492] T dcce82f2935e4e36ba564276956b8c4b P 0065cb78f2954da2820eabc47706caa4: Bootstrap starting.
I20260713 09:03:00.512323  7140 ts_tablet_manager.cc:1403] T 9ecf5699e85e4622b0aefc8f73d6e5c4 P 8d2c84ca6fd64567af5e397e9f8457bb: Time spent bootstrapping tablet: real 0.013s	user 0.011s	sys 0.000s
I20260713 09:03:00.505265  7063 leader_election.cc:304] T c20122f73602458cb2c295cb6180a4e0 P f9746d62994441abbadc98adb47a7839 [CANDIDATE]: Term 1 election: Election decided. Result: candidate won. Election summary: received 2 responses out of 3 voters: 2 yes votes; 0 no votes. yes voters: 0065cb78f2954da2820eabc47706caa4, f9746d62994441abbadc98adb47a7839; no voters: 
I20260713 09:03:00.515012  7140 raft_consensus.cc:359] T 9ecf5699e85e4622b0aefc8f73d6e5c4 P 8d2c84ca6fd64567af5e397e9f8457bb [term 0 FOLLOWER]: Replica starting. Triggering 0 pending ops. Active config: opid_index: -1 OBSOLETE_local: false peers { permanent_uuid: "f9746d62994441abbadc98adb47a7839" member_type: VOTER last_known_addr { host: "127.5.182.67" port: 39475 } } peers { permanent_uuid: "0065cb78f2954da2820eabc47706caa4" member_type: VOTER last_known_addr { host: "127.5.182.65" port: 32901 } } peers { permanent_uuid: "8d2c84ca6fd64567af5e397e9f8457bb" member_type: VOTER last_known_addr { host: "127.5.182.66" port: 34221 } }
I20260713 09:03:00.515682  7140 raft_consensus.cc:385] T 9ecf5699e85e4622b0aefc8f73d6e5c4 P 8d2c84ca6fd64567af5e397e9f8457bb [term 0 FOLLOWER]: Consensus starting up: Expiring failure detector timer to make a prompt election more likely
I20260713 09:03:00.515933  7140 raft_consensus.cc:740] T 9ecf5699e85e4622b0aefc8f73d6e5c4 P 8d2c84ca6fd64567af5e397e9f8457bb [term 0 FOLLOWER]: Becoming Follower/Learner. State: Replica: 8d2c84ca6fd64567af5e397e9f8457bb, State: Initialized, Role: FOLLOWER
I20260713 09:03:00.516039  6950 tablet_service.cc:1917] Received RequestConsensusVote() RPC: tablet_id: "99ca148460564088bcc771accfa14c58" candidate_uuid: "f9746d62994441abbadc98adb47a7839" candidate_term: 1 candidate_status { last_received { term: 0 index: 0 } } ignore_live_leader: false dest_uuid: "0065cb78f2954da2820eabc47706caa4" is_pre_election: true
I20260713 09:03:00.516281  7025 tablet_service.cc:1917] Received RequestConsensusVote() RPC: tablet_id: "99ca148460564088bcc771accfa14c58" candidate_uuid: "f9746d62994441abbadc98adb47a7839" candidate_term: 1 candidate_status { last_received { term: 0 index: 0 } } ignore_live_leader: false dest_uuid: "8d2c84ca6fd64567af5e397e9f8457bb" is_pre_election: true
I20260713 09:03:00.516675  6950 raft_consensus.cc:2468] T 99ca148460564088bcc771accfa14c58 P 0065cb78f2954da2820eabc47706caa4 [term 0 FOLLOWER]: Leader pre-election vote request: Granting yes vote for candidate f9746d62994441abbadc98adb47a7839 in term 0.
I20260713 09:03:00.516623  7140 consensus_queue.cc:260] T 9ecf5699e85e4622b0aefc8f73d6e5c4 P 8d2c84ca6fd64567af5e397e9f8457bb [NON_LEADER]: Queue going to NON_LEADER mode. State: All replicated index: 0, Majority replicated index: 0, Committed index: 0, Last appended: 0.0, Last appended by leader: 0, Current term: 0, Majority size: -1, State: 0, Mode: NON_LEADER, active raft config: opid_index: -1 OBSOLETE_local: false peers { permanent_uuid: "f9746d62994441abbadc98adb47a7839" member_type: VOTER last_known_addr { host: "127.5.182.67" port: 39475 } } peers { permanent_uuid: "0065cb78f2954da2820eabc47706caa4" member_type: VOTER last_known_addr { host: "127.5.182.65" port: 32901 } } peers { permanent_uuid: "8d2c84ca6fd64567af5e397e9f8457bb" member_type: VOTER last_known_addr { host: "127.5.182.66" port: 34221 } }
I20260713 09:03:00.516119  7148 raft_consensus.cc:2804] T c20122f73602458cb2c295cb6180a4e0 P f9746d62994441abbadc98adb47a7839 [term 1 FOLLOWER]: Leader election won for term 1
I20260713 09:03:00.504355  7150 leader_election.cc:290] T c20122f73602458cb2c295cb6180a4e0 P f9746d62994441abbadc98adb47a7839 [CANDIDATE]: Term 1 election: Requested vote from peers 0065cb78f2954da2820eabc47706caa4 (127.5.182.65:32901), 8d2c84ca6fd64567af5e397e9f8457bb (127.5.182.66:34221)
W20260713 09:03:00.517521  7063 leader_election.cc:343] T 99ca148460564088bcc771accfa14c58 P f9746d62994441abbadc98adb47a7839 [CANDIDATE]: Term 1 pre-election: Tablet error from VoteRequest() call to peer 8d2c84ca6fd64567af5e397e9f8457bb (127.5.182.66:34221): Illegal state: must be running to vote when last-logged opid is not known
I20260713 09:03:00.518155  7148 raft_consensus.cc:697] T c20122f73602458cb2c295cb6180a4e0 P f9746d62994441abbadc98adb47a7839 [term 1 LEADER]: Becoming Leader. State: Replica: f9746d62994441abbadc98adb47a7839, State: Running, Role: LEADER
I20260713 09:03:00.518314  7063 leader_election.cc:304] T 99ca148460564088bcc771accfa14c58 P f9746d62994441abbadc98adb47a7839 [CANDIDATE]: Term 1 pre-election: Election decided. Result: candidate won. Election summary: received 3 responses out of 3 voters: 2 yes votes; 1 no votes. yes voters: 0065cb78f2954da2820eabc47706caa4, f9746d62994441abbadc98adb47a7839; no voters: 8d2c84ca6fd64567af5e397e9f8457bb
I20260713 09:03:00.518989  7148 consensus_queue.cc:237] T c20122f73602458cb2c295cb6180a4e0 P f9746d62994441abbadc98adb47a7839 [LEADER]: Queue going to LEADER mode. State: All replicated index: 0, Majority replicated index: 0, Committed index: 0, Last appended: 0.0, Last appended by leader: 0, Current term: 1, Majority size: 2, State: 0, Mode: LEADER, active raft config: opid_index: -1 OBSOLETE_local: false peers { permanent_uuid: "0065cb78f2954da2820eabc47706caa4" member_type: VOTER last_known_addr { host: "127.5.182.65" port: 32901 } } peers { permanent_uuid: "8d2c84ca6fd64567af5e397e9f8457bb" member_type: VOTER last_known_addr { host: "127.5.182.66" port: 34221 } } peers { permanent_uuid: "f9746d62994441abbadc98adb47a7839" member_type: VOTER last_known_addr { host: "127.5.182.67" port: 39475 } }
I20260713 09:03:00.521224  7140 ts_tablet_manager.cc:1434] T 9ecf5699e85e4622b0aefc8f73d6e5c4 P 8d2c84ca6fd64567af5e397e9f8457bb: Time spent starting tablet: real 0.008s	user 0.005s	sys 0.000s
I20260713 09:03:00.521395  7142 tablet_bootstrap.cc:654] T 720c322257d94a04ae74e484f49e5757 P f9746d62994441abbadc98adb47a7839: Neither blocks nor log segments found. Creating new log.
I20260713 09:03:00.522047  7140 tablet_bootstrap.cc:492] T 99ca148460564088bcc771accfa14c58 P 8d2c84ca6fd64567af5e397e9f8457bb: Bootstrap starting.
I20260713 09:03:00.523897  7141 tablet_bootstrap.cc:654] T dcce82f2935e4e36ba564276956b8c4b P 0065cb78f2954da2820eabc47706caa4: Neither blocks nor log segments found. Creating new log.
I20260713 09:03:00.528424  7140 tablet_bootstrap.cc:654] T 99ca148460564088bcc771accfa14c58 P 8d2c84ca6fd64567af5e397e9f8457bb: Neither blocks nor log segments found. Creating new log.
I20260713 09:03:00.535485  7141 tablet_bootstrap.cc:492] T dcce82f2935e4e36ba564276956b8c4b P 0065cb78f2954da2820eabc47706caa4: No bootstrap required, opened a new log
I20260713 09:03:00.535866  7141 ts_tablet_manager.cc:1403] T dcce82f2935e4e36ba564276956b8c4b P 0065cb78f2954da2820eabc47706caa4: Time spent bootstrapping tablet: real 0.024s	user 0.006s	sys 0.003s
I20260713 09:03:00.537307  7180 raft_consensus.cc:2804] T 99ca148460564088bcc771accfa14c58 P f9746d62994441abbadc98adb47a7839 [term 0 FOLLOWER]: Leader pre-election won for term 1
I20260713 09:03:00.537672  7180 raft_consensus.cc:493] T 99ca148460564088bcc771accfa14c58 P f9746d62994441abbadc98adb47a7839 [term 0 FOLLOWER]: Starting leader election (no leader contacted us within the election timeout)
I20260713 09:03:00.538023  7180 raft_consensus.cc:3060] T 99ca148460564088bcc771accfa14c58 P f9746d62994441abbadc98adb47a7839 [term 0 FOLLOWER]: Advancing to term 1
I20260713 09:03:00.517246  7026 raft_consensus.cc:2468] T c20122f73602458cb2c295cb6180a4e0 P 8d2c84ca6fd64567af5e397e9f8457bb [term 1 FOLLOWER]: Leader election vote request: Granting yes vote for candidate f9746d62994441abbadc98adb47a7839 in term 1.
I20260713 09:03:00.538964  7150 raft_consensus.cc:493] T ff02601843c145ba918e39771c18dffb P f9746d62994441abbadc98adb47a7839 [term 0 FOLLOWER]: Starting pre-election (no leader contacted us within the election timeout)
I20260713 09:03:00.539430  7150 raft_consensus.cc:515] T ff02601843c145ba918e39771c18dffb P f9746d62994441abbadc98adb47a7839 [term 0 FOLLOWER]: Starting pre-election with config: opid_index: -1 OBSOLETE_local: false peers { permanent_uuid: "0065cb78f2954da2820eabc47706caa4" member_type: VOTER last_known_addr { host: "127.5.182.65" port: 32901 } } peers { permanent_uuid: "8d2c84ca6fd64567af5e397e9f8457bb" member_type: VOTER last_known_addr { host: "127.5.182.66" port: 34221 } } peers { permanent_uuid: "f9746d62994441abbadc98adb47a7839" member_type: VOTER last_known_addr { host: "127.5.182.67" port: 39475 } }
I20260713 09:03:00.541203  7150 leader_election.cc:290] T ff02601843c145ba918e39771c18dffb P f9746d62994441abbadc98adb47a7839 [CANDIDATE]: Term 1 pre-election: Requested pre-vote from peers 0065cb78f2954da2820eabc47706caa4 (127.5.182.65:32901), 8d2c84ca6fd64567af5e397e9f8457bb (127.5.182.66:34221)
I20260713 09:03:00.541879  6951 tablet_service.cc:1917] Received RequestConsensusVote() RPC: tablet_id: "ff02601843c145ba918e39771c18dffb" candidate_uuid: "f9746d62994441abbadc98adb47a7839" candidate_term: 1 candidate_status { last_received { term: 0 index: 0 } } ignore_live_leader: false dest_uuid: "0065cb78f2954da2820eabc47706caa4" is_pre_election: true
I20260713 09:03:00.542630  6951 raft_consensus.cc:2468] T ff02601843c145ba918e39771c18dffb P 0065cb78f2954da2820eabc47706caa4 [term 0 FOLLOWER]: Leader pre-election vote request: Granting yes vote for candidate f9746d62994441abbadc98adb47a7839 in term 0.
I20260713 09:03:00.544502  7063 leader_election.cc:304] T ff02601843c145ba918e39771c18dffb P f9746d62994441abbadc98adb47a7839 [CANDIDATE]: Term 1 pre-election: Election decided. Result: candidate won. Election summary: received 2 responses out of 3 voters: 2 yes votes; 0 no votes. yes voters: 0065cb78f2954da2820eabc47706caa4, f9746d62994441abbadc98adb47a7839; no voters: 
I20260713 09:03:00.545403  7150 raft_consensus.cc:2804] T ff02601843c145ba918e39771c18dffb P f9746d62994441abbadc98adb47a7839 [term 0 FOLLOWER]: Leader pre-election won for term 1
I20260713 09:03:00.542775  7026 tablet_service.cc:1917] Received RequestConsensusVote() RPC: tablet_id: "ff02601843c145ba918e39771c18dffb" candidate_uuid: "f9746d62994441abbadc98adb47a7839" candidate_term: 1 candidate_status { last_received { term: 0 index: 0 } } ignore_live_leader: false dest_uuid: "8d2c84ca6fd64567af5e397e9f8457bb" is_pre_election: true
I20260713 09:03:00.545909  7150 raft_consensus.cc:493] T ff02601843c145ba918e39771c18dffb P f9746d62994441abbadc98adb47a7839 [term 0 FOLLOWER]: Starting leader election (no leader contacted us within the election timeout)
I20260713 09:03:00.546278  7150 raft_consensus.cc:3060] T ff02601843c145ba918e39771c18dffb P f9746d62994441abbadc98adb47a7839 [term 0 FOLLOWER]: Advancing to term 1
I20260713 09:03:00.546610  7026 raft_consensus.cc:2468] T ff02601843c145ba918e39771c18dffb P 8d2c84ca6fd64567af5e397e9f8457bb [term 0 FOLLOWER]: Leader pre-election vote request: Granting yes vote for candidate f9746d62994441abbadc98adb47a7839 in term 0.
I20260713 09:03:00.548429  7141 raft_consensus.cc:359] T dcce82f2935e4e36ba564276956b8c4b P 0065cb78f2954da2820eabc47706caa4 [term 0 FOLLOWER]: Replica starting. Triggering 0 pending ops. Active config: opid_index: -1 OBSOLETE_local: false peers { permanent_uuid: "0065cb78f2954da2820eabc47706caa4" member_type: VOTER last_known_addr { host: "127.5.182.65" port: 32901 } } peers { permanent_uuid: "8d2c84ca6fd64567af5e397e9f8457bb" member_type: VOTER last_known_addr { host: "127.5.182.66" port: 34221 } } peers { permanent_uuid: "f9746d62994441abbadc98adb47a7839" member_type: VOTER last_known_addr { host: "127.5.182.67" port: 39475 } }
I20260713 09:03:00.549122  7141 raft_consensus.cc:385] T dcce82f2935e4e36ba564276956b8c4b P 0065cb78f2954da2820eabc47706caa4 [term 0 FOLLOWER]: Consensus starting up: Expiring failure detector timer to make a prompt election more likely
I20260713 09:03:00.549960  7141 raft_consensus.cc:740] T dcce82f2935e4e36ba564276956b8c4b P 0065cb78f2954da2820eabc47706caa4 [term 0 FOLLOWER]: Becoming Follower/Learner. State: Replica: 0065cb78f2954da2820eabc47706caa4, State: Initialized, Role: FOLLOWER
I20260713 09:03:00.552914  7140 tablet_bootstrap.cc:492] T 99ca148460564088bcc771accfa14c58 P 8d2c84ca6fd64567af5e397e9f8457bb: No bootstrap required, opened a new log
I20260713 09:03:00.553274  7140 ts_tablet_manager.cc:1403] T 99ca148460564088bcc771accfa14c58 P 8d2c84ca6fd64567af5e397e9f8457bb: Time spent bootstrapping tablet: real 0.031s	user 0.013s	sys 0.016s
I20260713 09:03:00.550559  7141 consensus_queue.cc:260] T dcce82f2935e4e36ba564276956b8c4b P 0065cb78f2954da2820eabc47706caa4 [NON_LEADER]: Queue going to NON_LEADER mode. State: All replicated index: 0, Majority replicated index: 0, Committed index: 0, Last appended: 0.0, Last appended by leader: 0, Current term: 0, Majority size: -1, State: 0, Mode: NON_LEADER, active raft config: opid_index: -1 OBSOLETE_local: false peers { permanent_uuid: "0065cb78f2954da2820eabc47706caa4" member_type: VOTER last_known_addr { host: "127.5.182.65" port: 32901 } } peers { permanent_uuid: "8d2c84ca6fd64567af5e397e9f8457bb" member_type: VOTER last_known_addr { host: "127.5.182.66" port: 34221 } } peers { permanent_uuid: "f9746d62994441abbadc98adb47a7839" member_type: VOTER last_known_addr { host: "127.5.182.67" port: 39475 } }
I20260713 09:03:00.554872  7141 ts_tablet_manager.cc:1434] T dcce82f2935e4e36ba564276956b8c4b P 0065cb78f2954da2820eabc47706caa4: Time spent starting tablet: real 0.019s	user 0.007s	sys 0.000s
I20260713 09:03:00.556015  7150 raft_consensus.cc:515] T ff02601843c145ba918e39771c18dffb P f9746d62994441abbadc98adb47a7839 [term 1 FOLLOWER]: Starting leader election with config: opid_index: -1 OBSOLETE_local: false peers { permanent_uuid: "0065cb78f2954da2820eabc47706caa4" member_type: VOTER last_known_addr { host: "127.5.182.65" port: 32901 } } peers { permanent_uuid: "8d2c84ca6fd64567af5e397e9f8457bb" member_type: VOTER last_known_addr { host: "127.5.182.66" port: 34221 } } peers { permanent_uuid: "f9746d62994441abbadc98adb47a7839" member_type: VOTER last_known_addr { host: "127.5.182.67" port: 39475 } }
I20260713 09:03:00.556533  7142 tablet_bootstrap.cc:492] T 720c322257d94a04ae74e484f49e5757 P f9746d62994441abbadc98adb47a7839: No bootstrap required, opened a new log
I20260713 09:03:00.556951  7142 ts_tablet_manager.cc:1403] T 720c322257d94a04ae74e484f49e5757 P f9746d62994441abbadc98adb47a7839: Time spent bootstrapping tablet: real 0.065s	user 0.012s	sys 0.004s
I20260713 09:03:00.557264  6848 catalog_manager.cc:5697] T c20122f73602458cb2c295cb6180a4e0 P f9746d62994441abbadc98adb47a7839 reported cstate change: term changed from 0 to 1, leader changed from <none> to f9746d62994441abbadc98adb47a7839 (127.5.182.67). New cstate: current_term: 1 leader_uuid: "f9746d62994441abbadc98adb47a7839" committed_config { opid_index: -1 OBSOLETE_local: false peers { permanent_uuid: "0065cb78f2954da2820eabc47706caa4" member_type: VOTER last_known_addr { host: "127.5.182.65" port: 32901 } health_report { overall_health: UNKNOWN } } peers { permanent_uuid: "8d2c84ca6fd64567af5e397e9f8457bb" member_type: VOTER last_known_addr { host: "127.5.182.66" port: 34221 } health_report { overall_health: UNKNOWN } } peers { permanent_uuid: "f9746d62994441abbadc98adb47a7839" member_type: VOTER last_known_addr { host: "127.5.182.67" port: 39475 } health_report { overall_health: HEALTHY } } }
I20260713 09:03:00.558686  7141 tablet_bootstrap.cc:492] T 0a5e64d2c1f04e8686f93e43d393a994 P 0065cb78f2954da2820eabc47706caa4: Bootstrap starting.
I20260713 09:03:00.559082  7026 tablet_service.cc:1917] Received RequestConsensusVote() RPC: tablet_id: "ff02601843c145ba918e39771c18dffb" candidate_uuid: "f9746d62994441abbadc98adb47a7839" candidate_term: 1 candidate_status { last_received { term: 0 index: 0 } } ignore_live_leader: false dest_uuid: "8d2c84ca6fd64567af5e397e9f8457bb"
I20260713 09:03:00.559584  7026 raft_consensus.cc:3060] T ff02601843c145ba918e39771c18dffb P 8d2c84ca6fd64567af5e397e9f8457bb [term 0 FOLLOWER]: Advancing to term 1
I20260713 09:03:00.559728  7146 raft_consensus.cc:493] T eb5d16ca6f744fe59eb26301c5ed2a60 P 8d2c84ca6fd64567af5e397e9f8457bb [term 0 FOLLOWER]: Starting pre-election (no leader contacted us within the election timeout)
I20260713 09:03:00.560160  7146 raft_consensus.cc:515] T eb5d16ca6f744fe59eb26301c5ed2a60 P 8d2c84ca6fd64567af5e397e9f8457bb [term 0 FOLLOWER]: Starting pre-election with config: opid_index: -1 OBSOLETE_local: false peers { permanent_uuid: "0065cb78f2954da2820eabc47706caa4" member_type: VOTER last_known_addr { host: "127.5.182.65" port: 32901 } } peers { permanent_uuid: "8d2c84ca6fd64567af5e397e9f8457bb" member_type: VOTER last_known_addr { host: "127.5.182.66" port: 34221 } } peers { permanent_uuid: "f9746d62994441abbadc98adb47a7839" member_type: VOTER last_known_addr { host: "127.5.182.67" port: 39475 } }
I20260713 09:03:00.561354  7180 raft_consensus.cc:515] T 99ca148460564088bcc771accfa14c58 P f9746d62994441abbadc98adb47a7839 [term 1 FOLLOWER]: Starting leader election with config: opid_index: -1 OBSOLETE_local: false peers { permanent_uuid: "0065cb78f2954da2820eabc47706caa4" member_type: VOTER last_known_addr { host: "127.5.182.65" port: 32901 } } peers { permanent_uuid: "8d2c84ca6fd64567af5e397e9f8457bb" member_type: VOTER last_known_addr { host: "127.5.182.66" port: 34221 } } peers { permanent_uuid: "f9746d62994441abbadc98adb47a7839" member_type: VOTER last_known_addr { host: "127.5.182.67" port: 39475 } }
I20260713 09:03:00.562041  7146 leader_election.cc:290] T eb5d16ca6f744fe59eb26301c5ed2a60 P 8d2c84ca6fd64567af5e397e9f8457bb [CANDIDATE]: Term 1 pre-election: Requested pre-vote from peers 0065cb78f2954da2820eabc47706caa4 (127.5.182.65:32901), f9746d62994441abbadc98adb47a7839 (127.5.182.67:39475)
I20260713 09:03:00.562594  6951 tablet_service.cc:1917] Received RequestConsensusVote() RPC: tablet_id: "eb5d16ca6f744fe59eb26301c5ed2a60" candidate_uuid: "8d2c84ca6fd64567af5e397e9f8457bb" candidate_term: 1 candidate_status { last_received { term: 0 index: 0 } } ignore_live_leader: false dest_uuid: "0065cb78f2954da2820eabc47706caa4" is_pre_election: true
I20260713 09:03:00.563268  6951 raft_consensus.cc:2393] T eb5d16ca6f744fe59eb26301c5ed2a60 P 0065cb78f2954da2820eabc47706caa4 [term 1 FOLLOWER]: Leader pre-election vote request: Denying vote to candidate 8d2c84ca6fd64567af5e397e9f8457bb in current term 1: Already voted for candidate f9746d62994441abbadc98adb47a7839 in this term.
I20260713 09:03:00.563699  6950 tablet_service.cc:1917] Received RequestConsensusVote() RPC: tablet_id: "ff02601843c145ba918e39771c18dffb" candidate_uuid: "f9746d62994441abbadc98adb47a7839" candidate_term: 1 candidate_status { last_received { term: 0 index: 0 } } ignore_live_leader: false dest_uuid: "0065cb78f2954da2820eabc47706caa4"
I20260713 09:03:00.564067  7141 tablet_bootstrap.cc:654] T 0a5e64d2c1f04e8686f93e43d393a994 P 0065cb78f2954da2820eabc47706caa4: Neither blocks nor log segments found. Creating new log.
I20260713 09:03:00.564359  6950 raft_consensus.cc:3060] T ff02601843c145ba918e39771c18dffb P 0065cb78f2954da2820eabc47706caa4 [term 0 FOLLOWER]: Advancing to term 1
I20260713 09:03:00.564689  6949 tablet_service.cc:1917] Received RequestConsensusVote() RPC: tablet_id: "99ca148460564088bcc771accfa14c58" candidate_uuid: "f9746d62994441abbadc98adb47a7839" candidate_term: 1 candidate_status { last_received { term: 0 index: 0 } } ignore_live_leader: false dest_uuid: "0065cb78f2954da2820eabc47706caa4"
I20260713 09:03:00.565660  6949 raft_consensus.cc:3060] T 99ca148460564088bcc771accfa14c58 P 0065cb78f2954da2820eabc47706caa4 [term 0 FOLLOWER]: Advancing to term 1
I20260713 09:03:00.565424  7140 raft_consensus.cc:359] T 99ca148460564088bcc771accfa14c58 P 8d2c84ca6fd64567af5e397e9f8457bb [term 0 FOLLOWER]: Replica starting. Triggering 0 pending ops. Active config: opid_index: -1 OBSOLETE_local: false peers { permanent_uuid: "0065cb78f2954da2820eabc47706caa4" member_type: VOTER last_known_addr { host: "127.5.182.65" port: 32901 } } peers { permanent_uuid: "8d2c84ca6fd64567af5e397e9f8457bb" member_type: VOTER last_known_addr { host: "127.5.182.66" port: 34221 } } peers { permanent_uuid: "f9746d62994441abbadc98adb47a7839" member_type: VOTER last_known_addr { host: "127.5.182.67" port: 39475 } }
I20260713 09:03:00.565997  7140 raft_consensus.cc:385] T 99ca148460564088bcc771accfa14c58 P 8d2c84ca6fd64567af5e397e9f8457bb [term 0 FOLLOWER]: Consensus starting up: Expiring failure detector timer to make a prompt election more likely
I20260713 09:03:00.566237  7140 raft_consensus.cc:740] T 99ca148460564088bcc771accfa14c58 P 8d2c84ca6fd64567af5e397e9f8457bb [term 0 FOLLOWER]: Becoming Follower/Learner. State: Replica: 8d2c84ca6fd64567af5e397e9f8457bb, State: Initialized, Role: FOLLOWER
I20260713 09:03:00.566797  7100 tablet_service.cc:1917] Received RequestConsensusVote() RPC: tablet_id: "eb5d16ca6f744fe59eb26301c5ed2a60" candidate_uuid: "8d2c84ca6fd64567af5e397e9f8457bb" candidate_term: 1 candidate_status { last_received { term: 0 index: 0 } } ignore_live_leader: false dest_uuid: "f9746d62994441abbadc98adb47a7839" is_pre_election: true
I20260713 09:03:00.566937  7140 consensus_queue.cc:260] T 99ca148460564088bcc771accfa14c58 P 8d2c84ca6fd64567af5e397e9f8457bb [NON_LEADER]: Queue going to NON_LEADER mode. State: All replicated index: 0, Majority replicated index: 0, Committed index: 0, Last appended: 0.0, Last appended by leader: 0, Current term: 0, Majority size: -1, State: 0, Mode: NON_LEADER, active raft config: opid_index: -1 OBSOLETE_local: false peers { permanent_uuid: "0065cb78f2954da2820eabc47706caa4" member_type: VOTER last_known_addr { host: "127.5.182.65" port: 32901 } } peers { permanent_uuid: "8d2c84ca6fd64567af5e397e9f8457bb" member_type: VOTER last_known_addr { host: "127.5.182.66" port: 34221 } } peers { permanent_uuid: "f9746d62994441abbadc98adb47a7839" member_type: VOTER last_known_addr { host: "127.5.182.67" port: 39475 } }
I20260713 09:03:00.568288  7025 tablet_service.cc:1917] Received RequestConsensusVote() RPC: tablet_id: "99ca148460564088bcc771accfa14c58" candidate_uuid: "f9746d62994441abbadc98adb47a7839" candidate_term: 1 candidate_status { last_received { term: 0 index: 0 } } ignore_live_leader: false dest_uuid: "8d2c84ca6fd64567af5e397e9f8457bb"
I20260713 09:03:00.568650  6992 leader_election.cc:304] T eb5d16ca6f744fe59eb26301c5ed2a60 P 8d2c84ca6fd64567af5e397e9f8457bb [CANDIDATE]: Term 1 pre-election: Election decided. Result: candidate lost. Election summary: received 3 responses out of 3 voters: 1 yes votes; 2 no votes. yes voters: 8d2c84ca6fd64567af5e397e9f8457bb; no voters: 0065cb78f2954da2820eabc47706caa4, f9746d62994441abbadc98adb47a7839
I20260713 09:03:00.569761  7146 raft_consensus.cc:3060] T eb5d16ca6f744fe59eb26301c5ed2a60 P 8d2c84ca6fd64567af5e397e9f8457bb [term 0 FOLLOWER]: Advancing to term 1
I20260713 09:03:00.571211  7140 ts_tablet_manager.cc:1434] T 99ca148460564088bcc771accfa14c58 P 8d2c84ca6fd64567af5e397e9f8457bb: Time spent starting tablet: real 0.018s	user 0.006s	sys 0.001s
I20260713 09:03:00.572011  7140 tablet_bootstrap.cc:492] T fbb6a301360c49cd823bd68c20cd68c9 P 8d2c84ca6fd64567af5e397e9f8457bb: Bootstrap starting.
I20260713 09:03:00.568862  7025 raft_consensus.cc:3060] T 99ca148460564088bcc771accfa14c58 P 8d2c84ca6fd64567af5e397e9f8457bb [term 0 FOLLOWER]: Advancing to term 1
I20260713 09:03:00.576560  7026 raft_consensus.cc:2468] T ff02601843c145ba918e39771c18dffb P 8d2c84ca6fd64567af5e397e9f8457bb [term 1 FOLLOWER]: Leader election vote request: Granting yes vote for candidate f9746d62994441abbadc98adb47a7839 in term 1.
I20260713 09:03:00.577152  7140 tablet_bootstrap.cc:654] T fbb6a301360c49cd823bd68c20cd68c9 P 8d2c84ca6fd64567af5e397e9f8457bb: Neither blocks nor log segments found. Creating new log.
I20260713 09:03:00.577540  7063 leader_election.cc:304] T ff02601843c145ba918e39771c18dffb P f9746d62994441abbadc98adb47a7839 [CANDIDATE]: Term 1 election: Election decided. Result: candidate won. Election summary: received 2 responses out of 3 voters: 2 yes votes; 0 no votes. yes voters: 8d2c84ca6fd64567af5e397e9f8457bb, f9746d62994441abbadc98adb47a7839; no voters: 
I20260713 09:03:00.578361  7148 raft_consensus.cc:2804] T ff02601843c145ba918e39771c18dffb P f9746d62994441abbadc98adb47a7839 [term 1 FOLLOWER]: Leader election won for term 1
I20260713 09:03:00.578814  7148 raft_consensus.cc:697] T ff02601843c145ba918e39771c18dffb P f9746d62994441abbadc98adb47a7839 [term 1 LEADER]: Becoming Leader. State: Replica: f9746d62994441abbadc98adb47a7839, State: Running, Role: LEADER
I20260713 09:03:00.557848  7150 leader_election.cc:290] T ff02601843c145ba918e39771c18dffb P f9746d62994441abbadc98adb47a7839 [CANDIDATE]: Term 1 election: Requested vote from peers 0065cb78f2954da2820eabc47706caa4 (127.5.182.65:32901), 8d2c84ca6fd64567af5e397e9f8457bb (127.5.182.66:34221)
I20260713 09:03:00.579934  7148 consensus_queue.cc:237] T ff02601843c145ba918e39771c18dffb P f9746d62994441abbadc98adb47a7839 [LEADER]: Queue going to LEADER mode. State: All replicated index: 0, Majority replicated index: 0, Committed index: 0, Last appended: 0.0, Last appended by leader: 0, Current term: 1, Majority size: 2, State: 0, Mode: LEADER, active raft config: opid_index: -1 OBSOLETE_local: false peers { permanent_uuid: "0065cb78f2954da2820eabc47706caa4" member_type: VOTER last_known_addr { host: "127.5.182.65" port: 32901 } } peers { permanent_uuid: "8d2c84ca6fd64567af5e397e9f8457bb" member_type: VOTER last_known_addr { host: "127.5.182.66" port: 34221 } } peers { permanent_uuid: "f9746d62994441abbadc98adb47a7839" member_type: VOTER last_known_addr { host: "127.5.182.67" port: 39475 } }
I20260713 09:03:00.581133  6949 raft_consensus.cc:2468] T 99ca148460564088bcc771accfa14c58 P 0065cb78f2954da2820eabc47706caa4 [term 1 FOLLOWER]: Leader election vote request: Granting yes vote for candidate f9746d62994441abbadc98adb47a7839 in term 1.
I20260713 09:03:00.581688  6950 raft_consensus.cc:2468] T ff02601843c145ba918e39771c18dffb P 0065cb78f2954da2820eabc47706caa4 [term 1 FOLLOWER]: Leader election vote request: Granting yes vote for candidate f9746d62994441abbadc98adb47a7839 in term 1.
I20260713 09:03:00.579514  7180 leader_election.cc:290] T 99ca148460564088bcc771accfa14c58 P f9746d62994441abbadc98adb47a7839 [CANDIDATE]: Term 1 election: Requested vote from peers 0065cb78f2954da2820eabc47706caa4 (127.5.182.65:32901), 8d2c84ca6fd64567af5e397e9f8457bb (127.5.182.66:34221)
I20260713 09:03:00.582523  7142 raft_consensus.cc:359] T 720c322257d94a04ae74e484f49e5757 P f9746d62994441abbadc98adb47a7839 [term 0 FOLLOWER]: Replica starting. Triggering 0 pending ops. Active config: opid_index: -1 OBSOLETE_local: false peers { permanent_uuid: "0065cb78f2954da2820eabc47706caa4" member_type: VOTER last_known_addr { host: "127.5.182.65" port: 32901 } } peers { permanent_uuid: "8d2c84ca6fd64567af5e397e9f8457bb" member_type: VOTER last_known_addr { host: "127.5.182.66" port: 34221 } } peers { permanent_uuid: "f9746d62994441abbadc98adb47a7839" member_type: VOTER last_known_addr { host: "127.5.182.67" port: 39475 } }
I20260713 09:03:00.590739  7146 raft_consensus.cc:2749] T eb5d16ca6f744fe59eb26301c5ed2a60 P 8d2c84ca6fd64567af5e397e9f8457bb [term 1 FOLLOWER]: Leader pre-election lost for term 1. Reason: could not achieve majority
I20260713 09:03:00.591997  7142 raft_consensus.cc:385] T 720c322257d94a04ae74e484f49e5757 P f9746d62994441abbadc98adb47a7839 [term 0 FOLLOWER]: Consensus starting up: Expiring failure detector timer to make a prompt election more likely
I20260713 09:03:00.593071  7142 raft_consensus.cc:740] T 720c322257d94a04ae74e484f49e5757 P f9746d62994441abbadc98adb47a7839 [term 0 FOLLOWER]: Becoming Follower/Learner. State: Replica: f9746d62994441abbadc98adb47a7839, State: Initialized, Role: FOLLOWER
I20260713 09:03:00.593328  7063 leader_election.cc:304] T 99ca148460564088bcc771accfa14c58 P f9746d62994441abbadc98adb47a7839 [CANDIDATE]: Term 1 election: Election decided. Result: candidate won. Election summary: received 2 responses out of 3 voters: 2 yes votes; 0 no votes. yes voters: 0065cb78f2954da2820eabc47706caa4, f9746d62994441abbadc98adb47a7839; no voters: 
I20260713 09:03:00.593951  7142 consensus_queue.cc:260] T 720c322257d94a04ae74e484f49e5757 P f9746d62994441abbadc98adb47a7839 [NON_LEADER]: Queue going to NON_LEADER mode. State: All replicated index: 0, Majority replicated index: 0, Committed index: 0, Last appended: 0.0, Last appended by leader: 0, Current term: 0, Majority size: -1, State: 0, Mode: NON_LEADER, active raft config: opid_index: -1 OBSOLETE_local: false peers { permanent_uuid: "0065cb78f2954da2820eabc47706caa4" member_type: VOTER last_known_addr { host: "127.5.182.65" port: 32901 } } peers { permanent_uuid: "8d2c84ca6fd64567af5e397e9f8457bb" member_type: VOTER last_known_addr { host: "127.5.182.66" port: 34221 } } peers { permanent_uuid: "f9746d62994441abbadc98adb47a7839" member_type: VOTER last_known_addr { host: "127.5.182.67" port: 39475 } }
I20260713 09:03:00.595389  7183 raft_consensus.cc:2804] T 99ca148460564088bcc771accfa14c58 P f9746d62994441abbadc98adb47a7839 [term 1 FOLLOWER]: Leader election won for term 1
I20260713 09:03:00.595836  7183 raft_consensus.cc:697] T 99ca148460564088bcc771accfa14c58 P f9746d62994441abbadc98adb47a7839 [term 1 LEADER]: Becoming Leader. State: Replica: f9746d62994441abbadc98adb47a7839, State: Running, Role: LEADER
I20260713 09:03:00.596392  7142 ts_tablet_manager.cc:1434] T 720c322257d94a04ae74e484f49e5757 P f9746d62994441abbadc98adb47a7839: Time spent starting tablet: real 0.039s	user 0.008s	sys 0.000s
I20260713 09:03:00.596555  7183 consensus_queue.cc:237] T 99ca148460564088bcc771accfa14c58 P f9746d62994441abbadc98adb47a7839 [LEADER]: Queue going to LEADER mode. State: All replicated index: 0, Majority replicated index: 0, Committed index: 0, Last appended: 0.0, Last appended by leader: 0, Current term: 1, Majority size: 2, State: 0, Mode: LEADER, active raft config: opid_index: -1 OBSOLETE_local: false peers { permanent_uuid: "0065cb78f2954da2820eabc47706caa4" member_type: VOTER last_known_addr { host: "127.5.182.65" port: 32901 } } peers { permanent_uuid: "8d2c84ca6fd64567af5e397e9f8457bb" member_type: VOTER last_known_addr { host: "127.5.182.66" port: 34221 } } peers { permanent_uuid: "f9746d62994441abbadc98adb47a7839" member_type: VOTER last_known_addr { host: "127.5.182.67" port: 39475 } }
I20260713 09:03:00.597225  7142 tablet_bootstrap.cc:492] T dcce82f2935e4e36ba564276956b8c4b P f9746d62994441abbadc98adb47a7839: Bootstrap starting.
I20260713 09:03:00.597376  7025 raft_consensus.cc:2468] T 99ca148460564088bcc771accfa14c58 P 8d2c84ca6fd64567af5e397e9f8457bb [term 1 FOLLOWER]: Leader election vote request: Granting yes vote for candidate f9746d62994441abbadc98adb47a7839 in term 1.
I20260713 09:03:00.597718  6847 catalog_manager.cc:5697] T ff02601843c145ba918e39771c18dffb P f9746d62994441abbadc98adb47a7839 reported cstate change: term changed from 0 to 1, leader changed from <none> to f9746d62994441abbadc98adb47a7839 (127.5.182.67). New cstate: current_term: 1 leader_uuid: "f9746d62994441abbadc98adb47a7839" committed_config { opid_index: -1 OBSOLETE_local: false peers { permanent_uuid: "0065cb78f2954da2820eabc47706caa4" member_type: VOTER last_known_addr { host: "127.5.182.65" port: 32901 } health_report { overall_health: UNKNOWN } } peers { permanent_uuid: "8d2c84ca6fd64567af5e397e9f8457bb" member_type: VOTER last_known_addr { host: "127.5.182.66" port: 34221 } health_report { overall_health: UNKNOWN } } peers { permanent_uuid: "f9746d62994441abbadc98adb47a7839" member_type: VOTER last_known_addr { host: "127.5.182.67" port: 39475 } health_report { overall_health: HEALTHY } } }
I20260713 09:03:00.602018  7180 raft_consensus.cc:493] T 4adf5bf9adc548e78ba8672bfdd0e4b7 P f9746d62994441abbadc98adb47a7839 [term 0 FOLLOWER]: Starting pre-election (no leader contacted us within the election timeout)
I20260713 09:03:00.605655  7180 raft_consensus.cc:515] T 4adf5bf9adc548e78ba8672bfdd0e4b7 P f9746d62994441abbadc98adb47a7839 [term 0 FOLLOWER]: Starting pre-election with config: opid_index: -1 OBSOLETE_local: false peers { permanent_uuid: "0065cb78f2954da2820eabc47706caa4" member_type: VOTER last_known_addr { host: "127.5.182.65" port: 32901 } } peers { permanent_uuid: "8d2c84ca6fd64567af5e397e9f8457bb" member_type: VOTER last_known_addr { host: "127.5.182.66" port: 34221 } } peers { permanent_uuid: "f9746d62994441abbadc98adb47a7839" member_type: VOTER last_known_addr { host: "127.5.182.67" port: 39475 } }
I20260713 09:03:00.607218  7142 tablet_bootstrap.cc:654] T dcce82f2935e4e36ba564276956b8c4b P f9746d62994441abbadc98adb47a7839: Neither blocks nor log segments found. Creating new log.
I20260713 09:03:00.608317  6949 tablet_service.cc:1917] Received RequestConsensusVote() RPC: tablet_id: "4adf5bf9adc548e78ba8672bfdd0e4b7" candidate_uuid: "f9746d62994441abbadc98adb47a7839" candidate_term: 1 candidate_status { last_received { term: 0 index: 0 } } ignore_live_leader: false dest_uuid: "0065cb78f2954da2820eabc47706caa4" is_pre_election: true
W20260713 09:03:00.609753  7063 leader_election.cc:343] T 4adf5bf9adc548e78ba8672bfdd0e4b7 P f9746d62994441abbadc98adb47a7839 [CANDIDATE]: Term 1 pre-election: Tablet error from VoteRequest() call to peer 0065cb78f2954da2820eabc47706caa4 (127.5.182.65:32901): Illegal state: must be running to vote when last-logged opid is not known
I20260713 09:03:00.610832  7147 raft_consensus.cc:493] T dcce82f2935e4e36ba564276956b8c4b P 0065cb78f2954da2820eabc47706caa4 [term 0 FOLLOWER]: Starting pre-election (no leader contacted us within the election timeout)
I20260713 09:03:00.611302  7147 raft_consensus.cc:515] T dcce82f2935e4e36ba564276956b8c4b P 0065cb78f2954da2820eabc47706caa4 [term 0 FOLLOWER]: Starting pre-election with config: opid_index: -1 OBSOLETE_local: false peers { permanent_uuid: "0065cb78f2954da2820eabc47706caa4" member_type: VOTER last_known_addr { host: "127.5.182.65" port: 32901 } } peers { permanent_uuid: "8d2c84ca6fd64567af5e397e9f8457bb" member_type: VOTER last_known_addr { host: "127.5.182.66" port: 34221 } } peers { permanent_uuid: "f9746d62994441abbadc98adb47a7839" member_type: VOTER last_known_addr { host: "127.5.182.67" port: 39475 } }
I20260713 09:03:00.613484  7147 leader_election.cc:290] T dcce82f2935e4e36ba564276956b8c4b P 0065cb78f2954da2820eabc47706caa4 [CANDIDATE]: Term 1 pre-election: Requested pre-vote from peers 8d2c84ca6fd64567af5e397e9f8457bb (127.5.182.66:34221), f9746d62994441abbadc98adb47a7839 (127.5.182.67:39475)
I20260713 09:03:00.615101  7140 tablet_bootstrap.cc:492] T fbb6a301360c49cd823bd68c20cd68c9 P 8d2c84ca6fd64567af5e397e9f8457bb: No bootstrap required, opened a new log
I20260713 09:03:00.615523  7140 ts_tablet_manager.cc:1403] T fbb6a301360c49cd823bd68c20cd68c9 P 8d2c84ca6fd64567af5e397e9f8457bb: Time spent bootstrapping tablet: real 0.044s	user 0.015s	sys 0.003s
I20260713 09:03:00.615626  7100 tablet_service.cc:1917] Received RequestConsensusVote() RPC: tablet_id: "dcce82f2935e4e36ba564276956b8c4b" candidate_uuid: "0065cb78f2954da2820eabc47706caa4" candidate_term: 1 candidate_status { last_received { term: 0 index: 0 } } ignore_live_leader: false dest_uuid: "f9746d62994441abbadc98adb47a7839" is_pre_election: true
W20260713 09:03:00.616773  6917 leader_election.cc:343] T dcce82f2935e4e36ba564276956b8c4b P 0065cb78f2954da2820eabc47706caa4 [CANDIDATE]: Term 1 pre-election: Tablet error from VoteRequest() call to peer f9746d62994441abbadc98adb47a7839 (127.5.182.67:39475): Illegal state: must be running to vote when last-logged opid is not known
I20260713 09:03:00.617588  7142 tablet_bootstrap.cc:492] T dcce82f2935e4e36ba564276956b8c4b P f9746d62994441abbadc98adb47a7839: No bootstrap required, opened a new log
I20260713 09:03:00.617933  7142 ts_tablet_manager.cc:1403] T dcce82f2935e4e36ba564276956b8c4b P f9746d62994441abbadc98adb47a7839: Time spent bootstrapping tablet: real 0.021s	user 0.010s	sys 0.006s
I20260713 09:03:00.617813  7140 raft_consensus.cc:359] T fbb6a301360c49cd823bd68c20cd68c9 P 8d2c84ca6fd64567af5e397e9f8457bb [term 0 FOLLOWER]: Replica starting. Triggering 0 pending ops. Active config: opid_index: -1 OBSOLETE_local: false peers { permanent_uuid: "0065cb78f2954da2820eabc47706caa4" member_type: VOTER last_known_addr { host: "127.5.182.65" port: 32901 } } peers { permanent_uuid: "8d2c84ca6fd64567af5e397e9f8457bb" member_type: VOTER last_known_addr { host: "127.5.182.66" port: 34221 } } peers { permanent_uuid: "f9746d62994441abbadc98adb47a7839" member_type: VOTER last_known_addr { host: "127.5.182.67" port: 39475 } }
I20260713 09:03:00.618470  7140 raft_consensus.cc:385] T fbb6a301360c49cd823bd68c20cd68c9 P 8d2c84ca6fd64567af5e397e9f8457bb [term 0 FOLLOWER]: Consensus starting up: Expiring failure detector timer to make a prompt election more likely
I20260713 09:03:00.619249  7026 tablet_service.cc:1917] Received RequestConsensusVote() RPC: tablet_id: "4adf5bf9adc548e78ba8672bfdd0e4b7" candidate_uuid: "f9746d62994441abbadc98adb47a7839" candidate_term: 1 candidate_status { last_received { term: 0 index: 0 } } ignore_live_leader: false dest_uuid: "8d2c84ca6fd64567af5e397e9f8457bb" is_pre_election: true
I20260713 09:03:00.619438  7140 raft_consensus.cc:740] T fbb6a301360c49cd823bd68c20cd68c9 P 8d2c84ca6fd64567af5e397e9f8457bb [term 0 FOLLOWER]: Becoming Follower/Learner. State: Replica: 8d2c84ca6fd64567af5e397e9f8457bb, State: Initialized, Role: FOLLOWER
I20260713 09:03:00.619066  7180 leader_election.cc:290] T 4adf5bf9adc548e78ba8672bfdd0e4b7 P f9746d62994441abbadc98adb47a7839 [CANDIDATE]: Term 1 pre-election: Requested pre-vote from peers 0065cb78f2954da2820eabc47706caa4 (127.5.182.65:32901), 8d2c84ca6fd64567af5e397e9f8457bb (127.5.182.66:34221)
I20260713 09:03:00.619618  7025 tablet_service.cc:1917] Received RequestConsensusVote() RPC: tablet_id: "dcce82f2935e4e36ba564276956b8c4b" candidate_uuid: "0065cb78f2954da2820eabc47706caa4" candidate_term: 1 candidate_status { last_received { term: 0 index: 0 } } ignore_live_leader: false dest_uuid: "8d2c84ca6fd64567af5e397e9f8457bb" is_pre_election: true
I20260713 09:03:00.620077  7140 consensus_queue.cc:260] T fbb6a301360c49cd823bd68c20cd68c9 P 8d2c84ca6fd64567af5e397e9f8457bb [NON_LEADER]: Queue going to NON_LEADER mode. State: All replicated index: 0, Majority replicated index: 0, Committed index: 0, Last appended: 0.0, Last appended by leader: 0, Current term: 0, Majority size: -1, State: 0, Mode: NON_LEADER, active raft config: opid_index: -1 OBSOLETE_local: false peers { permanent_uuid: "0065cb78f2954da2820eabc47706caa4" member_type: VOTER last_known_addr { host: "127.5.182.65" port: 32901 } } peers { permanent_uuid: "8d2c84ca6fd64567af5e397e9f8457bb" member_type: VOTER last_known_addr { host: "127.5.182.66" port: 34221 } } peers { permanent_uuid: "f9746d62994441abbadc98adb47a7839" member_type: VOTER last_known_addr { host: "127.5.182.67" port: 39475 } }
W20260713 09:03:00.620612  7063 leader_election.cc:343] T 4adf5bf9adc548e78ba8672bfdd0e4b7 P f9746d62994441abbadc98adb47a7839 [CANDIDATE]: Term 1 pre-election: Tablet error from VoteRequest() call to peer 8d2c84ca6fd64567af5e397e9f8457bb (127.5.182.66:34221): Illegal state: must be running to vote when last-logged opid is not known
I20260713 09:03:00.621660  7140 ts_tablet_manager.cc:1434] T fbb6a301360c49cd823bd68c20cd68c9 P 8d2c84ca6fd64567af5e397e9f8457bb: Time spent starting tablet: real 0.006s	user 0.002s	sys 0.002s
I20260713 09:03:00.622246  7140 tablet_bootstrap.cc:492] T ce48d3e6ccfd4bc0a03d36a11eae4925 P 8d2c84ca6fd64567af5e397e9f8457bb: Bootstrap starting.
I20260713 09:03:00.621447  6847 catalog_manager.cc:5697] T 99ca148460564088bcc771accfa14c58 P f9746d62994441abbadc98adb47a7839 reported cstate change: term changed from 0 to 1, leader changed from <none> to f9746d62994441abbadc98adb47a7839 (127.5.182.67). New cstate: current_term: 1 leader_uuid: "f9746d62994441abbadc98adb47a7839" committed_config { opid_index: -1 OBSOLETE_local: false peers { permanent_uuid: "0065cb78f2954da2820eabc47706caa4" member_type: VOTER last_known_addr { host: "127.5.182.65" port: 32901 } health_report { overall_health: UNKNOWN } } peers { permanent_uuid: "8d2c84ca6fd64567af5e397e9f8457bb" member_type: VOTER last_known_addr { host: "127.5.182.66" port: 34221 } health_report { overall_health: UNKNOWN } } peers { permanent_uuid: "f9746d62994441abbadc98adb47a7839" member_type: VOTER last_known_addr { host: "127.5.182.67" port: 39475 } health_report { overall_health: HEALTHY } } }
W20260713 09:03:00.623975  6914 leader_election.cc:343] T dcce82f2935e4e36ba564276956b8c4b P 0065cb78f2954da2820eabc47706caa4 [CANDIDATE]: Term 1 pre-election: Tablet error from VoteRequest() call to peer 8d2c84ca6fd64567af5e397e9f8457bb (127.5.182.66:34221): Illegal state: must be running to vote when last-logged opid is not known
I20260713 09:03:00.624356  6914 leader_election.cc:304] T dcce82f2935e4e36ba564276956b8c4b P 0065cb78f2954da2820eabc47706caa4 [CANDIDATE]: Term 1 pre-election: Election decided. Result: candidate lost. Election summary: received 3 responses out of 3 voters: 1 yes votes; 2 no votes. yes voters: 0065cb78f2954da2820eabc47706caa4; no voters: 8d2c84ca6fd64567af5e397e9f8457bb, f9746d62994441abbadc98adb47a7839
I20260713 09:03:00.625303  7147 raft_consensus.cc:2749] T dcce82f2935e4e36ba564276956b8c4b P 0065cb78f2954da2820eabc47706caa4 [term 0 FOLLOWER]: Leader pre-election lost for term 1. Reason: could not achieve majority
I20260713 09:03:00.625923  7063 leader_election.cc:304] T 4adf5bf9adc548e78ba8672bfdd0e4b7 P f9746d62994441abbadc98adb47a7839 [CANDIDATE]: Term 1 pre-election: Election decided. Result: candidate lost. Election summary: received 3 responses out of 3 voters: 1 yes votes; 2 no votes. yes voters: f9746d62994441abbadc98adb47a7839; no voters: 0065cb78f2954da2820eabc47706caa4, 8d2c84ca6fd64567af5e397e9f8457bb
I20260713 09:03:00.627451  7140 tablet_bootstrap.cc:654] T ce48d3e6ccfd4bc0a03d36a11eae4925 P 8d2c84ca6fd64567af5e397e9f8457bb: Neither blocks nor log segments found. Creating new log.
I20260713 09:03:00.628279  7142 raft_consensus.cc:359] T dcce82f2935e4e36ba564276956b8c4b P f9746d62994441abbadc98adb47a7839 [term 0 FOLLOWER]: Replica starting. Triggering 0 pending ops. Active config: opid_index: -1 OBSOLETE_local: false peers { permanent_uuid: "0065cb78f2954da2820eabc47706caa4" member_type: VOTER last_known_addr { host: "127.5.182.65" port: 32901 } } peers { permanent_uuid: "8d2c84ca6fd64567af5e397e9f8457bb" member_type: VOTER last_known_addr { host: "127.5.182.66" port: 34221 } } peers { permanent_uuid: "f9746d62994441abbadc98adb47a7839" member_type: VOTER last_known_addr { host: "127.5.182.67" port: 39475 } }
I20260713 09:03:00.628855  7142 raft_consensus.cc:385] T dcce82f2935e4e36ba564276956b8c4b P f9746d62994441abbadc98adb47a7839 [term 0 FOLLOWER]: Consensus starting up: Expiring failure detector timer to make a prompt election more likely
I20260713 09:03:00.629104  7142 raft_consensus.cc:740] T dcce82f2935e4e36ba564276956b8c4b P f9746d62994441abbadc98adb47a7839 [term 0 FOLLOWER]: Becoming Follower/Learner. State: Replica: f9746d62994441abbadc98adb47a7839, State: Initialized, Role: FOLLOWER
