I20260713 09:02:49.320111 11712 tablet_service.cc:1917] Received RequestConsensusVote() RPC: tablet_id: "14026a9c2467404a80401d51380e148b" candidate_uuid: "3f4429dd9b5d4f8d9adbac8341aeba78" candidate_term: 1 candidate_status { last_received { term: 0 index: 0 } } ignore_live_leader: false dest_uuid: "4278c219d22447aabc86859ab0542ecb" is_pre_election: true
I20260713 09:02:49.320878 11712 raft_consensus.cc:2468] T 14026a9c2467404a80401d51380e148b P 4278c219d22447aabc86859ab0542ecb [term 0 FOLLOWER]: Leader pre-election vote request: Granting yes vote for candidate 3f4429dd9b5d4f8d9adbac8341aeba78 in term 0.
I20260713 09:02:49.322285 11824 leader_election.cc:304] T 14026a9c2467404a80401d51380e148b P 3f4429dd9b5d4f8d9adbac8341aeba78 [CANDIDATE]: Term 1 pre-election: Election decided. Result: candidate won. Election summary: received 2 responses out of 3 voters: 2 yes votes; 0 no votes. yes voters: 3f4429dd9b5d4f8d9adbac8341aeba78, 4278c219d22447aabc86859ab0542ecb; no voters: 
I20260713 09:02:49.323303 11920 raft_consensus.cc:2804] T 14026a9c2467404a80401d51380e148b P 3f4429dd9b5d4f8d9adbac8341aeba78 [term 0 FOLLOWER]: Leader pre-election won for term 1
I20260713 09:02:49.323693 11920 raft_consensus.cc:493] T 14026a9c2467404a80401d51380e148b P 3f4429dd9b5d4f8d9adbac8341aeba78 [term 0 FOLLOWER]: Starting leader election (no leader contacted us within the election timeout)
I20260713 09:02:49.324009 11920 raft_consensus.cc:3060] T 14026a9c2467404a80401d51380e148b P 3f4429dd9b5d4f8d9adbac8341aeba78 [term 0 FOLLOWER]: Advancing to term 1
I20260713 09:02:49.323534 11902 tablet_bootstrap.cc:492] T 3d5855e76b6148e88db5803689930167 P 3f4429dd9b5d4f8d9adbac8341aeba78: Bootstrap starting.
I20260713 09:02:49.330860 11787 tablet_service.cc:1917] Received RequestConsensusVote() RPC: tablet_id: "14026a9c2467404a80401d51380e148b" candidate_uuid: "3f4429dd9b5d4f8d9adbac8341aeba78" candidate_term: 1 candidate_status { last_received { term: 0 index: 0 } } ignore_live_leader: false dest_uuid: "966400a36406454abb64ef2e599ee388" is_pre_election: true
I20260713 09:02:49.322109 11908 raft_consensus.cc:515] T 16a0917afd994d919c083ab62f0ff42e P 3f4429dd9b5d4f8d9adbac8341aeba78 [term 0 FOLLOWER]: Starting pre-election with config: opid_index: -1 OBSOLETE_local: false peers { permanent_uuid: "4278c219d22447aabc86859ab0542ecb" member_type: VOTER last_known_addr { host: "127.10.202.65" port: 42863 } } peers { permanent_uuid: "966400a36406454abb64ef2e599ee388" member_type: VOTER last_known_addr { host: "127.10.202.66" port: 44421 } } peers { permanent_uuid: "3f4429dd9b5d4f8d9adbac8341aeba78" member_type: VOTER last_known_addr { host: "127.10.202.67" port: 40111 } }
W20260713 09:02:49.332671 11826 leader_election.cc:343] T 14026a9c2467404a80401d51380e148b P 3f4429dd9b5d4f8d9adbac8341aeba78 [CANDIDATE]: Term 1 pre-election: Tablet error from VoteRequest() call to peer 966400a36406454abb64ef2e599ee388 (127.10.202.66:44421): Illegal state: must be running to vote when last-logged opid is not known
I20260713 09:02:49.334273 11712 tablet_service.cc:1917] Received RequestConsensusVote() RPC: tablet_id: "16a0917afd994d919c083ab62f0ff42e" candidate_uuid: "3f4429dd9b5d4f8d9adbac8341aeba78" candidate_term: 1 candidate_status { last_received { term: 0 index: 0 } } ignore_live_leader: false dest_uuid: "4278c219d22447aabc86859ab0542ecb" is_pre_election: true
I20260713 09:02:49.334964 11712 raft_consensus.cc:2468] T 16a0917afd994d919c083ab62f0ff42e P 4278c219d22447aabc86859ab0542ecb [term 0 FOLLOWER]: Leader pre-election vote request: Granting yes vote for candidate 3f4429dd9b5d4f8d9adbac8341aeba78 in term 0.
I20260713 09:02:49.336374 11824 leader_election.cc:304] T 16a0917afd994d919c083ab62f0ff42e P 3f4429dd9b5d4f8d9adbac8341aeba78 [CANDIDATE]: Term 1 pre-election: Election decided. Result: candidate won. Election summary: received 2 responses out of 3 voters: 2 yes votes; 0 no votes. yes voters: 3f4429dd9b5d4f8d9adbac8341aeba78, 4278c219d22447aabc86859ab0542ecb; no voters: 
I20260713 09:02:49.339568 11902 tablet_bootstrap.cc:654] T 3d5855e76b6148e88db5803689930167 P 3f4429dd9b5d4f8d9adbac8341aeba78: Neither blocks nor log segments found. Creating new log.
I20260713 09:02:49.340728 11908 leader_election.cc:290] T 16a0917afd994d919c083ab62f0ff42e P 3f4429dd9b5d4f8d9adbac8341aeba78 [CANDIDATE]: Term 1 pre-election: Requested pre-vote from peers 4278c219d22447aabc86859ab0542ecb (127.10.202.65:42863), 966400a36406454abb64ef2e599ee388 (127.10.202.66:44421)
I20260713 09:02:49.343020 11922 raft_consensus.cc:2804] T 16a0917afd994d919c083ab62f0ff42e P 3f4429dd9b5d4f8d9adbac8341aeba78 [term 0 FOLLOWER]: Leader pre-election won for term 1
I20260713 09:02:49.343868 11922 raft_consensus.cc:493] T 16a0917afd994d919c083ab62f0ff42e P 3f4429dd9b5d4f8d9adbac8341aeba78 [term 0 FOLLOWER]: Starting leader election (no leader contacted us within the election timeout)
I20260713 09:02:49.344241 11922 raft_consensus.cc:3060] T 16a0917afd994d919c083ab62f0ff42e P 3f4429dd9b5d4f8d9adbac8341aeba78 [term 0 FOLLOWER]: Advancing to term 1
I20260713 09:02:49.345892 11787 tablet_service.cc:1917] Received RequestConsensusVote() RPC: tablet_id: "16a0917afd994d919c083ab62f0ff42e" candidate_uuid: "3f4429dd9b5d4f8d9adbac8341aeba78" candidate_term: 1 candidate_status { last_received { term: 0 index: 0 } } ignore_live_leader: false dest_uuid: "966400a36406454abb64ef2e599ee388" is_pre_election: true
W20260713 09:02:49.347769 11826 leader_election.cc:343] T 16a0917afd994d919c083ab62f0ff42e P 3f4429dd9b5d4f8d9adbac8341aeba78 [CANDIDATE]: Term 1 pre-election: Tablet error from VoteRequest() call to peer 966400a36406454abb64ef2e599ee388 (127.10.202.66:44421): Illegal state: must be running to vote when last-logged opid is not known
I20260713 09:02:49.349608 11901 tablet_bootstrap.cc:654] T 3d5855e76b6148e88db5803689930167 P 4278c219d22447aabc86859ab0542ecb: Neither blocks nor log segments found. Creating new log.
I20260713 09:02:49.351485 11922 raft_consensus.cc:515] T 16a0917afd994d919c083ab62f0ff42e P 3f4429dd9b5d4f8d9adbac8341aeba78 [term 1 FOLLOWER]: Starting leader election with config: opid_index: -1 OBSOLETE_local: false peers { permanent_uuid: "4278c219d22447aabc86859ab0542ecb" member_type: VOTER last_known_addr { host: "127.10.202.65" port: 42863 } } peers { permanent_uuid: "966400a36406454abb64ef2e599ee388" member_type: VOTER last_known_addr { host: "127.10.202.66" port: 44421 } } peers { permanent_uuid: "3f4429dd9b5d4f8d9adbac8341aeba78" member_type: VOTER last_known_addr { host: "127.10.202.67" port: 40111 } }
I20260713 09:02:49.349982 11920 raft_consensus.cc:515] T 14026a9c2467404a80401d51380e148b P 3f4429dd9b5d4f8d9adbac8341aeba78 [term 1 FOLLOWER]: Starting leader election with config: opid_index: -1 OBSOLETE_local: false peers { permanent_uuid: "4278c219d22447aabc86859ab0542ecb" member_type: VOTER last_known_addr { host: "127.10.202.65" port: 42863 } } peers { permanent_uuid: "966400a36406454abb64ef2e599ee388" member_type: VOTER last_known_addr { host: "127.10.202.66" port: 44421 } } peers { permanent_uuid: "3f4429dd9b5d4f8d9adbac8341aeba78" member_type: VOTER last_known_addr { host: "127.10.202.67" port: 40111 } }
I20260713 09:02:49.355212 11712 tablet_service.cc:1917] Received RequestConsensusVote() RPC: tablet_id: "14026a9c2467404a80401d51380e148b" candidate_uuid: "3f4429dd9b5d4f8d9adbac8341aeba78" candidate_term: 1 candidate_status { last_received { term: 0 index: 0 } } ignore_live_leader: false dest_uuid: "4278c219d22447aabc86859ab0542ecb"
I20260713 09:02:49.356010 11712 raft_consensus.cc:3060] T 14026a9c2467404a80401d51380e148b P 4278c219d22447aabc86859ab0542ecb [term 0 FOLLOWER]: Advancing to term 1
I20260713 09:02:49.359618 11711 tablet_service.cc:1917] Received RequestConsensusVote() RPC: tablet_id: "16a0917afd994d919c083ab62f0ff42e" candidate_uuid: "3f4429dd9b5d4f8d9adbac8341aeba78" candidate_term: 1 candidate_status { last_received { term: 0 index: 0 } } ignore_live_leader: false dest_uuid: "4278c219d22447aabc86859ab0542ecb"
I20260713 09:02:49.360363 11711 raft_consensus.cc:3060] T 16a0917afd994d919c083ab62f0ff42e P 4278c219d22447aabc86859ab0542ecb [term 0 FOLLOWER]: Advancing to term 1
I20260713 09:02:49.360461 11922 leader_election.cc:290] T 16a0917afd994d919c083ab62f0ff42e P 3f4429dd9b5d4f8d9adbac8341aeba78 [CANDIDATE]: Term 1 election: Requested vote from peers 4278c219d22447aabc86859ab0542ecb (127.10.202.65:42863), 966400a36406454abb64ef2e599ee388 (127.10.202.66:44421)
I20260713 09:02:49.361855 11787 tablet_service.cc:1917] Received RequestConsensusVote() RPC: tablet_id: "16a0917afd994d919c083ab62f0ff42e" candidate_uuid: "3f4429dd9b5d4f8d9adbac8341aeba78" candidate_term: 1 candidate_status { last_received { term: 0 index: 0 } } ignore_live_leader: false dest_uuid: "966400a36406454abb64ef2e599ee388"
W20260713 09:02:49.363711 11826 leader_election.cc:343] T 16a0917afd994d919c083ab62f0ff42e P 3f4429dd9b5d4f8d9adbac8341aeba78 [CANDIDATE]: Term 1 election: Tablet error from VoteRequest() call to peer 966400a36406454abb64ef2e599ee388 (127.10.202.66:44421): Illegal state: must be running to vote when last-logged opid is not known
I20260713 09:02:49.369719 11787 tablet_service.cc:1917] Received RequestConsensusVote() RPC: tablet_id: "14026a9c2467404a80401d51380e148b" candidate_uuid: "3f4429dd9b5d4f8d9adbac8341aeba78" candidate_term: 1 candidate_status { last_received { term: 0 index: 0 } } ignore_live_leader: false dest_uuid: "966400a36406454abb64ef2e599ee388"
W20260713 09:02:49.371922 11826 leader_election.cc:343] T 14026a9c2467404a80401d51380e148b P 3f4429dd9b5d4f8d9adbac8341aeba78 [CANDIDATE]: Term 1 election: Tablet error from VoteRequest() call to peer 966400a36406454abb64ef2e599ee388 (127.10.202.66:44421): Illegal state: must be running to vote when last-logged opid is not known
I20260713 09:02:49.373952 11920 leader_election.cc:290] T 14026a9c2467404a80401d51380e148b P 3f4429dd9b5d4f8d9adbac8341aeba78 [CANDIDATE]: Term 1 election: Requested vote from peers 4278c219d22447aabc86859ab0542ecb (127.10.202.65:42863), 966400a36406454abb64ef2e599ee388 (127.10.202.66:44421)
I20260713 09:02:49.378551 11902 tablet_bootstrap.cc:492] T 3d5855e76b6148e88db5803689930167 P 3f4429dd9b5d4f8d9adbac8341aeba78: No bootstrap required, opened a new log
I20260713 09:02:49.379190 11902 ts_tablet_manager.cc:1403] T 3d5855e76b6148e88db5803689930167 P 3f4429dd9b5d4f8d9adbac8341aeba78: Time spent bootstrapping tablet: real 0.056s	user 0.001s	sys 0.029s
I20260713 09:02:49.380215 11712 raft_consensus.cc:2468] T 14026a9c2467404a80401d51380e148b P 4278c219d22447aabc86859ab0542ecb [term 1 FOLLOWER]: Leader election vote request: Granting yes vote for candidate 3f4429dd9b5d4f8d9adbac8341aeba78 in term 1.
I20260713 09:02:49.380752 11711 raft_consensus.cc:2468] T 16a0917afd994d919c083ab62f0ff42e P 4278c219d22447aabc86859ab0542ecb [term 1 FOLLOWER]: Leader election vote request: Granting yes vote for candidate 3f4429dd9b5d4f8d9adbac8341aeba78 in term 1.
I20260713 09:02:49.381696 11824 leader_election.cc:304] T 14026a9c2467404a80401d51380e148b P 3f4429dd9b5d4f8d9adbac8341aeba78 [CANDIDATE]: Term 1 election: Election decided. Result: candidate won. Election summary: received 3 responses out of 3 voters: 2 yes votes; 1 no votes. yes voters: 3f4429dd9b5d4f8d9adbac8341aeba78, 4278c219d22447aabc86859ab0542ecb; no voters: 966400a36406454abb64ef2e599ee388
I20260713 09:02:49.382180 11905 tablet_bootstrap.cc:492] T a1d1fc94b8a3471cb2b6d00799df1a8b P 966400a36406454abb64ef2e599ee388: No bootstrap required, opened a new log
I20260713 09:02:49.382695 11905 ts_tablet_manager.cc:1403] T a1d1fc94b8a3471cb2b6d00799df1a8b P 966400a36406454abb64ef2e599ee388: Time spent bootstrapping tablet: real 0.104s	user 0.033s	sys 0.059s
I20260713 09:02:49.382529 11902 raft_consensus.cc:359] T 3d5855e76b6148e88db5803689930167 P 3f4429dd9b5d4f8d9adbac8341aeba78 [term 0 FOLLOWER]: Replica starting. Triggering 0 pending ops. Active config: opid_index: -1 OBSOLETE_local: false peers { permanent_uuid: "4278c219d22447aabc86859ab0542ecb" member_type: VOTER last_known_addr { host: "127.10.202.65" port: 42863 } } peers { permanent_uuid: "966400a36406454abb64ef2e599ee388" member_type: VOTER last_known_addr { host: "127.10.202.66" port: 44421 } } peers { permanent_uuid: "3f4429dd9b5d4f8d9adbac8341aeba78" member_type: VOTER last_known_addr { host: "127.10.202.67" port: 40111 } }
I20260713 09:02:49.383649 11902 raft_consensus.cc:385] T 3d5855e76b6148e88db5803689930167 P 3f4429dd9b5d4f8d9adbac8341aeba78 [term 0 FOLLOWER]: Consensus starting up: Expiring failure detector timer to make a prompt election more likely
I20260713 09:02:49.383608 11824 leader_election.cc:304] T 16a0917afd994d919c083ab62f0ff42e P 3f4429dd9b5d4f8d9adbac8341aeba78 [CANDIDATE]: Term 1 election: Election decided. Result: candidate won. Election summary: received 3 responses out of 3 voters: 2 yes votes; 1 no votes. yes voters: 3f4429dd9b5d4f8d9adbac8341aeba78, 4278c219d22447aabc86859ab0542ecb; no voters: 966400a36406454abb64ef2e599ee388
I20260713 09:02:49.384053 11902 raft_consensus.cc:740] T 3d5855e76b6148e88db5803689930167 P 3f4429dd9b5d4f8d9adbac8341aeba78 [term 0 FOLLOWER]: Becoming Follower/Learner. State: Replica: 3f4429dd9b5d4f8d9adbac8341aeba78, State: Initialized, Role: FOLLOWER
I20260713 09:02:49.384608 11922 raft_consensus.cc:2804] T 14026a9c2467404a80401d51380e148b P 3f4429dd9b5d4f8d9adbac8341aeba78 [term 1 FOLLOWER]: Leader election won for term 1
I20260713 09:02:49.385128 11922 raft_consensus.cc:697] T 14026a9c2467404a80401d51380e148b P 3f4429dd9b5d4f8d9adbac8341aeba78 [term 1 LEADER]: Becoming Leader. State: Replica: 3f4429dd9b5d4f8d9adbac8341aeba78, State: Running, Role: LEADER
I20260713 09:02:49.385077 11920 raft_consensus.cc:2804] T 16a0917afd994d919c083ab62f0ff42e P 3f4429dd9b5d4f8d9adbac8341aeba78 [term 1 FOLLOWER]: Leader election won for term 1
I20260713 09:02:49.385887 11901 tablet_bootstrap.cc:492] T 3d5855e76b6148e88db5803689930167 P 4278c219d22447aabc86859ab0542ecb: No bootstrap required, opened a new log
I20260713 09:02:49.385885 11920 raft_consensus.cc:697] T 16a0917afd994d919c083ab62f0ff42e P 3f4429dd9b5d4f8d9adbac8341aeba78 [term 1 LEADER]: Becoming Leader. State: Replica: 3f4429dd9b5d4f8d9adbac8341aeba78, State: Running, Role: LEADER
I20260713 09:02:49.385954 11905 raft_consensus.cc:359] T a1d1fc94b8a3471cb2b6d00799df1a8b P 966400a36406454abb64ef2e599ee388 [term 0 FOLLOWER]: Replica starting. Triggering 0 pending ops. Active config: opid_index: -1 OBSOLETE_local: false peers { permanent_uuid: "4278c219d22447aabc86859ab0542ecb" member_type: VOTER last_known_addr { host: "127.10.202.65" port: 42863 } } peers { permanent_uuid: "966400a36406454abb64ef2e599ee388" member_type: VOTER last_known_addr { host: "127.10.202.66" port: 44421 } } peers { permanent_uuid: "3f4429dd9b5d4f8d9adbac8341aeba78" member_type: VOTER last_known_addr { host: "127.10.202.67" port: 40111 } }
I20260713 09:02:49.386940 11905 raft_consensus.cc:385] T a1d1fc94b8a3471cb2b6d00799df1a8b P 966400a36406454abb64ef2e599ee388 [term 0 FOLLOWER]: Consensus starting up: Expiring failure detector timer to make a prompt election more likely
I20260713 09:02:49.385995 11922 consensus_queue.cc:237] T 14026a9c2467404a80401d51380e148b P 3f4429dd9b5d4f8d9adbac8341aeba78 [LEADER]: Queue going to LEADER mode. State: All replicated index: 0, Majority replicated index: 0, Committed index: 0, Last appended: 0.0, Last appended by leader: 0, Current term: 1, Majority size: 2, State: 0, Mode: LEADER, active raft config: opid_index: -1 OBSOLETE_local: false peers { permanent_uuid: "4278c219d22447aabc86859ab0542ecb" member_type: VOTER last_known_addr { host: "127.10.202.65" port: 42863 } } peers { permanent_uuid: "966400a36406454abb64ef2e599ee388" member_type: VOTER last_known_addr { host: "127.10.202.66" port: 44421 } } peers { permanent_uuid: "3f4429dd9b5d4f8d9adbac8341aeba78" member_type: VOTER last_known_addr { host: "127.10.202.67" port: 40111 } }
I20260713 09:02:49.387254 11905 raft_consensus.cc:740] T a1d1fc94b8a3471cb2b6d00799df1a8b P 966400a36406454abb64ef2e599ee388 [term 0 FOLLOWER]: Becoming Follower/Learner. State: Replica: 966400a36406454abb64ef2e599ee388, State: Initialized, Role: FOLLOWER
I20260713 09:02:49.387326 11902 consensus_queue.cc:260] T 3d5855e76b6148e88db5803689930167 P 3f4429dd9b5d4f8d9adbac8341aeba78 [NON_LEADER]: Queue going to NON_LEADER mode. State: All replicated index: 0, Majority replicated index: 0, Committed index: 0, Last appended: 0.0, Last appended by leader: 0, Current term: 0, Majority size: -1, State: 0, Mode: NON_LEADER, active raft config: opid_index: -1 OBSOLETE_local: false peers { permanent_uuid: "4278c219d22447aabc86859ab0542ecb" member_type: VOTER last_known_addr { host: "127.10.202.65" port: 42863 } } peers { permanent_uuid: "966400a36406454abb64ef2e599ee388" member_type: VOTER last_known_addr { host: "127.10.202.66" port: 44421 } } peers { permanent_uuid: "3f4429dd9b5d4f8d9adbac8341aeba78" member_type: VOTER last_known_addr { host: "127.10.202.67" port: 40111 } }
I20260713 09:02:49.387406 11920 consensus_queue.cc:237] T 16a0917afd994d919c083ab62f0ff42e P 3f4429dd9b5d4f8d9adbac8341aeba78 [LEADER]: Queue going to LEADER mode. State: All replicated index: 0, Majority replicated index: 0, Committed index: 0, Last appended: 0.0, Last appended by leader: 0, Current term: 1, Majority size: 2, State: 0, Mode: LEADER, active raft config: opid_index: -1 OBSOLETE_local: false peers { permanent_uuid: "4278c219d22447aabc86859ab0542ecb" member_type: VOTER last_known_addr { host: "127.10.202.65" port: 42863 } } peers { permanent_uuid: "966400a36406454abb64ef2e599ee388" member_type: VOTER last_known_addr { host: "127.10.202.66" port: 44421 } } peers { permanent_uuid: "3f4429dd9b5d4f8d9adbac8341aeba78" member_type: VOTER last_known_addr { host: "127.10.202.67" port: 40111 } }
I20260713 09:02:49.388074 11905 consensus_queue.cc:260] T a1d1fc94b8a3471cb2b6d00799df1a8b P 966400a36406454abb64ef2e599ee388 [NON_LEADER]: Queue going to NON_LEADER mode. State: All replicated index: 0, Majority replicated index: 0, Committed index: 0, Last appended: 0.0, Last appended by leader: 0, Current term: 0, Majority size: -1, State: 0, Mode: NON_LEADER, active raft config: opid_index: -1 OBSOLETE_local: false peers { permanent_uuid: "4278c219d22447aabc86859ab0542ecb" member_type: VOTER last_known_addr { host: "127.10.202.65" port: 42863 } } peers { permanent_uuid: "966400a36406454abb64ef2e599ee388" member_type: VOTER last_known_addr { host: "127.10.202.66" port: 44421 } } peers { permanent_uuid: "3f4429dd9b5d4f8d9adbac8341aeba78" member_type: VOTER last_known_addr { host: "127.10.202.67" port: 40111 } }
I20260713 09:02:49.390045 11902 ts_tablet_manager.cc:1434] T 3d5855e76b6148e88db5803689930167 P 3f4429dd9b5d4f8d9adbac8341aeba78: Time spent starting tablet: real 0.010s	user 0.007s	sys 0.000s
I20260713 09:02:49.391029 11902 tablet_bootstrap.cc:492] T f3a5aa32417b4bc08d5aa9ba37cd78e3 P 3f4429dd9b5d4f8d9adbac8341aeba78: Bootstrap starting.
I20260713 09:02:49.386586 11901 ts_tablet_manager.cc:1403] T 3d5855e76b6148e88db5803689930167 P 4278c219d22447aabc86859ab0542ecb: Time spent bootstrapping tablet: real 0.069s	user 0.008s	sys 0.009s
I20260713 09:02:49.398010 11902 tablet_bootstrap.cc:654] T f3a5aa32417b4bc08d5aa9ba37cd78e3 P 3f4429dd9b5d4f8d9adbac8341aeba78: Neither blocks nor log segments found. Creating new log.
I20260713 09:02:49.400074 11901 raft_consensus.cc:359] T 3d5855e76b6148e88db5803689930167 P 4278c219d22447aabc86859ab0542ecb [term 0 FOLLOWER]: Replica starting. Triggering 0 pending ops. Active config: opid_index: -1 OBSOLETE_local: false peers { permanent_uuid: "4278c219d22447aabc86859ab0542ecb" member_type: VOTER last_known_addr { host: "127.10.202.65" port: 42863 } } peers { permanent_uuid: "966400a36406454abb64ef2e599ee388" member_type: VOTER last_known_addr { host: "127.10.202.66" port: 44421 } } peers { permanent_uuid: "3f4429dd9b5d4f8d9adbac8341aeba78" member_type: VOTER last_known_addr { host: "127.10.202.67" port: 40111 } }
I20260713 09:02:49.400888 11901 raft_consensus.cc:385] T 3d5855e76b6148e88db5803689930167 P 4278c219d22447aabc86859ab0542ecb [term 0 FOLLOWER]: Consensus starting up: Expiring failure detector timer to make a prompt election more likely
I20260713 09:02:49.401254 11901 raft_consensus.cc:740] T 3d5855e76b6148e88db5803689930167 P 4278c219d22447aabc86859ab0542ecb [term 0 FOLLOWER]: Becoming Follower/Learner. State: Replica: 4278c219d22447aabc86859ab0542ecb, State: Initialized, Role: FOLLOWER
I20260713 09:02:49.403950 11905 ts_tablet_manager.cc:1434] T a1d1fc94b8a3471cb2b6d00799df1a8b P 966400a36406454abb64ef2e599ee388: Time spent starting tablet: real 0.021s	user 0.008s	sys 0.000s
I20260713 09:02:49.403719 11901 consensus_queue.cc:260] T 3d5855e76b6148e88db5803689930167 P 4278c219d22447aabc86859ab0542ecb [NON_LEADER]: Queue going to NON_LEADER mode. State: All replicated index: 0, Majority replicated index: 0, Committed index: 0, Last appended: 0.0, Last appended by leader: 0, Current term: 0, Majority size: -1, State: 0, Mode: NON_LEADER, active raft config: opid_index: -1 OBSOLETE_local: false peers { permanent_uuid: "4278c219d22447aabc86859ab0542ecb" member_type: VOTER last_known_addr { host: "127.10.202.65" port: 42863 } } peers { permanent_uuid: "966400a36406454abb64ef2e599ee388" member_type: VOTER last_known_addr { host: "127.10.202.66" port: 44421 } } peers { permanent_uuid: "3f4429dd9b5d4f8d9adbac8341aeba78" member_type: VOTER last_known_addr { host: "127.10.202.67" port: 40111 } }
I20260713 09:02:49.409094 11901 ts_tablet_manager.cc:1434] T 3d5855e76b6148e88db5803689930167 P 4278c219d22447aabc86859ab0542ecb: Time spent starting tablet: real 0.012s	user 0.006s	sys 0.001s
I20260713 09:02:49.410272 11901 tablet_bootstrap.cc:492] T f3a5aa32417b4bc08d5aa9ba37cd78e3 P 4278c219d22447aabc86859ab0542ecb: Bootstrap starting.
I20260713 09:02:49.408989 11607 catalog_manager.cc:5697] T 14026a9c2467404a80401d51380e148b P 3f4429dd9b5d4f8d9adbac8341aeba78 reported cstate change: term changed from 0 to 1, leader changed from <none> to 3f4429dd9b5d4f8d9adbac8341aeba78 (127.10.202.67). New cstate: current_term: 1 leader_uuid: "3f4429dd9b5d4f8d9adbac8341aeba78" committed_config { opid_index: -1 OBSOLETE_local: false peers { permanent_uuid: "4278c219d22447aabc86859ab0542ecb" member_type: VOTER last_known_addr { host: "127.10.202.65" port: 42863 } health_report { overall_health: UNKNOWN } } peers { permanent_uuid: "966400a36406454abb64ef2e599ee388" member_type: VOTER last_known_addr { host: "127.10.202.66" port: 44421 } health_report { overall_health: UNKNOWN } } peers { permanent_uuid: "3f4429dd9b5d4f8d9adbac8341aeba78" member_type: VOTER last_known_addr { host: "127.10.202.67" port: 40111 } health_report { overall_health: HEALTHY } } }
I20260713 09:02:49.412117 11920 raft_consensus.cc:493] T a521cd4cba7f45aa91b63132b7d46536 P 3f4429dd9b5d4f8d9adbac8341aeba78 [term 0 FOLLOWER]: Starting pre-election (no leader contacted us within the election timeout)
I20260713 09:02:49.412596 11920 raft_consensus.cc:515] T a521cd4cba7f45aa91b63132b7d46536 P 3f4429dd9b5d4f8d9adbac8341aeba78 [term 0 FOLLOWER]: Starting pre-election with config: opid_index: -1 OBSOLETE_local: false peers { permanent_uuid: "4278c219d22447aabc86859ab0542ecb" member_type: VOTER last_known_addr { host: "127.10.202.65" port: 42863 } } peers { permanent_uuid: "966400a36406454abb64ef2e599ee388" member_type: VOTER last_known_addr { host: "127.10.202.66" port: 44421 } } peers { permanent_uuid: "3f4429dd9b5d4f8d9adbac8341aeba78" member_type: VOTER last_known_addr { host: "127.10.202.67" port: 40111 } }
I20260713 09:02:49.414609 11905 tablet_bootstrap.cc:492] T 16a0917afd994d919c083ab62f0ff42e P 966400a36406454abb64ef2e599ee388: Bootstrap starting.
I20260713 09:02:49.414827 11920 leader_election.cc:290] T a521cd4cba7f45aa91b63132b7d46536 P 3f4429dd9b5d4f8d9adbac8341aeba78 [CANDIDATE]: Term 1 pre-election: Requested pre-vote from peers 4278c219d22447aabc86859ab0542ecb (127.10.202.65:42863), 966400a36406454abb64ef2e599ee388 (127.10.202.66:44421)
I20260713 09:02:49.418056 11787 tablet_service.cc:1917] Received RequestConsensusVote() RPC: tablet_id: "a521cd4cba7f45aa91b63132b7d46536" candidate_uuid: "3f4429dd9b5d4f8d9adbac8341aeba78" candidate_term: 1 candidate_status { last_received { term: 0 index: 0 } } ignore_live_leader: false dest_uuid: "966400a36406454abb64ef2e599ee388" is_pre_election: true
W20260713 09:02:49.419987 11826 leader_election.cc:343] T a521cd4cba7f45aa91b63132b7d46536 P 3f4429dd9b5d4f8d9adbac8341aeba78 [CANDIDATE]: Term 1 pre-election: Tablet error from VoteRequest() call to peer 966400a36406454abb64ef2e599ee388 (127.10.202.66:44421): Illegal state: must be running to vote when last-logged opid is not known
I20260713 09:02:49.421131 11712 tablet_service.cc:1917] Received RequestConsensusVote() RPC: tablet_id: "a521cd4cba7f45aa91b63132b7d46536" candidate_uuid: "3f4429dd9b5d4f8d9adbac8341aeba78" candidate_term: 1 candidate_status { last_received { term: 0 index: 0 } } ignore_live_leader: false dest_uuid: "4278c219d22447aabc86859ab0542ecb" is_pre_election: true
I20260713 09:02:49.421875 11901 tablet_bootstrap.cc:654] T f3a5aa32417b4bc08d5aa9ba37cd78e3 P 4278c219d22447aabc86859ab0542ecb: Neither blocks nor log segments found. Creating new log.
I20260713 09:02:49.422053 11712 raft_consensus.cc:2468] T a521cd4cba7f45aa91b63132b7d46536 P 4278c219d22447aabc86859ab0542ecb [term 0 FOLLOWER]: Leader pre-election vote request: Granting yes vote for candidate 3f4429dd9b5d4f8d9adbac8341aeba78 in term 0.
I20260713 09:02:49.423710 11824 leader_election.cc:304] T a521cd4cba7f45aa91b63132b7d46536 P 3f4429dd9b5d4f8d9adbac8341aeba78 [CANDIDATE]: Term 1 pre-election: Election decided. Result: candidate won. Election summary: received 3 responses out of 3 voters: 2 yes votes; 1 no votes. yes voters: 3f4429dd9b5d4f8d9adbac8341aeba78, 4278c219d22447aabc86859ab0542ecb; no voters: 966400a36406454abb64ef2e599ee388
I20260713 09:02:49.423241 11607 catalog_manager.cc:5697] T 16a0917afd994d919c083ab62f0ff42e P 3f4429dd9b5d4f8d9adbac8341aeba78 reported cstate change: term changed from 0 to 1, leader changed from <none> to 3f4429dd9b5d4f8d9adbac8341aeba78 (127.10.202.67). New cstate: current_term: 1 leader_uuid: "3f4429dd9b5d4f8d9adbac8341aeba78" committed_config { opid_index: -1 OBSOLETE_local: false peers { permanent_uuid: "4278c219d22447aabc86859ab0542ecb" member_type: VOTER last_known_addr { host: "127.10.202.65" port: 42863 } health_report { overall_health: UNKNOWN } } peers { permanent_uuid: "966400a36406454abb64ef2e599ee388" member_type: VOTER last_known_addr { host: "127.10.202.66" port: 44421 } health_report { overall_health: UNKNOWN } } peers { permanent_uuid: "3f4429dd9b5d4f8d9adbac8341aeba78" member_type: VOTER last_known_addr { host: "127.10.202.67" port: 40111 } health_report { overall_health: HEALTHY } } }
I20260713 09:02:49.424773 11920 raft_consensus.cc:2804] T a521cd4cba7f45aa91b63132b7d46536 P 3f4429dd9b5d4f8d9adbac8341aeba78 [term 0 FOLLOWER]: Leader pre-election won for term 1
I20260713 09:02:49.425123 11920 raft_consensus.cc:493] T a521cd4cba7f45aa91b63132b7d46536 P 3f4429dd9b5d4f8d9adbac8341aeba78 [term 0 FOLLOWER]: Starting leader election (no leader contacted us within the election timeout)
I20260713 09:02:49.425441 11920 raft_consensus.cc:3060] T a521cd4cba7f45aa91b63132b7d46536 P 3f4429dd9b5d4f8d9adbac8341aeba78 [term 0 FOLLOWER]: Advancing to term 1
I20260713 09:02:49.432755 11920 raft_consensus.cc:515] T a521cd4cba7f45aa91b63132b7d46536 P 3f4429dd9b5d4f8d9adbac8341aeba78 [term 1 FOLLOWER]: Starting leader election with config: opid_index: -1 OBSOLETE_local: false peers { permanent_uuid: "4278c219d22447aabc86859ab0542ecb" member_type: VOTER last_known_addr { host: "127.10.202.65" port: 42863 } } peers { permanent_uuid: "966400a36406454abb64ef2e599ee388" member_type: VOTER last_known_addr { host: "127.10.202.66" port: 44421 } } peers { permanent_uuid: "3f4429dd9b5d4f8d9adbac8341aeba78" member_type: VOTER last_known_addr { host: "127.10.202.67" port: 40111 } }
I20260713 09:02:49.434111 11905 tablet_bootstrap.cc:654] T 16a0917afd994d919c083ab62f0ff42e P 966400a36406454abb64ef2e599ee388: Neither blocks nor log segments found. Creating new log.
I20260713 09:02:49.437858 11920 leader_election.cc:290] T a521cd4cba7f45aa91b63132b7d46536 P 3f4429dd9b5d4f8d9adbac8341aeba78 [CANDIDATE]: Term 1 election: Requested vote from peers 4278c219d22447aabc86859ab0542ecb (127.10.202.65:42863), 966400a36406454abb64ef2e599ee388 (127.10.202.66:44421)
I20260713 09:02:49.438140 11712 tablet_service.cc:1917] Received RequestConsensusVote() RPC: tablet_id: "a521cd4cba7f45aa91b63132b7d46536" candidate_uuid: "3f4429dd9b5d4f8d9adbac8341aeba78" candidate_term: 1 candidate_status { last_received { term: 0 index: 0 } } ignore_live_leader: false dest_uuid: "4278c219d22447aabc86859ab0542ecb"
I20260713 09:02:49.438916 11712 raft_consensus.cc:3060] T a521cd4cba7f45aa91b63132b7d46536 P 4278c219d22447aabc86859ab0542ecb [term 0 FOLLOWER]: Advancing to term 1
I20260713 09:02:49.439117 11787 tablet_service.cc:1917] Received RequestConsensusVote() RPC: tablet_id: "a521cd4cba7f45aa91b63132b7d46536" candidate_uuid: "3f4429dd9b5d4f8d9adbac8341aeba78" candidate_term: 1 candidate_status { last_received { term: 0 index: 0 } } ignore_live_leader: false dest_uuid: "966400a36406454abb64ef2e599ee388"
W20260713 09:02:49.441959 11826 leader_election.cc:343] T a521cd4cba7f45aa91b63132b7d46536 P 3f4429dd9b5d4f8d9adbac8341aeba78 [CANDIDATE]: Term 1 election: Tablet error from VoteRequest() call to peer 966400a36406454abb64ef2e599ee388 (127.10.202.66:44421): Illegal state: must be running to vote when last-logged opid is not known
I20260713 09:02:49.445552 11920 raft_consensus.cc:493] T 3d5855e76b6148e88db5803689930167 P 3f4429dd9b5d4f8d9adbac8341aeba78 [term 0 FOLLOWER]: Starting pre-election (no leader contacted us within the election timeout)
I20260713 09:02:49.446522 11902 tablet_bootstrap.cc:492] T f3a5aa32417b4bc08d5aa9ba37cd78e3 P 3f4429dd9b5d4f8d9adbac8341aeba78: No bootstrap required, opened a new log
I20260713 09:02:49.447047 11902 ts_tablet_manager.cc:1403] T f3a5aa32417b4bc08d5aa9ba37cd78e3 P 3f4429dd9b5d4f8d9adbac8341aeba78: Time spent bootstrapping tablet: real 0.056s	user 0.038s	sys 0.015s
I20260713 09:02:49.447675 11712 raft_consensus.cc:2468] T a521cd4cba7f45aa91b63132b7d46536 P 4278c219d22447aabc86859ab0542ecb [term 1 FOLLOWER]: Leader election vote request: Granting yes vote for candidate 3f4429dd9b5d4f8d9adbac8341aeba78 in term 1.
I20260713 09:02:49.448958 11824 leader_election.cc:304] T a521cd4cba7f45aa91b63132b7d46536 P 3f4429dd9b5d4f8d9adbac8341aeba78 [CANDIDATE]: Term 1 election: Election decided. Result: candidate won. Election summary: received 3 responses out of 3 voters: 2 yes votes; 1 no votes. yes voters: 3f4429dd9b5d4f8d9adbac8341aeba78, 4278c219d22447aabc86859ab0542ecb; no voters: 966400a36406454abb64ef2e599ee388
I20260713 09:02:49.450053 11922 raft_consensus.cc:2804] T a521cd4cba7f45aa91b63132b7d46536 P 3f4429dd9b5d4f8d9adbac8341aeba78 [term 1 FOLLOWER]: Leader election won for term 1
I20260713 09:02:49.450587 11922 raft_consensus.cc:697] T a521cd4cba7f45aa91b63132b7d46536 P 3f4429dd9b5d4f8d9adbac8341aeba78 [term 1 LEADER]: Becoming Leader. State: Replica: 3f4429dd9b5d4f8d9adbac8341aeba78, State: Running, Role: LEADER
I20260713 09:02:49.451557 11922 consensus_queue.cc:237] T a521cd4cba7f45aa91b63132b7d46536 P 3f4429dd9b5d4f8d9adbac8341aeba78 [LEADER]: Queue going to LEADER mode. State: All replicated index: 0, Majority replicated index: 0, Committed index: 0, Last appended: 0.0, Last appended by leader: 0, Current term: 1, Majority size: 2, State: 0, Mode: LEADER, active raft config: opid_index: -1 OBSOLETE_local: false peers { permanent_uuid: "4278c219d22447aabc86859ab0542ecb" member_type: VOTER last_known_addr { host: "127.10.202.65" port: 42863 } } peers { permanent_uuid: "966400a36406454abb64ef2e599ee388" member_type: VOTER last_known_addr { host: "127.10.202.66" port: 44421 } } peers { permanent_uuid: "3f4429dd9b5d4f8d9adbac8341aeba78" member_type: VOTER last_known_addr { host: "127.10.202.67" port: 40111 } }
I20260713 09:02:49.446111 11920 raft_consensus.cc:515] T 3d5855e76b6148e88db5803689930167 P 3f4429dd9b5d4f8d9adbac8341aeba78 [term 0 FOLLOWER]: Starting pre-election with config: opid_index: -1 OBSOLETE_local: false peers { permanent_uuid: "4278c219d22447aabc86859ab0542ecb" member_type: VOTER last_known_addr { host: "127.10.202.65" port: 42863 } } peers { permanent_uuid: "966400a36406454abb64ef2e599ee388" member_type: VOTER last_known_addr { host: "127.10.202.66" port: 44421 } } peers { permanent_uuid: "3f4429dd9b5d4f8d9adbac8341aeba78" member_type: VOTER last_known_addr { host: "127.10.202.67" port: 40111 } }
I20260713 09:02:49.454106 11901 tablet_bootstrap.cc:492] T f3a5aa32417b4bc08d5aa9ba37cd78e3 P 4278c219d22447aabc86859ab0542ecb: No bootstrap required, opened a new log
I20260713 09:02:49.454756 11901 ts_tablet_manager.cc:1403] T f3a5aa32417b4bc08d5aa9ba37cd78e3 P 4278c219d22447aabc86859ab0542ecb: Time spent bootstrapping tablet: real 0.045s	user 0.009s	sys 0.013s
W20260713 09:02:49.454821 11658 auto_rebalancer.cc:288] Could not retrieve cluster info: Service unavailable: Tablet not running
I20260713 09:02:49.458783 11901 raft_consensus.cc:359] T f3a5aa32417b4bc08d5aa9ba37cd78e3 P 4278c219d22447aabc86859ab0542ecb [term 0 FOLLOWER]: Replica starting. Triggering 0 pending ops. Active config: opid_index: -1 OBSOLETE_local: false peers { permanent_uuid: "4278c219d22447aabc86859ab0542ecb" member_type: VOTER last_known_addr { host: "127.10.202.65" port: 42863 } } peers { permanent_uuid: "966400a36406454abb64ef2e599ee388" member_type: VOTER last_known_addr { host: "127.10.202.66" port: 44421 } } peers { permanent_uuid: "3f4429dd9b5d4f8d9adbac8341aeba78" member_type: VOTER last_known_addr { host: "127.10.202.67" port: 40111 } }
I20260713 09:02:49.459947 11901 raft_consensus.cc:385] T f3a5aa32417b4bc08d5aa9ba37cd78e3 P 4278c219d22447aabc86859ab0542ecb [term 0 FOLLOWER]: Consensus starting up: Expiring failure detector timer to make a prompt election more likely
I20260713 09:02:49.450057 11902 raft_consensus.cc:359] T f3a5aa32417b4bc08d5aa9ba37cd78e3 P 3f4429dd9b5d4f8d9adbac8341aeba78 [term 0 FOLLOWER]: Replica starting. Triggering 0 pending ops. Active config: opid_index: -1 OBSOLETE_local: false peers { permanent_uuid: "4278c219d22447aabc86859ab0542ecb" member_type: VOTER last_known_addr { host: "127.10.202.65" port: 42863 } } peers { permanent_uuid: "966400a36406454abb64ef2e599ee388" member_type: VOTER last_known_addr { host: "127.10.202.66" port: 44421 } } peers { permanent_uuid: "3f4429dd9b5d4f8d9adbac8341aeba78" member_type: VOTER last_known_addr { host: "127.10.202.67" port: 40111 } }
I20260713 09:02:49.458402 11711 tablet_service.cc:1917] Received RequestConsensusVote() RPC: tablet_id: "3d5855e76b6148e88db5803689930167" candidate_uuid: "3f4429dd9b5d4f8d9adbac8341aeba78" candidate_term: 1 candidate_status { last_received { term: 0 index: 0 } } ignore_live_leader: false dest_uuid: "4278c219d22447aabc86859ab0542ecb" is_pre_election: true
I20260713 09:02:49.460615 11901 raft_consensus.cc:740] T f3a5aa32417b4bc08d5aa9ba37cd78e3 P 4278c219d22447aabc86859ab0542ecb [term 0 FOLLOWER]: Becoming Follower/Learner. State: Replica: 4278c219d22447aabc86859ab0542ecb, State: Initialized, Role: FOLLOWER
I20260713 09:02:49.460927 11711 raft_consensus.cc:2468] T 3d5855e76b6148e88db5803689930167 P 4278c219d22447aabc86859ab0542ecb [term 0 FOLLOWER]: Leader pre-election vote request: Granting yes vote for candidate 3f4429dd9b5d4f8d9adbac8341aeba78 in term 0.
I20260713 09:02:49.461833 11901 consensus_queue.cc:260] T f3a5aa32417b4bc08d5aa9ba37cd78e3 P 4278c219d22447aabc86859ab0542ecb [NON_LEADER]: Queue going to NON_LEADER mode. State: All replicated index: 0, Majority replicated index: 0, Committed index: 0, Last appended: 0.0, Last appended by leader: 0, Current term: 0, Majority size: -1, State: 0, Mode: NON_LEADER, active raft config: opid_index: -1 OBSOLETE_local: false peers { permanent_uuid: "4278c219d22447aabc86859ab0542ecb" member_type: VOTER last_known_addr { host: "127.10.202.65" port: 42863 } } peers { permanent_uuid: "966400a36406454abb64ef2e599ee388" member_type: VOTER last_known_addr { host: "127.10.202.66" port: 44421 } } peers { permanent_uuid: "3f4429dd9b5d4f8d9adbac8341aeba78" member_type: VOTER last_known_addr { host: "127.10.202.67" port: 40111 } }
I20260713 09:02:49.462558 11824 leader_election.cc:304] T 3d5855e76b6148e88db5803689930167 P 3f4429dd9b5d4f8d9adbac8341aeba78 [CANDIDATE]: Term 1 pre-election: Election decided. Result: candidate won. Election summary: received 2 responses out of 3 voters: 2 yes votes; 0 no votes. yes voters: 3f4429dd9b5d4f8d9adbac8341aeba78, 4278c219d22447aabc86859ab0542ecb; no voters: 
I20260713 09:02:49.463743 11908 raft_consensus.cc:2804] T 3d5855e76b6148e88db5803689930167 P 3f4429dd9b5d4f8d9adbac8341aeba78 [term 0 FOLLOWER]: Leader pre-election won for term 1
I20260713 09:02:49.464223 11908 raft_consensus.cc:493] T 3d5855e76b6148e88db5803689930167 P 3f4429dd9b5d4f8d9adbac8341aeba78 [term 0 FOLLOWER]: Starting leader election (no leader contacted us within the election timeout)
I20260713 09:02:49.464483 11901 ts_tablet_manager.cc:1434] T f3a5aa32417b4bc08d5aa9ba37cd78e3 P 4278c219d22447aabc86859ab0542ecb: Time spent starting tablet: real 0.009s	user 0.009s	sys 0.000s
I20260713 09:02:49.464659 11908 raft_consensus.cc:3060] T 3d5855e76b6148e88db5803689930167 P 3f4429dd9b5d4f8d9adbac8341aeba78 [term 0 FOLLOWER]: Advancing to term 1
I20260713 09:02:49.465533 11901 tablet_bootstrap.cc:492] T a1d1fc94b8a3471cb2b6d00799df1a8b P 4278c219d22447aabc86859ab0542ecb: Bootstrap starting.
I20260713 09:02:49.460755 11902 raft_consensus.cc:385] T f3a5aa32417b4bc08d5aa9ba37cd78e3 P 3f4429dd9b5d4f8d9adbac8341aeba78 [term 0 FOLLOWER]: Consensus starting up: Expiring failure detector timer to make a prompt election more likely
I20260713 09:02:49.467599 11902 raft_consensus.cc:740] T f3a5aa32417b4bc08d5aa9ba37cd78e3 P 3f4429dd9b5d4f8d9adbac8341aeba78 [term 0 FOLLOWER]: Becoming Follower/Learner. State: Replica: 3f4429dd9b5d4f8d9adbac8341aeba78, State: Initialized, Role: FOLLOWER
I20260713 09:02:49.468743 11902 consensus_queue.cc:260] T f3a5aa32417b4bc08d5aa9ba37cd78e3 P 3f4429dd9b5d4f8d9adbac8341aeba78 [NON_LEADER]: Queue going to NON_LEADER mode. State: All replicated index: 0, Majority replicated index: 0, Committed index: 0, Last appended: 0.0, Last appended by leader: 0, Current term: 0, Majority size: -1, State: 0, Mode: NON_LEADER, active raft config: opid_index: -1 OBSOLETE_local: false peers { permanent_uuid: "4278c219d22447aabc86859ab0542ecb" member_type: VOTER last_known_addr { host: "127.10.202.65" port: 42863 } } peers { permanent_uuid: "966400a36406454abb64ef2e599ee388" member_type: VOTER last_known_addr { host: "127.10.202.66" port: 44421 } } peers { permanent_uuid: "3f4429dd9b5d4f8d9adbac8341aeba78" member_type: VOTER last_known_addr { host: "127.10.202.67" port: 40111 } }
I20260713 09:02:49.479802 11901 tablet_bootstrap.cc:654] T a1d1fc94b8a3471cb2b6d00799df1a8b P 4278c219d22447aabc86859ab0542ecb: Neither blocks nor log segments found. Creating new log.
I20260713 09:02:49.482095 11787 tablet_service.cc:1917] Received RequestConsensusVote() RPC: tablet_id: "3d5855e76b6148e88db5803689930167" candidate_uuid: "3f4429dd9b5d4f8d9adbac8341aeba78" candidate_term: 1 candidate_status { last_received { term: 0 index: 0 } } ignore_live_leader: false dest_uuid: "966400a36406454abb64ef2e599ee388" is_pre_election: true
I20260713 09:02:49.484305 11787 raft_consensus.cc:2468] T 3d5855e76b6148e88db5803689930167 P 966400a36406454abb64ef2e599ee388 [term 0 FOLLOWER]: Leader pre-election vote request: Granting yes vote for candidate 3f4429dd9b5d4f8d9adbac8341aeba78 in term 0.
I20260713 09:02:49.484786 11908 raft_consensus.cc:515] T 3d5855e76b6148e88db5803689930167 P 3f4429dd9b5d4f8d9adbac8341aeba78 [term 1 FOLLOWER]: Starting leader election with config: opid_index: -1 OBSOLETE_local: false peers { permanent_uuid: "4278c219d22447aabc86859ab0542ecb" member_type: VOTER last_known_addr { host: "127.10.202.65" port: 42863 } } peers { permanent_uuid: "966400a36406454abb64ef2e599ee388" member_type: VOTER last_known_addr { host: "127.10.202.66" port: 44421 } } peers { permanent_uuid: "3f4429dd9b5d4f8d9adbac8341aeba78" member_type: VOTER last_known_addr { host: "127.10.202.67" port: 40111 } }
I20260713 09:02:49.480777 11920 leader_election.cc:290] T 3d5855e76b6148e88db5803689930167 P 3f4429dd9b5d4f8d9adbac8341aeba78 [CANDIDATE]: Term 1 pre-election: Requested pre-vote from peers 4278c219d22447aabc86859ab0542ecb (127.10.202.65:42863), 966400a36406454abb64ef2e599ee388 (127.10.202.66:44421)
I20260713 09:02:49.488610 11711 tablet_service.cc:1917] Received RequestConsensusVote() RPC: tablet_id: "3d5855e76b6148e88db5803689930167" candidate_uuid: "3f4429dd9b5d4f8d9adbac8341aeba78" candidate_term: 1 candidate_status { last_received { term: 0 index: 0 } } ignore_live_leader: false dest_uuid: "4278c219d22447aabc86859ab0542ecb"
I20260713 09:02:49.489460 11711 raft_consensus.cc:3060] T 3d5855e76b6148e88db5803689930167 P 4278c219d22447aabc86859ab0542ecb [term 0 FOLLOWER]: Advancing to term 1
I20260713 09:02:49.491816 11901 tablet_bootstrap.cc:492] T a1d1fc94b8a3471cb2b6d00799df1a8b P 4278c219d22447aabc86859ab0542ecb: No bootstrap required, opened a new log
I20260713 09:02:49.492444 11901 ts_tablet_manager.cc:1403] T a1d1fc94b8a3471cb2b6d00799df1a8b P 4278c219d22447aabc86859ab0542ecb: Time spent bootstrapping tablet: real 0.027s	user 0.009s	sys 0.004s
I20260713 09:02:49.497332 11901 raft_consensus.cc:359] T a1d1fc94b8a3471cb2b6d00799df1a8b P 4278c219d22447aabc86859ab0542ecb [term 0 FOLLOWER]: Replica starting. Triggering 0 pending ops. Active config: opid_index: -1 OBSOLETE_local: false peers { permanent_uuid: "4278c219d22447aabc86859ab0542ecb" member_type: VOTER last_known_addr { host: "127.10.202.65" port: 42863 } } peers { permanent_uuid: "966400a36406454abb64ef2e599ee388" member_type: VOTER last_known_addr { host: "127.10.202.66" port: 44421 } } peers { permanent_uuid: "3f4429dd9b5d4f8d9adbac8341aeba78" member_type: VOTER last_known_addr { host: "127.10.202.67" port: 40111 } }
I20260713 09:02:49.498332 11901 raft_consensus.cc:385] T a1d1fc94b8a3471cb2b6d00799df1a8b P 4278c219d22447aabc86859ab0542ecb [term 0 FOLLOWER]: Consensus starting up: Expiring failure detector timer to make a prompt election more likely
I20260713 09:02:49.498692 11901 raft_consensus.cc:740] T a1d1fc94b8a3471cb2b6d00799df1a8b P 4278c219d22447aabc86859ab0542ecb [term 0 FOLLOWER]: Becoming Follower/Learner. State: Replica: 4278c219d22447aabc86859ab0542ecb, State: Initialized, Role: FOLLOWER
I20260713 09:02:49.501772 11905 tablet_bootstrap.cc:492] T 16a0917afd994d919c083ab62f0ff42e P 966400a36406454abb64ef2e599ee388: No bootstrap required, opened a new log
I20260713 09:02:49.501087 11901 consensus_queue.cc:260] T a1d1fc94b8a3471cb2b6d00799df1a8b P 4278c219d22447aabc86859ab0542ecb [NON_LEADER]: Queue going to NON_LEADER mode. State: All replicated index: 0, Majority replicated index: 0, Committed index: 0, Last appended: 0.0, Last appended by leader: 0, Current term: 0, Majority size: -1, State: 0, Mode: NON_LEADER, active raft config: opid_index: -1 OBSOLETE_local: false peers { permanent_uuid: "4278c219d22447aabc86859ab0542ecb" member_type: VOTER last_known_addr { host: "127.10.202.65" port: 42863 } } peers { permanent_uuid: "966400a36406454abb64ef2e599ee388" member_type: VOTER last_known_addr { host: "127.10.202.66" port: 44421 } } peers { permanent_uuid: "3f4429dd9b5d4f8d9adbac8341aeba78" member_type: VOTER last_known_addr { host: "127.10.202.67" port: 40111 } }
I20260713 09:02:49.502440 11905 ts_tablet_manager.cc:1403] T 16a0917afd994d919c083ab62f0ff42e P 966400a36406454abb64ef2e599ee388: Time spent bootstrapping tablet: real 0.088s	user 0.010s	sys 0.028s
I20260713 09:02:49.506505 11905 raft_consensus.cc:359] T 16a0917afd994d919c083ab62f0ff42e P 966400a36406454abb64ef2e599ee388 [term 0 FOLLOWER]: Replica starting. Triggering 0 pending ops. Active config: opid_index: -1 OBSOLETE_local: false peers { permanent_uuid: "4278c219d22447aabc86859ab0542ecb" member_type: VOTER last_known_addr { host: "127.10.202.65" port: 42863 } } peers { permanent_uuid: "966400a36406454abb64ef2e599ee388" member_type: VOTER last_known_addr { host: "127.10.202.66" port: 44421 } } peers { permanent_uuid: "3f4429dd9b5d4f8d9adbac8341aeba78" member_type: VOTER last_known_addr { host: "127.10.202.67" port: 40111 } }
I20260713 09:02:49.507535 11905 raft_consensus.cc:385] T 16a0917afd994d919c083ab62f0ff42e P 966400a36406454abb64ef2e599ee388 [term 0 FOLLOWER]: Consensus starting up: Expiring failure detector timer to make a prompt election more likely
I20260713 09:02:49.507923 11905 raft_consensus.cc:740] T 16a0917afd994d919c083ab62f0ff42e P 966400a36406454abb64ef2e599ee388 [term 0 FOLLOWER]: Becoming Follower/Learner. State: Replica: 966400a36406454abb64ef2e599ee388, State: Initialized, Role: FOLLOWER
I20260713 09:02:49.509171 11905 consensus_queue.cc:260] T 16a0917afd994d919c083ab62f0ff42e P 966400a36406454abb64ef2e599ee388 [NON_LEADER]: Queue going to NON_LEADER mode. State: All replicated index: 0, Majority replicated index: 0, Committed index: 0, Last appended: 0.0, Last appended by leader: 0, Current term: 0, Majority size: -1, State: 0, Mode: NON_LEADER, active raft config: opid_index: -1 OBSOLETE_local: false peers { permanent_uuid: "4278c219d22447aabc86859ab0542ecb" member_type: VOTER last_known_addr { host: "127.10.202.65" port: 42863 } } peers { permanent_uuid: "966400a36406454abb64ef2e599ee388" member_type: VOTER last_known_addr { host: "127.10.202.66" port: 44421 } } peers { permanent_uuid: "3f4429dd9b5d4f8d9adbac8341aeba78" member_type: VOTER last_known_addr { host: "127.10.202.67" port: 40111 } }
I20260713 09:02:49.513983 11787 tablet_service.cc:1917] Received RequestConsensusVote() RPC: tablet_id: "3d5855e76b6148e88db5803689930167" candidate_uuid: "3f4429dd9b5d4f8d9adbac8341aeba78" candidate_term: 1 candidate_status { last_received { term: 0 index: 0 } } ignore_live_leader: false dest_uuid: "966400a36406454abb64ef2e599ee388"
I20260713 09:02:49.514810 11787 raft_consensus.cc:3060] T 3d5855e76b6148e88db5803689930167 P 966400a36406454abb64ef2e599ee388 [term 0 FOLLOWER]: Advancing to term 1
I20260713 09:02:49.515920 11901 ts_tablet_manager.cc:1434] T a1d1fc94b8a3471cb2b6d00799df1a8b P 4278c219d22447aabc86859ab0542ecb: Time spent starting tablet: real 0.023s	user 0.011s	sys 0.000s
I20260713 09:02:49.524394 11901 tablet_bootstrap.cc:492] T 592fcbc3c2314e4aa4236ed9afbbfa0d P 4278c219d22447aabc86859ab0542ecb: Bootstrap starting.
I20260713 09:02:49.528187 11905 ts_tablet_manager.cc:1434] T 16a0917afd994d919c083ab62f0ff42e P 966400a36406454abb64ef2e599ee388: Time spent starting tablet: real 0.025s	user 0.006s	sys 0.005s
I20260713 09:02:49.525978 11908 leader_election.cc:290] T 3d5855e76b6148e88db5803689930167 P 3f4429dd9b5d4f8d9adbac8341aeba78 [CANDIDATE]: Term 1 election: Requested vote from peers 4278c219d22447aabc86859ab0542ecb (127.10.202.65:42863), 966400a36406454abb64ef2e599ee388 (127.10.202.66:44421)
I20260713 09:02:49.531533 11905 tablet_bootstrap.cc:492] T a521cd4cba7f45aa91b63132b7d46536 P 966400a36406454abb64ef2e599ee388: Bootstrap starting.
I20260713 09:02:49.538699 11905 tablet_bootstrap.cc:654] T a521cd4cba7f45aa91b63132b7d46536 P 966400a36406454abb64ef2e599ee388: Neither blocks nor log segments found. Creating new log.
I20260713 09:02:49.540539 11901 tablet_bootstrap.cc:654] T 592fcbc3c2314e4aa4236ed9afbbfa0d P 4278c219d22447aabc86859ab0542ecb: Neither blocks nor log segments found. Creating new log.
I20260713 09:02:49.540382 11610 catalog_manager.cc:5697] T a521cd4cba7f45aa91b63132b7d46536 P 3f4429dd9b5d4f8d9adbac8341aeba78 reported cstate change: term changed from 0 to 1, leader changed from <none> to 3f4429dd9b5d4f8d9adbac8341aeba78 (127.10.202.67). New cstate: current_term: 1 leader_uuid: "3f4429dd9b5d4f8d9adbac8341aeba78" committed_config { opid_index: -1 OBSOLETE_local: false peers { permanent_uuid: "4278c219d22447aabc86859ab0542ecb" member_type: VOTER last_known_addr { host: "127.10.202.65" port: 42863 } health_report { overall_health: UNKNOWN } } peers { permanent_uuid: "966400a36406454abb64ef2e599ee388" member_type: VOTER last_known_addr { host: "127.10.202.66" port: 44421 } health_report { overall_health: UNKNOWN } } peers { permanent_uuid: "3f4429dd9b5d4f8d9adbac8341aeba78" member_type: VOTER last_known_addr { host: "127.10.202.67" port: 40111 } health_report { overall_health: HEALTHY } } }
I20260713 09:02:49.553750 11901 tablet_bootstrap.cc:492] T 592fcbc3c2314e4aa4236ed9afbbfa0d P 4278c219d22447aabc86859ab0542ecb: No bootstrap required, opened a new log
I20260713 09:02:49.554411 11901 ts_tablet_manager.cc:1403] T 592fcbc3c2314e4aa4236ed9afbbfa0d P 4278c219d22447aabc86859ab0542ecb: Time spent bootstrapping tablet: real 0.030s	user 0.016s	sys 0.006s
I20260713 09:02:49.557844 11901 raft_consensus.cc:359] T 592fcbc3c2314e4aa4236ed9afbbfa0d P 4278c219d22447aabc86859ab0542ecb [term 0 FOLLOWER]: Replica starting. Triggering 0 pending ops. Active config: opid_index: -1 OBSOLETE_local: false peers { permanent_uuid: "4278c219d22447aabc86859ab0542ecb" member_type: VOTER last_known_addr { host: "127.10.202.65" port: 42863 } } peers { permanent_uuid: "966400a36406454abb64ef2e599ee388" member_type: VOTER last_known_addr { host: "127.10.202.66" port: 44421 } } peers { permanent_uuid: "3f4429dd9b5d4f8d9adbac8341aeba78" member_type: VOTER last_known_addr { host: "127.10.202.67" port: 40111 } }
