I20260713 09:02:44.891266  6788 raft_consensus.cc:515] T 46d4d59a0ee64bc8a2614d306455f3d7 P 423620626e86411292c1e4342f19e76e [term 0 FOLLOWER]: Starting pre-election with config: opid_index: -1 OBSOLETE_local: false peers { permanent_uuid: "423620626e86411292c1e4342f19e76e" member_type: VOTER last_known_addr { host: "127.5.207.1" port: 32809 } } peers { permanent_uuid: "838966a8a6ab4523b13d7eb0d8607dd4" member_type: VOTER last_known_addr { host: "127.5.207.2" port: 41261 } } peers { permanent_uuid: "650078f3d98d44b891d968be7a6ee80e" member_type: VOTER last_known_addr { host: "127.5.207.3" port: 38871 } }
W20260713 09:02:44.892894  6519 auto_rebalancer.cc:288] Could not retrieve cluster info: Service unavailable: Tablet not running
I20260713 09:02:44.893538  6788 leader_election.cc:290] T 46d4d59a0ee64bc8a2614d306455f3d7 P 423620626e86411292c1e4342f19e76e [CANDIDATE]: Term 1 pre-election: Requested pre-vote from peers 838966a8a6ab4523b13d7eb0d8607dd4 (127.5.207.2:41261), 650078f3d98d44b891d968be7a6ee80e (127.5.207.3:38871)
I20260713 09:02:44.894855  6765 tablet_bootstrap.cc:654] T 33bf4577c4c04690abc350b10a255aa1 P 838966a8a6ab4523b13d7eb0d8607dd4: Neither blocks nor log segments found. Creating new log.
I20260713 09:02:44.895952  6647 tablet_service.cc:1917] Received RequestConsensusVote() RPC: tablet_id: "46d4d59a0ee64bc8a2614d306455f3d7" candidate_uuid: "423620626e86411292c1e4342f19e76e" candidate_term: 1 candidate_status { last_received { term: 0 index: 0 } } ignore_live_leader: false dest_uuid: "838966a8a6ab4523b13d7eb0d8607dd4" is_pre_election: true
I20260713 09:02:44.897663  6722 tablet_service.cc:1917] Received RequestConsensusVote() RPC: tablet_id: "46d4d59a0ee64bc8a2614d306455f3d7" candidate_uuid: "423620626e86411292c1e4342f19e76e" candidate_term: 1 candidate_status { last_received { term: 0 index: 0 } } ignore_live_leader: false dest_uuid: "650078f3d98d44b891d968be7a6ee80e" is_pre_election: true
W20260713 09:02:44.899482  6536 leader_election.cc:343] T 46d4d59a0ee64bc8a2614d306455f3d7 P 423620626e86411292c1e4342f19e76e [CANDIDATE]: Term 1 pre-election: Tablet error from VoteRequest() call to peer 650078f3d98d44b891d968be7a6ee80e (127.5.207.3:38871): Illegal state: must be running to vote when last-logged opid is not known
W20260713 09:02:44.900135  6536 leader_election.cc:343] T 46d4d59a0ee64bc8a2614d306455f3d7 P 423620626e86411292c1e4342f19e76e [CANDIDATE]: Term 1 pre-election: Tablet error from VoteRequest() call to peer 838966a8a6ab4523b13d7eb0d8607dd4 (127.5.207.2:41261): Illegal state: must be running to vote when last-logged opid is not known
I20260713 09:02:44.887697  6790 raft_consensus.cc:515] T 3fc87674e24844f695244b97838d811c P 423620626e86411292c1e4342f19e76e [term 0 FOLLOWER]: Starting pre-election with config: opid_index: -1 OBSOLETE_local: false peers { permanent_uuid: "423620626e86411292c1e4342f19e76e" member_type: VOTER last_known_addr { host: "127.5.207.1" port: 32809 } } peers { permanent_uuid: "838966a8a6ab4523b13d7eb0d8607dd4" member_type: VOTER last_known_addr { host: "127.5.207.2" port: 41261 } } peers { permanent_uuid: "650078f3d98d44b891d968be7a6ee80e" member_type: VOTER last_known_addr { host: "127.5.207.3" port: 38871 } }
I20260713 09:02:44.900553  6536 leader_election.cc:304] T 46d4d59a0ee64bc8a2614d306455f3d7 P 423620626e86411292c1e4342f19e76e [CANDIDATE]: Term 1 pre-election: Election decided. Result: candidate lost. Election summary: received 3 responses out of 3 voters: 1 yes votes; 2 no votes. yes voters: 423620626e86411292c1e4342f19e76e; no voters: 650078f3d98d44b891d968be7a6ee80e, 838966a8a6ab4523b13d7eb0d8607dd4
I20260713 09:02:44.901618  6788 raft_consensus.cc:2749] T 46d4d59a0ee64bc8a2614d306455f3d7 P 423620626e86411292c1e4342f19e76e [term 0 FOLLOWER]: Leader pre-election lost for term 1. Reason: could not achieve majority
I20260713 09:02:44.902721  6761 tablet_bootstrap.cc:492] T b740b4d5e86444ed959788cd56259e97 P 423620626e86411292c1e4342f19e76e: No bootstrap required, opened a new log
I20260713 09:02:44.902819  6762 tablet_bootstrap.cc:654] T b1ed491f731a4f5cbab2f63fa2290b77 P 650078f3d98d44b891d968be7a6ee80e: Neither blocks nor log segments found. Creating new log.
I20260713 09:02:44.904079  6647 tablet_service.cc:1917] Received RequestConsensusVote() RPC: tablet_id: "3fc87674e24844f695244b97838d811c" candidate_uuid: "423620626e86411292c1e4342f19e76e" candidate_term: 1 candidate_status { last_received { term: 0 index: 0 } } ignore_live_leader: false dest_uuid: "838966a8a6ab4523b13d7eb0d8607dd4" is_pre_election: true
I20260713 09:02:44.905745  6722 tablet_service.cc:1917] Received RequestConsensusVote() RPC: tablet_id: "3fc87674e24844f695244b97838d811c" candidate_uuid: "423620626e86411292c1e4342f19e76e" candidate_term: 1 candidate_status { last_received { term: 0 index: 0 } } ignore_live_leader: false dest_uuid: "650078f3d98d44b891d968be7a6ee80e" is_pre_election: true
I20260713 09:02:44.906260  6790 leader_election.cc:290] T 3fc87674e24844f695244b97838d811c P 423620626e86411292c1e4342f19e76e [CANDIDATE]: Term 1 pre-election: Requested pre-vote from peers 838966a8a6ab4523b13d7eb0d8607dd4 (127.5.207.2:41261), 650078f3d98d44b891d968be7a6ee80e (127.5.207.3:38871)
I20260713 09:02:44.906386  6722 raft_consensus.cc:2468] T 3fc87674e24844f695244b97838d811c P 650078f3d98d44b891d968be7a6ee80e [term 0 FOLLOWER]: Leader pre-election vote request: Granting yes vote for candidate 423620626e86411292c1e4342f19e76e in term 0.
W20260713 09:02:44.908185  6536 leader_election.cc:343] T 3fc87674e24844f695244b97838d811c P 423620626e86411292c1e4342f19e76e [CANDIDATE]: Term 1 pre-election: Tablet error from VoteRequest() call to peer 838966a8a6ab4523b13d7eb0d8607dd4 (127.5.207.2:41261): Illegal state: must be running to vote when last-logged opid is not known
I20260713 09:02:44.909124  6536 leader_election.cc:304] T 3fc87674e24844f695244b97838d811c P 423620626e86411292c1e4342f19e76e [CANDIDATE]: Term 1 pre-election: Election decided. Result: candidate won. Election summary: received 3 responses out of 3 voters: 2 yes votes; 1 no votes. yes voters: 423620626e86411292c1e4342f19e76e, 650078f3d98d44b891d968be7a6ee80e; no voters: 838966a8a6ab4523b13d7eb0d8607dd4
I20260713 09:02:44.910108  6790 raft_consensus.cc:2804] T 3fc87674e24844f695244b97838d811c P 423620626e86411292c1e4342f19e76e [term 0 FOLLOWER]: Leader pre-election won for term 1
I20260713 09:02:44.903205  6761 ts_tablet_manager.cc:1403] T b740b4d5e86444ed959788cd56259e97 P 423620626e86411292c1e4342f19e76e: Time spent bootstrapping tablet: real 0.051s	user 0.005s	sys 0.013s
I20260713 09:02:44.910583  6790 raft_consensus.cc:493] T 3fc87674e24844f695244b97838d811c P 423620626e86411292c1e4342f19e76e [term 0 FOLLOWER]: Starting leader election (no leader contacted us within the election timeout)
I20260713 09:02:44.911005  6790 raft_consensus.cc:3060] T 3fc87674e24844f695244b97838d811c P 423620626e86411292c1e4342f19e76e [term 0 FOLLOWER]: Advancing to term 1
I20260713 09:02:44.912752  6765 tablet_bootstrap.cc:492] T 33bf4577c4c04690abc350b10a255aa1 P 838966a8a6ab4523b13d7eb0d8607dd4: No bootstrap required, opened a new log
I20260713 09:02:44.913085  6761 raft_consensus.cc:359] T b740b4d5e86444ed959788cd56259e97 P 423620626e86411292c1e4342f19e76e [term 0 FOLLOWER]: Replica starting. Triggering 0 pending ops. Active config: opid_index: -1 OBSOLETE_local: false peers { permanent_uuid: "423620626e86411292c1e4342f19e76e" member_type: VOTER last_known_addr { host: "127.5.207.1" port: 32809 } } peers { permanent_uuid: "838966a8a6ab4523b13d7eb0d8607dd4" member_type: VOTER last_known_addr { host: "127.5.207.2" port: 41261 } } peers { permanent_uuid: "650078f3d98d44b891d968be7a6ee80e" member_type: VOTER last_known_addr { host: "127.5.207.3" port: 38871 } }
I20260713 09:02:44.913781  6761 raft_consensus.cc:385] T b740b4d5e86444ed959788cd56259e97 P 423620626e86411292c1e4342f19e76e [term 0 FOLLOWER]: Consensus starting up: Expiring failure detector timer to make a prompt election more likely
I20260713 09:02:44.914078  6761 raft_consensus.cc:740] T b740b4d5e86444ed959788cd56259e97 P 423620626e86411292c1e4342f19e76e [term 0 FOLLOWER]: Becoming Follower/Learner. State: Replica: 423620626e86411292c1e4342f19e76e, State: Initialized, Role: FOLLOWER
I20260713 09:02:44.913424  6765 ts_tablet_manager.cc:1403] T 33bf4577c4c04690abc350b10a255aa1 P 838966a8a6ab4523b13d7eb0d8607dd4: Time spent bootstrapping tablet: real 0.047s	user 0.013s	sys 0.004s
I20260713 09:02:44.917205  6761 consensus_queue.cc:260] T b740b4d5e86444ed959788cd56259e97 P 423620626e86411292c1e4342f19e76e [NON_LEADER]: Queue going to NON_LEADER mode. State: All replicated index: 0, Majority replicated index: 0, Committed index: 0, Last appended: 0.0, Last appended by leader: 0, Current term: 0, Majority size: -1, State: 0, Mode: NON_LEADER, active raft config: opid_index: -1 OBSOLETE_local: false peers { permanent_uuid: "423620626e86411292c1e4342f19e76e" member_type: VOTER last_known_addr { host: "127.5.207.1" port: 32809 } } peers { permanent_uuid: "838966a8a6ab4523b13d7eb0d8607dd4" member_type: VOTER last_known_addr { host: "127.5.207.2" port: 41261 } } peers { permanent_uuid: "650078f3d98d44b891d968be7a6ee80e" member_type: VOTER last_known_addr { host: "127.5.207.3" port: 38871 } }
I20260713 09:02:44.919588  6761 ts_tablet_manager.cc:1434] T b740b4d5e86444ed959788cd56259e97 P 423620626e86411292c1e4342f19e76e: Time spent starting tablet: real 0.009s	user 0.006s	sys 0.001s
I20260713 09:02:44.919770  6765 raft_consensus.cc:359] T 33bf4577c4c04690abc350b10a255aa1 P 838966a8a6ab4523b13d7eb0d8607dd4 [term 0 FOLLOWER]: Replica starting. Triggering 0 pending ops. Active config: opid_index: -1 OBSOLETE_local: false peers { permanent_uuid: "423620626e86411292c1e4342f19e76e" member_type: VOTER last_known_addr { host: "127.5.207.1" port: 32809 } } peers { permanent_uuid: "838966a8a6ab4523b13d7eb0d8607dd4" member_type: VOTER last_known_addr { host: "127.5.207.2" port: 41261 } } peers { permanent_uuid: "650078f3d98d44b891d968be7a6ee80e" member_type: VOTER last_known_addr { host: "127.5.207.3" port: 38871 } }
I20260713 09:02:44.920540  6761 tablet_bootstrap.cc:492] T 455c6c01a489480ca5c2724d880be0ed P 423620626e86411292c1e4342f19e76e: Bootstrap starting.
I20260713 09:02:44.920615  6765 raft_consensus.cc:385] T 33bf4577c4c04690abc350b10a255aa1 P 838966a8a6ab4523b13d7eb0d8607dd4 [term 0 FOLLOWER]: Consensus starting up: Expiring failure detector timer to make a prompt election more likely
I20260713 09:02:44.921077  6765 raft_consensus.cc:740] T 33bf4577c4c04690abc350b10a255aa1 P 838966a8a6ab4523b13d7eb0d8607dd4 [term 0 FOLLOWER]: Becoming Follower/Learner. State: Replica: 838966a8a6ab4523b13d7eb0d8607dd4, State: Initialized, Role: FOLLOWER
I20260713 09:02:44.920750  6470 catalog_manager.cc:5697] T 33bf4577c4c04690abc350b10a255aa1 P 423620626e86411292c1e4342f19e76e reported cstate change: term changed from 0 to 1, leader changed from <none> to 423620626e86411292c1e4342f19e76e (127.5.207.1). New cstate: current_term: 1 leader_uuid: "423620626e86411292c1e4342f19e76e" committed_config { opid_index: -1 OBSOLETE_local: false peers { permanent_uuid: "423620626e86411292c1e4342f19e76e" member_type: VOTER last_known_addr { host: "127.5.207.1" port: 32809 } health_report { overall_health: HEALTHY } } peers { permanent_uuid: "838966a8a6ab4523b13d7eb0d8607dd4" member_type: VOTER last_known_addr { host: "127.5.207.2" port: 41261 } health_report { overall_health: UNKNOWN } } peers { permanent_uuid: "650078f3d98d44b891d968be7a6ee80e" member_type: VOTER last_known_addr { host: "127.5.207.3" port: 38871 } health_report { overall_health: UNKNOWN } } }
I20260713 09:02:44.922593  6765 consensus_queue.cc:260] T 33bf4577c4c04690abc350b10a255aa1 P 838966a8a6ab4523b13d7eb0d8607dd4 [NON_LEADER]: Queue going to NON_LEADER mode. State: All replicated index: 0, Majority replicated index: 0, Committed index: 0, Last appended: 0.0, Last appended by leader: 0, Current term: 0, Majority size: -1, State: 0, Mode: NON_LEADER, active raft config: opid_index: -1 OBSOLETE_local: false peers { permanent_uuid: "423620626e86411292c1e4342f19e76e" member_type: VOTER last_known_addr { host: "127.5.207.1" port: 32809 } } peers { permanent_uuid: "838966a8a6ab4523b13d7eb0d8607dd4" member_type: VOTER last_known_addr { host: "127.5.207.2" port: 41261 } } peers { permanent_uuid: "650078f3d98d44b891d968be7a6ee80e" member_type: VOTER last_known_addr { host: "127.5.207.3" port: 38871 } }
I20260713 09:02:44.926515  6761 tablet_bootstrap.cc:654] T 455c6c01a489480ca5c2724d880be0ed P 423620626e86411292c1e4342f19e76e: Neither blocks nor log segments found. Creating new log.
I20260713 09:02:44.926116  6790 raft_consensus.cc:515] T 3fc87674e24844f695244b97838d811c P 423620626e86411292c1e4342f19e76e [term 1 FOLLOWER]: Starting leader election with config: opid_index: -1 OBSOLETE_local: false peers { permanent_uuid: "423620626e86411292c1e4342f19e76e" member_type: VOTER last_known_addr { host: "127.5.207.1" port: 32809 } } peers { permanent_uuid: "838966a8a6ab4523b13d7eb0d8607dd4" member_type: VOTER last_known_addr { host: "127.5.207.2" port: 41261 } } peers { permanent_uuid: "650078f3d98d44b891d968be7a6ee80e" member_type: VOTER last_known_addr { host: "127.5.207.3" port: 38871 } }
I20260713 09:02:44.928807  6647 tablet_service.cc:1917] Received RequestConsensusVote() RPC: tablet_id: "3fc87674e24844f695244b97838d811c" candidate_uuid: "423620626e86411292c1e4342f19e76e" candidate_term: 1 candidate_status { last_received { term: 0 index: 0 } } ignore_live_leader: false dest_uuid: "838966a8a6ab4523b13d7eb0d8607dd4"
W20260713 09:02:44.930155  6536 leader_election.cc:343] T 3fc87674e24844f695244b97838d811c P 423620626e86411292c1e4342f19e76e [CANDIDATE]: Term 1 election: Tablet error from VoteRequest() call to peer 838966a8a6ab4523b13d7eb0d8607dd4 (127.5.207.2:41261): Illegal state: must be running to vote when last-logged opid is not known
I20260713 09:02:44.931242  6765 ts_tablet_manager.cc:1434] T 33bf4577c4c04690abc350b10a255aa1 P 838966a8a6ab4523b13d7eb0d8607dd4: Time spent starting tablet: real 0.014s	user 0.006s	sys 0.000s
I20260713 09:02:44.932302  6765 tablet_bootstrap.cc:492] T 46d4d59a0ee64bc8a2614d306455f3d7 P 838966a8a6ab4523b13d7eb0d8607dd4: Bootstrap starting.
I20260713 09:02:44.938946  6765 tablet_bootstrap.cc:654] T 46d4d59a0ee64bc8a2614d306455f3d7 P 838966a8a6ab4523b13d7eb0d8607dd4: Neither blocks nor log segments found. Creating new log.
I20260713 09:02:44.940541  6766 raft_consensus.cc:493] T f1b10ae119f74188a4730edaf6aa8af4 P 423620626e86411292c1e4342f19e76e [term 0 FOLLOWER]: Starting pre-election (no leader contacted us within the election timeout)
I20260713 09:02:44.941138  6766 raft_consensus.cc:515] T f1b10ae119f74188a4730edaf6aa8af4 P 423620626e86411292c1e4342f19e76e [term 0 FOLLOWER]: Starting pre-election with config: opid_index: -1 OBSOLETE_local: false peers { permanent_uuid: "423620626e86411292c1e4342f19e76e" member_type: VOTER last_known_addr { host: "127.5.207.1" port: 32809 } } peers { permanent_uuid: "838966a8a6ab4523b13d7eb0d8607dd4" member_type: VOTER last_known_addr { host: "127.5.207.2" port: 41261 } } peers { permanent_uuid: "650078f3d98d44b891d968be7a6ee80e" member_type: VOTER last_known_addr { host: "127.5.207.3" port: 38871 } }
I20260713 09:02:44.946585  6647 tablet_service.cc:1917] Received RequestConsensusVote() RPC: tablet_id: "f1b10ae119f74188a4730edaf6aa8af4" candidate_uuid: "423620626e86411292c1e4342f19e76e" candidate_term: 1 candidate_status { last_received { term: 0 index: 0 } } ignore_live_leader: false dest_uuid: "838966a8a6ab4523b13d7eb0d8607dd4" is_pre_election: true
W20260713 09:02:44.948658  6536 leader_election.cc:343] T f1b10ae119f74188a4730edaf6aa8af4 P 423620626e86411292c1e4342f19e76e [CANDIDATE]: Term 1 pre-election: Tablet error from VoteRequest() call to peer 838966a8a6ab4523b13d7eb0d8607dd4 (127.5.207.2:41261): Illegal state: must be running to vote when last-logged opid is not known
I20260713 09:02:44.950331  6762 tablet_bootstrap.cc:492] T b1ed491f731a4f5cbab2f63fa2290b77 P 650078f3d98d44b891d968be7a6ee80e: No bootstrap required, opened a new log
I20260713 09:02:44.950982  6762 ts_tablet_manager.cc:1403] T b1ed491f731a4f5cbab2f63fa2290b77 P 650078f3d98d44b891d968be7a6ee80e: Time spent bootstrapping tablet: real 0.075s	user 0.009s	sys 0.003s
I20260713 09:02:44.951694  6722 tablet_service.cc:1917] Received RequestConsensusVote() RPC: tablet_id: "f1b10ae119f74188a4730edaf6aa8af4" candidate_uuid: "423620626e86411292c1e4342f19e76e" candidate_term: 1 candidate_status { last_received { term: 0 index: 0 } } ignore_live_leader: false dest_uuid: "650078f3d98d44b891d968be7a6ee80e" is_pre_election: true
I20260713 09:02:44.953274  6771 raft_consensus.cc:493] T c48652059f894beeaef21e6a159f703a P 838966a8a6ab4523b13d7eb0d8607dd4 [term 0 FOLLOWER]: Starting pre-election (no leader contacted us within the election timeout)
I20260713 09:02:44.953920  6771 raft_consensus.cc:515] T c48652059f894beeaef21e6a159f703a P 838966a8a6ab4523b13d7eb0d8607dd4 [term 0 FOLLOWER]: Starting pre-election with config: opid_index: -1 OBSOLETE_local: false peers { permanent_uuid: "423620626e86411292c1e4342f19e76e" member_type: VOTER last_known_addr { host: "127.5.207.1" port: 32809 } } peers { permanent_uuid: "838966a8a6ab4523b13d7eb0d8607dd4" member_type: VOTER last_known_addr { host: "127.5.207.2" port: 41261 } } peers { permanent_uuid: "650078f3d98d44b891d968be7a6ee80e" member_type: VOTER last_known_addr { host: "127.5.207.3" port: 38871 } }
I20260713 09:02:44.956077  6790 leader_election.cc:290] T 3fc87674e24844f695244b97838d811c P 423620626e86411292c1e4342f19e76e [CANDIDATE]: Term 1 election: Requested vote from peers 838966a8a6ab4523b13d7eb0d8607dd4 (127.5.207.2:41261), 650078f3d98d44b891d968be7a6ee80e (127.5.207.3:38871)
I20260713 09:02:44.954958  6762 raft_consensus.cc:359] T b1ed491f731a4f5cbab2f63fa2290b77 P 650078f3d98d44b891d968be7a6ee80e [term 0 FOLLOWER]: Replica starting. Triggering 0 pending ops. Active config: opid_index: -1 OBSOLETE_local: false peers { permanent_uuid: "423620626e86411292c1e4342f19e76e" member_type: VOTER last_known_addr { host: "127.5.207.1" port: 32809 } } peers { permanent_uuid: "838966a8a6ab4523b13d7eb0d8607dd4" member_type: VOTER last_known_addr { host: "127.5.207.2" port: 41261 } } peers { permanent_uuid: "650078f3d98d44b891d968be7a6ee80e" member_type: VOTER last_known_addr { host: "127.5.207.3" port: 38871 } }
I20260713 09:02:44.957346  6762 raft_consensus.cc:385] T b1ed491f731a4f5cbab2f63fa2290b77 P 650078f3d98d44b891d968be7a6ee80e [term 0 FOLLOWER]: Consensus starting up: Expiring failure detector timer to make a prompt election more likely
I20260713 09:02:44.957760  6762 raft_consensus.cc:740] T b1ed491f731a4f5cbab2f63fa2290b77 P 650078f3d98d44b891d968be7a6ee80e [term 0 FOLLOWER]: Becoming Follower/Learner. State: Replica: 650078f3d98d44b891d968be7a6ee80e, State: Initialized, Role: FOLLOWER
I20260713 09:02:44.959689  6762 consensus_queue.cc:260] T b1ed491f731a4f5cbab2f63fa2290b77 P 650078f3d98d44b891d968be7a6ee80e [NON_LEADER]: Queue going to NON_LEADER mode. State: All replicated index: 0, Majority replicated index: 0, Committed index: 0, Last appended: 0.0, Last appended by leader: 0, Current term: 0, Majority size: -1, State: 0, Mode: NON_LEADER, active raft config: opid_index: -1 OBSOLETE_local: false peers { permanent_uuid: "423620626e86411292c1e4342f19e76e" member_type: VOTER last_known_addr { host: "127.5.207.1" port: 32809 } } peers { permanent_uuid: "838966a8a6ab4523b13d7eb0d8607dd4" member_type: VOTER last_known_addr { host: "127.5.207.2" port: 41261 } } peers { permanent_uuid: "650078f3d98d44b891d968be7a6ee80e" member_type: VOTER last_known_addr { host: "127.5.207.3" port: 38871 } }
W20260713 09:02:44.960505  6536 leader_election.cc:343] T f1b10ae119f74188a4730edaf6aa8af4 P 423620626e86411292c1e4342f19e76e [CANDIDATE]: Term 1 pre-election: Tablet error from VoteRequest() call to peer 650078f3d98d44b891d968be7a6ee80e (127.5.207.3:38871): Illegal state: must be running to vote when last-logged opid is not known
I20260713 09:02:44.961099  6536 leader_election.cc:304] T f1b10ae119f74188a4730edaf6aa8af4 P 423620626e86411292c1e4342f19e76e [CANDIDATE]: Term 1 pre-election: Election decided. Result: candidate lost. Election summary: received 3 responses out of 3 voters: 1 yes votes; 2 no votes. yes voters: 423620626e86411292c1e4342f19e76e; no voters: 650078f3d98d44b891d968be7a6ee80e, 838966a8a6ab4523b13d7eb0d8607dd4
I20260713 09:02:44.963054  6761 tablet_bootstrap.cc:492] T 455c6c01a489480ca5c2724d880be0ed P 423620626e86411292c1e4342f19e76e: No bootstrap required, opened a new log
I20260713 09:02:44.961532  6762 ts_tablet_manager.cc:1434] T b1ed491f731a4f5cbab2f63fa2290b77 P 650078f3d98d44b891d968be7a6ee80e: Time spent starting tablet: real 0.010s	user 0.005s	sys 0.000s
I20260713 09:02:44.963546  6722 tablet_service.cc:1917] Received RequestConsensusVote() RPC: tablet_id: "3fc87674e24844f695244b97838d811c" candidate_uuid: "423620626e86411292c1e4342f19e76e" candidate_term: 1 candidate_status { last_received { term: 0 index: 0 } } ignore_live_leader: false dest_uuid: "650078f3d98d44b891d968be7a6ee80e"
I20260713 09:02:44.964038  6771 leader_election.cc:290] T c48652059f894beeaef21e6a159f703a P 838966a8a6ab4523b13d7eb0d8607dd4 [CANDIDATE]: Term 1 pre-election: Requested pre-vote from peers 423620626e86411292c1e4342f19e76e (127.5.207.1:32809), 650078f3d98d44b891d968be7a6ee80e (127.5.207.3:38871)
I20260713 09:02:44.964138  6722 raft_consensus.cc:3060] T 3fc87674e24844f695244b97838d811c P 650078f3d98d44b891d968be7a6ee80e [term 0 FOLLOWER]: Advancing to term 1
I20260713 09:02:44.964785  6762 tablet_bootstrap.cc:492] T f1b10ae119f74188a4730edaf6aa8af4 P 650078f3d98d44b891d968be7a6ee80e: Bootstrap starting.
I20260713 09:02:44.969022  6766 leader_election.cc:290] T f1b10ae119f74188a4730edaf6aa8af4 P 423620626e86411292c1e4342f19e76e [CANDIDATE]: Term 1 pre-election: Requested pre-vote from peers 838966a8a6ab4523b13d7eb0d8607dd4 (127.5.207.2:41261), 650078f3d98d44b891d968be7a6ee80e (127.5.207.3:38871)
I20260713 09:02:44.963536  6761 ts_tablet_manager.cc:1403] T 455c6c01a489480ca5c2724d880be0ed P 423620626e86411292c1e4342f19e76e: Time spent bootstrapping tablet: real 0.043s	user 0.020s	sys 0.020s
I20260713 09:02:44.974062  6761 raft_consensus.cc:359] T 455c6c01a489480ca5c2724d880be0ed P 423620626e86411292c1e4342f19e76e [term 0 FOLLOWER]: Replica starting. Triggering 0 pending ops. Active config: opid_index: -1 OBSOLETE_local: false peers { permanent_uuid: "423620626e86411292c1e4342f19e76e" member_type: VOTER last_known_addr { host: "127.5.207.1" port: 32809 } } peers { permanent_uuid: "838966a8a6ab4523b13d7eb0d8607dd4" member_type: VOTER last_known_addr { host: "127.5.207.2" port: 41261 } } peers { permanent_uuid: "650078f3d98d44b891d968be7a6ee80e" member_type: VOTER last_known_addr { host: "127.5.207.3" port: 38871 } }
I20260713 09:02:44.974709  6761 raft_consensus.cc:385] T 455c6c01a489480ca5c2724d880be0ed P 423620626e86411292c1e4342f19e76e [term 0 FOLLOWER]: Consensus starting up: Expiring failure detector timer to make a prompt election more likely
I20260713 09:02:44.975137  6761 raft_consensus.cc:740] T 455c6c01a489480ca5c2724d880be0ed P 423620626e86411292c1e4342f19e76e [term 0 FOLLOWER]: Becoming Follower/Learner. State: Replica: 423620626e86411292c1e4342f19e76e, State: Initialized, Role: FOLLOWER
I20260713 09:02:44.974551  6771 raft_consensus.cc:493] T b1ed491f731a4f5cbab2f63fa2290b77 P 838966a8a6ab4523b13d7eb0d8607dd4 [term 0 FOLLOWER]: Starting pre-election (no leader contacted us within the election timeout)
I20260713 09:02:44.975788  6722 raft_consensus.cc:2468] T 3fc87674e24844f695244b97838d811c P 650078f3d98d44b891d968be7a6ee80e [term 1 FOLLOWER]: Leader election vote request: Granting yes vote for candidate 423620626e86411292c1e4342f19e76e in term 1.
I20260713 09:02:44.975764  6771 raft_consensus.cc:515] T b1ed491f731a4f5cbab2f63fa2290b77 P 838966a8a6ab4523b13d7eb0d8607dd4 [term 0 FOLLOWER]: Starting pre-election with config: opid_index: -1 OBSOLETE_local: false peers { permanent_uuid: "423620626e86411292c1e4342f19e76e" member_type: VOTER last_known_addr { host: "127.5.207.1" port: 32809 } } peers { permanent_uuid: "838966a8a6ab4523b13d7eb0d8607dd4" member_type: VOTER last_known_addr { host: "127.5.207.2" port: 41261 } } peers { permanent_uuid: "650078f3d98d44b891d968be7a6ee80e" member_type: VOTER last_known_addr { host: "127.5.207.3" port: 38871 } }
I20260713 09:02:44.962123  6790 raft_consensus.cc:2749] T f1b10ae119f74188a4730edaf6aa8af4 P 423620626e86411292c1e4342f19e76e [term 0 FOLLOWER]: Leader pre-election lost for term 1. Reason: could not achieve majority
I20260713 09:02:44.981204  6766 raft_consensus.cc:493] T b14688bef9ab443884b32ea3d2c52d32 P 423620626e86411292c1e4342f19e76e [term 0 FOLLOWER]: Starting pre-election (no leader contacted us within the election timeout)
I20260713 09:02:44.981932  6766 raft_consensus.cc:515] T b14688bef9ab443884b32ea3d2c52d32 P 423620626e86411292c1e4342f19e76e [term 0 FOLLOWER]: Starting pre-election with config: opid_index: -1 OBSOLETE_local: false peers { permanent_uuid: "423620626e86411292c1e4342f19e76e" member_type: VOTER last_known_addr { host: "127.5.207.1" port: 32809 } } peers { permanent_uuid: "838966a8a6ab4523b13d7eb0d8607dd4" member_type: VOTER last_known_addr { host: "127.5.207.2" port: 41261 } } peers { permanent_uuid: "650078f3d98d44b891d968be7a6ee80e" member_type: VOTER last_known_addr { host: "127.5.207.3" port: 38871 } }
I20260713 09:02:44.993465  6762 tablet_bootstrap.cc:654] T f1b10ae119f74188a4730edaf6aa8af4 P 650078f3d98d44b891d968be7a6ee80e: Neither blocks nor log segments found. Creating new log.
I20260713 09:02:44.993985  6766 leader_election.cc:290] T b14688bef9ab443884b32ea3d2c52d32 P 423620626e86411292c1e4342f19e76e [CANDIDATE]: Term 1 pre-election: Requested pre-vote from peers 838966a8a6ab4523b13d7eb0d8607dd4 (127.5.207.2:41261), 650078f3d98d44b891d968be7a6ee80e (127.5.207.3:38871)
I20260713 09:02:44.992810  6761 consensus_queue.cc:260] T 455c6c01a489480ca5c2724d880be0ed P 423620626e86411292c1e4342f19e76e [NON_LEADER]: Queue going to NON_LEADER mode. State: All replicated index: 0, Majority replicated index: 0, Committed index: 0, Last appended: 0.0, Last appended by leader: 0, Current term: 0, Majority size: -1, State: 0, Mode: NON_LEADER, active raft config: opid_index: -1 OBSOLETE_local: false peers { permanent_uuid: "423620626e86411292c1e4342f19e76e" member_type: VOTER last_known_addr { host: "127.5.207.1" port: 32809 } } peers { permanent_uuid: "838966a8a6ab4523b13d7eb0d8607dd4" member_type: VOTER last_known_addr { host: "127.5.207.2" port: 41261 } } peers { permanent_uuid: "650078f3d98d44b891d968be7a6ee80e" member_type: VOTER last_known_addr { host: "127.5.207.3" port: 38871 } }
I20260713 09:02:44.994951  6765 tablet_bootstrap.cc:492] T 46d4d59a0ee64bc8a2614d306455f3d7 P 838966a8a6ab4523b13d7eb0d8607dd4: No bootstrap required, opened a new log
I20260713 09:02:44.995481  6765 ts_tablet_manager.cc:1403] T 46d4d59a0ee64bc8a2614d306455f3d7 P 838966a8a6ab4523b13d7eb0d8607dd4: Time spent bootstrapping tablet: real 0.063s	user 0.016s	sys 0.021s
I20260713 09:02:44.996459  6761 ts_tablet_manager.cc:1434] T 455c6c01a489480ca5c2724d880be0ed P 423620626e86411292c1e4342f19e76e: Time spent starting tablet: real 0.025s	user 0.005s	sys 0.000s
I20260713 09:02:44.997279  6761 tablet_bootstrap.cc:492] T b1ed491f731a4f5cbab2f63fa2290b77 P 423620626e86411292c1e4342f19e76e: Bootstrap starting.
I20260713 09:02:44.997985  6771 leader_election.cc:290] T b1ed491f731a4f5cbab2f63fa2290b77 P 838966a8a6ab4523b13d7eb0d8607dd4 [CANDIDATE]: Term 1 pre-election: Requested pre-vote from peers 423620626e86411292c1e4342f19e76e (127.5.207.1:32809), 650078f3d98d44b891d968be7a6ee80e (127.5.207.3:38871)
I20260713 09:02:44.998445  6765 raft_consensus.cc:359] T 46d4d59a0ee64bc8a2614d306455f3d7 P 838966a8a6ab4523b13d7eb0d8607dd4 [term 0 FOLLOWER]: Replica starting. Triggering 0 pending ops. Active config: opid_index: -1 OBSOLETE_local: false peers { permanent_uuid: "423620626e86411292c1e4342f19e76e" member_type: VOTER last_known_addr { host: "127.5.207.1" port: 32809 } } peers { permanent_uuid: "838966a8a6ab4523b13d7eb0d8607dd4" member_type: VOTER last_known_addr { host: "127.5.207.2" port: 41261 } } peers { permanent_uuid: "650078f3d98d44b891d968be7a6ee80e" member_type: VOTER last_known_addr { host: "127.5.207.3" port: 38871 } }
I20260713 09:02:44.999200  6765 raft_consensus.cc:385] T 46d4d59a0ee64bc8a2614d306455f3d7 P 838966a8a6ab4523b13d7eb0d8607dd4 [term 0 FOLLOWER]: Consensus starting up: Expiring failure detector timer to make a prompt election more likely
I20260713 09:02:44.999694  6765 raft_consensus.cc:740] T 46d4d59a0ee64bc8a2614d306455f3d7 P 838966a8a6ab4523b13d7eb0d8607dd4 [term 0 FOLLOWER]: Becoming Follower/Learner. State: Replica: 838966a8a6ab4523b13d7eb0d8607dd4, State: Initialized, Role: FOLLOWER
I20260713 09:02:44.999956  6536 leader_election.cc:304] T 3fc87674e24844f695244b97838d811c P 423620626e86411292c1e4342f19e76e [CANDIDATE]: Term 1 election: Election decided. Result: candidate won. Election summary: received 3 responses out of 3 voters: 2 yes votes; 1 no votes. yes voters: 423620626e86411292c1e4342f19e76e, 650078f3d98d44b891d968be7a6ee80e; no voters: 838966a8a6ab4523b13d7eb0d8607dd4
I20260713 09:02:45.000808  6765 consensus_queue.cc:260] T 46d4d59a0ee64bc8a2614d306455f3d7 P 838966a8a6ab4523b13d7eb0d8607dd4 [NON_LEADER]: Queue going to NON_LEADER mode. State: All replicated index: 0, Majority replicated index: 0, Committed index: 0, Last appended: 0.0, Last appended by leader: 0, Current term: 0, Majority size: -1, State: 0, Mode: NON_LEADER, active raft config: opid_index: -1 OBSOLETE_local: false peers { permanent_uuid: "423620626e86411292c1e4342f19e76e" member_type: VOTER last_known_addr { host: "127.5.207.1" port: 32809 } } peers { permanent_uuid: "838966a8a6ab4523b13d7eb0d8607dd4" member_type: VOTER last_known_addr { host: "127.5.207.2" port: 41261 } } peers { permanent_uuid: "650078f3d98d44b891d968be7a6ee80e" member_type: VOTER last_known_addr { host: "127.5.207.3" port: 38871 } }
I20260713 09:02:45.001318  6762 tablet_bootstrap.cc:492] T f1b10ae119f74188a4730edaf6aa8af4 P 650078f3d98d44b891d968be7a6ee80e: No bootstrap required, opened a new log
I20260713 09:02:45.002501  6647 tablet_service.cc:1917] Received RequestConsensusVote() RPC: tablet_id: "b14688bef9ab443884b32ea3d2c52d32" candidate_uuid: "423620626e86411292c1e4342f19e76e" candidate_term: 1 candidate_status { last_received { term: 0 index: 0 } } ignore_live_leader: false dest_uuid: "838966a8a6ab4523b13d7eb0d8607dd4" is_pre_election: true
I20260713 09:02:45.002663  6766 raft_consensus.cc:2804] T 3fc87674e24844f695244b97838d811c P 423620626e86411292c1e4342f19e76e [term 1 FOLLOWER]: Leader election won for term 1
I20260713 09:02:45.003177  6722 tablet_service.cc:1917] Received RequestConsensusVote() RPC: tablet_id: "b14688bef9ab443884b32ea3d2c52d32" candidate_uuid: "423620626e86411292c1e4342f19e76e" candidate_term: 1 candidate_status { last_received { term: 0 index: 0 } } ignore_live_leader: false dest_uuid: "650078f3d98d44b891d968be7a6ee80e" is_pre_election: true
I20260713 09:02:45.003402  6766 raft_consensus.cc:697] T 3fc87674e24844f695244b97838d811c P 423620626e86411292c1e4342f19e76e [term 1 LEADER]: Becoming Leader. State: Replica: 423620626e86411292c1e4342f19e76e, State: Running, Role: LEADER
I20260713 09:02:45.003829  6722 raft_consensus.cc:2468] T b14688bef9ab443884b32ea3d2c52d32 P 650078f3d98d44b891d968be7a6ee80e [term 0 FOLLOWER]: Leader pre-election vote request: Granting yes vote for candidate 423620626e86411292c1e4342f19e76e in term 0.
I20260713 09:02:45.006598  6765 ts_tablet_manager.cc:1434] T 46d4d59a0ee64bc8a2614d306455f3d7 P 838966a8a6ab4523b13d7eb0d8607dd4: Time spent starting tablet: real 0.011s	user 0.006s	sys 0.000s
I20260713 09:02:45.009181  6765 tablet_bootstrap.cc:492] T b14688bef9ab443884b32ea3d2c52d32 P 838966a8a6ab4523b13d7eb0d8607dd4: Bootstrap starting.
I20260713 09:02:45.012627  6761 tablet_bootstrap.cc:654] T b1ed491f731a4f5cbab2f63fa2290b77 P 423620626e86411292c1e4342f19e76e: Neither blocks nor log segments found. Creating new log.
I20260713 09:02:45.016527  6765 tablet_bootstrap.cc:654] T b14688bef9ab443884b32ea3d2c52d32 P 838966a8a6ab4523b13d7eb0d8607dd4: Neither blocks nor log segments found. Creating new log.
I20260713 09:02:45.018270  6721 tablet_service.cc:1917] Received RequestConsensusVote() RPC: tablet_id: "b1ed491f731a4f5cbab2f63fa2290b77" candidate_uuid: "838966a8a6ab4523b13d7eb0d8607dd4" candidate_term: 1 candidate_status { last_received { term: 0 index: 0 } } ignore_live_leader: false dest_uuid: "650078f3d98d44b891d968be7a6ee80e" is_pre_election: true
I20260713 09:02:45.006808  6766 consensus_queue.cc:237] T 3fc87674e24844f695244b97838d811c P 423620626e86411292c1e4342f19e76e [LEADER]: Queue going to LEADER mode. State: All replicated index: 0, Majority replicated index: 0, Committed index: 0, Last appended: 0.0, Last appended by leader: 0, Current term: 1, Majority size: 2, State: 0, Mode: LEADER, active raft config: opid_index: -1 OBSOLETE_local: false peers { permanent_uuid: "423620626e86411292c1e4342f19e76e" member_type: VOTER last_known_addr { host: "127.5.207.1" port: 32809 } } peers { permanent_uuid: "838966a8a6ab4523b13d7eb0d8607dd4" member_type: VOTER last_known_addr { host: "127.5.207.2" port: 41261 } } peers { permanent_uuid: "650078f3d98d44b891d968be7a6ee80e" member_type: VOTER last_known_addr { host: "127.5.207.3" port: 38871 } }
I20260713 09:02:45.007795  6536 leader_election.cc:304] T b14688bef9ab443884b32ea3d2c52d32 P 423620626e86411292c1e4342f19e76e [CANDIDATE]: Term 1 pre-election: Election decided. Result: candidate won. Election summary: received 2 responses out of 3 voters: 2 yes votes; 0 no votes. yes voters: 423620626e86411292c1e4342f19e76e, 650078f3d98d44b891d968be7a6ee80e; no voters: 
I20260713 09:02:45.019217  6721 raft_consensus.cc:2468] T b1ed491f731a4f5cbab2f63fa2290b77 P 650078f3d98d44b891d968be7a6ee80e [term 0 FOLLOWER]: Leader pre-election vote request: Granting yes vote for candidate 838966a8a6ab4523b13d7eb0d8607dd4 in term 0.
W20260713 09:02:45.020027  6536 leader_election.cc:343] T b14688bef9ab443884b32ea3d2c52d32 P 423620626e86411292c1e4342f19e76e [CANDIDATE]: Term 1 pre-election: Tablet error from VoteRequest() call to peer 838966a8a6ab4523b13d7eb0d8607dd4 (127.5.207.2:41261): Illegal state: must be running to vote when last-logged opid is not known
I20260713 09:02:45.008329  6762 ts_tablet_manager.cc:1403] T f1b10ae119f74188a4730edaf6aa8af4 P 650078f3d98d44b891d968be7a6ee80e: Time spent bootstrapping tablet: real 0.044s	user 0.009s	sys 0.004s
I20260713 09:02:45.019922  6722 tablet_service.cc:1917] Received RequestConsensusVote() RPC: tablet_id: "c48652059f894beeaef21e6a159f703a" candidate_uuid: "838966a8a6ab4523b13d7eb0d8607dd4" candidate_term: 1 candidate_status { last_received { term: 0 index: 0 } } ignore_live_leader: false dest_uuid: "650078f3d98d44b891d968be7a6ee80e" is_pre_election: true
I20260713 09:02:45.020630  6611 leader_election.cc:304] T b1ed491f731a4f5cbab2f63fa2290b77 P 838966a8a6ab4523b13d7eb0d8607dd4 [CANDIDATE]: Term 1 pre-election: Election decided. Result: candidate won. Election summary: received 2 responses out of 3 voters: 2 yes votes; 0 no votes. yes voters: 650078f3d98d44b891d968be7a6ee80e, 838966a8a6ab4523b13d7eb0d8607dd4; no voters: 
I20260713 09:02:45.021595  6790 raft_consensus.cc:2804] T b14688bef9ab443884b32ea3d2c52d32 P 423620626e86411292c1e4342f19e76e [term 0 FOLLOWER]: Leader pre-election won for term 1
I20260713 09:02:45.022178  6790 raft_consensus.cc:493] T b14688bef9ab443884b32ea3d2c52d32 P 423620626e86411292c1e4342f19e76e [term 0 FOLLOWER]: Starting leader election (no leader contacted us within the election timeout)
I20260713 09:02:45.022518  6790 raft_consensus.cc:3060] T b14688bef9ab443884b32ea3d2c52d32 P 423620626e86411292c1e4342f19e76e [term 0 FOLLOWER]: Advancing to term 1
I20260713 09:02:45.022393  6771 raft_consensus.cc:2804] T b1ed491f731a4f5cbab2f63fa2290b77 P 838966a8a6ab4523b13d7eb0d8607dd4 [term 0 FOLLOWER]: Leader pre-election won for term 1
I20260713 09:02:45.023016  6573 tablet_service.cc:1917] Received RequestConsensusVote() RPC: tablet_id: "c48652059f894beeaef21e6a159f703a" candidate_uuid: "838966a8a6ab4523b13d7eb0d8607dd4" candidate_term: 1 candidate_status { last_received { term: 0 index: 0 } } ignore_live_leader: false dest_uuid: "423620626e86411292c1e4342f19e76e" is_pre_election: true
I20260713 09:02:45.023658  6771 raft_consensus.cc:493] T b1ed491f731a4f5cbab2f63fa2290b77 P 838966a8a6ab4523b13d7eb0d8607dd4 [term 0 FOLLOWER]: Starting leader election (no leader contacted us within the election timeout)
I20260713 09:02:45.023804  6572 tablet_service.cc:1917] Received RequestConsensusVote() RPC: tablet_id: "b1ed491f731a4f5cbab2f63fa2290b77" candidate_uuid: "838966a8a6ab4523b13d7eb0d8607dd4" candidate_term: 1 candidate_status { last_received { term: 0 index: 0 } } ignore_live_leader: false dest_uuid: "423620626e86411292c1e4342f19e76e" is_pre_election: true
I20260713 09:02:45.024071  6771 raft_consensus.cc:3060] T b1ed491f731a4f5cbab2f63fa2290b77 P 838966a8a6ab4523b13d7eb0d8607dd4 [term 0 FOLLOWER]: Advancing to term 1
I20260713 09:02:45.024143  6573 raft_consensus.cc:2468] T c48652059f894beeaef21e6a159f703a P 423620626e86411292c1e4342f19e76e [term 0 FOLLOWER]: Leader pre-election vote request: Granting yes vote for candidate 838966a8a6ab4523b13d7eb0d8607dd4 in term 0.
W20260713 09:02:45.025295  6611 leader_election.cc:343] T c48652059f894beeaef21e6a159f703a P 838966a8a6ab4523b13d7eb0d8607dd4 [CANDIDATE]: Term 1 pre-election: Tablet error from VoteRequest() call to peer 650078f3d98d44b891d968be7a6ee80e (127.5.207.3:38871): Illegal state: must be running to vote when last-logged opid is not known
W20260713 09:02:45.026371  6611 leader_election.cc:343] T b1ed491f731a4f5cbab2f63fa2290b77 P 838966a8a6ab4523b13d7eb0d8607dd4 [CANDIDATE]: Term 1 pre-election: Tablet error from VoteRequest() call to peer 423620626e86411292c1e4342f19e76e (127.5.207.1:32809): Illegal state: must be running to vote when last-logged opid is not known
I20260713 09:02:45.028734  6611 leader_election.cc:304] T c48652059f894beeaef21e6a159f703a P 838966a8a6ab4523b13d7eb0d8607dd4 [CANDIDATE]: Term 1 pre-election: Election decided. Result: candidate won. Election summary: received 3 responses out of 3 voters: 2 yes votes; 1 no votes. yes voters: 423620626e86411292c1e4342f19e76e, 838966a8a6ab4523b13d7eb0d8607dd4; no voters: 650078f3d98d44b891d968be7a6ee80e
I20260713 09:02:45.031553  6761 tablet_bootstrap.cc:492] T b1ed491f731a4f5cbab2f63fa2290b77 P 423620626e86411292c1e4342f19e76e: No bootstrap required, opened a new log
I20260713 09:02:45.032058  6761 ts_tablet_manager.cc:1403] T b1ed491f731a4f5cbab2f63fa2290b77 P 423620626e86411292c1e4342f19e76e: Time spent bootstrapping tablet: real 0.035s	user 0.010s	sys 0.005s
I20260713 09:02:45.031728  6762 raft_consensus.cc:359] T f1b10ae119f74188a4730edaf6aa8af4 P 650078f3d98d44b891d968be7a6ee80e [term 0 FOLLOWER]: Replica starting. Triggering 0 pending ops. Active config: opid_index: -1 OBSOLETE_local: false peers { permanent_uuid: "423620626e86411292c1e4342f19e76e" member_type: VOTER last_known_addr { host: "127.5.207.1" port: 32809 } } peers { permanent_uuid: "838966a8a6ab4523b13d7eb0d8607dd4" member_type: VOTER last_known_addr { host: "127.5.207.2" port: 41261 } } peers { permanent_uuid: "650078f3d98d44b891d968be7a6ee80e" member_type: VOTER last_known_addr { host: "127.5.207.3" port: 38871 } }
I20260713 09:02:45.032845  6762 raft_consensus.cc:385] T f1b10ae119f74188a4730edaf6aa8af4 P 650078f3d98d44b891d968be7a6ee80e [term 0 FOLLOWER]: Consensus starting up: Expiring failure detector timer to make a prompt election more likely
I20260713 09:02:45.033273  6762 raft_consensus.cc:740] T f1b10ae119f74188a4730edaf6aa8af4 P 650078f3d98d44b891d968be7a6ee80e [term 0 FOLLOWER]: Becoming Follower/Learner. State: Replica: 650078f3d98d44b891d968be7a6ee80e, State: Initialized, Role: FOLLOWER
I20260713 09:02:45.034237  6771 raft_consensus.cc:515] T b1ed491f731a4f5cbab2f63fa2290b77 P 838966a8a6ab4523b13d7eb0d8607dd4 [term 1 FOLLOWER]: Starting leader election with config: opid_index: -1 OBSOLETE_local: false peers { permanent_uuid: "423620626e86411292c1e4342f19e76e" member_type: VOTER last_known_addr { host: "127.5.207.1" port: 32809 } } peers { permanent_uuid: "838966a8a6ab4523b13d7eb0d8607dd4" member_type: VOTER last_known_addr { host: "127.5.207.2" port: 41261 } } peers { permanent_uuid: "650078f3d98d44b891d968be7a6ee80e" member_type: VOTER last_known_addr { host: "127.5.207.3" port: 38871 } }
I20260713 09:02:45.035032  6761 raft_consensus.cc:359] T b1ed491f731a4f5cbab2f63fa2290b77 P 423620626e86411292c1e4342f19e76e [term 0 FOLLOWER]: Replica starting. Triggering 0 pending ops. Active config: opid_index: -1 OBSOLETE_local: false peers { permanent_uuid: "423620626e86411292c1e4342f19e76e" member_type: VOTER last_known_addr { host: "127.5.207.1" port: 32809 } } peers { permanent_uuid: "838966a8a6ab4523b13d7eb0d8607dd4" member_type: VOTER last_known_addr { host: "127.5.207.2" port: 41261 } } peers { permanent_uuid: "650078f3d98d44b891d968be7a6ee80e" member_type: VOTER last_known_addr { host: "127.5.207.3" port: 38871 } }
I20260713 09:02:45.035820  6761 raft_consensus.cc:385] T b1ed491f731a4f5cbab2f63fa2290b77 P 423620626e86411292c1e4342f19e76e [term 0 FOLLOWER]: Consensus starting up: Expiring failure detector timer to make a prompt election more likely
I20260713 09:02:45.036150  6761 raft_consensus.cc:740] T b1ed491f731a4f5cbab2f63fa2290b77 P 423620626e86411292c1e4342f19e76e [term 0 FOLLOWER]: Becoming Follower/Learner. State: Replica: 423620626e86411292c1e4342f19e76e, State: Initialized, Role: FOLLOWER
I20260713 09:02:45.036259  6771 leader_election.cc:290] T b1ed491f731a4f5cbab2f63fa2290b77 P 838966a8a6ab4523b13d7eb0d8607dd4 [CANDIDATE]: Term 1 election: Requested vote from peers 423620626e86411292c1e4342f19e76e (127.5.207.1:32809), 650078f3d98d44b891d968be7a6ee80e (127.5.207.3:38871)
I20260713 09:02:45.036803  6771 raft_consensus.cc:2804] T c48652059f894beeaef21e6a159f703a P 838966a8a6ab4523b13d7eb0d8607dd4 [term 0 FOLLOWER]: Leader pre-election won for term 1
I20260713 09:02:45.037132  6771 raft_consensus.cc:493] T c48652059f894beeaef21e6a159f703a P 838966a8a6ab4523b13d7eb0d8607dd4 [term 0 FOLLOWER]: Starting leader election (no leader contacted us within the election timeout)
I20260713 09:02:45.037634  6771 raft_consensus.cc:3060] T c48652059f894beeaef21e6a159f703a P 838966a8a6ab4523b13d7eb0d8607dd4 [term 0 FOLLOWER]: Advancing to term 1
I20260713 09:02:45.037189  6790 raft_consensus.cc:515] T b14688bef9ab443884b32ea3d2c52d32 P 423620626e86411292c1e4342f19e76e [term 1 FOLLOWER]: Starting leader election with config: opid_index: -1 OBSOLETE_local: false peers { permanent_uuid: "423620626e86411292c1e4342f19e76e" member_type: VOTER last_known_addr { host: "127.5.207.1" port: 32809 } } peers { permanent_uuid: "838966a8a6ab4523b13d7eb0d8607dd4" member_type: VOTER last_known_addr { host: "127.5.207.2" port: 41261 } } peers { permanent_uuid: "650078f3d98d44b891d968be7a6ee80e" member_type: VOTER last_known_addr { host: "127.5.207.3" port: 38871 } }
I20260713 09:02:45.037020  6761 consensus_queue.cc:260] T b1ed491f731a4f5cbab2f63fa2290b77 P 423620626e86411292c1e4342f19e76e [NON_LEADER]: Queue going to NON_LEADER mode. State: All replicated index: 0, Majority replicated index: 0, Committed index: 0, Last appended: 0.0, Last appended by leader: 0, Current term: 0, Majority size: -1, State: 0, Mode: NON_LEADER, active raft config: opid_index: -1 OBSOLETE_local: false peers { permanent_uuid: "423620626e86411292c1e4342f19e76e" member_type: VOTER last_known_addr { host: "127.5.207.1" port: 32809 } } peers { permanent_uuid: "838966a8a6ab4523b13d7eb0d8607dd4" member_type: VOTER last_known_addr { host: "127.5.207.2" port: 41261 } } peers { permanent_uuid: "650078f3d98d44b891d968be7a6ee80e" member_type: VOTER last_known_addr { host: "127.5.207.3" port: 38871 } }
I20260713 09:02:45.040102  6788 raft_consensus.cc:493] T b740b4d5e86444ed959788cd56259e97 P 423620626e86411292c1e4342f19e76e [term 0 FOLLOWER]: Starting pre-election (no leader contacted us within the election timeout)
I20260713 09:02:45.042439  6788 raft_consensus.cc:515] T b740b4d5e86444ed959788cd56259e97 P 423620626e86411292c1e4342f19e76e [term 0 FOLLOWER]: Starting pre-election with config: opid_index: -1 OBSOLETE_local: false peers { permanent_uuid: "423620626e86411292c1e4342f19e76e" member_type: VOTER last_known_addr { host: "127.5.207.1" port: 32809 } } peers { permanent_uuid: "838966a8a6ab4523b13d7eb0d8607dd4" member_type: VOTER last_known_addr { host: "127.5.207.2" port: 41261 } } peers { permanent_uuid: "650078f3d98d44b891d968be7a6ee80e" member_type: VOTER last_known_addr { host: "127.5.207.3" port: 38871 } }
I20260713 09:02:45.045751  6788 leader_election.cc:290] T b740b4d5e86444ed959788cd56259e97 P 423620626e86411292c1e4342f19e76e [CANDIDATE]: Term 1 pre-election: Requested pre-vote from peers 838966a8a6ab4523b13d7eb0d8607dd4 (127.5.207.2:41261), 650078f3d98d44b891d968be7a6ee80e (127.5.207.3:38871)
I20260713 09:02:45.046432  6647 tablet_service.cc:1917] Received RequestConsensusVote() RPC: tablet_id: "b740b4d5e86444ed959788cd56259e97" candidate_uuid: "423620626e86411292c1e4342f19e76e" candidate_term: 1 candidate_status { last_received { term: 0 index: 0 } } ignore_live_leader: false dest_uuid: "838966a8a6ab4523b13d7eb0d8607dd4" is_pre_election: true
I20260713 09:02:45.046547  6771 raft_consensus.cc:515] T c48652059f894beeaef21e6a159f703a P 838966a8a6ab4523b13d7eb0d8607dd4 [term 1 FOLLOWER]: Starting leader election with config: opid_index: -1 OBSOLETE_local: false peers { permanent_uuid: "423620626e86411292c1e4342f19e76e" member_type: VOTER last_known_addr { host: "127.5.207.1" port: 32809 } } peers { permanent_uuid: "838966a8a6ab4523b13d7eb0d8607dd4" member_type: VOTER last_known_addr { host: "127.5.207.2" port: 41261 } } peers { permanent_uuid: "650078f3d98d44b891d968be7a6ee80e" member_type: VOTER last_known_addr { host: "127.5.207.3" port: 38871 } }
I20260713 09:02:45.048207  6761 ts_tablet_manager.cc:1434] T b1ed491f731a4f5cbab2f63fa2290b77 P 423620626e86411292c1e4342f19e76e: Time spent starting tablet: real 0.016s	user 0.006s	sys 0.000s
W20260713 09:02:45.048326  6536 leader_election.cc:343] T b740b4d5e86444ed959788cd56259e97 P 423620626e86411292c1e4342f19e76e [CANDIDATE]: Term 1 pre-election: Tablet error from VoteRequest() call to peer 838966a8a6ab4523b13d7eb0d8607dd4 (127.5.207.2:41261): Illegal state: must be running to vote when last-logged opid is not known
I20260713 09:02:45.048746  6771 leader_election.cc:290] T c48652059f894beeaef21e6a159f703a P 838966a8a6ab4523b13d7eb0d8607dd4 [CANDIDATE]: Term 1 election: Requested vote from peers 423620626e86411292c1e4342f19e76e (127.5.207.1:32809), 650078f3d98d44b891d968be7a6ee80e (127.5.207.3:38871)
I20260713 09:02:45.039709  6762 consensus_queue.cc:260] T f1b10ae119f74188a4730edaf6aa8af4 P 650078f3d98d44b891d968be7a6ee80e [NON_LEADER]: Queue going to NON_LEADER mode. State: All replicated index: 0, Majority replicated index: 0, Committed index: 0, Last appended: 0.0, Last appended by leader: 0, Current term: 0, Majority size: -1, State: 0, Mode: NON_LEADER, active raft config: opid_index: -1 OBSOLETE_local: false peers { permanent_uuid: "423620626e86411292c1e4342f19e76e" member_type: VOTER last_known_addr { host: "127.5.207.1" port: 32809 } } peers { permanent_uuid: "838966a8a6ab4523b13d7eb0d8607dd4" member_type: VOTER last_known_addr { host: "127.5.207.2" port: 41261 } } peers { permanent_uuid: "650078f3d98d44b891d968be7a6ee80e" member_type: VOTER last_known_addr { host: "127.5.207.3" port: 38871 } }
I20260713 09:02:45.049678  6722 tablet_service.cc:1917] Received RequestConsensusVote() RPC: tablet_id: "b740b4d5e86444ed959788cd56259e97" candidate_uuid: "423620626e86411292c1e4342f19e76e" candidate_term: 1 candidate_status { last_received { term: 0 index: 0 } } ignore_live_leader: false dest_uuid: "650078f3d98d44b891d968be7a6ee80e" is_pre_election: true
I20260713 09:02:45.050354  6790 leader_election.cc:290] T b14688bef9ab443884b32ea3d2c52d32 P 423620626e86411292c1e4342f19e76e [CANDIDATE]: Term 1 election: Requested vote from peers 838966a8a6ab4523b13d7eb0d8607dd4 (127.5.207.2:41261), 650078f3d98d44b891d968be7a6ee80e (127.5.207.3:38871)
I20260713 09:02:45.050832  6647 tablet_service.cc:1917] Received RequestConsensusVote() RPC: tablet_id: "b14688bef9ab443884b32ea3d2c52d32" candidate_uuid: "423620626e86411292c1e4342f19e76e" candidate_term: 1 candidate_status { last_received { term: 0 index: 0 } } ignore_live_leader: false dest_uuid: "838966a8a6ab4523b13d7eb0d8607dd4"
W20260713 09:02:45.052898  6536 leader_election.cc:343] T b14688bef9ab443884b32ea3d2c52d32 P 423620626e86411292c1e4342f19e76e [CANDIDATE]: Term 1 election: Tablet error from VoteRequest() call to peer 838966a8a6ab4523b13d7eb0d8607dd4 (127.5.207.2:41261): Illegal state: must be running to vote when last-logged opid is not known
I20260713 09:02:45.053306  6722 tablet_service.cc:1917] Received RequestConsensusVote() RPC: tablet_id: "b14688bef9ab443884b32ea3d2c52d32" candidate_uuid: "423620626e86411292c1e4342f19e76e" candidate_term: 1 candidate_status { last_received { term: 0 index: 0 } } ignore_live_leader: false dest_uuid: "650078f3d98d44b891d968be7a6ee80e"
W20260713 09:02:45.053541  6536 leader_election.cc:343] T b740b4d5e86444ed959788cd56259e97 P 423620626e86411292c1e4342f19e76e [CANDIDATE]: Term 1 pre-election: Tablet error from VoteRequest() call to peer 650078f3d98d44b891d968be7a6ee80e (127.5.207.3:38871): Illegal state: must be running to vote when last-logged opid is not known
