I20260713 09:02:43.493727  6461 tablet_service.cc:1917] Received RequestConsensusVote() RPC: tablet_id: "5f84334b8f01424fa528ca8393d2c5af" candidate_uuid: "fdbad71bfb7843cf89800ac76a0d2c09" candidate_term: 1 candidate_status { last_received { term: 0 index: 0 } } ignore_live_leader: false dest_uuid: "c28e95f3a6484ba187456ed4ef949604"
I20260713 09:02:43.494040  6576 leader_election.cc:304] T dbaad53f52324ed1af41131e203fa146 P fdbad71bfb7843cf89800ac76a0d2c09 [CANDIDATE]: Term 1 pre-election: Election decided. Result: candidate won. Election summary: received 2 responses out of 3 voters: 2 yes votes; 0 no votes. yes voters: 1345ffe85c2f4dcc942f0c09e7cb302b, fdbad71bfb7843cf89800ac76a0d2c09; no voters: 
I20260713 09:02:43.494385  6461 raft_consensus.cc:3060] T 5f84334b8f01424fa528ca8393d2c5af P c28e95f3a6484ba187456ed4ef949604 [term 0 FOLLOWER]: Advancing to term 1
I20260713 09:02:43.498092  6536 tablet_service.cc:1917] Received RequestConsensusVote() RPC: tablet_id: "5f84334b8f01424fa528ca8393d2c5af" candidate_uuid: "fdbad71bfb7843cf89800ac76a0d2c09" candidate_term: 1 candidate_status { last_received { term: 0 index: 0 } } ignore_live_leader: false dest_uuid: "1345ffe85c2f4dcc942f0c09e7cb302b"
I20260713 09:02:43.498394  6678 raft_consensus.cc:2804] T d791b5d2eed54336873b7273293194dd P fdbad71bfb7843cf89800ac76a0d2c09 [term 1 FOLLOWER]: Leader election won for term 1
I20260713 09:02:43.498605  6650 tablet_bootstrap.cc:654] T 1dc48bca1fb4472db4c99a573866aa31 P c28e95f3a6484ba187456ed4ef949604: Neither blocks nor log segments found. Creating new log.
I20260713 09:02:43.498840  6654 tablet_bootstrap.cc:654] T 11b6cfceeb35486f927fe38900b0c91d P 1345ffe85c2f4dcc942f0c09e7cb302b: Neither blocks nor log segments found. Creating new log.
I20260713 09:02:43.504246  6655 raft_consensus.cc:2804] T dbaad53f52324ed1af41131e203fa146 P fdbad71bfb7843cf89800ac76a0d2c09 [term 0 FOLLOWER]: Leader pre-election won for term 1
I20260713 09:02:43.504770  6655 raft_consensus.cc:493] T dbaad53f52324ed1af41131e203fa146 P fdbad71bfb7843cf89800ac76a0d2c09 [term 0 FOLLOWER]: Starting leader election (no leader contacted us within the election timeout)
I20260713 09:02:43.505224  6655 raft_consensus.cc:3060] T dbaad53f52324ed1af41131e203fa146 P fdbad71bfb7843cf89800ac76a0d2c09 [term 0 FOLLOWER]: Advancing to term 1
I20260713 09:02:43.505446  6461 raft_consensus.cc:2468] T 5f84334b8f01424fa528ca8393d2c5af P c28e95f3a6484ba187456ed4ef949604 [term 1 FOLLOWER]: Leader election vote request: Granting yes vote for candidate fdbad71bfb7843cf89800ac76a0d2c09 in term 1.
I20260713 09:02:43.507918  6654 tablet_bootstrap.cc:492] T 11b6cfceeb35486f927fe38900b0c91d P 1345ffe85c2f4dcc942f0c09e7cb302b: No bootstrap required, opened a new log
W20260713 09:02:43.508081  6576 leader_election.cc:343] T dbaad53f52324ed1af41131e203fa146 P fdbad71bfb7843cf89800ac76a0d2c09 [CANDIDATE]: Term 1 pre-election: Tablet error from VoteRequest() call to peer c28e95f3a6484ba187456ed4ef949604 (127.5.177.65:46537): Illegal state: must be running to vote when last-logged opid is not known
I20260713 09:02:43.508400  6654 ts_tablet_manager.cc:1403] T 11b6cfceeb35486f927fe38900b0c91d P 1345ffe85c2f4dcc942f0c09e7cb302b: Time spent bootstrapping tablet: real 0.017s	user 0.011s	sys 0.003s
I20260713 09:02:43.511366  6576 leader_election.cc:304] T 5f84334b8f01424fa528ca8393d2c5af P fdbad71bfb7843cf89800ac76a0d2c09 [CANDIDATE]: Term 1 election: Election decided. Result: candidate won. Election summary: received 2 responses out of 3 voters: 2 yes votes; 0 no votes. yes voters: c28e95f3a6484ba187456ed4ef949604, fdbad71bfb7843cf89800ac76a0d2c09; no voters: 
I20260713 09:02:43.512229  6650 tablet_bootstrap.cc:492] T 1dc48bca1fb4472db4c99a573866aa31 P c28e95f3a6484ba187456ed4ef949604: No bootstrap required, opened a new log
I20260713 09:02:43.513309  6650 ts_tablet_manager.cc:1403] T 1dc48bca1fb4472db4c99a573866aa31 P c28e95f3a6484ba187456ed4ef949604: Time spent bootstrapping tablet: real 0.022s	user 0.009s	sys 0.010s
I20260713 09:02:43.514060  6654 raft_consensus.cc:359] T 11b6cfceeb35486f927fe38900b0c91d P 1345ffe85c2f4dcc942f0c09e7cb302b [term 0 FOLLOWER]: Replica starting. Triggering 0 pending ops. Active config: opid_index: -1 OBSOLETE_local: false peers { permanent_uuid: "c28e95f3a6484ba187456ed4ef949604" member_type: VOTER last_known_addr { host: "127.5.177.65" port: 46537 } } peers { permanent_uuid: "1345ffe85c2f4dcc942f0c09e7cb302b" member_type: VOTER last_known_addr { host: "127.5.177.66" port: 37987 } } peers { permanent_uuid: "fdbad71bfb7843cf89800ac76a0d2c09" member_type: VOTER last_known_addr { host: "127.5.177.67" port: 39219 } }
I20260713 09:02:43.515756  6654 raft_consensus.cc:385] T 11b6cfceeb35486f927fe38900b0c91d P 1345ffe85c2f4dcc942f0c09e7cb302b [term 0 FOLLOWER]: Consensus starting up: Expiring failure detector timer to make a prompt election more likely
I20260713 09:02:43.516284  6654 raft_consensus.cc:740] T 11b6cfceeb35486f927fe38900b0c91d P 1345ffe85c2f4dcc942f0c09e7cb302b [term 0 FOLLOWER]: Becoming Follower/Learner. State: Replica: 1345ffe85c2f4dcc942f0c09e7cb302b, State: Initialized, Role: FOLLOWER
I20260713 09:02:43.516132  6650 raft_consensus.cc:359] T 1dc48bca1fb4472db4c99a573866aa31 P c28e95f3a6484ba187456ed4ef949604 [term 0 FOLLOWER]: Replica starting. Triggering 0 pending ops. Active config: opid_index: -1 OBSOLETE_local: false peers { permanent_uuid: "c28e95f3a6484ba187456ed4ef949604" member_type: VOTER last_known_addr { host: "127.5.177.65" port: 46537 } } peers { permanent_uuid: "1345ffe85c2f4dcc942f0c09e7cb302b" member_type: VOTER last_known_addr { host: "127.5.177.66" port: 37987 } } peers { permanent_uuid: "fdbad71bfb7843cf89800ac76a0d2c09" member_type: VOTER last_known_addr { host: "127.5.177.67" port: 39219 } }
I20260713 09:02:43.517011  6650 raft_consensus.cc:385] T 1dc48bca1fb4472db4c99a573866aa31 P c28e95f3a6484ba187456ed4ef949604 [term 0 FOLLOWER]: Consensus starting up: Expiring failure detector timer to make a prompt election more likely
I20260713 09:02:43.517297  6650 raft_consensus.cc:740] T 1dc48bca1fb4472db4c99a573866aa31 P c28e95f3a6484ba187456ed4ef949604 [term 0 FOLLOWER]: Becoming Follower/Learner. State: Replica: c28e95f3a6484ba187456ed4ef949604, State: Initialized, Role: FOLLOWER
I20260713 09:02:43.517522  6654 consensus_queue.cc:260] T 11b6cfceeb35486f927fe38900b0c91d P 1345ffe85c2f4dcc942f0c09e7cb302b [NON_LEADER]: Queue going to NON_LEADER mode. State: All replicated index: 0, Majority replicated index: 0, Committed index: 0, Last appended: 0.0, Last appended by leader: 0, Current term: 0, Majority size: -1, State: 0, Mode: NON_LEADER, active raft config: opid_index: -1 OBSOLETE_local: false peers { permanent_uuid: "c28e95f3a6484ba187456ed4ef949604" member_type: VOTER last_known_addr { host: "127.5.177.65" port: 46537 } } peers { permanent_uuid: "1345ffe85c2f4dcc942f0c09e7cb302b" member_type: VOTER last_known_addr { host: "127.5.177.66" port: 37987 } } peers { permanent_uuid: "fdbad71bfb7843cf89800ac76a0d2c09" member_type: VOTER last_known_addr { host: "127.5.177.67" port: 39219 } }
I20260713 09:02:43.518069  6650 consensus_queue.cc:260] T 1dc48bca1fb4472db4c99a573866aa31 P c28e95f3a6484ba187456ed4ef949604 [NON_LEADER]: Queue going to NON_LEADER mode. State: All replicated index: 0, Majority replicated index: 0, Committed index: 0, Last appended: 0.0, Last appended by leader: 0, Current term: 0, Majority size: -1, State: 0, Mode: NON_LEADER, active raft config: opid_index: -1 OBSOLETE_local: false peers { permanent_uuid: "c28e95f3a6484ba187456ed4ef949604" member_type: VOTER last_known_addr { host: "127.5.177.65" port: 46537 } } peers { permanent_uuid: "1345ffe85c2f4dcc942f0c09e7cb302b" member_type: VOTER last_known_addr { host: "127.5.177.66" port: 37987 } } peers { permanent_uuid: "fdbad71bfb7843cf89800ac76a0d2c09" member_type: VOTER last_known_addr { host: "127.5.177.67" port: 39219 } }
I20260713 09:02:43.520601  6650 ts_tablet_manager.cc:1434] T 1dc48bca1fb4472db4c99a573866aa31 P c28e95f3a6484ba187456ed4ef949604: Time spent starting tablet: real 0.007s	user 0.002s	sys 0.004s
I20260713 09:02:43.520900  6654 ts_tablet_manager.cc:1434] T 11b6cfceeb35486f927fe38900b0c91d P 1345ffe85c2f4dcc942f0c09e7cb302b: Time spent starting tablet: real 0.010s	user 0.003s	sys 0.005s
I20260713 09:02:43.521610  6650 tablet_bootstrap.cc:492] T 56ca4d9e9f9c444ebd455ea8af7d9950 P c28e95f3a6484ba187456ed4ef949604: Bootstrap starting.
I20260713 09:02:43.522083  6654 tablet_bootstrap.cc:492] T 1cd6f0bac94d495dbf908e4e35e7f327 P 1345ffe85c2f4dcc942f0c09e7cb302b: Bootstrap starting.
I20260713 09:02:43.528069  6678 raft_consensus.cc:697] T d791b5d2eed54336873b7273293194dd P fdbad71bfb7843cf89800ac76a0d2c09 [term 1 LEADER]: Becoming Leader. State: Replica: fdbad71bfb7843cf89800ac76a0d2c09, State: Running, Role: LEADER
I20260713 09:02:43.528533  6695 raft_consensus.cc:2804] T 5f84334b8f01424fa528ca8393d2c5af P fdbad71bfb7843cf89800ac76a0d2c09 [term 1 FOLLOWER]: Leader election won for term 1
I20260713 09:02:43.528964  6650 tablet_bootstrap.cc:654] T 56ca4d9e9f9c444ebd455ea8af7d9950 P c28e95f3a6484ba187456ed4ef949604: Neither blocks nor log segments found. Creating new log.
I20260713 09:02:43.529057  6695 raft_consensus.cc:697] T 5f84334b8f01424fa528ca8393d2c5af P fdbad71bfb7843cf89800ac76a0d2c09 [term 1 LEADER]: Becoming Leader. State: Replica: fdbad71bfb7843cf89800ac76a0d2c09, State: Running, Role: LEADER
I20260713 09:02:43.529227  6678 consensus_queue.cc:237] T d791b5d2eed54336873b7273293194dd P fdbad71bfb7843cf89800ac76a0d2c09 [LEADER]: Queue going to LEADER mode. State: All replicated index: 0, Majority replicated index: 0, Committed index: 0, Last appended: 0.0, Last appended by leader: 0, Current term: 1, Majority size: 2, State: 0, Mode: LEADER, active raft config: opid_index: -1 OBSOLETE_local: false peers { permanent_uuid: "c28e95f3a6484ba187456ed4ef949604" member_type: VOTER last_known_addr { host: "127.5.177.65" port: 46537 } } peers { permanent_uuid: "1345ffe85c2f4dcc942f0c09e7cb302b" member_type: VOTER last_known_addr { host: "127.5.177.66" port: 37987 } } peers { permanent_uuid: "fdbad71bfb7843cf89800ac76a0d2c09" member_type: VOTER last_known_addr { host: "127.5.177.67" port: 39219 } }
I20260713 09:02:43.529974  6695 consensus_queue.cc:237] T 5f84334b8f01424fa528ca8393d2c5af P fdbad71bfb7843cf89800ac76a0d2c09 [LEADER]: Queue going to LEADER mode. State: All replicated index: 0, Majority replicated index: 0, Committed index: 0, Last appended: 0.0, Last appended by leader: 0, Current term: 1, Majority size: 2, State: 0, Mode: LEADER, active raft config: opid_index: -1 OBSOLETE_local: false peers { permanent_uuid: "c28e95f3a6484ba187456ed4ef949604" member_type: VOTER last_known_addr { host: "127.5.177.65" port: 46537 } } peers { permanent_uuid: "fdbad71bfb7843cf89800ac76a0d2c09" member_type: VOTER last_known_addr { host: "127.5.177.67" port: 39219 } } peers { permanent_uuid: "1345ffe85c2f4dcc942f0c09e7cb302b" member_type: VOTER last_known_addr { host: "127.5.177.66" port: 37987 } }
I20260713 09:02:43.537806  6698 raft_consensus.cc:493] T 11146de203254cb59b31e8014a05a7ec P fdbad71bfb7843cf89800ac76a0d2c09 [term 0 FOLLOWER]: Starting pre-election (no leader contacted us within the election timeout)
I20260713 09:02:43.538416  6698 raft_consensus.cc:515] T 11146de203254cb59b31e8014a05a7ec P fdbad71bfb7843cf89800ac76a0d2c09 [term 0 FOLLOWER]: Starting pre-election with config: opid_index: -1 OBSOLETE_local: false peers { permanent_uuid: "c28e95f3a6484ba187456ed4ef949604" member_type: VOTER last_known_addr { host: "127.5.177.65" port: 46537 } } peers { permanent_uuid: "1345ffe85c2f4dcc942f0c09e7cb302b" member_type: VOTER last_known_addr { host: "127.5.177.66" port: 37987 } } peers { permanent_uuid: "fdbad71bfb7843cf89800ac76a0d2c09" member_type: VOTER last_known_addr { host: "127.5.177.67" port: 39219 } }
I20260713 09:02:43.541028  6698 leader_election.cc:290] T 11146de203254cb59b31e8014a05a7ec P fdbad71bfb7843cf89800ac76a0d2c09 [CANDIDATE]: Term 1 pre-election: Requested pre-vote from peers c28e95f3a6484ba187456ed4ef949604 (127.5.177.65:46537), 1345ffe85c2f4dcc942f0c09e7cb302b (127.5.177.66:37987)
W20260713 09:02:43.541914  6576 leader_election.cc:343] T 5f84334b8f01424fa528ca8393d2c5af P fdbad71bfb7843cf89800ac76a0d2c09 [CANDIDATE]: Term 1 election: Tablet error from VoteRequest() call to peer 1345ffe85c2f4dcc942f0c09e7cb302b (127.5.177.66:37987): Illegal state: must be running to vote when last-logged opid is not known
I20260713 09:02:43.544847  6536 tablet_service.cc:1917] Received RequestConsensusVote() RPC: tablet_id: "11146de203254cb59b31e8014a05a7ec" candidate_uuid: "fdbad71bfb7843cf89800ac76a0d2c09" candidate_term: 1 candidate_status { last_received { term: 0 index: 0 } } ignore_live_leader: false dest_uuid: "1345ffe85c2f4dcc942f0c09e7cb302b" is_pre_election: true
I20260713 09:02:43.545326  6461 tablet_service.cc:1917] Received RequestConsensusVote() RPC: tablet_id: "11146de203254cb59b31e8014a05a7ec" candidate_uuid: "fdbad71bfb7843cf89800ac76a0d2c09" candidate_term: 1 candidate_status { last_received { term: 0 index: 0 } } ignore_live_leader: false dest_uuid: "c28e95f3a6484ba187456ed4ef949604" is_pre_election: true
I20260713 09:02:43.545495  6536 raft_consensus.cc:2468] T 11146de203254cb59b31e8014a05a7ec P 1345ffe85c2f4dcc942f0c09e7cb302b [term 0 FOLLOWER]: Leader pre-election vote request: Granting yes vote for candidate fdbad71bfb7843cf89800ac76a0d2c09 in term 0.
W20260713 09:02:43.546649  6576 leader_election.cc:343] T 11146de203254cb59b31e8014a05a7ec P fdbad71bfb7843cf89800ac76a0d2c09 [CANDIDATE]: Term 1 pre-election: Tablet error from VoteRequest() call to peer c28e95f3a6484ba187456ed4ef949604 (127.5.177.65:46537): Illegal state: must be running to vote when last-logged opid is not known
I20260713 09:02:43.547645  6654 tablet_bootstrap.cc:654] T 1cd6f0bac94d495dbf908e4e35e7f327 P 1345ffe85c2f4dcc942f0c09e7cb302b: Neither blocks nor log segments found. Creating new log.
I20260713 09:02:43.550710  6576 leader_election.cc:304] T 11146de203254cb59b31e8014a05a7ec P fdbad71bfb7843cf89800ac76a0d2c09 [CANDIDATE]: Term 1 pre-election: Election decided. Result: candidate won. Election summary: received 3 responses out of 3 voters: 2 yes votes; 1 no votes. yes voters: 1345ffe85c2f4dcc942f0c09e7cb302b, fdbad71bfb7843cf89800ac76a0d2c09; no voters: c28e95f3a6484ba187456ed4ef949604
I20260713 09:02:43.554366  6698 raft_consensus.cc:2804] T 11146de203254cb59b31e8014a05a7ec P fdbad71bfb7843cf89800ac76a0d2c09 [term 0 FOLLOWER]: Leader pre-election won for term 1
I20260713 09:02:43.554904  6698 raft_consensus.cc:493] T 11146de203254cb59b31e8014a05a7ec P fdbad71bfb7843cf89800ac76a0d2c09 [term 0 FOLLOWER]: Starting leader election (no leader contacted us within the election timeout)
I20260713 09:02:43.555435  6698 raft_consensus.cc:3060] T 11146de203254cb59b31e8014a05a7ec P fdbad71bfb7843cf89800ac76a0d2c09 [term 0 FOLLOWER]: Advancing to term 1
I20260713 09:02:43.554946  6655 raft_consensus.cc:515] T dbaad53f52324ed1af41131e203fa146 P fdbad71bfb7843cf89800ac76a0d2c09 [term 1 FOLLOWER]: Starting leader election with config: opid_index: -1 OBSOLETE_local: false peers { permanent_uuid: "c28e95f3a6484ba187456ed4ef949604" member_type: VOTER last_known_addr { host: "127.5.177.65" port: 46537 } } peers { permanent_uuid: "1345ffe85c2f4dcc942f0c09e7cb302b" member_type: VOTER last_known_addr { host: "127.5.177.66" port: 37987 } } peers { permanent_uuid: "fdbad71bfb7843cf89800ac76a0d2c09" member_type: VOTER last_known_addr { host: "127.5.177.67" port: 39219 } }
I20260713 09:02:43.558944  6655 leader_election.cc:290] T dbaad53f52324ed1af41131e203fa146 P fdbad71bfb7843cf89800ac76a0d2c09 [CANDIDATE]: Term 1 election: Requested vote from peers c28e95f3a6484ba187456ed4ef949604 (127.5.177.65:46537), 1345ffe85c2f4dcc942f0c09e7cb302b (127.5.177.66:37987)
I20260713 09:02:43.560923  6461 tablet_service.cc:1917] Received RequestConsensusVote() RPC: tablet_id: "dbaad53f52324ed1af41131e203fa146" candidate_uuid: "fdbad71bfb7843cf89800ac76a0d2c09" candidate_term: 1 candidate_status { last_received { term: 0 index: 0 } } ignore_live_leader: false dest_uuid: "c28e95f3a6484ba187456ed4ef949604"
I20260713 09:02:43.563619  6536 tablet_service.cc:1917] Received RequestConsensusVote() RPC: tablet_id: "dbaad53f52324ed1af41131e203fa146" candidate_uuid: "fdbad71bfb7843cf89800ac76a0d2c09" candidate_term: 1 candidate_status { last_received { term: 0 index: 0 } } ignore_live_leader: false dest_uuid: "1345ffe85c2f4dcc942f0c09e7cb302b"
I20260713 09:02:43.564311  6536 raft_consensus.cc:3060] T dbaad53f52324ed1af41131e203fa146 P 1345ffe85c2f4dcc942f0c09e7cb302b [term 0 FOLLOWER]: Advancing to term 1
I20260713 09:02:43.569303  6698 raft_consensus.cc:515] T 11146de203254cb59b31e8014a05a7ec P fdbad71bfb7843cf89800ac76a0d2c09 [term 1 FOLLOWER]: Starting leader election with config: opid_index: -1 OBSOLETE_local: false peers { permanent_uuid: "c28e95f3a6484ba187456ed4ef949604" member_type: VOTER last_known_addr { host: "127.5.177.65" port: 46537 } } peers { permanent_uuid: "1345ffe85c2f4dcc942f0c09e7cb302b" member_type: VOTER last_known_addr { host: "127.5.177.66" port: 37987 } } peers { permanent_uuid: "fdbad71bfb7843cf89800ac76a0d2c09" member_type: VOTER last_known_addr { host: "127.5.177.67" port: 39219 } }
W20260713 09:02:43.563632  6576 leader_election.cc:343] T dbaad53f52324ed1af41131e203fa146 P fdbad71bfb7843cf89800ac76a0d2c09 [CANDIDATE]: Term 1 election: Tablet error from VoteRequest() call to peer c28e95f3a6484ba187456ed4ef949604 (127.5.177.65:46537): Illegal state: must be running to vote when last-logged opid is not known
I20260713 09:02:43.572799  6536 raft_consensus.cc:2468] T dbaad53f52324ed1af41131e203fa146 P 1345ffe85c2f4dcc942f0c09e7cb302b [term 1 FOLLOWER]: Leader election vote request: Granting yes vote for candidate fdbad71bfb7843cf89800ac76a0d2c09 in term 1.
I20260713 09:02:43.572167  6654 tablet_bootstrap.cc:492] T 1cd6f0bac94d495dbf908e4e35e7f327 P 1345ffe85c2f4dcc942f0c09e7cb302b: No bootstrap required, opened a new log
I20260713 09:02:43.573454  6650 tablet_bootstrap.cc:492] T 56ca4d9e9f9c444ebd455ea8af7d9950 P c28e95f3a6484ba187456ed4ef949604: No bootstrap required, opened a new log
I20260713 09:02:43.573611  6654 ts_tablet_manager.cc:1403] T 1cd6f0bac94d495dbf908e4e35e7f327 P 1345ffe85c2f4dcc942f0c09e7cb302b: Time spent bootstrapping tablet: real 0.052s	user 0.014s	sys 0.000s
I20260713 09:02:43.573961  6650 ts_tablet_manager.cc:1403] T 56ca4d9e9f9c444ebd455ea8af7d9950 P c28e95f3a6484ba187456ed4ef949604: Time spent bootstrapping tablet: real 0.053s	user 0.013s	sys 0.024s
I20260713 09:02:43.574011  6576 leader_election.cc:304] T dbaad53f52324ed1af41131e203fa146 P fdbad71bfb7843cf89800ac76a0d2c09 [CANDIDATE]: Term 1 election: Election decided. Result: candidate won. Election summary: received 3 responses out of 3 voters: 2 yes votes; 1 no votes. yes voters: 1345ffe85c2f4dcc942f0c09e7cb302b, fdbad71bfb7843cf89800ac76a0d2c09; no voters: c28e95f3a6484ba187456ed4ef949604
I20260713 09:02:43.575317  6695 raft_consensus.cc:2804] T dbaad53f52324ed1af41131e203fa146 P fdbad71bfb7843cf89800ac76a0d2c09 [term 1 FOLLOWER]: Leader election won for term 1
I20260713 09:02:43.576318  6695 raft_consensus.cc:697] T dbaad53f52324ed1af41131e203fa146 P fdbad71bfb7843cf89800ac76a0d2c09 [term 1 LEADER]: Becoming Leader. State: Replica: fdbad71bfb7843cf89800ac76a0d2c09, State: Running, Role: LEADER
I20260713 09:02:43.576638  6358 catalog_manager.cc:5697] T d791b5d2eed54336873b7273293194dd P fdbad71bfb7843cf89800ac76a0d2c09 reported cstate change: term changed from 0 to 1, leader changed from <none> to fdbad71bfb7843cf89800ac76a0d2c09 (127.5.177.67). New cstate: current_term: 1 leader_uuid: "fdbad71bfb7843cf89800ac76a0d2c09" committed_config { opid_index: -1 OBSOLETE_local: false peers { permanent_uuid: "c28e95f3a6484ba187456ed4ef949604" member_type: VOTER last_known_addr { host: "127.5.177.65" port: 46537 } health_report { overall_health: UNKNOWN } } peers { permanent_uuid: "1345ffe85c2f4dcc942f0c09e7cb302b" member_type: VOTER last_known_addr { host: "127.5.177.66" port: 37987 } health_report { overall_health: UNKNOWN } } peers { permanent_uuid: "fdbad71bfb7843cf89800ac76a0d2c09" member_type: VOTER last_known_addr { host: "127.5.177.67" port: 39219 } health_report { overall_health: HEALTHY } } }
I20260713 09:02:43.577184  6650 raft_consensus.cc:359] T 56ca4d9e9f9c444ebd455ea8af7d9950 P c28e95f3a6484ba187456ed4ef949604 [term 0 FOLLOWER]: Replica starting. Triggering 0 pending ops. Active config: opid_index: -1 OBSOLETE_local: false peers { permanent_uuid: "c28e95f3a6484ba187456ed4ef949604" member_type: VOTER last_known_addr { host: "127.5.177.65" port: 46537 } } peers { permanent_uuid: "1345ffe85c2f4dcc942f0c09e7cb302b" member_type: VOTER last_known_addr { host: "127.5.177.66" port: 37987 } } peers { permanent_uuid: "fdbad71bfb7843cf89800ac76a0d2c09" member_type: VOTER last_known_addr { host: "127.5.177.67" port: 39219 } }
I20260713 09:02:43.577150  6695 consensus_queue.cc:237] T dbaad53f52324ed1af41131e203fa146 P fdbad71bfb7843cf89800ac76a0d2c09 [LEADER]: Queue going to LEADER mode. State: All replicated index: 0, Majority replicated index: 0, Committed index: 0, Last appended: 0.0, Last appended by leader: 0, Current term: 1, Majority size: 2, State: 0, Mode: LEADER, active raft config: opid_index: -1 OBSOLETE_local: false peers { permanent_uuid: "c28e95f3a6484ba187456ed4ef949604" member_type: VOTER last_known_addr { host: "127.5.177.65" port: 46537 } } peers { permanent_uuid: "1345ffe85c2f4dcc942f0c09e7cb302b" member_type: VOTER last_known_addr { host: "127.5.177.66" port: 37987 } } peers { permanent_uuid: "fdbad71bfb7843cf89800ac76a0d2c09" member_type: VOTER last_known_addr { host: "127.5.177.67" port: 39219 } }
I20260713 09:02:43.578019  6650 raft_consensus.cc:385] T 56ca4d9e9f9c444ebd455ea8af7d9950 P c28e95f3a6484ba187456ed4ef949604 [term 0 FOLLOWER]: Consensus starting up: Expiring failure detector timer to make a prompt election more likely
I20260713 09:02:43.577972  6654 raft_consensus.cc:359] T 1cd6f0bac94d495dbf908e4e35e7f327 P 1345ffe85c2f4dcc942f0c09e7cb302b [term 0 FOLLOWER]: Replica starting. Triggering 0 pending ops. Active config: opid_index: -1 OBSOLETE_local: false peers { permanent_uuid: "c28e95f3a6484ba187456ed4ef949604" member_type: VOTER last_known_addr { host: "127.5.177.65" port: 46537 } } peers { permanent_uuid: "1345ffe85c2f4dcc942f0c09e7cb302b" member_type: VOTER last_known_addr { host: "127.5.177.66" port: 37987 } } peers { permanent_uuid: "fdbad71bfb7843cf89800ac76a0d2c09" member_type: VOTER last_known_addr { host: "127.5.177.67" port: 39219 } }
I20260713 09:02:43.579816  6654 raft_consensus.cc:385] T 1cd6f0bac94d495dbf908e4e35e7f327 P 1345ffe85c2f4dcc942f0c09e7cb302b [term 0 FOLLOWER]: Consensus starting up: Expiring failure detector timer to make a prompt election more likely
I20260713 09:02:43.580169  6654 raft_consensus.cc:740] T 1cd6f0bac94d495dbf908e4e35e7f327 P 1345ffe85c2f4dcc942f0c09e7cb302b [term 0 FOLLOWER]: Becoming Follower/Learner. State: Replica: 1345ffe85c2f4dcc942f0c09e7cb302b, State: Initialized, Role: FOLLOWER
I20260713 09:02:43.581009  6654 consensus_queue.cc:260] T 1cd6f0bac94d495dbf908e4e35e7f327 P 1345ffe85c2f4dcc942f0c09e7cb302b [NON_LEADER]: Queue going to NON_LEADER mode. State: All replicated index: 0, Majority replicated index: 0, Committed index: 0, Last appended: 0.0, Last appended by leader: 0, Current term: 0, Majority size: -1, State: 0, Mode: NON_LEADER, active raft config: opid_index: -1 OBSOLETE_local: false peers { permanent_uuid: "c28e95f3a6484ba187456ed4ef949604" member_type: VOTER last_known_addr { host: "127.5.177.65" port: 46537 } } peers { permanent_uuid: "1345ffe85c2f4dcc942f0c09e7cb302b" member_type: VOTER last_known_addr { host: "127.5.177.66" port: 37987 } } peers { permanent_uuid: "fdbad71bfb7843cf89800ac76a0d2c09" member_type: VOTER last_known_addr { host: "127.5.177.67" port: 39219 } }
I20260713 09:02:43.580070  6461 tablet_service.cc:1917] Received RequestConsensusVote() RPC: tablet_id: "11146de203254cb59b31e8014a05a7ec" candidate_uuid: "fdbad71bfb7843cf89800ac76a0d2c09" candidate_term: 1 candidate_status { last_received { term: 0 index: 0 } } ignore_live_leader: false dest_uuid: "c28e95f3a6484ba187456ed4ef949604"
I20260713 09:02:43.581881  6536 tablet_service.cc:1917] Received RequestConsensusVote() RPC: tablet_id: "11146de203254cb59b31e8014a05a7ec" candidate_uuid: "fdbad71bfb7843cf89800ac76a0d2c09" candidate_term: 1 candidate_status { last_received { term: 0 index: 0 } } ignore_live_leader: false dest_uuid: "1345ffe85c2f4dcc942f0c09e7cb302b"
I20260713 09:02:43.582437  6536 raft_consensus.cc:3060] T 11146de203254cb59b31e8014a05a7ec P 1345ffe85c2f4dcc942f0c09e7cb302b [term 0 FOLLOWER]: Advancing to term 1
W20260713 09:02:43.582767  6576 leader_election.cc:343] T 11146de203254cb59b31e8014a05a7ec P fdbad71bfb7843cf89800ac76a0d2c09 [CANDIDATE]: Term 1 election: Tablet error from VoteRequest() call to peer c28e95f3a6484ba187456ed4ef949604 (127.5.177.65:46537): Illegal state: must be running to vote when last-logged opid is not known
I20260713 09:02:43.578521  6650 raft_consensus.cc:740] T 56ca4d9e9f9c444ebd455ea8af7d9950 P c28e95f3a6484ba187456ed4ef949604 [term 0 FOLLOWER]: Becoming Follower/Learner. State: Replica: c28e95f3a6484ba187456ed4ef949604, State: Initialized, Role: FOLLOWER
I20260713 09:02:43.583302  6654 ts_tablet_manager.cc:1434] T 1cd6f0bac94d495dbf908e4e35e7f327 P 1345ffe85c2f4dcc942f0c09e7cb302b: Time spent starting tablet: real 0.009s	user 0.006s	sys 0.000s
I20260713 09:02:43.583788  6650 consensus_queue.cc:260] T 56ca4d9e9f9c444ebd455ea8af7d9950 P c28e95f3a6484ba187456ed4ef949604 [NON_LEADER]: Queue going to NON_LEADER mode. State: All replicated index: 0, Majority replicated index: 0, Committed index: 0, Last appended: 0.0, Last appended by leader: 0, Current term: 0, Majority size: -1, State: 0, Mode: NON_LEADER, active raft config: opid_index: -1 OBSOLETE_local: false peers { permanent_uuid: "c28e95f3a6484ba187456ed4ef949604" member_type: VOTER last_known_addr { host: "127.5.177.65" port: 46537 } } peers { permanent_uuid: "1345ffe85c2f4dcc942f0c09e7cb302b" member_type: VOTER last_known_addr { host: "127.5.177.66" port: 37987 } } peers { permanent_uuid: "fdbad71bfb7843cf89800ac76a0d2c09" member_type: VOTER last_known_addr { host: "127.5.177.67" port: 39219 } }
I20260713 09:02:43.584316  6654 tablet_bootstrap.cc:492] T 5f84334b8f01424fa528ca8393d2c5af P 1345ffe85c2f4dcc942f0c09e7cb302b: Bootstrap starting.
I20260713 09:02:43.579416  6698 leader_election.cc:290] T 11146de203254cb59b31e8014a05a7ec P fdbad71bfb7843cf89800ac76a0d2c09 [CANDIDATE]: Term 1 election: Requested vote from peers c28e95f3a6484ba187456ed4ef949604 (127.5.177.65:46537), 1345ffe85c2f4dcc942f0c09e7cb302b (127.5.177.66:37987)
I20260713 09:02:43.588958  6650 ts_tablet_manager.cc:1434] T 56ca4d9e9f9c444ebd455ea8af7d9950 P c28e95f3a6484ba187456ed4ef949604: Time spent starting tablet: real 0.015s	user 0.006s	sys 0.002s
I20260713 09:02:43.590044  6650 tablet_bootstrap.cc:492] T 11146de203254cb59b31e8014a05a7ec P c28e95f3a6484ba187456ed4ef949604: Bootstrap starting.
I20260713 09:02:43.590032  6536 raft_consensus.cc:2468] T 11146de203254cb59b31e8014a05a7ec P 1345ffe85c2f4dcc942f0c09e7cb302b [term 1 FOLLOWER]: Leader election vote request: Granting yes vote for candidate fdbad71bfb7843cf89800ac76a0d2c09 in term 1.
I20260713 09:02:43.590739  6654 tablet_bootstrap.cc:654] T 5f84334b8f01424fa528ca8393d2c5af P 1345ffe85c2f4dcc942f0c09e7cb302b: Neither blocks nor log segments found. Creating new log.
I20260713 09:02:43.591456  6576 leader_election.cc:304] T 11146de203254cb59b31e8014a05a7ec P fdbad71bfb7843cf89800ac76a0d2c09 [CANDIDATE]: Term 1 election: Election decided. Result: candidate won. Election summary: received 3 responses out of 3 voters: 2 yes votes; 1 no votes. yes voters: 1345ffe85c2f4dcc942f0c09e7cb302b, fdbad71bfb7843cf89800ac76a0d2c09; no voters: c28e95f3a6484ba187456ed4ef949604
I20260713 09:02:43.592267  6698 raft_consensus.cc:2804] T 11146de203254cb59b31e8014a05a7ec P fdbad71bfb7843cf89800ac76a0d2c09 [term 1 FOLLOWER]: Leader election won for term 1
I20260713 09:02:43.592953  6698 raft_consensus.cc:697] T 11146de203254cb59b31e8014a05a7ec P fdbad71bfb7843cf89800ac76a0d2c09 [term 1 LEADER]: Becoming Leader. State: Replica: fdbad71bfb7843cf89800ac76a0d2c09, State: Running, Role: LEADER
I20260713 09:02:43.593830  6698 consensus_queue.cc:237] T 11146de203254cb59b31e8014a05a7ec P fdbad71bfb7843cf89800ac76a0d2c09 [LEADER]: Queue going to LEADER mode. State: All replicated index: 0, Majority replicated index: 0, Committed index: 0, Last appended: 0.0, Last appended by leader: 0, Current term: 1, Majority size: 2, State: 0, Mode: LEADER, active raft config: opid_index: -1 OBSOLETE_local: false peers { permanent_uuid: "c28e95f3a6484ba187456ed4ef949604" member_type: VOTER last_known_addr { host: "127.5.177.65" port: 46537 } } peers { permanent_uuid: "1345ffe85c2f4dcc942f0c09e7cb302b" member_type: VOTER last_known_addr { host: "127.5.177.66" port: 37987 } } peers { permanent_uuid: "fdbad71bfb7843cf89800ac76a0d2c09" member_type: VOTER last_known_addr { host: "127.5.177.67" port: 39219 } }
I20260713 09:02:43.597164  6650 tablet_bootstrap.cc:654] T 11146de203254cb59b31e8014a05a7ec P c28e95f3a6484ba187456ed4ef949604: Neither blocks nor log segments found. Creating new log.
I20260713 09:02:43.605151  6654 tablet_bootstrap.cc:492] T 5f84334b8f01424fa528ca8393d2c5af P 1345ffe85c2f4dcc942f0c09e7cb302b: No bootstrap required, opened a new log
I20260713 09:02:43.605778  6654 ts_tablet_manager.cc:1403] T 5f84334b8f01424fa528ca8393d2c5af P 1345ffe85c2f4dcc942f0c09e7cb302b: Time spent bootstrapping tablet: real 0.022s	user 0.014s	sys 0.002s
I20260713 09:02:43.608520  6654 raft_consensus.cc:359] T 5f84334b8f01424fa528ca8393d2c5af P 1345ffe85c2f4dcc942f0c09e7cb302b [term 0 FOLLOWER]: Replica starting. Triggering 0 pending ops. Active config: opid_index: -1 OBSOLETE_local: false peers { permanent_uuid: "c28e95f3a6484ba187456ed4ef949604" member_type: VOTER last_known_addr { host: "127.5.177.65" port: 46537 } } peers { permanent_uuid: "fdbad71bfb7843cf89800ac76a0d2c09" member_type: VOTER last_known_addr { host: "127.5.177.67" port: 39219 } } peers { permanent_uuid: "1345ffe85c2f4dcc942f0c09e7cb302b" member_type: VOTER last_known_addr { host: "127.5.177.66" port: 37987 } }
I20260713 09:02:43.609376  6654 raft_consensus.cc:385] T 5f84334b8f01424fa528ca8393d2c5af P 1345ffe85c2f4dcc942f0c09e7cb302b [term 0 FOLLOWER]: Consensus starting up: Expiring failure detector timer to make a prompt election more likely
I20260713 09:02:43.609714  6654 raft_consensus.cc:740] T 5f84334b8f01424fa528ca8393d2c5af P 1345ffe85c2f4dcc942f0c09e7cb302b [term 0 FOLLOWER]: Becoming Follower/Learner. State: Replica: 1345ffe85c2f4dcc942f0c09e7cb302b, State: Initialized, Role: FOLLOWER
I20260713 09:02:43.610456  6654 consensus_queue.cc:260] T 5f84334b8f01424fa528ca8393d2c5af P 1345ffe85c2f4dcc942f0c09e7cb302b [NON_LEADER]: Queue going to NON_LEADER mode. State: All replicated index: 0, Majority replicated index: 0, Committed index: 0, Last appended: 0.0, Last appended by leader: 0, Current term: 0, Majority size: -1, State: 0, Mode: NON_LEADER, active raft config: opid_index: -1 OBSOLETE_local: false peers { permanent_uuid: "c28e95f3a6484ba187456ed4ef949604" member_type: VOTER last_known_addr { host: "127.5.177.65" port: 46537 } } peers { permanent_uuid: "fdbad71bfb7843cf89800ac76a0d2c09" member_type: VOTER last_known_addr { host: "127.5.177.67" port: 39219 } } peers { permanent_uuid: "1345ffe85c2f4dcc942f0c09e7cb302b" member_type: VOTER last_known_addr { host: "127.5.177.66" port: 37987 } }
I20260713 09:02:43.613901  6654 ts_tablet_manager.cc:1434] T 5f84334b8f01424fa528ca8393d2c5af P 1345ffe85c2f4dcc942f0c09e7cb302b: Time spent starting tablet: real 0.008s	user 0.005s	sys 0.000s
I20260713 09:02:43.614904  6654 tablet_bootstrap.cc:492] T 1dc48bca1fb4472db4c99a573866aa31 P 1345ffe85c2f4dcc942f0c09e7cb302b: Bootstrap starting.
I20260713 09:02:43.616178  6650 tablet_bootstrap.cc:492] T 11146de203254cb59b31e8014a05a7ec P c28e95f3a6484ba187456ed4ef949604: No bootstrap required, opened a new log
I20260713 09:02:43.616600  6650 ts_tablet_manager.cc:1403] T 11146de203254cb59b31e8014a05a7ec P c28e95f3a6484ba187456ed4ef949604: Time spent bootstrapping tablet: real 0.027s	user 0.011s	sys 0.011s
I20260713 09:02:43.619145  6650 raft_consensus.cc:359] T 11146de203254cb59b31e8014a05a7ec P c28e95f3a6484ba187456ed4ef949604 [term 0 FOLLOWER]: Replica starting. Triggering 0 pending ops. Active config: opid_index: -1 OBSOLETE_local: false peers { permanent_uuid: "c28e95f3a6484ba187456ed4ef949604" member_type: VOTER last_known_addr { host: "127.5.177.65" port: 46537 } } peers { permanent_uuid: "1345ffe85c2f4dcc942f0c09e7cb302b" member_type: VOTER last_known_addr { host: "127.5.177.66" port: 37987 } } peers { permanent_uuid: "fdbad71bfb7843cf89800ac76a0d2c09" member_type: VOTER last_known_addr { host: "127.5.177.67" port: 39219 } }
I20260713 09:02:43.619861  6650 raft_consensus.cc:385] T 11146de203254cb59b31e8014a05a7ec P c28e95f3a6484ba187456ed4ef949604 [term 0 FOLLOWER]: Consensus starting up: Expiring failure detector timer to make a prompt election more likely
I20260713 09:02:43.620151  6650 raft_consensus.cc:740] T 11146de203254cb59b31e8014a05a7ec P c28e95f3a6484ba187456ed4ef949604 [term 0 FOLLOWER]: Becoming Follower/Learner. State: Replica: c28e95f3a6484ba187456ed4ef949604, State: Initialized, Role: FOLLOWER
I20260713 09:02:43.620827  6650 consensus_queue.cc:260] T 11146de203254cb59b31e8014a05a7ec P c28e95f3a6484ba187456ed4ef949604 [NON_LEADER]: Queue going to NON_LEADER mode. State: All replicated index: 0, Majority replicated index: 0, Committed index: 0, Last appended: 0.0, Last appended by leader: 0, Current term: 0, Majority size: -1, State: 0, Mode: NON_LEADER, active raft config: opid_index: -1 OBSOLETE_local: false peers { permanent_uuid: "c28e95f3a6484ba187456ed4ef949604" member_type: VOTER last_known_addr { host: "127.5.177.65" port: 46537 } } peers { permanent_uuid: "1345ffe85c2f4dcc942f0c09e7cb302b" member_type: VOTER last_known_addr { host: "127.5.177.66" port: 37987 } } peers { permanent_uuid: "fdbad71bfb7843cf89800ac76a0d2c09" member_type: VOTER last_known_addr { host: "127.5.177.67" port: 39219 } }
I20260713 09:02:43.621387  6654 tablet_bootstrap.cc:654] T 1dc48bca1fb4472db4c99a573866aa31 P 1345ffe85c2f4dcc942f0c09e7cb302b: Neither blocks nor log segments found. Creating new log.
I20260713 09:02:43.621495  6358 catalog_manager.cc:5697] T 5f84334b8f01424fa528ca8393d2c5af P fdbad71bfb7843cf89800ac76a0d2c09 reported cstate change: term changed from 0 to 1, leader changed from <none> to fdbad71bfb7843cf89800ac76a0d2c09 (127.5.177.67). New cstate: current_term: 1 leader_uuid: "fdbad71bfb7843cf89800ac76a0d2c09" committed_config { opid_index: -1 OBSOLETE_local: false peers { permanent_uuid: "c28e95f3a6484ba187456ed4ef949604" member_type: VOTER last_known_addr { host: "127.5.177.65" port: 46537 } health_report { overall_health: UNKNOWN } } peers { permanent_uuid: "fdbad71bfb7843cf89800ac76a0d2c09" member_type: VOTER last_known_addr { host: "127.5.177.67" port: 39219 } health_report { overall_health: HEALTHY } } peers { permanent_uuid: "1345ffe85c2f4dcc942f0c09e7cb302b" member_type: VOTER last_known_addr { host: "127.5.177.66" port: 37987 } health_report { overall_health: UNKNOWN } } }
I20260713 09:02:43.622843  6650 ts_tablet_manager.cc:1434] T 11146de203254cb59b31e8014a05a7ec P c28e95f3a6484ba187456ed4ef949604: Time spent starting tablet: real 0.006s	user 0.004s	sys 0.000s
I20260713 09:02:43.623528  6358 catalog_manager.cc:5697] T dbaad53f52324ed1af41131e203fa146 P fdbad71bfb7843cf89800ac76a0d2c09 reported cstate change: term changed from 0 to 1, leader changed from <none> to fdbad71bfb7843cf89800ac76a0d2c09 (127.5.177.67). New cstate: current_term: 1 leader_uuid: "fdbad71bfb7843cf89800ac76a0d2c09" committed_config { opid_index: -1 OBSOLETE_local: false peers { permanent_uuid: "c28e95f3a6484ba187456ed4ef949604" member_type: VOTER last_known_addr { host: "127.5.177.65" port: 46537 } health_report { overall_health: UNKNOWN } } peers { permanent_uuid: "1345ffe85c2f4dcc942f0c09e7cb302b" member_type: VOTER last_known_addr { host: "127.5.177.66" port: 37987 } health_report { overall_health: UNKNOWN } } peers { permanent_uuid: "fdbad71bfb7843cf89800ac76a0d2c09" member_type: VOTER last_known_addr { host: "127.5.177.67" port: 39219 } health_report { overall_health: HEALTHY } } }
I20260713 09:02:43.625320  6650 tablet_bootstrap.cc:492] T 11b6cfceeb35486f927fe38900b0c91d P c28e95f3a6484ba187456ed4ef949604: Bootstrap starting.
I20260713 09:02:43.625730  6358 catalog_manager.cc:5697] T 11146de203254cb59b31e8014a05a7ec P fdbad71bfb7843cf89800ac76a0d2c09 reported cstate change: term changed from 0 to 1, leader changed from <none> to fdbad71bfb7843cf89800ac76a0d2c09 (127.5.177.67). New cstate: current_term: 1 leader_uuid: "fdbad71bfb7843cf89800ac76a0d2c09" committed_config { opid_index: -1 OBSOLETE_local: false peers { permanent_uuid: "c28e95f3a6484ba187456ed4ef949604" member_type: VOTER last_known_addr { host: "127.5.177.65" port: 46537 } health_report { overall_health: UNKNOWN } } peers { permanent_uuid: "1345ffe85c2f4dcc942f0c09e7cb302b" member_type: VOTER last_known_addr { host: "127.5.177.66" port: 37987 } health_report { overall_health: UNKNOWN } } peers { permanent_uuid: "fdbad71bfb7843cf89800ac76a0d2c09" member_type: VOTER last_known_addr { host: "127.5.177.67" port: 39219 } health_report { overall_health: HEALTHY } } }
I20260713 09:02:43.629488  6654 tablet_bootstrap.cc:492] T 1dc48bca1fb4472db4c99a573866aa31 P 1345ffe85c2f4dcc942f0c09e7cb302b: No bootstrap required, opened a new log
I20260713 09:02:43.629915  6654 ts_tablet_manager.cc:1403] T 1dc48bca1fb4472db4c99a573866aa31 P 1345ffe85c2f4dcc942f0c09e7cb302b: Time spent bootstrapping tablet: real 0.015s	user 0.011s	sys 0.002s
I20260713 09:02:43.630885  6650 tablet_bootstrap.cc:654] T 11b6cfceeb35486f927fe38900b0c91d P c28e95f3a6484ba187456ed4ef949604: Neither blocks nor log segments found. Creating new log.
I20260713 09:02:43.632062  6654 raft_consensus.cc:359] T 1dc48bca1fb4472db4c99a573866aa31 P 1345ffe85c2f4dcc942f0c09e7cb302b [term 0 FOLLOWER]: Replica starting. Triggering 0 pending ops. Active config: opid_index: -1 OBSOLETE_local: false peers { permanent_uuid: "c28e95f3a6484ba187456ed4ef949604" member_type: VOTER last_known_addr { host: "127.5.177.65" port: 46537 } } peers { permanent_uuid: "1345ffe85c2f4dcc942f0c09e7cb302b" member_type: VOTER last_known_addr { host: "127.5.177.66" port: 37987 } } peers { permanent_uuid: "fdbad71bfb7843cf89800ac76a0d2c09" member_type: VOTER last_known_addr { host: "127.5.177.67" port: 39219 } }
I20260713 09:02:43.632706  6654 raft_consensus.cc:385] T 1dc48bca1fb4472db4c99a573866aa31 P 1345ffe85c2f4dcc942f0c09e7cb302b [term 0 FOLLOWER]: Consensus starting up: Expiring failure detector timer to make a prompt election more likely
I20260713 09:02:43.632972  6654 raft_consensus.cc:740] T 1dc48bca1fb4472db4c99a573866aa31 P 1345ffe85c2f4dcc942f0c09e7cb302b [term 0 FOLLOWER]: Becoming Follower/Learner. State: Replica: 1345ffe85c2f4dcc942f0c09e7cb302b, State: Initialized, Role: FOLLOWER
I20260713 09:02:43.633716  6654 consensus_queue.cc:260] T 1dc48bca1fb4472db4c99a573866aa31 P 1345ffe85c2f4dcc942f0c09e7cb302b [NON_LEADER]: Queue going to NON_LEADER mode. State: All replicated index: 0, Majority replicated index: 0, Committed index: 0, Last appended: 0.0, Last appended by leader: 0, Current term: 0, Majority size: -1, State: 0, Mode: NON_LEADER, active raft config: opid_index: -1 OBSOLETE_local: false peers { permanent_uuid: "c28e95f3a6484ba187456ed4ef949604" member_type: VOTER last_known_addr { host: "127.5.177.65" port: 46537 } } peers { permanent_uuid: "1345ffe85c2f4dcc942f0c09e7cb302b" member_type: VOTER last_known_addr { host: "127.5.177.66" port: 37987 } } peers { permanent_uuid: "fdbad71bfb7843cf89800ac76a0d2c09" member_type: VOTER last_known_addr { host: "127.5.177.67" port: 39219 } }
I20260713 09:02:43.636054  6654 ts_tablet_manager.cc:1434] T 1dc48bca1fb4472db4c99a573866aa31 P 1345ffe85c2f4dcc942f0c09e7cb302b: Time spent starting tablet: real 0.006s	user 0.006s	sys 0.001s
I20260713 09:02:43.637025  6650 tablet_bootstrap.cc:492] T 11b6cfceeb35486f927fe38900b0c91d P c28e95f3a6484ba187456ed4ef949604: No bootstrap required, opened a new log
I20260713 09:02:43.637483  6650 ts_tablet_manager.cc:1403] T 11b6cfceeb35486f927fe38900b0c91d P c28e95f3a6484ba187456ed4ef949604: Time spent bootstrapping tablet: real 0.012s	user 0.009s	sys 0.001s
I20260713 09:02:43.640192  6650 raft_consensus.cc:359] T 11b6cfceeb35486f927fe38900b0c91d P c28e95f3a6484ba187456ed4ef949604 [term 0 FOLLOWER]: Replica starting. Triggering 0 pending ops. Active config: opid_index: -1 OBSOLETE_local: false peers { permanent_uuid: "c28e95f3a6484ba187456ed4ef949604" member_type: VOTER last_known_addr { host: "127.5.177.65" port: 46537 } } peers { permanent_uuid: "1345ffe85c2f4dcc942f0c09e7cb302b" member_type: VOTER last_known_addr { host: "127.5.177.66" port: 37987 } } peers { permanent_uuid: "fdbad71bfb7843cf89800ac76a0d2c09" member_type: VOTER last_known_addr { host: "127.5.177.67" port: 39219 } }
I20260713 09:02:43.640981  6650 raft_consensus.cc:385] T 11b6cfceeb35486f927fe38900b0c91d P c28e95f3a6484ba187456ed4ef949604 [term 0 FOLLOWER]: Consensus starting up: Expiring failure detector timer to make a prompt election more likely
I20260713 09:02:43.641275  6650 raft_consensus.cc:740] T 11b6cfceeb35486f927fe38900b0c91d P c28e95f3a6484ba187456ed4ef949604 [term 0 FOLLOWER]: Becoming Follower/Learner. State: Replica: c28e95f3a6484ba187456ed4ef949604, State: Initialized, Role: FOLLOWER
I20260713 09:02:43.641911  6650 consensus_queue.cc:260] T 11b6cfceeb35486f927fe38900b0c91d P c28e95f3a6484ba187456ed4ef949604 [NON_LEADER]: Queue going to NON_LEADER mode. State: All replicated index: 0, Majority replicated index: 0, Committed index: 0, Last appended: 0.0, Last appended by leader: 0, Current term: 0, Majority size: -1, State: 0, Mode: NON_LEADER, active raft config: opid_index: -1 OBSOLETE_local: false peers { permanent_uuid: "c28e95f3a6484ba187456ed4ef949604" member_type: VOTER last_known_addr { host: "127.5.177.65" port: 46537 } } peers { permanent_uuid: "1345ffe85c2f4dcc942f0c09e7cb302b" member_type: VOTER last_known_addr { host: "127.5.177.66" port: 37987 } } peers { permanent_uuid: "fdbad71bfb7843cf89800ac76a0d2c09" member_type: VOTER last_known_addr { host: "127.5.177.67" port: 39219 } }
I20260713 09:02:43.643846  6650 ts_tablet_manager.cc:1434] T 11b6cfceeb35486f927fe38900b0c91d P c28e95f3a6484ba187456ed4ef949604: Time spent starting tablet: real 0.006s	user 0.007s	sys 0.000s
I20260713 09:02:43.644708  6650 tablet_bootstrap.cc:492] T dbaad53f52324ed1af41131e203fa146 P c28e95f3a6484ba187456ed4ef949604: Bootstrap starting.
I20260713 09:02:43.650135  6650 tablet_bootstrap.cc:654] T dbaad53f52324ed1af41131e203fa146 P c28e95f3a6484ba187456ed4ef949604: Neither blocks nor log segments found. Creating new log.
I20260713 09:02:43.650251  6657 raft_consensus.cc:493] T 11146de203254cb59b31e8014a05a7ec P c28e95f3a6484ba187456ed4ef949604 [term 0 FOLLOWER]: Starting pre-election (no leader contacted us within the election timeout)
I20260713 09:02:43.650692  6657 raft_consensus.cc:515] T 11146de203254cb59b31e8014a05a7ec P c28e95f3a6484ba187456ed4ef949604 [term 0 FOLLOWER]: Starting pre-election with config: opid_index: -1 OBSOLETE_local: false peers { permanent_uuid: "c28e95f3a6484ba187456ed4ef949604" member_type: VOTER last_known_addr { host: "127.5.177.65" port: 46537 } } peers { permanent_uuid: "1345ffe85c2f4dcc942f0c09e7cb302b" member_type: VOTER last_known_addr { host: "127.5.177.66" port: 37987 } } peers { permanent_uuid: "fdbad71bfb7843cf89800ac76a0d2c09" member_type: VOTER last_known_addr { host: "127.5.177.67" port: 39219 } }
I20260713 09:02:43.652984  6657 leader_election.cc:290] T 11146de203254cb59b31e8014a05a7ec P c28e95f3a6484ba187456ed4ef949604 [CANDIDATE]: Term 1 pre-election: Requested pre-vote from peers 1345ffe85c2f4dcc942f0c09e7cb302b (127.5.177.66:37987), fdbad71bfb7843cf89800ac76a0d2c09 (127.5.177.67:39219)
I20260713 09:02:43.653630  6536 tablet_service.cc:1917] Received RequestConsensusVote() RPC: tablet_id: "11146de203254cb59b31e8014a05a7ec" candidate_uuid: "c28e95f3a6484ba187456ed4ef949604" candidate_term: 1 candidate_status { last_received { term: 0 index: 0 } } ignore_live_leader: false dest_uuid: "1345ffe85c2f4dcc942f0c09e7cb302b" is_pre_election: true
I20260713 09:02:43.654443  6536 raft_consensus.cc:2393] T 11146de203254cb59b31e8014a05a7ec P 1345ffe85c2f4dcc942f0c09e7cb302b [term 1 FOLLOWER]: Leader pre-election vote request: Denying vote to candidate c28e95f3a6484ba187456ed4ef949604 in current term 1: Already voted for candidate fdbad71bfb7843cf89800ac76a0d2c09 in this term.
I20260713 09:02:43.655108  6609 tablet_service.cc:1917] Received RequestConsensusVote() RPC: tablet_id: "11146de203254cb59b31e8014a05a7ec" candidate_uuid: "c28e95f3a6484ba187456ed4ef949604" candidate_term: 1 candidate_status { last_received { term: 0 index: 0 } } ignore_live_leader: false dest_uuid: "fdbad71bfb7843cf89800ac76a0d2c09" is_pre_election: true
I20260713 09:02:43.656646  6426 leader_election.cc:304] T 11146de203254cb59b31e8014a05a7ec P c28e95f3a6484ba187456ed4ef949604 [CANDIDATE]: Term 1 pre-election: Election decided. Result: candidate lost. Election summary: received 3 responses out of 3 voters: 1 yes votes; 2 no votes. yes voters: c28e95f3a6484ba187456ed4ef949604; no voters: 1345ffe85c2f4dcc942f0c09e7cb302b, fdbad71bfb7843cf89800ac76a0d2c09
I20260713 09:02:43.657474  6657 raft_consensus.cc:3060] T 11146de203254cb59b31e8014a05a7ec P c28e95f3a6484ba187456ed4ef949604 [term 0 FOLLOWER]: Advancing to term 1
I20260713 09:02:43.658043  6650 tablet_bootstrap.cc:492] T dbaad53f52324ed1af41131e203fa146 P c28e95f3a6484ba187456ed4ef949604: No bootstrap required, opened a new log
I20260713 09:02:43.658440  6650 ts_tablet_manager.cc:1403] T dbaad53f52324ed1af41131e203fa146 P c28e95f3a6484ba187456ed4ef949604: Time spent bootstrapping tablet: real 0.014s	user 0.008s	sys 0.004s
I20260713 09:02:43.659596  6695 raft_consensus.cc:493] T 11b6cfceeb35486f927fe38900b0c91d P fdbad71bfb7843cf89800ac76a0d2c09 [term 0 FOLLOWER]: Starting pre-election (no leader contacted us within the election timeout)
I20260713 09:02:43.660048  6695 raft_consensus.cc:515] T 11b6cfceeb35486f927fe38900b0c91d P fdbad71bfb7843cf89800ac76a0d2c09 [term 0 FOLLOWER]: Starting pre-election with config: opid_index: -1 OBSOLETE_local: false peers { permanent_uuid: "c28e95f3a6484ba187456ed4ef949604" member_type: VOTER last_known_addr { host: "127.5.177.65" port: 46537 } } peers { permanent_uuid: "1345ffe85c2f4dcc942f0c09e7cb302b" member_type: VOTER last_known_addr { host: "127.5.177.66" port: 37987 } } peers { permanent_uuid: "fdbad71bfb7843cf89800ac76a0d2c09" member_type: VOTER last_known_addr { host: "127.5.177.67" port: 39219 } }
I20260713 09:02:43.660782  6650 raft_consensus.cc:359] T dbaad53f52324ed1af41131e203fa146 P c28e95f3a6484ba187456ed4ef949604 [term 0 FOLLOWER]: Replica starting. Triggering 0 pending ops. Active config: opid_index: -1 OBSOLETE_local: false peers { permanent_uuid: "c28e95f3a6484ba187456ed4ef949604" member_type: VOTER last_known_addr { host: "127.5.177.65" port: 46537 } } peers { permanent_uuid: "1345ffe85c2f4dcc942f0c09e7cb302b" member_type: VOTER last_known_addr { host: "127.5.177.66" port: 37987 } } peers { permanent_uuid: "fdbad71bfb7843cf89800ac76a0d2c09" member_type: VOTER last_known_addr { host: "127.5.177.67" port: 39219 } }
I20260713 09:02:43.661404  6650 raft_consensus.cc:385] T dbaad53f52324ed1af41131e203fa146 P c28e95f3a6484ba187456ed4ef949604 [term 0 FOLLOWER]: Consensus starting up: Expiring failure detector timer to make a prompt election more likely
I20260713 09:02:43.661665  6650 raft_consensus.cc:740] T dbaad53f52324ed1af41131e203fa146 P c28e95f3a6484ba187456ed4ef949604 [term 0 FOLLOWER]: Becoming Follower/Learner. State: Replica: c28e95f3a6484ba187456ed4ef949604, State: Initialized, Role: FOLLOWER
I20260713 09:02:43.662061  6695 leader_election.cc:290] T 11b6cfceeb35486f927fe38900b0c91d P fdbad71bfb7843cf89800ac76a0d2c09 [CANDIDATE]: Term 1 pre-election: Requested pre-vote from peers c28e95f3a6484ba187456ed4ef949604 (127.5.177.65:46537), 1345ffe85c2f4dcc942f0c09e7cb302b (127.5.177.66:37987)
I20260713 09:02:43.662279  6650 consensus_queue.cc:260] T dbaad53f52324ed1af41131e203fa146 P c28e95f3a6484ba187456ed4ef949604 [NON_LEADER]: Queue going to NON_LEADER mode. State: All replicated index: 0, Majority replicated index: 0, Committed index: 0, Last appended: 0.0, Last appended by leader: 0, Current term: 0, Majority size: -1, State: 0, Mode: NON_LEADER, active raft config: opid_index: -1 OBSOLETE_local: false peers { permanent_uuid: "c28e95f3a6484ba187456ed4ef949604" member_type: VOTER last_known_addr { host: "127.5.177.65" port: 46537 } } peers { permanent_uuid: "1345ffe85c2f4dcc942f0c09e7cb302b" member_type: VOTER last_known_addr { host: "127.5.177.66" port: 37987 } } peers { permanent_uuid: "fdbad71bfb7843cf89800ac76a0d2c09" member_type: VOTER last_known_addr { host: "127.5.177.67" port: 39219 } }
I20260713 09:02:43.662617  6657 raft_consensus.cc:2749] T 11146de203254cb59b31e8014a05a7ec P c28e95f3a6484ba187456ed4ef949604 [term 1 FOLLOWER]: Leader pre-election lost for term 1. Reason: could not achieve majority
