I20260713 09:02:30.820732 11443 ts_tablet_manager.cc:1434] T 518d94dd3ebe4c9dabe35acf0ece2a4a P 91ec1af396a3420eac2b1e50f5724ec6: Time spent starting tablet: real 0.021s	user 0.005s	sys 0.003s
I20260713 09:02:30.822139 11443 tablet_bootstrap.cc:492] T ed9ad6edfdcc446991e6577b1b07f84b P 91ec1af396a3420eac2b1e50f5724ec6: Bootstrap starting.
I20260713 09:02:30.821156 11446 tablet_bootstrap.cc:654] T 0c26a5fba7144f558182926bf84f6edb P abac8847f05244a3b39b100b8772beb2: Neither blocks nor log segments found. Creating new log.
I20260713 09:02:30.824973 11444 tablet_bootstrap.cc:654] T 518d94dd3ebe4c9dabe35acf0ece2a4a P f79558357c2240b49cf5dfe7b8df2f35: Neither blocks nor log segments found. Creating new log.
I20260713 09:02:30.831748 11443 tablet_bootstrap.cc:654] T ed9ad6edfdcc446991e6577b1b07f84b P 91ec1af396a3420eac2b1e50f5724ec6: Neither blocks nor log segments found. Creating new log.
I20260713 09:02:30.827901 11147 catalog_manager.cc:5697] T 36211b87e8984443a61c8fb1d0295e11 P 91ec1af396a3420eac2b1e50f5724ec6 reported cstate change: term changed from 0 to 1, leader changed from <none> to 91ec1af396a3420eac2b1e50f5724ec6 (127.10.219.1). New cstate: current_term: 1 leader_uuid: "91ec1af396a3420eac2b1e50f5724ec6" committed_config { opid_index: -1 OBSOLETE_local: false peers { permanent_uuid: "91ec1af396a3420eac2b1e50f5724ec6" member_type: VOTER last_known_addr { host: "127.10.219.1" port: 38163 } health_report { overall_health: HEALTHY } } peers { permanent_uuid: "abac8847f05244a3b39b100b8772beb2" member_type: VOTER last_known_addr { host: "127.10.219.2" port: 36965 } health_report { overall_health: UNKNOWN } } peers { permanent_uuid: "f79558357c2240b49cf5dfe7b8df2f35" member_type: VOTER last_known_addr { host: "127.10.219.3" port: 41933 } health_report { overall_health: UNKNOWN } } }
I20260713 09:02:30.843840 11449 raft_consensus.cc:493] T 7eb6c3f72cf948fbbe246ddf0aa5a249 P f79558357c2240b49cf5dfe7b8df2f35 [term 0 FOLLOWER]: Starting pre-election (no leader contacted us within the election timeout)
I20260713 09:02:30.844693 11449 raft_consensus.cc:515] T 7eb6c3f72cf948fbbe246ddf0aa5a249 P f79558357c2240b49cf5dfe7b8df2f35 [term 0 FOLLOWER]: Starting pre-election with config: opid_index: -1 OBSOLETE_local: false peers { permanent_uuid: "91ec1af396a3420eac2b1e50f5724ec6" member_type: VOTER last_known_addr { host: "127.10.219.1" port: 38163 } } peers { permanent_uuid: "abac8847f05244a3b39b100b8772beb2" member_type: VOTER last_known_addr { host: "127.10.219.2" port: 36965 } } peers { permanent_uuid: "f79558357c2240b49cf5dfe7b8df2f35" member_type: VOTER last_known_addr { host: "127.10.219.3" port: 41933 } }
I20260713 09:02:30.853770 11449 leader_election.cc:290] T 7eb6c3f72cf948fbbe246ddf0aa5a249 P f79558357c2240b49cf5dfe7b8df2f35 [CANDIDATE]: Term 1 pre-election: Requested pre-vote from peers 91ec1af396a3420eac2b1e50f5724ec6 (127.10.219.1:38163), abac8847f05244a3b39b100b8772beb2 (127.10.219.2:36965)
I20260713 09:02:30.857079 11464 raft_consensus.cc:493] T 7eb6c3f72cf948fbbe246ddf0aa5a249 P 91ec1af396a3420eac2b1e50f5724ec6 [term 0 FOLLOWER]: Starting pre-election (no leader contacted us within the election timeout)
I20260713 09:02:30.856745 11443 tablet_bootstrap.cc:492] T ed9ad6edfdcc446991e6577b1b07f84b P 91ec1af396a3420eac2b1e50f5724ec6: No bootstrap required, opened a new log
I20260713 09:02:30.857834 11464 raft_consensus.cc:515] T 7eb6c3f72cf948fbbe246ddf0aa5a249 P 91ec1af396a3420eac2b1e50f5724ec6 [term 0 FOLLOWER]: Starting pre-election with config: opid_index: -1 OBSOLETE_local: false peers { permanent_uuid: "91ec1af396a3420eac2b1e50f5724ec6" member_type: VOTER last_known_addr { host: "127.10.219.1" port: 38163 } } peers { permanent_uuid: "abac8847f05244a3b39b100b8772beb2" member_type: VOTER last_known_addr { host: "127.10.219.2" port: 36965 } } peers { permanent_uuid: "f79558357c2240b49cf5dfe7b8df2f35" member_type: VOTER last_known_addr { host: "127.10.219.3" port: 41933 } }
I20260713 09:02:30.865310 11464 leader_election.cc:290] T 7eb6c3f72cf948fbbe246ddf0aa5a249 P 91ec1af396a3420eac2b1e50f5724ec6 [CANDIDATE]: Term 1 pre-election: Requested pre-vote from peers abac8847f05244a3b39b100b8772beb2 (127.10.219.2:36965), f79558357c2240b49cf5dfe7b8df2f35 (127.10.219.3:41933)
I20260713 09:02:30.860662 11443 ts_tablet_manager.cc:1403] T ed9ad6edfdcc446991e6577b1b07f84b P 91ec1af396a3420eac2b1e50f5724ec6: Time spent bootstrapping tablet: real 0.039s	user 0.004s	sys 0.010s
I20260713 09:02:30.872938 11446 tablet_bootstrap.cc:492] T 0c26a5fba7144f558182926bf84f6edb P abac8847f05244a3b39b100b8772beb2: No bootstrap required, opened a new log
I20260713 09:02:30.873579 11446 ts_tablet_manager.cc:1403] T 0c26a5fba7144f558182926bf84f6edb P abac8847f05244a3b39b100b8772beb2: Time spent bootstrapping tablet: real 0.084s	user 0.010s	sys 0.016s
I20260713 09:02:30.884270 11444 tablet_bootstrap.cc:492] T 518d94dd3ebe4c9dabe35acf0ece2a4a P f79558357c2240b49cf5dfe7b8df2f35: No bootstrap required, opened a new log
I20260713 09:02:30.883916 11443 raft_consensus.cc:359] T ed9ad6edfdcc446991e6577b1b07f84b P 91ec1af396a3420eac2b1e50f5724ec6 [term 0 FOLLOWER]: Replica starting. Triggering 0 pending ops. Active config: opid_index: -1 OBSOLETE_local: false peers { permanent_uuid: "abac8847f05244a3b39b100b8772beb2" member_type: VOTER last_known_addr { host: "127.10.219.2" port: 36965 } } peers { permanent_uuid: "91ec1af396a3420eac2b1e50f5724ec6" member_type: VOTER last_known_addr { host: "127.10.219.1" port: 38163 } } peers { permanent_uuid: "f79558357c2240b49cf5dfe7b8df2f35" member_type: VOTER last_known_addr { host: "127.10.219.3" port: 41933 } }
I20260713 09:02:30.884811 11443 raft_consensus.cc:385] T ed9ad6edfdcc446991e6577b1b07f84b P 91ec1af396a3420eac2b1e50f5724ec6 [term 0 FOLLOWER]: Consensus starting up: Expiring failure detector timer to make a prompt election more likely
I20260713 09:02:30.884977 11444 ts_tablet_manager.cc:1403] T 518d94dd3ebe4c9dabe35acf0ece2a4a P f79558357c2240b49cf5dfe7b8df2f35: Time spent bootstrapping tablet: real 0.070s	user 0.022s	sys 0.016s
I20260713 09:02:30.889379 11443 raft_consensus.cc:740] T ed9ad6edfdcc446991e6577b1b07f84b P 91ec1af396a3420eac2b1e50f5724ec6 [term 0 FOLLOWER]: Becoming Follower/Learner. State: Replica: 91ec1af396a3420eac2b1e50f5724ec6, State: Initialized, Role: FOLLOWER
I20260713 09:02:30.879185 11464 raft_consensus.cc:493] T 88f5a55950e84de983b7796ed9fd028c P 91ec1af396a3420eac2b1e50f5724ec6 [term 0 FOLLOWER]: Starting pre-election (no leader contacted us within the election timeout)
I20260713 09:02:30.890407 11464 raft_consensus.cc:515] T 88f5a55950e84de983b7796ed9fd028c P 91ec1af396a3420eac2b1e50f5724ec6 [term 0 FOLLOWER]: Starting pre-election with config: opid_index: -1 OBSOLETE_local: false peers { permanent_uuid: "91ec1af396a3420eac2b1e50f5724ec6" member_type: VOTER last_known_addr { host: "127.10.219.1" port: 38163 } } peers { permanent_uuid: "abac8847f05244a3b39b100b8772beb2" member_type: VOTER last_known_addr { host: "127.10.219.2" port: 36965 } } peers { permanent_uuid: "f79558357c2240b49cf5dfe7b8df2f35" member_type: VOTER last_known_addr { host: "127.10.219.3" port: 41933 } }
I20260713 09:02:30.892649 11464 leader_election.cc:290] T 88f5a55950e84de983b7796ed9fd028c P 91ec1af396a3420eac2b1e50f5724ec6 [CANDIDATE]: Term 1 pre-election: Requested pre-vote from peers abac8847f05244a3b39b100b8772beb2 (127.10.219.2:36965), f79558357c2240b49cf5dfe7b8df2f35 (127.10.219.3:41933)
I20260713 09:02:30.893164 11444 raft_consensus.cc:359] T 518d94dd3ebe4c9dabe35acf0ece2a4a P f79558357c2240b49cf5dfe7b8df2f35 [term 0 FOLLOWER]: Replica starting. Triggering 0 pending ops. Active config: opid_index: -1 OBSOLETE_local: false peers { permanent_uuid: "91ec1af396a3420eac2b1e50f5724ec6" member_type: VOTER last_known_addr { host: "127.10.219.1" port: 38163 } } peers { permanent_uuid: "abac8847f05244a3b39b100b8772beb2" member_type: VOTER last_known_addr { host: "127.10.219.2" port: 36965 } } peers { permanent_uuid: "f79558357c2240b49cf5dfe7b8df2f35" member_type: VOTER last_known_addr { host: "127.10.219.3" port: 41933 } }
I20260713 09:02:30.899051 11444 raft_consensus.cc:385] T 518d94dd3ebe4c9dabe35acf0ece2a4a P f79558357c2240b49cf5dfe7b8df2f35 [term 0 FOLLOWER]: Consensus starting up: Expiring failure detector timer to make a prompt election more likely
I20260713 09:02:30.900812 11444 raft_consensus.cc:740] T 518d94dd3ebe4c9dabe35acf0ece2a4a P f79558357c2240b49cf5dfe7b8df2f35 [term 0 FOLLOWER]: Becoming Follower/Learner. State: Replica: f79558357c2240b49cf5dfe7b8df2f35, State: Initialized, Role: FOLLOWER
I20260713 09:02:30.902402 11399 tablet_service.cc:1917] Received RequestConsensusVote() RPC: tablet_id: "88f5a55950e84de983b7796ed9fd028c" candidate_uuid: "abac8847f05244a3b39b100b8772beb2" candidate_term: 1 candidate_status { last_received { term: 0 index: 0 } } ignore_live_leader: false dest_uuid: "f79558357c2240b49cf5dfe7b8df2f35" is_pre_election: true
I20260713 09:02:30.895262 11443 consensus_queue.cc:260] T ed9ad6edfdcc446991e6577b1b07f84b P 91ec1af396a3420eac2b1e50f5724ec6 [NON_LEADER]: Queue going to NON_LEADER mode. State: All replicated index: 0, Majority replicated index: 0, Committed index: 0, Last appended: 0.0, Last appended by leader: 0, Current term: 0, Majority size: -1, State: 0, Mode: NON_LEADER, active raft config: opid_index: -1 OBSOLETE_local: false peers { permanent_uuid: "abac8847f05244a3b39b100b8772beb2" member_type: VOTER last_known_addr { host: "127.10.219.2" port: 36965 } } peers { permanent_uuid: "91ec1af396a3420eac2b1e50f5724ec6" member_type: VOTER last_known_addr { host: "127.10.219.1" port: 38163 } } peers { permanent_uuid: "f79558357c2240b49cf5dfe7b8df2f35" member_type: VOTER last_known_addr { host: "127.10.219.3" port: 41933 } }
I20260713 09:02:30.899749 11446 raft_consensus.cc:359] T 0c26a5fba7144f558182926bf84f6edb P abac8847f05244a3b39b100b8772beb2 [term 0 FOLLOWER]: Replica starting. Triggering 0 pending ops. Active config: opid_index: -1 OBSOLETE_local: false peers { permanent_uuid: "91ec1af396a3420eac2b1e50f5724ec6" member_type: VOTER last_known_addr { host: "127.10.219.1" port: 38163 } } peers { permanent_uuid: "abac8847f05244a3b39b100b8772beb2" member_type: VOTER last_known_addr { host: "127.10.219.2" port: 36965 } } peers { permanent_uuid: "f79558357c2240b49cf5dfe7b8df2f35" member_type: VOTER last_known_addr { host: "127.10.219.3" port: 41933 } }
W20260713 09:02:30.903892 11289 leader_election.cc:343] T 88f5a55950e84de983b7796ed9fd028c P abac8847f05244a3b39b100b8772beb2 [CANDIDATE]: Term 1 pre-election: Tablet error from VoteRequest() call to peer f79558357c2240b49cf5dfe7b8df2f35 (127.10.219.3:41933): Illegal state: must be running to vote when last-logged opid is not known
I20260713 09:02:30.904239 11326 tablet_service.cc:1917] Received RequestConsensusVote() RPC: tablet_id: "7eb6c3f72cf948fbbe246ddf0aa5a249" candidate_uuid: "91ec1af396a3420eac2b1e50f5724ec6" candidate_term: 1 candidate_status { last_received { term: 0 index: 0 } } ignore_live_leader: false dest_uuid: "abac8847f05244a3b39b100b8772beb2" is_pre_election: true
I20260713 09:02:30.910863 11443 ts_tablet_manager.cc:1434] T ed9ad6edfdcc446991e6577b1b07f84b P 91ec1af396a3420eac2b1e50f5724ec6: Time spent starting tablet: real 0.038s	user 0.006s	sys 0.003s
I20260713 09:02:30.910655 11399 tablet_service.cc:1917] Received RequestConsensusVote() RPC: tablet_id: "7eb6c3f72cf948fbbe246ddf0aa5a249" candidate_uuid: "91ec1af396a3420eac2b1e50f5724ec6" candidate_term: 1 candidate_status { last_received { term: 0 index: 0 } } ignore_live_leader: false dest_uuid: "f79558357c2240b49cf5dfe7b8df2f35" is_pre_election: true
I20260713 09:02:30.911645 11399 raft_consensus.cc:2468] T 7eb6c3f72cf948fbbe246ddf0aa5a249 P f79558357c2240b49cf5dfe7b8df2f35 [term 0 FOLLOWER]: Leader pre-election vote request: Granting yes vote for candidate 91ec1af396a3420eac2b1e50f5724ec6 in term 0.
I20260713 09:02:30.905364 11446 raft_consensus.cc:385] T 0c26a5fba7144f558182926bf84f6edb P abac8847f05244a3b39b100b8772beb2 [term 0 FOLLOWER]: Consensus starting up: Expiring failure detector timer to make a prompt election more likely
I20260713 09:02:30.912233 11251 tablet_service.cc:1917] Received RequestConsensusVote() RPC: tablet_id: "88f5a55950e84de983b7796ed9fd028c" candidate_uuid: "abac8847f05244a3b39b100b8772beb2" candidate_term: 1 candidate_status { last_received { term: 0 index: 0 } } ignore_live_leader: false dest_uuid: "91ec1af396a3420eac2b1e50f5724ec6" is_pre_election: true
I20260713 09:02:30.912827 11446 raft_consensus.cc:740] T 0c26a5fba7144f558182926bf84f6edb P abac8847f05244a3b39b100b8772beb2 [term 0 FOLLOWER]: Becoming Follower/Learner. State: Replica: abac8847f05244a3b39b100b8772beb2, State: Initialized, Role: FOLLOWER
I20260713 09:02:30.913147 11399 tablet_service.cc:1917] Received RequestConsensusVote() RPC: tablet_id: "88f5a55950e84de983b7796ed9fd028c" candidate_uuid: "91ec1af396a3420eac2b1e50f5724ec6" candidate_term: 1 candidate_status { last_received { term: 0 index: 0 } } ignore_live_leader: false dest_uuid: "f79558357c2240b49cf5dfe7b8df2f35" is_pre_election: true
I20260713 09:02:30.913130 11251 raft_consensus.cc:2468] T 88f5a55950e84de983b7796ed9fd028c P 91ec1af396a3420eac2b1e50f5724ec6 [term 0 FOLLOWER]: Leader pre-election vote request: Granting yes vote for candidate abac8847f05244a3b39b100b8772beb2 in term 0.
I20260713 09:02:30.906128 11325 tablet_service.cc:1917] Received RequestConsensusVote() RPC: tablet_id: "88f5a55950e84de983b7796ed9fd028c" candidate_uuid: "91ec1af396a3420eac2b1e50f5724ec6" candidate_term: 1 candidate_status { last_received { term: 0 index: 0 } } ignore_live_leader: false dest_uuid: "abac8847f05244a3b39b100b8772beb2" is_pre_election: true
I20260713 09:02:30.915481 11443 tablet_bootstrap.cc:492] T 34d32a13ba5f4f5cbe42435795ea0a24 P 91ec1af396a3420eac2b1e50f5724ec6: Bootstrap starting.
I20260713 09:02:30.915638 11449 raft_consensus.cc:493] T 34d32a13ba5f4f5cbe42435795ea0a24 P f79558357c2240b49cf5dfe7b8df2f35 [term 0 FOLLOWER]: Starting pre-election (no leader contacted us within the election timeout)
I20260713 09:02:30.916445 11290 leader_election.cc:304] T 88f5a55950e84de983b7796ed9fd028c P abac8847f05244a3b39b100b8772beb2 [CANDIDATE]: Term 1 pre-election: Election decided. Result: candidate won. Election summary: received 3 responses out of 3 voters: 2 yes votes; 1 no votes. yes voters: 91ec1af396a3420eac2b1e50f5724ec6, abac8847f05244a3b39b100b8772beb2; no voters: f79558357c2240b49cf5dfe7b8df2f35
I20260713 09:02:30.916556 11449 raft_consensus.cc:515] T 34d32a13ba5f4f5cbe42435795ea0a24 P f79558357c2240b49cf5dfe7b8df2f35 [term 0 FOLLOWER]: Starting pre-election with config: opid_index: -1 OBSOLETE_local: false peers { permanent_uuid: "91ec1af396a3420eac2b1e50f5724ec6" member_type: VOTER last_known_addr { host: "127.10.219.1" port: 38163 } } peers { permanent_uuid: "abac8847f05244a3b39b100b8772beb2" member_type: VOTER last_known_addr { host: "127.10.219.2" port: 36965 } } peers { permanent_uuid: "f79558357c2240b49cf5dfe7b8df2f35" member_type: VOTER last_known_addr { host: "127.10.219.3" port: 41933 } }
W20260713 09:02:30.919720 11214 leader_election.cc:343] T 7eb6c3f72cf948fbbe246ddf0aa5a249 P 91ec1af396a3420eac2b1e50f5724ec6 [CANDIDATE]: Term 1 pre-election: Tablet error from VoteRequest() call to peer abac8847f05244a3b39b100b8772beb2 (127.10.219.2:36965): Illegal state: must be running to vote when last-logged opid is not known
I20260713 09:02:30.920262 11446 consensus_queue.cc:260] T 0c26a5fba7144f558182926bf84f6edb P abac8847f05244a3b39b100b8772beb2 [NON_LEADER]: Queue going to NON_LEADER mode. State: All replicated index: 0, Majority replicated index: 0, Committed index: 0, Last appended: 0.0, Last appended by leader: 0, Current term: 0, Majority size: -1, State: 0, Mode: NON_LEADER, active raft config: opid_index: -1 OBSOLETE_local: false peers { permanent_uuid: "91ec1af396a3420eac2b1e50f5724ec6" member_type: VOTER last_known_addr { host: "127.10.219.1" port: 38163 } } peers { permanent_uuid: "abac8847f05244a3b39b100b8772beb2" member_type: VOTER last_known_addr { host: "127.10.219.2" port: 36965 } } peers { permanent_uuid: "f79558357c2240b49cf5dfe7b8df2f35" member_type: VOTER last_known_addr { host: "127.10.219.3" port: 41933 } }
I20260713 09:02:30.916136 11444 consensus_queue.cc:260] T 518d94dd3ebe4c9dabe35acf0ece2a4a P f79558357c2240b49cf5dfe7b8df2f35 [NON_LEADER]: Queue going to NON_LEADER mode. State: All replicated index: 0, Majority replicated index: 0, Committed index: 0, Last appended: 0.0, Last appended by leader: 0, Current term: 0, Majority size: -1, State: 0, Mode: NON_LEADER, active raft config: opid_index: -1 OBSOLETE_local: false peers { permanent_uuid: "91ec1af396a3420eac2b1e50f5724ec6" member_type: VOTER last_known_addr { host: "127.10.219.1" port: 38163 } } peers { permanent_uuid: "abac8847f05244a3b39b100b8772beb2" member_type: VOTER last_known_addr { host: "127.10.219.2" port: 36965 } } peers { permanent_uuid: "f79558357c2240b49cf5dfe7b8df2f35" member_type: VOTER last_known_addr { host: "127.10.219.3" port: 41933 } }
I20260713 09:02:30.919800 11325 raft_consensus.cc:2468] T 88f5a55950e84de983b7796ed9fd028c P abac8847f05244a3b39b100b8772beb2 [term 0 FOLLOWER]: Leader pre-election vote request: Granting yes vote for candidate 91ec1af396a3420eac2b1e50f5724ec6 in term 0.
I20260713 09:02:30.921523 11453 raft_consensus.cc:2804] T 88f5a55950e84de983b7796ed9fd028c P abac8847f05244a3b39b100b8772beb2 [term 0 FOLLOWER]: Leader pre-election won for term 1
I20260713 09:02:30.920670 11214 leader_election.cc:304] T 7eb6c3f72cf948fbbe246ddf0aa5a249 P 91ec1af396a3420eac2b1e50f5724ec6 [CANDIDATE]: Term 1 pre-election: Election decided. Result: candidate won. Election summary: received 3 responses out of 3 voters: 2 yes votes; 1 no votes. yes voters: 91ec1af396a3420eac2b1e50f5724ec6, f79558357c2240b49cf5dfe7b8df2f35; no voters: abac8847f05244a3b39b100b8772beb2
I20260713 09:02:30.925957 11453 raft_consensus.cc:493] T 88f5a55950e84de983b7796ed9fd028c P abac8847f05244a3b39b100b8772beb2 [term 0 FOLLOWER]: Starting leader election (no leader contacted us within the election timeout)
I20260713 09:02:30.926880 11453 raft_consensus.cc:3060] T 88f5a55950e84de983b7796ed9fd028c P abac8847f05244a3b39b100b8772beb2 [term 0 FOLLOWER]: Advancing to term 1
I20260713 09:02:30.923391 11449 leader_election.cc:290] T 34d32a13ba5f4f5cbe42435795ea0a24 P f79558357c2240b49cf5dfe7b8df2f35 [CANDIDATE]: Term 1 pre-election: Requested pre-vote from peers 91ec1af396a3420eac2b1e50f5724ec6 (127.10.219.1:38163), abac8847f05244a3b39b100b8772beb2 (127.10.219.2:36965)
I20260713 09:02:30.943483 11453 raft_consensus.cc:515] T 88f5a55950e84de983b7796ed9fd028c P abac8847f05244a3b39b100b8772beb2 [term 1 FOLLOWER]: Starting leader election with config: opid_index: -1 OBSOLETE_local: false peers { permanent_uuid: "91ec1af396a3420eac2b1e50f5724ec6" member_type: VOTER last_known_addr { host: "127.10.219.1" port: 38163 } } peers { permanent_uuid: "abac8847f05244a3b39b100b8772beb2" member_type: VOTER last_known_addr { host: "127.10.219.2" port: 36965 } } peers { permanent_uuid: "f79558357c2240b49cf5dfe7b8df2f35" member_type: VOTER last_known_addr { host: "127.10.219.3" port: 41933 } }
I20260713 09:02:30.945329 11464 raft_consensus.cc:2804] T 7eb6c3f72cf948fbbe246ddf0aa5a249 P 91ec1af396a3420eac2b1e50f5724ec6 [term 0 FOLLOWER]: Leader pre-election won for term 1
I20260713 09:02:30.949829 11464 raft_consensus.cc:493] T 7eb6c3f72cf948fbbe246ddf0aa5a249 P 91ec1af396a3420eac2b1e50f5724ec6 [term 0 FOLLOWER]: Starting leader election (no leader contacted us within the election timeout)
I20260713 09:02:30.950703 11464 raft_consensus.cc:3060] T 7eb6c3f72cf948fbbe246ddf0aa5a249 P 91ec1af396a3420eac2b1e50f5724ec6 [term 0 FOLLOWER]: Advancing to term 1
I20260713 09:02:30.955046 11214 leader_election.cc:304] T 88f5a55950e84de983b7796ed9fd028c P 91ec1af396a3420eac2b1e50f5724ec6 [CANDIDATE]: Term 1 pre-election: Election decided. Result: candidate won. Election summary: received 2 responses out of 3 voters: 2 yes votes; 0 no votes. yes voters: 91ec1af396a3420eac2b1e50f5724ec6, abac8847f05244a3b39b100b8772beb2; no voters: 
I20260713 09:02:30.961601 11446 ts_tablet_manager.cc:1434] T 0c26a5fba7144f558182926bf84f6edb P abac8847f05244a3b39b100b8772beb2: Time spent starting tablet: real 0.081s	user 0.023s	sys 0.015s
I20260713 09:02:30.962328 11447 raft_consensus.cc:2804] T 88f5a55950e84de983b7796ed9fd028c P 91ec1af396a3420eac2b1e50f5724ec6 [term 0 FOLLOWER]: Leader pre-election won for term 1
W20260713 09:02:30.962477 11214 leader_election.cc:343] T 88f5a55950e84de983b7796ed9fd028c P 91ec1af396a3420eac2b1e50f5724ec6 [CANDIDATE]: Term 1 pre-election: Tablet error from VoteRequest() call to peer f79558357c2240b49cf5dfe7b8df2f35 (127.10.219.3:41933): Illegal state: must be running to vote when last-logged opid is not known
I20260713 09:02:30.962734 11447 raft_consensus.cc:493] T 88f5a55950e84de983b7796ed9fd028c P 91ec1af396a3420eac2b1e50f5724ec6 [term 0 FOLLOWER]: Starting leader election (no leader contacted us within the election timeout)
I20260713 09:02:30.963078 11447 raft_consensus.cc:3060] T 88f5a55950e84de983b7796ed9fd028c P 91ec1af396a3420eac2b1e50f5724ec6 [term 0 FOLLOWER]: Advancing to term 1
I20260713 09:02:30.964358 11464 raft_consensus.cc:515] T 7eb6c3f72cf948fbbe246ddf0aa5a249 P 91ec1af396a3420eac2b1e50f5724ec6 [term 1 FOLLOWER]: Starting leader election with config: opid_index: -1 OBSOLETE_local: false peers { permanent_uuid: "91ec1af396a3420eac2b1e50f5724ec6" member_type: VOTER last_known_addr { host: "127.10.219.1" port: 38163 } } peers { permanent_uuid: "abac8847f05244a3b39b100b8772beb2" member_type: VOTER last_known_addr { host: "127.10.219.2" port: 36965 } } peers { permanent_uuid: "f79558357c2240b49cf5dfe7b8df2f35" member_type: VOTER last_known_addr { host: "127.10.219.3" port: 41933 } }
I20260713 09:02:30.966609 11444 ts_tablet_manager.cc:1434] T 518d94dd3ebe4c9dabe35acf0ece2a4a P f79558357c2240b49cf5dfe7b8df2f35: Time spent starting tablet: real 0.077s	user 0.010s	sys 0.017s
I20260713 09:02:30.967473 11464 leader_election.cc:290] T 7eb6c3f72cf948fbbe246ddf0aa5a249 P 91ec1af396a3420eac2b1e50f5724ec6 [CANDIDATE]: Term 1 election: Requested vote from peers abac8847f05244a3b39b100b8772beb2 (127.10.219.2:36965), f79558357c2240b49cf5dfe7b8df2f35 (127.10.219.3:41933)
I20260713 09:02:30.966990 11443 tablet_bootstrap.cc:654] T 34d32a13ba5f4f5cbe42435795ea0a24 P 91ec1af396a3420eac2b1e50f5724ec6: Neither blocks nor log segments found. Creating new log.
I20260713 09:02:30.969395 11325 tablet_service.cc:1917] Received RequestConsensusVote() RPC: tablet_id: "7eb6c3f72cf948fbbe246ddf0aa5a249" candidate_uuid: "91ec1af396a3420eac2b1e50f5724ec6" candidate_term: 1 candidate_status { last_received { term: 0 index: 0 } } ignore_live_leader: false dest_uuid: "abac8847f05244a3b39b100b8772beb2"
I20260713 09:02:30.973536 11447 raft_consensus.cc:515] T 88f5a55950e84de983b7796ed9fd028c P 91ec1af396a3420eac2b1e50f5724ec6 [term 1 FOLLOWER]: Starting leader election with config: opid_index: -1 OBSOLETE_local: false peers { permanent_uuid: "91ec1af396a3420eac2b1e50f5724ec6" member_type: VOTER last_known_addr { host: "127.10.219.1" port: 38163 } } peers { permanent_uuid: "abac8847f05244a3b39b100b8772beb2" member_type: VOTER last_known_addr { host: "127.10.219.2" port: 36965 } } peers { permanent_uuid: "f79558357c2240b49cf5dfe7b8df2f35" member_type: VOTER last_known_addr { host: "127.10.219.3" port: 41933 } }
I20260713 09:02:30.976756 11453 leader_election.cc:290] T 88f5a55950e84de983b7796ed9fd028c P abac8847f05244a3b39b100b8772beb2 [CANDIDATE]: Term 1 election: Requested vote from peers 91ec1af396a3420eac2b1e50f5724ec6 (127.10.219.1:38163), f79558357c2240b49cf5dfe7b8df2f35 (127.10.219.3:41933)
I20260713 09:02:30.976917 11446 tablet_bootstrap.cc:492] T 36211b87e8984443a61c8fb1d0295e11 P abac8847f05244a3b39b100b8772beb2: Bootstrap starting.
I20260713 09:02:30.977823 11482 raft_consensus.cc:493] T 518d94dd3ebe4c9dabe35acf0ece2a4a P f79558357c2240b49cf5dfe7b8df2f35 [term 0 FOLLOWER]: Starting pre-election (no leader contacted us within the election timeout)
I20260713 09:02:30.978526 11399 tablet_service.cc:1917] Received RequestConsensusVote() RPC: tablet_id: "88f5a55950e84de983b7796ed9fd028c" candidate_uuid: "abac8847f05244a3b39b100b8772beb2" candidate_term: 1 candidate_status { last_received { term: 0 index: 0 } } ignore_live_leader: false dest_uuid: "f79558357c2240b49cf5dfe7b8df2f35"
I20260713 09:02:30.978621 11251 tablet_service.cc:1917] Received RequestConsensusVote() RPC: tablet_id: "88f5a55950e84de983b7796ed9fd028c" candidate_uuid: "abac8847f05244a3b39b100b8772beb2" candidate_term: 1 candidate_status { last_received { term: 0 index: 0 } } ignore_live_leader: false dest_uuid: "91ec1af396a3420eac2b1e50f5724ec6"
I20260713 09:02:30.979292 11325 tablet_service.cc:1917] Received RequestConsensusVote() RPC: tablet_id: "88f5a55950e84de983b7796ed9fd028c" candidate_uuid: "91ec1af396a3420eac2b1e50f5724ec6" candidate_term: 1 candidate_status { last_received { term: 0 index: 0 } } ignore_live_leader: false dest_uuid: "abac8847f05244a3b39b100b8772beb2"
I20260713 09:02:30.978221 11444 tablet_bootstrap.cc:492] T 88f5a55950e84de983b7796ed9fd028c P f79558357c2240b49cf5dfe7b8df2f35: Bootstrap starting.
I20260713 09:02:30.978631 11482 raft_consensus.cc:515] T 518d94dd3ebe4c9dabe35acf0ece2a4a P f79558357c2240b49cf5dfe7b8df2f35 [term 0 FOLLOWER]: Starting pre-election with config: opid_index: -1 OBSOLETE_local: false peers { permanent_uuid: "91ec1af396a3420eac2b1e50f5724ec6" member_type: VOTER last_known_addr { host: "127.10.219.1" port: 38163 } } peers { permanent_uuid: "abac8847f05244a3b39b100b8772beb2" member_type: VOTER last_known_addr { host: "127.10.219.2" port: 36965 } } peers { permanent_uuid: "f79558357c2240b49cf5dfe7b8df2f35" member_type: VOTER last_known_addr { host: "127.10.219.3" port: 41933 } }
W20260713 09:02:30.981194 11289 leader_election.cc:343] T 88f5a55950e84de983b7796ed9fd028c P abac8847f05244a3b39b100b8772beb2 [CANDIDATE]: Term 1 election: Tablet error from VoteRequest() call to peer f79558357c2240b49cf5dfe7b8df2f35 (127.10.219.3:41933): Illegal state: must be running to vote when last-logged opid is not known
W20260713 09:02:30.981611 11214 leader_election.cc:343] T 7eb6c3f72cf948fbbe246ddf0aa5a249 P 91ec1af396a3420eac2b1e50f5724ec6 [CANDIDATE]: Term 1 election: Tablet error from VoteRequest() call to peer abac8847f05244a3b39b100b8772beb2 (127.10.219.2:36965): Illegal state: must be running to vote when last-logged opid is not known
I20260713 09:02:30.982033 11251 raft_consensus.cc:2393] T 88f5a55950e84de983b7796ed9fd028c P 91ec1af396a3420eac2b1e50f5724ec6 [term 1 FOLLOWER]: Leader election vote request: Denying vote to candidate abac8847f05244a3b39b100b8772beb2 in current term 1: Already voted for candidate 91ec1af396a3420eac2b1e50f5724ec6 in this term.
I20260713 09:02:30.983893 11290 leader_election.cc:304] T 88f5a55950e84de983b7796ed9fd028c P abac8847f05244a3b39b100b8772beb2 [CANDIDATE]: Term 1 election: Election decided. Result: candidate lost. Election summary: received 3 responses out of 3 voters: 1 yes votes; 2 no votes. yes voters: abac8847f05244a3b39b100b8772beb2; no voters: 91ec1af396a3420eac2b1e50f5724ec6, f79558357c2240b49cf5dfe7b8df2f35
I20260713 09:02:30.985087 11325 raft_consensus.cc:2393] T 88f5a55950e84de983b7796ed9fd028c P abac8847f05244a3b39b100b8772beb2 [term 1 FOLLOWER]: Leader election vote request: Denying vote to candidate 91ec1af396a3420eac2b1e50f5724ec6 in current term 1: Already voted for candidate abac8847f05244a3b39b100b8772beb2 in this term.
I20260713 09:02:30.985157 11399 tablet_service.cc:1917] Received RequestConsensusVote() RPC: tablet_id: "7eb6c3f72cf948fbbe246ddf0aa5a249" candidate_uuid: "91ec1af396a3420eac2b1e50f5724ec6" candidate_term: 1 candidate_status { last_received { term: 0 index: 0 } } ignore_live_leader: false dest_uuid: "f79558357c2240b49cf5dfe7b8df2f35"
I20260713 09:02:30.985910 11482 leader_election.cc:290] T 518d94dd3ebe4c9dabe35acf0ece2a4a P f79558357c2240b49cf5dfe7b8df2f35 [CANDIDATE]: Term 1 pre-election: Requested pre-vote from peers 91ec1af396a3420eac2b1e50f5724ec6 (127.10.219.1:38163), abac8847f05244a3b39b100b8772beb2 (127.10.219.2:36965)
I20260713 09:02:30.986665 11399 raft_consensus.cc:3060] T 7eb6c3f72cf948fbbe246ddf0aa5a249 P f79558357c2240b49cf5dfe7b8df2f35 [term 0 FOLLOWER]: Advancing to term 1
I20260713 09:02:30.986909 11453 raft_consensus.cc:2749] T 88f5a55950e84de983b7796ed9fd028c P abac8847f05244a3b39b100b8772beb2 [term 1 FOLLOWER]: Leader election lost for term 1. Reason: could not achieve majority
I20260713 09:02:30.991688 11447 leader_election.cc:290] T 88f5a55950e84de983b7796ed9fd028c P 91ec1af396a3420eac2b1e50f5724ec6 [CANDIDATE]: Term 1 election: Requested vote from peers abac8847f05244a3b39b100b8772beb2 (127.10.219.2:36965), f79558357c2240b49cf5dfe7b8df2f35 (127.10.219.3:41933)
I20260713 09:02:30.993811 11400 tablet_service.cc:1917] Received RequestConsensusVote() RPC: tablet_id: "88f5a55950e84de983b7796ed9fd028c" candidate_uuid: "91ec1af396a3420eac2b1e50f5724ec6" candidate_term: 1 candidate_status { last_received { term: 0 index: 0 } } ignore_live_leader: false dest_uuid: "f79558357c2240b49cf5dfe7b8df2f35"
I20260713 09:02:30.995431 11482 raft_consensus.cc:493] T 4167f0805cec4a189b9a5f1c1f5b6fe4 P f79558357c2240b49cf5dfe7b8df2f35 [term 0 FOLLOWER]: Starting pre-election (no leader contacted us within the election timeout)
I20260713 09:02:30.996152 11482 raft_consensus.cc:515] T 4167f0805cec4a189b9a5f1c1f5b6fe4 P f79558357c2240b49cf5dfe7b8df2f35 [term 0 FOLLOWER]: Starting pre-election with config: opid_index: -1 OBSOLETE_local: false peers { permanent_uuid: "91ec1af396a3420eac2b1e50f5724ec6" member_type: VOTER last_known_addr { host: "127.10.219.1" port: 38163 } } peers { permanent_uuid: "abac8847f05244a3b39b100b8772beb2" member_type: VOTER last_known_addr { host: "127.10.219.2" port: 36965 } } peers { permanent_uuid: "f79558357c2240b49cf5dfe7b8df2f35" member_type: VOTER last_known_addr { host: "127.10.219.3" port: 41933 } }
I20260713 09:02:30.998564 11482 leader_election.cc:290] T 4167f0805cec4a189b9a5f1c1f5b6fe4 P f79558357c2240b49cf5dfe7b8df2f35 [CANDIDATE]: Term 1 pre-election: Requested pre-vote from peers 91ec1af396a3420eac2b1e50f5724ec6 (127.10.219.1:38163), abac8847f05244a3b39b100b8772beb2 (127.10.219.2:36965)
I20260713 09:02:30.999171 11446 tablet_bootstrap.cc:654] T 36211b87e8984443a61c8fb1d0295e11 P abac8847f05244a3b39b100b8772beb2: Neither blocks nor log segments found. Creating new log.
I20260713 09:02:30.995651 11399 raft_consensus.cc:2468] T 7eb6c3f72cf948fbbe246ddf0aa5a249 P f79558357c2240b49cf5dfe7b8df2f35 [term 1 FOLLOWER]: Leader election vote request: Granting yes vote for candidate 91ec1af396a3420eac2b1e50f5724ec6 in term 1.
W20260713 09:02:30.999788 11214 leader_election.cc:343] T 88f5a55950e84de983b7796ed9fd028c P 91ec1af396a3420eac2b1e50f5724ec6 [CANDIDATE]: Term 1 election: Tablet error from VoteRequest() call to peer f79558357c2240b49cf5dfe7b8df2f35 (127.10.219.3:41933): Illegal state: must be running to vote when last-logged opid is not known
I20260713 09:02:31.004931 11325 tablet_service.cc:1917] Received RequestConsensusVote() RPC: tablet_id: "7eb6c3f72cf948fbbe246ddf0aa5a249" candidate_uuid: "f79558357c2240b49cf5dfe7b8df2f35" candidate_term: 1 candidate_status { last_received { term: 0 index: 0 } } ignore_live_leader: false dest_uuid: "abac8847f05244a3b39b100b8772beb2" is_pre_election: true
I20260713 09:02:31.006194 11326 tablet_service.cc:1917] Received RequestConsensusVote() RPC: tablet_id: "34d32a13ba5f4f5cbe42435795ea0a24" candidate_uuid: "f79558357c2240b49cf5dfe7b8df2f35" candidate_term: 1 candidate_status { last_received { term: 0 index: 0 } } ignore_live_leader: false dest_uuid: "abac8847f05244a3b39b100b8772beb2" is_pre_election: true
I20260713 09:02:31.006810 11443 tablet_bootstrap.cc:492] T 34d32a13ba5f4f5cbe42435795ea0a24 P 91ec1af396a3420eac2b1e50f5724ec6: No bootstrap required, opened a new log
I20260713 09:02:31.007266 11443 ts_tablet_manager.cc:1403] T 34d32a13ba5f4f5cbe42435795ea0a24 P 91ec1af396a3420eac2b1e50f5724ec6: Time spent bootstrapping tablet: real 0.093s	user 0.016s	sys 0.006s
I20260713 09:02:31.008481 11324 tablet_service.cc:1917] Received RequestConsensusVote() RPC: tablet_id: "518d94dd3ebe4c9dabe35acf0ece2a4a" candidate_uuid: "f79558357c2240b49cf5dfe7b8df2f35" candidate_term: 1 candidate_status { last_received { term: 0 index: 0 } } ignore_live_leader: false dest_uuid: "abac8847f05244a3b39b100b8772beb2" is_pre_election: true
I20260713 09:02:31.009596 11325 tablet_service.cc:1917] Received RequestConsensusVote() RPC: tablet_id: "4167f0805cec4a189b9a5f1c1f5b6fe4" candidate_uuid: "f79558357c2240b49cf5dfe7b8df2f35" candidate_term: 1 candidate_status { last_received { term: 0 index: 0 } } ignore_live_leader: false dest_uuid: "abac8847f05244a3b39b100b8772beb2" is_pre_election: true
I20260713 09:02:31.010188 11325 raft_consensus.cc:2468] T 4167f0805cec4a189b9a5f1c1f5b6fe4 P abac8847f05244a3b39b100b8772beb2 [term 0 FOLLOWER]: Leader pre-election vote request: Granting yes vote for candidate f79558357c2240b49cf5dfe7b8df2f35 in term 0.
W20260713 09:02:31.008179 11363 leader_election.cc:343] T 7eb6c3f72cf948fbbe246ddf0aa5a249 P f79558357c2240b49cf5dfe7b8df2f35 [CANDIDATE]: Term 1 pre-election: Tablet error from VoteRequest() call to peer abac8847f05244a3b39b100b8772beb2 (127.10.219.2:36965): Illegal state: must be running to vote when last-logged opid is not known
I20260713 09:02:31.011060 11444 tablet_bootstrap.cc:654] T 88f5a55950e84de983b7796ed9fd028c P f79558357c2240b49cf5dfe7b8df2f35: Neither blocks nor log segments found. Creating new log.
W20260713 09:02:31.011377 11363 leader_election.cc:343] T 34d32a13ba5f4f5cbe42435795ea0a24 P f79558357c2240b49cf5dfe7b8df2f35 [CANDIDATE]: Term 1 pre-election: Tablet error from VoteRequest() call to peer abac8847f05244a3b39b100b8772beb2 (127.10.219.2:36965): Illegal state: must be running to vote when last-logged opid is not known
W20260713 09:02:31.012590 11363 leader_election.cc:343] T 518d94dd3ebe4c9dabe35acf0ece2a4a P f79558357c2240b49cf5dfe7b8df2f35 [CANDIDATE]: Term 1 pre-election: Tablet error from VoteRequest() call to peer abac8847f05244a3b39b100b8772beb2 (127.10.219.2:36965): Illegal state: must be running to vote when last-logged opid is not known
I20260713 09:02:31.013242 11363 leader_election.cc:304] T 4167f0805cec4a189b9a5f1c1f5b6fe4 P f79558357c2240b49cf5dfe7b8df2f35 [CANDIDATE]: Term 1 pre-election: Election decided. Result: candidate won. Election summary: received 2 responses out of 3 voters: 2 yes votes; 0 no votes. yes voters: abac8847f05244a3b39b100b8772beb2, f79558357c2240b49cf5dfe7b8df2f35; no voters: 
I20260713 09:02:31.015280 11482 raft_consensus.cc:2804] T 4167f0805cec4a189b9a5f1c1f5b6fe4 P f79558357c2240b49cf5dfe7b8df2f35 [term 0 FOLLOWER]: Leader pre-election won for term 1
I20260713 09:02:31.015640 11482 raft_consensus.cc:493] T 4167f0805cec4a189b9a5f1c1f5b6fe4 P f79558357c2240b49cf5dfe7b8df2f35 [term 0 FOLLOWER]: Starting leader election (no leader contacted us within the election timeout)
I20260713 09:02:31.015952 11482 raft_consensus.cc:3060] T 4167f0805cec4a189b9a5f1c1f5b6fe4 P f79558357c2240b49cf5dfe7b8df2f35 [term 0 FOLLOWER]: Advancing to term 1
I20260713 09:02:31.005899 11214 leader_election.cc:304] T 88f5a55950e84de983b7796ed9fd028c P 91ec1af396a3420eac2b1e50f5724ec6 [CANDIDATE]: Term 1 election: Election decided. Result: candidate lost. Election summary: received 3 responses out of 3 voters: 1 yes votes; 2 no votes. yes voters: 91ec1af396a3420eac2b1e50f5724ec6; no voters: abac8847f05244a3b39b100b8772beb2, f79558357c2240b49cf5dfe7b8df2f35
I20260713 09:02:31.019932 11447 raft_consensus.cc:2749] T 88f5a55950e84de983b7796ed9fd028c P 91ec1af396a3420eac2b1e50f5724ec6 [term 1 FOLLOWER]: Leader election lost for term 1. Reason: could not achieve majority
I20260713 09:02:31.020627 11214 leader_election.cc:304] T 7eb6c3f72cf948fbbe246ddf0aa5a249 P 91ec1af396a3420eac2b1e50f5724ec6 [CANDIDATE]: Term 1 election: Election decided. Result: candidate won. Election summary: received 3 responses out of 3 voters: 2 yes votes; 1 no votes. yes voters: 91ec1af396a3420eac2b1e50f5724ec6, f79558357c2240b49cf5dfe7b8df2f35; no voters: abac8847f05244a3b39b100b8772beb2
I20260713 09:02:31.021590 11447 raft_consensus.cc:2804] T 7eb6c3f72cf948fbbe246ddf0aa5a249 P 91ec1af396a3420eac2b1e50f5724ec6 [term 1 FOLLOWER]: Leader election won for term 1
I20260713 09:02:31.022090 11447 raft_consensus.cc:697] T 7eb6c3f72cf948fbbe246ddf0aa5a249 P 91ec1af396a3420eac2b1e50f5724ec6 [term 1 LEADER]: Becoming Leader. State: Replica: 91ec1af396a3420eac2b1e50f5724ec6, State: Running, Role: LEADER
I20260713 09:02:31.022737 11251 tablet_service.cc:1917] Received RequestConsensusVote() RPC: tablet_id: "7eb6c3f72cf948fbbe246ddf0aa5a249" candidate_uuid: "f79558357c2240b49cf5dfe7b8df2f35" candidate_term: 1 candidate_status { last_received { term: 0 index: 0 } } ignore_live_leader: false dest_uuid: "91ec1af396a3420eac2b1e50f5724ec6" is_pre_election: true
I20260713 09:02:31.022902 11447 consensus_queue.cc:237] T 7eb6c3f72cf948fbbe246ddf0aa5a249 P 91ec1af396a3420eac2b1e50f5724ec6 [LEADER]: Queue going to LEADER mode. State: All replicated index: 0, Majority replicated index: 0, Committed index: 0, Last appended: 0.0, Last appended by leader: 0, Current term: 1, Majority size: 2, State: 0, Mode: LEADER, active raft config: opid_index: -1 OBSOLETE_local: false peers { permanent_uuid: "91ec1af396a3420eac2b1e50f5724ec6" member_type: VOTER last_known_addr { host: "127.10.219.1" port: 38163 } } peers { permanent_uuid: "abac8847f05244a3b39b100b8772beb2" member_type: VOTER last_known_addr { host: "127.10.219.2" port: 36965 } } peers { permanent_uuid: "f79558357c2240b49cf5dfe7b8df2f35" member_type: VOTER last_known_addr { host: "127.10.219.3" port: 41933 } }
I20260713 09:02:31.024639 11251 tablet_service.cc:1917] Received RequestConsensusVote() RPC: tablet_id: "34d32a13ba5f4f5cbe42435795ea0a24" candidate_uuid: "f79558357c2240b49cf5dfe7b8df2f35" candidate_term: 1 candidate_status { last_received { term: 0 index: 0 } } ignore_live_leader: false dest_uuid: "91ec1af396a3420eac2b1e50f5724ec6" is_pre_election: true
I20260713 09:02:31.025852 11482 raft_consensus.cc:515] T 4167f0805cec4a189b9a5f1c1f5b6fe4 P f79558357c2240b49cf5dfe7b8df2f35 [term 1 FOLLOWER]: Starting leader election with config: opid_index: -1 OBSOLETE_local: false peers { permanent_uuid: "91ec1af396a3420eac2b1e50f5724ec6" member_type: VOTER last_known_addr { host: "127.10.219.1" port: 38163 } } peers { permanent_uuid: "abac8847f05244a3b39b100b8772beb2" member_type: VOTER last_known_addr { host: "127.10.219.2" port: 36965 } } peers { permanent_uuid: "f79558357c2240b49cf5dfe7b8df2f35" member_type: VOTER last_known_addr { host: "127.10.219.3" port: 41933 } }
I20260713 09:02:31.026813 11250 tablet_service.cc:1917] Received RequestConsensusVote() RPC: tablet_id: "518d94dd3ebe4c9dabe35acf0ece2a4a" candidate_uuid: "f79558357c2240b49cf5dfe7b8df2f35" candidate_term: 1 candidate_status { last_received { term: 0 index: 0 } } ignore_live_leader: false dest_uuid: "91ec1af396a3420eac2b1e50f5724ec6" is_pre_election: true
I20260713 09:02:31.019024 11443 raft_consensus.cc:359] T 34d32a13ba5f4f5cbe42435795ea0a24 P 91ec1af396a3420eac2b1e50f5724ec6 [term 0 FOLLOWER]: Replica starting. Triggering 0 pending ops. Active config: opid_index: -1 OBSOLETE_local: false peers { permanent_uuid: "91ec1af396a3420eac2b1e50f5724ec6" member_type: VOTER last_known_addr { host: "127.10.219.1" port: 38163 } } peers { permanent_uuid: "abac8847f05244a3b39b100b8772beb2" member_type: VOTER last_known_addr { host: "127.10.219.2" port: 36965 } } peers { permanent_uuid: "f79558357c2240b49cf5dfe7b8df2f35" member_type: VOTER last_known_addr { host: "127.10.219.3" port: 41933 } }
I20260713 09:02:31.027725 11464 raft_consensus.cc:493] T ed9ad6edfdcc446991e6577b1b07f84b P 91ec1af396a3420eac2b1e50f5724ec6 [term 0 FOLLOWER]: Starting pre-election (no leader contacted us within the election timeout)
I20260713 09:02:31.027635 11250 raft_consensus.cc:2468] T 518d94dd3ebe4c9dabe35acf0ece2a4a P 91ec1af396a3420eac2b1e50f5724ec6 [term 0 FOLLOWER]: Leader pre-election vote request: Granting yes vote for candidate f79558357c2240b49cf5dfe7b8df2f35 in term 0.
I20260713 09:02:31.028153 11464 raft_consensus.cc:515] T ed9ad6edfdcc446991e6577b1b07f84b P 91ec1af396a3420eac2b1e50f5724ec6 [term 0 FOLLOWER]: Starting pre-election with config: opid_index: -1 OBSOLETE_local: false peers { permanent_uuid: "abac8847f05244a3b39b100b8772beb2" member_type: VOTER last_known_addr { host: "127.10.219.2" port: 36965 } } peers { permanent_uuid: "91ec1af396a3420eac2b1e50f5724ec6" member_type: VOTER last_known_addr { host: "127.10.219.1" port: 38163 } } peers { permanent_uuid: "f79558357c2240b49cf5dfe7b8df2f35" member_type: VOTER last_known_addr { host: "127.10.219.3" port: 41933 } }
I20260713 09:02:31.029595 11250 tablet_service.cc:1917] Received RequestConsensusVote() RPC: tablet_id: "4167f0805cec4a189b9a5f1c1f5b6fe4" candidate_uuid: "f79558357c2240b49cf5dfe7b8df2f35" candidate_term: 1 candidate_status { last_received { term: 0 index: 0 } } ignore_live_leader: false dest_uuid: "91ec1af396a3420eac2b1e50f5724ec6" is_pre_election: true
I20260713 09:02:31.029695 11482 leader_election.cc:290] T 4167f0805cec4a189b9a5f1c1f5b6fe4 P f79558357c2240b49cf5dfe7b8df2f35 [CANDIDATE]: Term 1 election: Requested vote from peers 91ec1af396a3420eac2b1e50f5724ec6 (127.10.219.1:38163), abac8847f05244a3b39b100b8772beb2 (127.10.219.2:36965)
I20260713 09:02:31.030045 11464 leader_election.cc:290] T ed9ad6edfdcc446991e6577b1b07f84b P 91ec1af396a3420eac2b1e50f5724ec6 [CANDIDATE]: Term 1 pre-election: Requested pre-vote from peers abac8847f05244a3b39b100b8772beb2 (127.10.219.2:36965), f79558357c2240b49cf5dfe7b8df2f35 (127.10.219.3:41933)
I20260713 09:02:31.030455 11446 tablet_bootstrap.cc:492] T 36211b87e8984443a61c8fb1d0295e11 P abac8847f05244a3b39b100b8772beb2: No bootstrap required, opened a new log
I20260713 09:02:31.031075 11446 ts_tablet_manager.cc:1403] T 36211b87e8984443a61c8fb1d0295e11 P abac8847f05244a3b39b100b8772beb2: Time spent bootstrapping tablet: real 0.054s	user 0.006s	sys 0.011s
I20260713 09:02:31.031195 11325 tablet_service.cc:1917] Received RequestConsensusVote() RPC: tablet_id: "4167f0805cec4a189b9a5f1c1f5b6fe4" candidate_uuid: "f79558357c2240b49cf5dfe7b8df2f35" candidate_term: 1 candidate_status { last_received { term: 0 index: 0 } } ignore_live_leader: false dest_uuid: "abac8847f05244a3b39b100b8772beb2"
I20260713 09:02:31.031248 11250 tablet_service.cc:1917] Received RequestConsensusVote() RPC: tablet_id: "4167f0805cec4a189b9a5f1c1f5b6fe4" candidate_uuid: "f79558357c2240b49cf5dfe7b8df2f35" candidate_term: 1 candidate_status { last_received { term: 0 index: 0 } } ignore_live_leader: false dest_uuid: "91ec1af396a3420eac2b1e50f5724ec6"
I20260713 09:02:31.031881 11325 raft_consensus.cc:3060] T 4167f0805cec4a189b9a5f1c1f5b6fe4 P abac8847f05244a3b39b100b8772beb2 [term 0 FOLLOWER]: Advancing to term 1
I20260713 09:02:31.032953 11364 leader_election.cc:304] T 7eb6c3f72cf948fbbe246ddf0aa5a249 P f79558357c2240b49cf5dfe7b8df2f35 [CANDIDATE]: Term 1 pre-election: Election decided. Result: candidate lost. Election summary: received 3 responses out of 3 voters: 1 yes votes; 2 no votes. yes voters: f79558357c2240b49cf5dfe7b8df2f35; no voters: 91ec1af396a3420eac2b1e50f5724ec6, abac8847f05244a3b39b100b8772beb2
I20260713 09:02:31.033797 11482 raft_consensus.cc:2749] T 7eb6c3f72cf948fbbe246ddf0aa5a249 P f79558357c2240b49cf5dfe7b8df2f35 [term 1 FOLLOWER]: Leader pre-election lost for term 1. Reason: could not achieve majority
I20260713 09:02:31.034888 11364 leader_election.cc:304] T 518d94dd3ebe4c9dabe35acf0ece2a4a P f79558357c2240b49cf5dfe7b8df2f35 [CANDIDATE]: Term 1 pre-election: Election decided. Result: candidate won. Election summary: received 3 responses out of 3 voters: 2 yes votes; 1 no votes. yes voters: 91ec1af396a3420eac2b1e50f5724ec6, f79558357c2240b49cf5dfe7b8df2f35; no voters: abac8847f05244a3b39b100b8772beb2
I20260713 09:02:31.034993 11446 raft_consensus.cc:359] T 36211b87e8984443a61c8fb1d0295e11 P abac8847f05244a3b39b100b8772beb2 [term 0 FOLLOWER]: Replica starting. Triggering 0 pending ops. Active config: opid_index: -1 OBSOLETE_local: false peers { permanent_uuid: "91ec1af396a3420eac2b1e50f5724ec6" member_type: VOTER last_known_addr { host: "127.10.219.1" port: 38163 } } peers { permanent_uuid: "abac8847f05244a3b39b100b8772beb2" member_type: VOTER last_known_addr { host: "127.10.219.2" port: 36965 } } peers { permanent_uuid: "f79558357c2240b49cf5dfe7b8df2f35" member_type: VOTER last_known_addr { host: "127.10.219.3" port: 41933 } }
I20260713 09:02:31.035714 11482 raft_consensus.cc:2804] T 518d94dd3ebe4c9dabe35acf0ece2a4a P f79558357c2240b49cf5dfe7b8df2f35 [term 0 FOLLOWER]: Leader pre-election won for term 1
I20260713 09:02:31.035907 11446 raft_consensus.cc:385] T 36211b87e8984443a61c8fb1d0295e11 P abac8847f05244a3b39b100b8772beb2 [term 0 FOLLOWER]: Consensus starting up: Expiring failure detector timer to make a prompt election more likely
I20260713 09:02:31.036094 11482 raft_consensus.cc:493] T 518d94dd3ebe4c9dabe35acf0ece2a4a P f79558357c2240b49cf5dfe7b8df2f35 [term 0 FOLLOWER]: Starting leader election (no leader contacted us within the election timeout)
I20260713 09:02:31.036242 11446 raft_consensus.cc:740] T 36211b87e8984443a61c8fb1d0295e11 P abac8847f05244a3b39b100b8772beb2 [term 0 FOLLOWER]: Becoming Follower/Learner. State: Replica: abac8847f05244a3b39b100b8772beb2, State: Initialized, Role: FOLLOWER
I20260713 09:02:31.036494 11482 raft_consensus.cc:3060] T 518d94dd3ebe4c9dabe35acf0ece2a4a P f79558357c2240b49cf5dfe7b8df2f35 [term 0 FOLLOWER]: Advancing to term 1
I20260713 09:02:31.037560 11446 consensus_queue.cc:260] T 36211b87e8984443a61c8fb1d0295e11 P abac8847f05244a3b39b100b8772beb2 [NON_LEADER]: Queue going to NON_LEADER mode. State: All replicated index: 0, Majority replicated index: 0, Committed index: 0, Last appended: 0.0, Last appended by leader: 0, Current term: 0, Majority size: -1, State: 0, Mode: NON_LEADER, active raft config: opid_index: -1 OBSOLETE_local: false peers { permanent_uuid: "91ec1af396a3420eac2b1e50f5724ec6" member_type: VOTER last_known_addr { host: "127.10.219.1" port: 38163 } } peers { permanent_uuid: "abac8847f05244a3b39b100b8772beb2" member_type: VOTER last_known_addr { host: "127.10.219.2" port: 36965 } } peers { permanent_uuid: "f79558357c2240b49cf5dfe7b8df2f35" member_type: VOTER last_known_addr { host: "127.10.219.3" port: 41933 } }
I20260713 09:02:31.039213 11324 tablet_service.cc:1917] Received RequestConsensusVote() RPC: tablet_id: "ed9ad6edfdcc446991e6577b1b07f84b" candidate_uuid: "91ec1af396a3420eac2b1e50f5724ec6" candidate_term: 1 candidate_status { last_received { term: 0 index: 0 } } ignore_live_leader: false dest_uuid: "abac8847f05244a3b39b100b8772beb2" is_pre_election: true
I20260713 09:02:31.039842 11446 ts_tablet_manager.cc:1434] T 36211b87e8984443a61c8fb1d0295e11 P abac8847f05244a3b39b100b8772beb2: Time spent starting tablet: real 0.008s	user 0.003s	sys 0.003s
I20260713 09:02:31.039199 11325 raft_consensus.cc:2468] T 4167f0805cec4a189b9a5f1c1f5b6fe4 P abac8847f05244a3b39b100b8772beb2 [term 1 FOLLOWER]: Leader election vote request: Granting yes vote for candidate f79558357c2240b49cf5dfe7b8df2f35 in term 1.
I20260713 09:02:31.040283 11399 tablet_service.cc:1917] Received RequestConsensusVote() RPC: tablet_id: "ed9ad6edfdcc446991e6577b1b07f84b" candidate_uuid: "91ec1af396a3420eac2b1e50f5724ec6" candidate_term: 1 candidate_status { last_received { term: 0 index: 0 } } ignore_live_leader: false dest_uuid: "f79558357c2240b49cf5dfe7b8df2f35" is_pre_election: true
I20260713 09:02:31.041008 11399 raft_consensus.cc:2468] T ed9ad6edfdcc446991e6577b1b07f84b P f79558357c2240b49cf5dfe7b8df2f35 [term 0 FOLLOWER]: Leader pre-election vote request: Granting yes vote for candidate 91ec1af396a3420eac2b1e50f5724ec6 in term 0.
W20260713 09:02:31.041208 11364 leader_election.cc:343] T 4167f0805cec4a189b9a5f1c1f5b6fe4 P f79558357c2240b49cf5dfe7b8df2f35 [CANDIDATE]: Term 1 pre-election: Tablet error from VoteRequest() call to peer 91ec1af396a3420eac2b1e50f5724ec6 (127.10.219.1:38163): Illegal state: must be running to vote when last-logged opid is not known
I20260713 09:02:31.027587 11443 raft_consensus.cc:385] T 34d32a13ba5f4f5cbe42435795ea0a24 P 91ec1af396a3420eac2b1e50f5724ec6 [term 0 FOLLOWER]: Consensus starting up: Expiring failure detector timer to make a prompt election more likely
I20260713 09:02:31.042472 11363 leader_election.cc:304] T 4167f0805cec4a189b9a5f1c1f5b6fe4 P f79558357c2240b49cf5dfe7b8df2f35 [CANDIDATE]: Term 1 election: Election decided. Result: candidate won. Election summary: received 2 responses out of 3 voters: 2 yes votes; 0 no votes. yes voters: abac8847f05244a3b39b100b8772beb2, f79558357c2240b49cf5dfe7b8df2f35; no voters: 
I20260713 09:02:31.042825 11443 raft_consensus.cc:740] T 34d32a13ba5f4f5cbe42435795ea0a24 P 91ec1af396a3420eac2b1e50f5724ec6 [term 0 FOLLOWER]: Becoming Follower/Learner. State: Replica: 91ec1af396a3420eac2b1e50f5724ec6, State: Initialized, Role: FOLLOWER
I20260713 09:02:31.043324 11449 raft_consensus.cc:2804] T 4167f0805cec4a189b9a5f1c1f5b6fe4 P f79558357c2240b49cf5dfe7b8df2f35 [term 1 FOLLOWER]: Leader election won for term 1
