I20260713 09:03:10.415644 12257 tablet_copy_service.cc:434] P 76c0a1b21e7e4f97a7661a0e08f40ad6: ending tablet copy session 7fe704d469034832882c6869df02bb11-82996440515b46ce9d7530f6dd17f2d9 on tablet 82996440515b46ce9d7530f6dd17f2d9 with peer 7fe704d469034832882c6869df02bb11
I20260713 09:03:10.527647 12660 raft_consensus.cc:1217] T f2696e8251c54b0980a4cccaf4afd5cc P 7fe704d469034832882c6869df02bb11 [term 1 LEARNER]: Deduplicated request from leader. Original: 1.1->[1.2-1.2]   Dedup: 1.2->[]
I20260713 09:03:10.829957 12660 raft_consensus.cc:1217] T 82996440515b46ce9d7530f6dd17f2d9 P 7fe704d469034832882c6869df02bb11 [term 1 LEARNER]: Deduplicated request from leader. Original: 1.1->[1.2-1.2]   Dedup: 1.2->[]
I20260713 09:03:11.143006 12975 raft_consensus.cc:1064] T f2696e8251c54b0980a4cccaf4afd5cc P cd8f3390cc634712ac09b4328b439af6: attempting to promote NON_VOTER 7fe704d469034832882c6869df02bb11 to VOTER
I20260713 09:03:11.144896 12975 consensus_queue.cc:237] T f2696e8251c54b0980a4cccaf4afd5cc P cd8f3390cc634712ac09b4328b439af6 [LEADER]: Queue going to LEADER mode. State: All replicated index: 0, Majority replicated index: 2, Committed index: 2, Last appended: 1.2, Last appended by leader: 0, Current term: 1, Majority size: 3, State: 0, Mode: LEADER, active raft config: opid_index: 3 OBSOLETE_local: false peers { permanent_uuid: "76c0a1b21e7e4f97a7661a0e08f40ad6" member_type: VOTER last_known_addr { host: "127.10.219.1" port: 45109 } } peers { permanent_uuid: "cd8f3390cc634712ac09b4328b439af6" member_type: VOTER last_known_addr { host: "127.10.219.2" port: 34335 } } peers { permanent_uuid: "65f9c7b02ed9403981e03cf7f769c063" member_type: VOTER last_known_addr { host: "127.10.219.3" port: 41297 } attrs { replace: true } } peers { permanent_uuid: "7fe704d469034832882c6869df02bb11" member_type: VOTER last_known_addr { host: "127.10.219.4" port: 46757 } attrs { promote: false } }
I20260713 09:03:11.150825 12661 raft_consensus.cc:1275] T f2696e8251c54b0980a4cccaf4afd5cc P 7fe704d469034832882c6869df02bb11 [term 1 LEARNER]: Refusing update from remote peer cd8f3390cc634712ac09b4328b439af6: Log matching property violated. Preceding OpId in replica: term: 1 index: 2. Preceding OpId from leader: term: 1 index: 3. (index mismatch)
I20260713 09:03:11.154199 12248 raft_consensus.cc:1275] T f2696e8251c54b0980a4cccaf4afd5cc P 76c0a1b21e7e4f97a7661a0e08f40ad6 [term 1 FOLLOWER]: Refusing update from remote peer cd8f3390cc634712ac09b4328b439af6: Log matching property violated. Preceding OpId in replica: term: 1 index: 2. Preceding OpId from leader: term: 1 index: 3. (index mismatch)
I20260713 09:03:11.154951 12392 raft_consensus.cc:1275] T f2696e8251c54b0980a4cccaf4afd5cc P 65f9c7b02ed9403981e03cf7f769c063 [term 1 FOLLOWER]: Refusing update from remote peer cd8f3390cc634712ac09b4328b439af6: Log matching property violated. Preceding OpId in replica: term: 1 index: 2. Preceding OpId from leader: term: 1 index: 3. (index mismatch)
I20260713 09:03:11.155964 12975 consensus_queue.cc:1048] T f2696e8251c54b0980a4cccaf4afd5cc P cd8f3390cc634712ac09b4328b439af6 [LEADER]: Connected to new peer: Peer: permanent_uuid: "7fe704d469034832882c6869df02bb11" member_type: VOTER last_known_addr { host: "127.10.219.4" port: 46757 } attrs { promote: false }, Status: LMP_MISMATCH, Last received: 0.0, Next index: 3, Last known committed idx: 2, Time since last communication: 0.000s
I20260713 09:03:11.157588 12998 consensus_queue.cc:1048] T f2696e8251c54b0980a4cccaf4afd5cc P cd8f3390cc634712ac09b4328b439af6 [LEADER]: Connected to new peer: Peer: permanent_uuid: "76c0a1b21e7e4f97a7661a0e08f40ad6" member_type: VOTER last_known_addr { host: "127.10.219.1" port: 45109 }, Status: LMP_MISMATCH, Last received: 0.0, Next index: 3, Last known committed idx: 2, Time since last communication: 0.000s
I20260713 09:03:11.158638 12995 consensus_queue.cc:1048] T f2696e8251c54b0980a4cccaf4afd5cc P cd8f3390cc634712ac09b4328b439af6 [LEADER]: Connected to new peer: Peer: permanent_uuid: "65f9c7b02ed9403981e03cf7f769c063" member_type: VOTER last_known_addr { host: "127.10.219.3" port: 41297 } attrs { replace: true }, Status: LMP_MISMATCH, Last received: 0.0, Next index: 3, Last known committed idx: 2, Time since last communication: 0.000s
I20260713 09:03:11.178305 12995 raft_consensus.cc:2955] T f2696e8251c54b0980a4cccaf4afd5cc P cd8f3390cc634712ac09b4328b439af6 [term 1 LEADER]: Committing config change with OpId 1.3: config changed from index 2 to 3, 7fe704d469034832882c6869df02bb11 (127.10.219.4) changed from NON_VOTER to VOTER. New config: { opid_index: 3 OBSOLETE_local: false peers { permanent_uuid: "76c0a1b21e7e4f97a7661a0e08f40ad6" member_type: VOTER last_known_addr { host: "127.10.219.1" port: 45109 } } peers { permanent_uuid: "cd8f3390cc634712ac09b4328b439af6" member_type: VOTER last_known_addr { host: "127.10.219.2" port: 34335 } } peers { permanent_uuid: "65f9c7b02ed9403981e03cf7f769c063" member_type: VOTER last_known_addr { host: "127.10.219.3" port: 41297 } attrs { replace: true } } peers { permanent_uuid: "7fe704d469034832882c6869df02bb11" member_type: VOTER last_known_addr { host: "127.10.219.4" port: 46757 } attrs { promote: false } } }
I20260713 09:03:11.180171 12248 raft_consensus.cc:2955] T f2696e8251c54b0980a4cccaf4afd5cc P 76c0a1b21e7e4f97a7661a0e08f40ad6 [term 1 FOLLOWER]: Committing config change with OpId 1.3: config changed from index 2 to 3, 7fe704d469034832882c6869df02bb11 (127.10.219.4) changed from NON_VOTER to VOTER. New config: { opid_index: 3 OBSOLETE_local: false peers { permanent_uuid: "76c0a1b21e7e4f97a7661a0e08f40ad6" member_type: VOTER last_known_addr { host: "127.10.219.1" port: 45109 } } peers { permanent_uuid: "cd8f3390cc634712ac09b4328b439af6" member_type: VOTER last_known_addr { host: "127.10.219.2" port: 34335 } } peers { permanent_uuid: "65f9c7b02ed9403981e03cf7f769c063" member_type: VOTER last_known_addr { host: "127.10.219.3" port: 41297 } attrs { replace: true } } peers { permanent_uuid: "7fe704d469034832882c6869df02bb11" member_type: VOTER last_known_addr { host: "127.10.219.4" port: 46757 } attrs { promote: false } } }
I20260713 09:03:11.181514 12661 raft_consensus.cc:2955] T f2696e8251c54b0980a4cccaf4afd5cc P 7fe704d469034832882c6869df02bb11 [term 1 FOLLOWER]: Committing config change with OpId 1.3: config changed from index 2 to 3, 7fe704d469034832882c6869df02bb11 (127.10.219.4) changed from NON_VOTER to VOTER. New config: { opid_index: 3 OBSOLETE_local: false peers { permanent_uuid: "76c0a1b21e7e4f97a7661a0e08f40ad6" member_type: VOTER last_known_addr { host: "127.10.219.1" port: 45109 } } peers { permanent_uuid: "cd8f3390cc634712ac09b4328b439af6" member_type: VOTER last_known_addr { host: "127.10.219.2" port: 34335 } } peers { permanent_uuid: "65f9c7b02ed9403981e03cf7f769c063" member_type: VOTER last_known_addr { host: "127.10.219.3" port: 41297 } attrs { replace: true } } peers { permanent_uuid: "7fe704d469034832882c6869df02bb11" member_type: VOTER last_known_addr { host: "127.10.219.4" port: 46757 } attrs { promote: false } } }
I20260713 09:03:11.193451 12392 raft_consensus.cc:2955] T f2696e8251c54b0980a4cccaf4afd5cc P 65f9c7b02ed9403981e03cf7f769c063 [term 1 FOLLOWER]: Committing config change with OpId 1.3: config changed from index 2 to 3, 7fe704d469034832882c6869df02bb11 (127.10.219.4) changed from NON_VOTER to VOTER. New config: { opid_index: 3 OBSOLETE_local: false peers { permanent_uuid: "76c0a1b21e7e4f97a7661a0e08f40ad6" member_type: VOTER last_known_addr { host: "127.10.219.1" port: 45109 } } peers { permanent_uuid: "cd8f3390cc634712ac09b4328b439af6" member_type: VOTER last_known_addr { host: "127.10.219.2" port: 34335 } } peers { permanent_uuid: "65f9c7b02ed9403981e03cf7f769c063" member_type: VOTER last_known_addr { host: "127.10.219.3" port: 41297 } attrs { replace: true } } peers { permanent_uuid: "7fe704d469034832882c6869df02bb11" member_type: VOTER last_known_addr { host: "127.10.219.4" port: 46757 } attrs { promote: false } } }
I20260713 09:03:11.195992 12145 catalog_manager.cc:5697] T f2696e8251c54b0980a4cccaf4afd5cc P 76c0a1b21e7e4f97a7661a0e08f40ad6 reported cstate change: config changed from index 2 to 3, 7fe704d469034832882c6869df02bb11 (127.10.219.4) changed from NON_VOTER to VOTER. New cstate: current_term: 1 leader_uuid: "cd8f3390cc634712ac09b4328b439af6" committed_config { opid_index: 3 OBSOLETE_local: false peers { permanent_uuid: "76c0a1b21e7e4f97a7661a0e08f40ad6" member_type: VOTER last_known_addr { host: "127.10.219.1" port: 45109 } } peers { permanent_uuid: "cd8f3390cc634712ac09b4328b439af6" member_type: VOTER last_known_addr { host: "127.10.219.2" port: 34335 } } peers { permanent_uuid: "65f9c7b02ed9403981e03cf7f769c063" member_type: VOTER last_known_addr { host: "127.10.219.3" port: 41297 } attrs { replace: true } } peers { permanent_uuid: "7fe704d469034832882c6869df02bb11" member_type: VOTER last_known_addr { host: "127.10.219.4" port: 46757 } attrs { promote: false } } }
I20260713 09:03:11.228943 12322 consensus_queue.cc:237] T f2696e8251c54b0980a4cccaf4afd5cc P cd8f3390cc634712ac09b4328b439af6 [LEADER]: Queue going to LEADER mode. State: All replicated index: 0, Majority replicated index: 3, Committed index: 3, Last appended: 1.3, Last appended by leader: 0, Current term: 1, Majority size: 2, State: 0, Mode: LEADER, active raft config: opid_index: 4 OBSOLETE_local: false peers { permanent_uuid: "76c0a1b21e7e4f97a7661a0e08f40ad6" member_type: VOTER last_known_addr { host: "127.10.219.1" port: 45109 } } peers { permanent_uuid: "cd8f3390cc634712ac09b4328b439af6" member_type: VOTER last_known_addr { host: "127.10.219.2" port: 34335 } } peers { permanent_uuid: "7fe704d469034832882c6869df02bb11" member_type: VOTER last_known_addr { host: "127.10.219.4" port: 46757 } attrs { promote: false } }
I20260713 09:03:11.233850 12248 raft_consensus.cc:1275] T f2696e8251c54b0980a4cccaf4afd5cc P 76c0a1b21e7e4f97a7661a0e08f40ad6 [term 1 FOLLOWER]: Refusing update from remote peer cd8f3390cc634712ac09b4328b439af6: Log matching property violated. Preceding OpId in replica: term: 1 index: 3. Preceding OpId from leader: term: 1 index: 4. (index mismatch)
I20260713 09:03:11.234812 12661 raft_consensus.cc:1275] T f2696e8251c54b0980a4cccaf4afd5cc P 7fe704d469034832882c6869df02bb11 [term 1 FOLLOWER]: Refusing update from remote peer cd8f3390cc634712ac09b4328b439af6: Log matching property violated. Preceding OpId in replica: term: 1 index: 3. Preceding OpId from leader: term: 1 index: 4. (index mismatch)
I20260713 09:03:11.235410 12975 consensus_queue.cc:1048] T f2696e8251c54b0980a4cccaf4afd5cc P cd8f3390cc634712ac09b4328b439af6 [LEADER]: Connected to new peer: Peer: permanent_uuid: "76c0a1b21e7e4f97a7661a0e08f40ad6" member_type: VOTER last_known_addr { host: "127.10.219.1" port: 45109 }, Status: LMP_MISMATCH, Last received: 0.0, Next index: 4, Last known committed idx: 3, Time since last communication: 0.000s
I20260713 09:03:11.236361 12995 consensus_queue.cc:1048] T f2696e8251c54b0980a4cccaf4afd5cc P cd8f3390cc634712ac09b4328b439af6 [LEADER]: Connected to new peer: Peer: permanent_uuid: "7fe704d469034832882c6869df02bb11" member_type: VOTER last_known_addr { host: "127.10.219.4" port: 46757 } attrs { promote: false }, Status: LMP_MISMATCH, Last received: 0.0, Next index: 4, Last known committed idx: 3, Time since last communication: 0.000s
I20260713 09:03:11.245370 12998 raft_consensus.cc:2955] T f2696e8251c54b0980a4cccaf4afd5cc P cd8f3390cc634712ac09b4328b439af6 [term 1 LEADER]: Committing config change with OpId 1.4: config changed from index 3 to 4, VOTER 65f9c7b02ed9403981e03cf7f769c063 (127.10.219.3) evicted. New config: { opid_index: 4 OBSOLETE_local: false peers { permanent_uuid: "76c0a1b21e7e4f97a7661a0e08f40ad6" member_type: VOTER last_known_addr { host: "127.10.219.1" port: 45109 } } peers { permanent_uuid: "cd8f3390cc634712ac09b4328b439af6" member_type: VOTER last_known_addr { host: "127.10.219.2" port: 34335 } } peers { permanent_uuid: "7fe704d469034832882c6869df02bb11" member_type: VOTER last_known_addr { host: "127.10.219.4" port: 46757 } attrs { promote: false } } }
I20260713 09:03:11.246457 12248 raft_consensus.cc:2955] T f2696e8251c54b0980a4cccaf4afd5cc P 76c0a1b21e7e4f97a7661a0e08f40ad6 [term 1 FOLLOWER]: Committing config change with OpId 1.4: config changed from index 3 to 4, VOTER 65f9c7b02ed9403981e03cf7f769c063 (127.10.219.3) evicted. New config: { opid_index: 4 OBSOLETE_local: false peers { permanent_uuid: "76c0a1b21e7e4f97a7661a0e08f40ad6" member_type: VOTER last_known_addr { host: "127.10.219.1" port: 45109 } } peers { permanent_uuid: "cd8f3390cc634712ac09b4328b439af6" member_type: VOTER last_known_addr { host: "127.10.219.2" port: 34335 } } peers { permanent_uuid: "7fe704d469034832882c6869df02bb11" member_type: VOTER last_known_addr { host: "127.10.219.4" port: 46757 } attrs { promote: false } } }
I20260713 09:03:11.248507 12661 raft_consensus.cc:2955] T f2696e8251c54b0980a4cccaf4afd5cc P 7fe704d469034832882c6869df02bb11 [term 1 FOLLOWER]: Committing config change with OpId 1.4: config changed from index 3 to 4, VOTER 65f9c7b02ed9403981e03cf7f769c063 (127.10.219.3) evicted. New config: { opid_index: 4 OBSOLETE_local: false peers { permanent_uuid: "76c0a1b21e7e4f97a7661a0e08f40ad6" member_type: VOTER last_known_addr { host: "127.10.219.1" port: 45109 } } peers { permanent_uuid: "cd8f3390cc634712ac09b4328b439af6" member_type: VOTER last_known_addr { host: "127.10.219.2" port: 34335 } } peers { permanent_uuid: "7fe704d469034832882c6869df02bb11" member_type: VOTER last_known_addr { host: "127.10.219.4" port: 46757 } attrs { promote: false } } }
I20260713 09:03:11.260989 12141 catalog_manager.cc:5697] T f2696e8251c54b0980a4cccaf4afd5cc P 76c0a1b21e7e4f97a7661a0e08f40ad6 reported cstate change: config changed from index 3 to 4, VOTER 65f9c7b02ed9403981e03cf7f769c063 (127.10.219.3) evicted. New cstate: current_term: 1 leader_uuid: "cd8f3390cc634712ac09b4328b439af6" committed_config { opid_index: 4 OBSOLETE_local: false peers { permanent_uuid: "76c0a1b21e7e4f97a7661a0e08f40ad6" member_type: VOTER last_known_addr { host: "127.10.219.1" port: 45109 } } peers { permanent_uuid: "cd8f3390cc634712ac09b4328b439af6" member_type: VOTER last_known_addr { host: "127.10.219.2" port: 34335 } } peers { permanent_uuid: "7fe704d469034832882c6869df02bb11" member_type: VOTER last_known_addr { host: "127.10.219.4" port: 46757 } attrs { promote: false } } }
I20260713 09:03:11.268389 12132 catalog_manager.cc:5210] ChangeConfig:REMOVE_PEER RPC for tablet f2696e8251c54b0980a4cccaf4afd5cc with cas_config_opid_index 3: ChangeConfig:REMOVE_PEER succeeded (attempt 1)
I20260713 09:03:11.273137 12382 tablet_service.cc:1558] Processing DeleteTablet for tablet f2696e8251c54b0980a4cccaf4afd5cc with delete_type TABLET_DATA_TOMBSTONED (TS 65f9c7b02ed9403981e03cf7f769c063 not found in new config with opid_index 4) from {username='slave'} at 127.0.0.1:42592
I20260713 09:03:11.275051 13006 tablet_replica.cc:333] T f2696e8251c54b0980a4cccaf4afd5cc P 65f9c7b02ed9403981e03cf7f769c063: stopping tablet replica
I20260713 09:03:11.275846 13006 raft_consensus.cc:2243] T f2696e8251c54b0980a4cccaf4afd5cc P 65f9c7b02ed9403981e03cf7f769c063 [term 1 FOLLOWER]: Raft consensus shutting down.
I20260713 09:03:11.276523 13006 raft_consensus.cc:2272] T f2696e8251c54b0980a4cccaf4afd5cc P 65f9c7b02ed9403981e03cf7f769c063 [term 1 FOLLOWER]: Raft consensus is shut down!
I20260713 09:03:11.279668 13006 ts_tablet_manager.cc:1916] T f2696e8251c54b0980a4cccaf4afd5cc P 65f9c7b02ed9403981e03cf7f769c063: Deleting tablet data with delete state TABLET_DATA_TOMBSTONED
I20260713 09:03:11.293354 13006 ts_tablet_manager.cc:1929] T f2696e8251c54b0980a4cccaf4afd5cc P 65f9c7b02ed9403981e03cf7f769c063: tablet deleted with delete type TABLET_DATA_TOMBSTONED: last-logged OpId 1.3
I20260713 09:03:11.293738 13006 log.cc:1199] T f2696e8251c54b0980a4cccaf4afd5cc P 65f9c7b02ed9403981e03cf7f769c063: Deleting WAL directory at /tmp/dist-test-task5hRGfD/test-tmp/auto_leader_rebalancer-test.0.LeaderRebalancerTest.AddTserver.1783933347584784-11116-0/minicluster-data/ts-2-root/wals/f2696e8251c54b0980a4cccaf4afd5cc
I20260713 09:03:11.295159 12130 catalog_manager.cc:5028] TS 65f9c7b02ed9403981e03cf7f769c063 (127.10.219.3:41297): tablet f2696e8251c54b0980a4cccaf4afd5cc (table test-workload [id=8da5f0125bd14665b70bbe050eb3c50e]) successfully deleted
I20260713 09:03:11.373200 12948 raft_consensus.cc:1064] T 82996440515b46ce9d7530f6dd17f2d9 P 76c0a1b21e7e4f97a7661a0e08f40ad6: attempting to promote NON_VOTER 7fe704d469034832882c6869df02bb11 to VOTER
I20260713 09:03:11.375702 12948 consensus_queue.cc:237] T 82996440515b46ce9d7530f6dd17f2d9 P 76c0a1b21e7e4f97a7661a0e08f40ad6 [LEADER]: Queue going to LEADER mode. State: All replicated index: 0, Majority replicated index: 2, Committed index: 2, Last appended: 1.2, Last appended by leader: 0, Current term: 1, Majority size: 3, State: 0, Mode: LEADER, active raft config: opid_index: 3 OBSOLETE_local: false peers { permanent_uuid: "76c0a1b21e7e4f97a7661a0e08f40ad6" member_type: VOTER last_known_addr { host: "127.10.219.1" port: 45109 } } peers { permanent_uuid: "cd8f3390cc634712ac09b4328b439af6" member_type: VOTER last_known_addr { host: "127.10.219.2" port: 34335 } attrs { replace: true } } peers { permanent_uuid: "65f9c7b02ed9403981e03cf7f769c063" member_type: VOTER last_known_addr { host: "127.10.219.3" port: 41297 } } peers { permanent_uuid: "7fe704d469034832882c6869df02bb11" member_type: VOTER last_known_addr { host: "127.10.219.4" port: 46757 } attrs { promote: false } }
I20260713 09:03:11.386608 12392 raft_consensus.cc:1275] T 82996440515b46ce9d7530f6dd17f2d9 P 65f9c7b02ed9403981e03cf7f769c063 [term 1 FOLLOWER]: Refusing update from remote peer 76c0a1b21e7e4f97a7661a0e08f40ad6: Log matching property violated. Preceding OpId in replica: term: 1 index: 2. Preceding OpId from leader: term: 1 index: 3. (index mismatch)
I20260713 09:03:11.386610 12661 raft_consensus.cc:1275] T 82996440515b46ce9d7530f6dd17f2d9 P 7fe704d469034832882c6869df02bb11 [term 1 LEARNER]: Refusing update from remote peer 76c0a1b21e7e4f97a7661a0e08f40ad6: Log matching property violated. Preceding OpId in replica: term: 1 index: 2. Preceding OpId from leader: term: 1 index: 3. (index mismatch)
I20260713 09:03:11.388403 12322 raft_consensus.cc:1275] T 82996440515b46ce9d7530f6dd17f2d9 P cd8f3390cc634712ac09b4328b439af6 [term 1 FOLLOWER]: Refusing update from remote peer 76c0a1b21e7e4f97a7661a0e08f40ad6: Log matching property violated. Preceding OpId in replica: term: 1 index: 2. Preceding OpId from leader: term: 1 index: 3. (index mismatch)
I20260713 09:03:11.388573 13009 consensus_queue.cc:1048] T 82996440515b46ce9d7530f6dd17f2d9 P 76c0a1b21e7e4f97a7661a0e08f40ad6 [LEADER]: Connected to new peer: Peer: permanent_uuid: "65f9c7b02ed9403981e03cf7f769c063" member_type: VOTER last_known_addr { host: "127.10.219.3" port: 41297 }, Status: LMP_MISMATCH, Last received: 0.0, Next index: 3, Last known committed idx: 2, Time since last communication: 0.000s
I20260713 09:03:11.389503 12948 consensus_queue.cc:1048] T 82996440515b46ce9d7530f6dd17f2d9 P 76c0a1b21e7e4f97a7661a0e08f40ad6 [LEADER]: Connected to new peer: Peer: permanent_uuid: "7fe704d469034832882c6869df02bb11" member_type: VOTER last_known_addr { host: "127.10.219.4" port: 46757 } attrs { promote: false }, Status: LMP_MISMATCH, Last received: 0.0, Next index: 3, Last known committed idx: 2, Time since last communication: 0.000s
I20260713 09:03:11.391343 13007 consensus_queue.cc:1048] T 82996440515b46ce9d7530f6dd17f2d9 P 76c0a1b21e7e4f97a7661a0e08f40ad6 [LEADER]: Connected to new peer: Peer: permanent_uuid: "cd8f3390cc634712ac09b4328b439af6" member_type: VOTER last_known_addr { host: "127.10.219.2" port: 34335 } attrs { replace: true }, Status: LMP_MISMATCH, Last received: 0.0, Next index: 3, Last known committed idx: 2, Time since last communication: 0.000s
I20260713 09:03:11.404320 13007 raft_consensus.cc:2955] T 82996440515b46ce9d7530f6dd17f2d9 P 76c0a1b21e7e4f97a7661a0e08f40ad6 [term 1 LEADER]: Committing config change with OpId 1.3: config changed from index 2 to 3, 7fe704d469034832882c6869df02bb11 (127.10.219.4) changed from NON_VOTER to VOTER. New config: { opid_index: 3 OBSOLETE_local: false peers { permanent_uuid: "76c0a1b21e7e4f97a7661a0e08f40ad6" member_type: VOTER last_known_addr { host: "127.10.219.1" port: 45109 } } peers { permanent_uuid: "cd8f3390cc634712ac09b4328b439af6" member_type: VOTER last_known_addr { host: "127.10.219.2" port: 34335 } attrs { replace: true } } peers { permanent_uuid: "65f9c7b02ed9403981e03cf7f769c063" member_type: VOTER last_known_addr { host: "127.10.219.3" port: 41297 } } peers { permanent_uuid: "7fe704d469034832882c6869df02bb11" member_type: VOTER last_known_addr { host: "127.10.219.4" port: 46757 } attrs { promote: false } } }
I20260713 09:03:11.407781 12661 raft_consensus.cc:2955] T 82996440515b46ce9d7530f6dd17f2d9 P 7fe704d469034832882c6869df02bb11 [term 1 FOLLOWER]: Committing config change with OpId 1.3: config changed from index 2 to 3, 7fe704d469034832882c6869df02bb11 (127.10.219.4) changed from NON_VOTER to VOTER. New config: { opid_index: 3 OBSOLETE_local: false peers { permanent_uuid: "76c0a1b21e7e4f97a7661a0e08f40ad6" member_type: VOTER last_known_addr { host: "127.10.219.1" port: 45109 } } peers { permanent_uuid: "cd8f3390cc634712ac09b4328b439af6" member_type: VOTER last_known_addr { host: "127.10.219.2" port: 34335 } attrs { replace: true } } peers { permanent_uuid: "65f9c7b02ed9403981e03cf7f769c063" member_type: VOTER last_known_addr { host: "127.10.219.3" port: 41297 } } peers { permanent_uuid: "7fe704d469034832882c6869df02bb11" member_type: VOTER last_known_addr { host: "127.10.219.4" port: 46757 } attrs { promote: false } } }
I20260713 09:03:11.416632 12322 raft_consensus.cc:2955] T 82996440515b46ce9d7530f6dd17f2d9 P cd8f3390cc634712ac09b4328b439af6 [term 1 FOLLOWER]: Committing config change with OpId 1.3: config changed from index 2 to 3, 7fe704d469034832882c6869df02bb11 (127.10.219.4) changed from NON_VOTER to VOTER. New config: { opid_index: 3 OBSOLETE_local: false peers { permanent_uuid: "76c0a1b21e7e4f97a7661a0e08f40ad6" member_type: VOTER last_known_addr { host: "127.10.219.1" port: 45109 } } peers { permanent_uuid: "cd8f3390cc634712ac09b4328b439af6" member_type: VOTER last_known_addr { host: "127.10.219.2" port: 34335 } attrs { replace: true } } peers { permanent_uuid: "65f9c7b02ed9403981e03cf7f769c063" member_type: VOTER last_known_addr { host: "127.10.219.3" port: 41297 } } peers { permanent_uuid: "7fe704d469034832882c6869df02bb11" member_type: VOTER last_known_addr { host: "127.10.219.4" port: 46757 } attrs { promote: false } } }
I20260713 09:03:11.420619 12146 catalog_manager.cc:5697] T 82996440515b46ce9d7530f6dd17f2d9 P 76c0a1b21e7e4f97a7661a0e08f40ad6 reported cstate change: config changed from index 2 to 3, 7fe704d469034832882c6869df02bb11 (127.10.219.4) changed from NON_VOTER to VOTER. New cstate: current_term: 1 leader_uuid: "76c0a1b21e7e4f97a7661a0e08f40ad6" committed_config { opid_index: 3 OBSOLETE_local: false peers { permanent_uuid: "76c0a1b21e7e4f97a7661a0e08f40ad6" member_type: VOTER last_known_addr { host: "127.10.219.1" port: 45109 } health_report { overall_health: HEALTHY } } peers { permanent_uuid: "cd8f3390cc634712ac09b4328b439af6" member_type: VOTER last_known_addr { host: "127.10.219.2" port: 34335 } attrs { replace: true } health_report { overall_health: UNKNOWN } } peers { permanent_uuid: "65f9c7b02ed9403981e03cf7f769c063" member_type: VOTER last_known_addr { host: "127.10.219.3" port: 41297 } health_report { overall_health: HEALTHY } } peers { permanent_uuid: "7fe704d469034832882c6869df02bb11" member_type: VOTER last_known_addr { host: "127.10.219.4" port: 46757 } attrs { promote: false } health_report { overall_health: HEALTHY } } }
I20260713 09:03:11.419687 12392 raft_consensus.cc:2955] T 82996440515b46ce9d7530f6dd17f2d9 P 65f9c7b02ed9403981e03cf7f769c063 [term 1 FOLLOWER]: Committing config change with OpId 1.3: config changed from index 2 to 3, 7fe704d469034832882c6869df02bb11 (127.10.219.4) changed from NON_VOTER to VOTER. New config: { opid_index: 3 OBSOLETE_local: false peers { permanent_uuid: "76c0a1b21e7e4f97a7661a0e08f40ad6" member_type: VOTER last_known_addr { host: "127.10.219.1" port: 45109 } } peers { permanent_uuid: "cd8f3390cc634712ac09b4328b439af6" member_type: VOTER last_known_addr { host: "127.10.219.2" port: 34335 } attrs { replace: true } } peers { permanent_uuid: "65f9c7b02ed9403981e03cf7f769c063" member_type: VOTER last_known_addr { host: "127.10.219.3" port: 41297 } } peers { permanent_uuid: "7fe704d469034832882c6869df02bb11" member_type: VOTER last_known_addr { host: "127.10.219.4" port: 46757 } attrs { promote: false } } }
I20260713 09:03:11.436756 12248 consensus_queue.cc:237] T 82996440515b46ce9d7530f6dd17f2d9 P 76c0a1b21e7e4f97a7661a0e08f40ad6 [LEADER]: Queue going to LEADER mode. State: All replicated index: 0, Majority replicated index: 3, Committed index: 3, Last appended: 1.3, Last appended by leader: 0, Current term: 1, Majority size: 2, State: 0, Mode: LEADER, active raft config: opid_index: 4 OBSOLETE_local: false peers { permanent_uuid: "76c0a1b21e7e4f97a7661a0e08f40ad6" member_type: VOTER last_known_addr { host: "127.10.219.1" port: 45109 } } peers { permanent_uuid: "65f9c7b02ed9403981e03cf7f769c063" member_type: VOTER last_known_addr { host: "127.10.219.3" port: 41297 } } peers { permanent_uuid: "7fe704d469034832882c6869df02bb11" member_type: VOTER last_known_addr { host: "127.10.219.4" port: 46757 } attrs { promote: false } }
I20260713 09:03:11.442417 12660 raft_consensus.cc:1275] T 82996440515b46ce9d7530f6dd17f2d9 P 7fe704d469034832882c6869df02bb11 [term 1 FOLLOWER]: Refusing update from remote peer 76c0a1b21e7e4f97a7661a0e08f40ad6: Log matching property violated. Preceding OpId in replica: term: 1 index: 3. Preceding OpId from leader: term: 1 index: 4. (index mismatch)
I20260713 09:03:11.443823 13010 consensus_queue.cc:1048] T 82996440515b46ce9d7530f6dd17f2d9 P 76c0a1b21e7e4f97a7661a0e08f40ad6 [LEADER]: Connected to new peer: Peer: permanent_uuid: "7fe704d469034832882c6869df02bb11" member_type: VOTER last_known_addr { host: "127.10.219.4" port: 46757 } attrs { promote: false }, Status: LMP_MISMATCH, Last received: 0.0, Next index: 4, Last known committed idx: 3, Time since last communication: 0.000s
I20260713 09:03:11.448436 12394 raft_consensus.cc:1275] T 82996440515b46ce9d7530f6dd17f2d9 P 65f9c7b02ed9403981e03cf7f769c063 [term 1 FOLLOWER]: Refusing update from remote peer 76c0a1b21e7e4f97a7661a0e08f40ad6: Log matching property violated. Preceding OpId in replica: term: 1 index: 3. Preceding OpId from leader: term: 1 index: 4. (index mismatch)
I20260713 09:03:11.449973 13010 consensus_queue.cc:1048] T 82996440515b46ce9d7530f6dd17f2d9 P 76c0a1b21e7e4f97a7661a0e08f40ad6 [LEADER]: Connected to new peer: Peer: permanent_uuid: "65f9c7b02ed9403981e03cf7f769c063" member_type: VOTER last_known_addr { host: "127.10.219.3" port: 41297 }, Status: LMP_MISMATCH, Last received: 0.0, Next index: 4, Last known committed idx: 3, Time since last communication: 0.000s
I20260713 09:03:11.451355 13007 raft_consensus.cc:2955] T 82996440515b46ce9d7530f6dd17f2d9 P 76c0a1b21e7e4f97a7661a0e08f40ad6 [term 1 LEADER]: Committing config change with OpId 1.4: config changed from index 3 to 4, VOTER cd8f3390cc634712ac09b4328b439af6 (127.10.219.2) evicted. New config: { opid_index: 4 OBSOLETE_local: false peers { permanent_uuid: "76c0a1b21e7e4f97a7661a0e08f40ad6" member_type: VOTER last_known_addr { host: "127.10.219.1" port: 45109 } } peers { permanent_uuid: "65f9c7b02ed9403981e03cf7f769c063" member_type: VOTER last_known_addr { host: "127.10.219.3" port: 41297 } } peers { permanent_uuid: "7fe704d469034832882c6869df02bb11" member_type: VOTER last_known_addr { host: "127.10.219.4" port: 46757 } attrs { promote: false } } }
I20260713 09:03:11.453016 12659 raft_consensus.cc:2955] T 82996440515b46ce9d7530f6dd17f2d9 P 7fe704d469034832882c6869df02bb11 [term 1 FOLLOWER]: Committing config change with OpId 1.4: config changed from index 3 to 4, VOTER cd8f3390cc634712ac09b4328b439af6 (127.10.219.2) evicted. New config: { opid_index: 4 OBSOLETE_local: false peers { permanent_uuid: "76c0a1b21e7e4f97a7661a0e08f40ad6" member_type: VOTER last_known_addr { host: "127.10.219.1" port: 45109 } } peers { permanent_uuid: "65f9c7b02ed9403981e03cf7f769c063" member_type: VOTER last_known_addr { host: "127.10.219.3" port: 41297 } } peers { permanent_uuid: "7fe704d469034832882c6869df02bb11" member_type: VOTER last_known_addr { host: "127.10.219.4" port: 46757 } attrs { promote: false } } }
I20260713 09:03:11.461740 12130 catalog_manager.cc:5210] ChangeConfig:REMOVE_PEER RPC for tablet 82996440515b46ce9d7530f6dd17f2d9 with cas_config_opid_index 3: ChangeConfig:REMOVE_PEER succeeded (attempt 1)
I20260713 09:03:11.461127 12392 raft_consensus.cc:2955] T 82996440515b46ce9d7530f6dd17f2d9 P 65f9c7b02ed9403981e03cf7f769c063 [term 1 FOLLOWER]: Committing config change with OpId 1.4: config changed from index 3 to 4, VOTER cd8f3390cc634712ac09b4328b439af6 (127.10.219.2) evicted. New config: { opid_index: 4 OBSOLETE_local: false peers { permanent_uuid: "76c0a1b21e7e4f97a7661a0e08f40ad6" member_type: VOTER last_known_addr { host: "127.10.219.1" port: 45109 } } peers { permanent_uuid: "65f9c7b02ed9403981e03cf7f769c063" member_type: VOTER last_known_addr { host: "127.10.219.3" port: 41297 } } peers { permanent_uuid: "7fe704d469034832882c6869df02bb11" member_type: VOTER last_known_addr { host: "127.10.219.4" port: 46757 } attrs { promote: false } } }
I20260713 09:03:11.474543 12143 catalog_manager.cc:5697] T 82996440515b46ce9d7530f6dd17f2d9 P 76c0a1b21e7e4f97a7661a0e08f40ad6 reported cstate change: config changed from index 3 to 4, VOTER cd8f3390cc634712ac09b4328b439af6 (127.10.219.2) evicted. New cstate: current_term: 1 leader_uuid: "76c0a1b21e7e4f97a7661a0e08f40ad6" committed_config { opid_index: 4 OBSOLETE_local: false peers { permanent_uuid: "76c0a1b21e7e4f97a7661a0e08f40ad6" member_type: VOTER last_known_addr { host: "127.10.219.1" port: 45109 } health_report { overall_health: HEALTHY } } peers { permanent_uuid: "65f9c7b02ed9403981e03cf7f769c063" member_type: VOTER last_known_addr { host: "127.10.219.3" port: 41297 } health_report { overall_health: HEALTHY } } peers { permanent_uuid: "7fe704d469034832882c6869df02bb11" member_type: VOTER last_known_addr { host: "127.10.219.4" port: 46757 } attrs { promote: false } health_report { overall_health: HEALTHY } } }
I20260713 09:03:11.485913 12311 tablet_service.cc:1558] Processing DeleteTablet for tablet 82996440515b46ce9d7530f6dd17f2d9 with delete_type TABLET_DATA_TOMBSTONED (TS cd8f3390cc634712ac09b4328b439af6 not found in new config with opid_index 4) from {username='slave'} at 127.0.0.1:57780
I20260713 09:03:11.487914 13014 tablet_replica.cc:333] T 82996440515b46ce9d7530f6dd17f2d9 P cd8f3390cc634712ac09b4328b439af6: stopping tablet replica
I20260713 09:03:11.489104 13014 raft_consensus.cc:2243] T 82996440515b46ce9d7530f6dd17f2d9 P cd8f3390cc634712ac09b4328b439af6 [term 1 FOLLOWER]: Raft consensus shutting down.
I20260713 09:03:11.489815 13014 raft_consensus.cc:2272] T 82996440515b46ce9d7530f6dd17f2d9 P cd8f3390cc634712ac09b4328b439af6 [term 1 FOLLOWER]: Raft consensus is shut down!
I20260713 09:03:11.493041 13014 ts_tablet_manager.cc:1916] T 82996440515b46ce9d7530f6dd17f2d9 P cd8f3390cc634712ac09b4328b439af6: Deleting tablet data with delete state TABLET_DATA_TOMBSTONED
I20260713 09:03:11.504067 13014 ts_tablet_manager.cc:1929] T 82996440515b46ce9d7530f6dd17f2d9 P cd8f3390cc634712ac09b4328b439af6: tablet deleted with delete type TABLET_DATA_TOMBSTONED: last-logged OpId 1.3
I20260713 09:03:11.504372 13014 log.cc:1199] T 82996440515b46ce9d7530f6dd17f2d9 P cd8f3390cc634712ac09b4328b439af6: Deleting WAL directory at /tmp/dist-test-task5hRGfD/test-tmp/auto_leader_rebalancer-test.0.LeaderRebalancerTest.AddTserver.1783933347584784-11116-0/minicluster-data/ts-1-root/wals/82996440515b46ce9d7530f6dd17f2d9
I20260713 09:03:11.506148 12132 catalog_manager.cc:5028] TS cd8f3390cc634712ac09b4328b439af6 (127.10.219.2:34335): tablet 82996440515b46ce9d7530f6dd17f2d9 (table test-workload [id=8da5f0125bd14665b70bbe050eb3c50e]) successfully deleted
I20260713 09:03:16.788903 11116 auto_leader_rebalancer.cc:141] leader rebalance for table test-workload
I20260713 09:03:16.819928 12248 tablet_service.cc:2072] Received LeaderStepDown RPC: tablet_id: "7760ba07f8764414b0cc5cab0ae3e30a"
dest_uuid: "76c0a1b21e7e4f97a7661a0e08f40ad6"
mode: GRACEFUL
new_leader_uuid: "7fe704d469034832882c6869df02bb11"
 from {username='slave'} at 127.0.0.1:53944
I20260713 09:03:16.820632 12248 raft_consensus.cc:606] T 7760ba07f8764414b0cc5cab0ae3e30a P 76c0a1b21e7e4f97a7661a0e08f40ad6 [term 1 LEADER]: Received request to transfer leadership to TS 7fe704d469034832882c6869df02bb11
I20260713 09:03:16.823073 12248 tablet_service.cc:2072] Received LeaderStepDown RPC: tablet_id: "7da3c22341c044c49b84d837cf1bb40b"
dest_uuid: "76c0a1b21e7e4f97a7661a0e08f40ad6"
mode: GRACEFUL
new_leader_uuid: "7fe704d469034832882c6869df02bb11"
 from {username='slave'} at 127.0.0.1:53944
I20260713 09:03:16.823503 12248 raft_consensus.cc:606] T 7da3c22341c044c49b84d837cf1bb40b P 76c0a1b21e7e4f97a7661a0e08f40ad6 [term 1 LEADER]: Received request to transfer leadership to TS 7fe704d469034832882c6869df02bb11
I20260713 09:03:16.826022 12248 tablet_service.cc:2072] Received LeaderStepDown RPC: tablet_id: "82996440515b46ce9d7530f6dd17f2d9"
dest_uuid: "76c0a1b21e7e4f97a7661a0e08f40ad6"
mode: GRACEFUL
new_leader_uuid: "7fe704d469034832882c6869df02bb11"
 from {username='slave'} at 127.0.0.1:53944
I20260713 09:03:16.826542 12248 raft_consensus.cc:606] T 82996440515b46ce9d7530f6dd17f2d9 P 76c0a1b21e7e4f97a7661a0e08f40ad6 [term 1 LEADER]: Received request to transfer leadership to TS 7fe704d469034832882c6869df02bb11
I20260713 09:03:16.828800 12248 tablet_service.cc:2072] Received LeaderStepDown RPC: tablet_id: "b9022613548548c393ea2d3175111c83"
dest_uuid: "76c0a1b21e7e4f97a7661a0e08f40ad6"
mode: GRACEFUL
new_leader_uuid: "7fe704d469034832882c6869df02bb11"
 from {username='slave'} at 127.0.0.1:53944
I20260713 09:03:16.829232 12248 raft_consensus.cc:606] T b9022613548548c393ea2d3175111c83 P 76c0a1b21e7e4f97a7661a0e08f40ad6 [term 1 LEADER]: Received request to transfer leadership to TS 7fe704d469034832882c6869df02bb11
I20260713 09:03:16.831321 12248 tablet_service.cc:2072] Received LeaderStepDown RPC: tablet_id: "eac7c380859f4e70bf9cac65f9ba879f"
dest_uuid: "76c0a1b21e7e4f97a7661a0e08f40ad6"
mode: GRACEFUL
new_leader_uuid: "7fe704d469034832882c6869df02bb11"
 from {username='slave'} at 127.0.0.1:53944
I20260713 09:03:16.831720 12248 raft_consensus.cc:606] T eac7c380859f4e70bf9cac65f9ba879f P 76c0a1b21e7e4f97a7661a0e08f40ad6 [term 1 LEADER]: Received request to transfer leadership to TS 7fe704d469034832882c6869df02bb11
I20260713 09:03:16.832716 11116 auto_leader_rebalancer.cc:479] table: test-workload, leader rebalance finish, leader transfer count: 5
I20260713 09:03:16.833416 11116 auto_leader_rebalancer.cc:554] All tables' leader rebalancing finished this round
I20260713 09:03:16.851684 13023 raft_consensus.cc:993] T 7760ba07f8764414b0cc5cab0ae3e30a P 76c0a1b21e7e4f97a7661a0e08f40ad6: : Instructing follower 7fe704d469034832882c6869df02bb11 to start an election
I20260713 09:03:16.852197 13019 raft_consensus.cc:1081] T 7760ba07f8764414b0cc5cab0ae3e30a P 76c0a1b21e7e4f97a7661a0e08f40ad6 [term 1 LEADER]: Signalling peer 7fe704d469034832882c6869df02bb11 to start an election
I20260713 09:03:16.854142 12660 tablet_service.cc:2044] Received Run Leader Election RPC: tablet_id: "7760ba07f8764414b0cc5cab0ae3e30a"
dest_uuid: "7fe704d469034832882c6869df02bb11"
 from {username='slave'} at 127.0.0.1:53964
I20260713 09:03:16.854655 12660 raft_consensus.cc:493] T 7760ba07f8764414b0cc5cab0ae3e30a P 7fe704d469034832882c6869df02bb11 [term 1 FOLLOWER]: Starting forced leader election (received explicit request)
I20260713 09:03:16.854923 12660 raft_consensus.cc:3060] T 7760ba07f8764414b0cc5cab0ae3e30a P 7fe704d469034832882c6869df02bb11 [term 1 FOLLOWER]: Advancing to term 2
I20260713 09:03:16.860082 12660 raft_consensus.cc:515] T 7760ba07f8764414b0cc5cab0ae3e30a P 7fe704d469034832882c6869df02bb11 [term 2 FOLLOWER]: Starting forced leader election with config: opid_index: 4 OBSOLETE_local: false peers { permanent_uuid: "76c0a1b21e7e4f97a7661a0e08f40ad6" member_type: VOTER last_known_addr { host: "127.10.219.1" port: 45109 } } peers { permanent_uuid: "cd8f3390cc634712ac09b4328b439af6" member_type: VOTER last_known_addr { host: "127.10.219.2" port: 34335 } } peers { permanent_uuid: "7fe704d469034832882c6869df02bb11" member_type: VOTER last_known_addr { host: "127.10.219.4" port: 46757 } attrs { promote: false } }
I20260713 09:03:16.863612 12660 leader_election.cc:290] T 7760ba07f8764414b0cc5cab0ae3e30a P 7fe704d469034832882c6869df02bb11 [CANDIDATE]: Term 2 election: Requested vote from peers 76c0a1b21e7e4f97a7661a0e08f40ad6 (127.10.219.1:45109), cd8f3390cc634712ac09b4328b439af6 (127.10.219.2:34335)
I20260713 09:03:16.864424 12248 tablet_service.cc:1917] Received RequestConsensusVote() RPC: tablet_id: "7760ba07f8764414b0cc5cab0ae3e30a" candidate_uuid: "7fe704d469034832882c6869df02bb11" candidate_term: 2 candidate_status { last_received { term: 1 index: 4 } } ignore_live_leader: true dest_uuid: "76c0a1b21e7e4f97a7661a0e08f40ad6"
I20260713 09:03:16.865478 12248 raft_consensus.cc:3055] T 7760ba07f8764414b0cc5cab0ae3e30a P 76c0a1b21e7e4f97a7661a0e08f40ad6 [term 1 LEADER]: Stepping down as leader of term 1
I20260713 09:03:16.865358 12321 tablet_service.cc:1917] Received RequestConsensusVote() RPC: tablet_id: "7760ba07f8764414b0cc5cab0ae3e30a" candidate_uuid: "7fe704d469034832882c6869df02bb11" candidate_term: 2 candidate_status { last_received { term: 1 index: 4 } } ignore_live_leader: true dest_uuid: "cd8f3390cc634712ac09b4328b439af6"
I20260713 09:03:16.866015 12321 raft_consensus.cc:3060] T 7760ba07f8764414b0cc5cab0ae3e30a P cd8f3390cc634712ac09b4328b439af6 [term 1 FOLLOWER]: Advancing to term 2
I20260713 09:03:16.866619 12248 raft_consensus.cc:740] T 7760ba07f8764414b0cc5cab0ae3e30a P 76c0a1b21e7e4f97a7661a0e08f40ad6 [term 1 LEADER]: Becoming Follower/Learner. State: Replica: 76c0a1b21e7e4f97a7661a0e08f40ad6, State: Running, Role: LEADER
I20260713 09:03:16.870271 12248 consensus_queue.cc:260] T 7760ba07f8764414b0cc5cab0ae3e30a P 76c0a1b21e7e4f97a7661a0e08f40ad6 [NON_LEADER]: Queue going to NON_LEADER mode. State: All replicated index: 0, Majority replicated index: 4, Committed index: 4, Last appended: 1.4, Last appended by leader: 4, Current term: 1, Majority size: -1, State: 0, Mode: NON_LEADER, active raft config: opid_index: 4 OBSOLETE_local: false peers { permanent_uuid: "76c0a1b21e7e4f97a7661a0e08f40ad6" member_type: VOTER last_known_addr { host: "127.10.219.1" port: 45109 } } peers { permanent_uuid: "cd8f3390cc634712ac09b4328b439af6" member_type: VOTER last_known_addr { host: "127.10.219.2" port: 34335 } } peers { permanent_uuid: "7fe704d469034832882c6869df02bb11" member_type: VOTER last_known_addr { host: "127.10.219.4" port: 46757 } attrs { promote: false } }
I20260713 09:03:16.871788 12248 raft_consensus.cc:3060] T 7760ba07f8764414b0cc5cab0ae3e30a P 76c0a1b21e7e4f97a7661a0e08f40ad6 [term 1 FOLLOWER]: Advancing to term 2
I20260713 09:03:16.874657 12321 raft_consensus.cc:2468] T 7760ba07f8764414b0cc5cab0ae3e30a P cd8f3390cc634712ac09b4328b439af6 [term 2 FOLLOWER]: Leader election vote request: Granting yes vote for candidate 7fe704d469034832882c6869df02bb11 in term 2.
I20260713 09:03:16.876181 12627 leader_election.cc:304] T 7760ba07f8764414b0cc5cab0ae3e30a P 7fe704d469034832882c6869df02bb11 [CANDIDATE]: Term 2 election: Election decided. Result: candidate won. Election summary: received 2 responses out of 3 voters: 2 yes votes; 0 no votes. yes voters: 7fe704d469034832882c6869df02bb11, cd8f3390cc634712ac09b4328b439af6; no voters: 
I20260713 09:03:16.878038 13027 raft_consensus.cc:2804] T 7760ba07f8764414b0cc5cab0ae3e30a P 7fe704d469034832882c6869df02bb11 [term 2 FOLLOWER]: Leader election won for term 2
I20260713 09:03:16.879312 13027 raft_consensus.cc:697] T 7760ba07f8764414b0cc5cab0ae3e30a P 7fe704d469034832882c6869df02bb11 [term 2 LEADER]: Becoming Leader. State: Replica: 7fe704d469034832882c6869df02bb11, State: Running, Role: LEADER
I20260713 09:03:16.880131 12248 raft_consensus.cc:2468] T 7760ba07f8764414b0cc5cab0ae3e30a P 76c0a1b21e7e4f97a7661a0e08f40ad6 [term 2 FOLLOWER]: Leader election vote request: Granting yes vote for candidate 7fe704d469034832882c6869df02bb11 in term 2.
I20260713 09:03:16.880337 13027 consensus_queue.cc:237] T 7760ba07f8764414b0cc5cab0ae3e30a P 7fe704d469034832882c6869df02bb11 [LEADER]: Queue going to LEADER mode. State: All replicated index: 0, Majority replicated index: 4, Committed index: 4, Last appended: 1.4, Last appended by leader: 4, Current term: 2, Majority size: 2, State: 0, Mode: LEADER, active raft config: opid_index: 4 OBSOLETE_local: false peers { permanent_uuid: "76c0a1b21e7e4f97a7661a0e08f40ad6" member_type: VOTER last_known_addr { host: "127.10.219.1" port: 45109 } } peers { permanent_uuid: "cd8f3390cc634712ac09b4328b439af6" member_type: VOTER last_known_addr { host: "127.10.219.2" port: 34335 } } peers { permanent_uuid: "7fe704d469034832882c6869df02bb11" member_type: VOTER last_known_addr { host: "127.10.219.4" port: 46757 } attrs { promote: false } }
I20260713 09:03:16.889715 12146 catalog_manager.cc:5697] T 7760ba07f8764414b0cc5cab0ae3e30a P 7fe704d469034832882c6869df02bb11 reported cstate change: term changed from 1 to 2, leader changed from 76c0a1b21e7e4f97a7661a0e08f40ad6 (127.10.219.1) to 7fe704d469034832882c6869df02bb11 (127.10.219.4). New cstate: current_term: 2 leader_uuid: "7fe704d469034832882c6869df02bb11" committed_config { opid_index: 4 OBSOLETE_local: false peers { permanent_uuid: "76c0a1b21e7e4f97a7661a0e08f40ad6" member_type: VOTER last_known_addr { host: "127.10.219.1" port: 45109 } health_report { overall_health: UNKNOWN } } peers { permanent_uuid: "cd8f3390cc634712ac09b4328b439af6" member_type: VOTER last_known_addr { host: "127.10.219.2" port: 34335 } health_report { overall_health: UNKNOWN } } peers { permanent_uuid: "7fe704d469034832882c6869df02bb11" member_type: VOTER last_known_addr { host: "127.10.219.4" port: 46757 } attrs { promote: false } health_report { overall_health: HEALTHY } } }
I20260713 09:03:16.998485 13023 raft_consensus.cc:993] T 82996440515b46ce9d7530f6dd17f2d9 P 76c0a1b21e7e4f97a7661a0e08f40ad6: : Instructing follower 7fe704d469034832882c6869df02bb11 to start an election
I20260713 09:03:16.998963 13019 raft_consensus.cc:1081] T 82996440515b46ce9d7530f6dd17f2d9 P 76c0a1b21e7e4f97a7661a0e08f40ad6 [term 1 LEADER]: Signalling peer 7fe704d469034832882c6869df02bb11 to start an election
I20260713 09:03:17.000573 12660 tablet_service.cc:2044] Received Run Leader Election RPC: tablet_id: "82996440515b46ce9d7530f6dd17f2d9"
dest_uuid: "7fe704d469034832882c6869df02bb11"
 from {username='slave'} at 127.0.0.1:53964
I20260713 09:03:17.001091 12660 raft_consensus.cc:493] T 82996440515b46ce9d7530f6dd17f2d9 P 7fe704d469034832882c6869df02bb11 [term 1 FOLLOWER]: Starting forced leader election (received explicit request)
I20260713 09:03:17.001370 12660 raft_consensus.cc:3060] T 82996440515b46ce9d7530f6dd17f2d9 P 7fe704d469034832882c6869df02bb11 [term 1 FOLLOWER]: Advancing to term 2
I20260713 09:03:17.006944 12660 raft_consensus.cc:515] T 82996440515b46ce9d7530f6dd17f2d9 P 7fe704d469034832882c6869df02bb11 [term 2 FOLLOWER]: Starting forced leader election with config: opid_index: 4 OBSOLETE_local: false peers { permanent_uuid: "76c0a1b21e7e4f97a7661a0e08f40ad6" member_type: VOTER last_known_addr { host: "127.10.219.1" port: 45109 } } peers { permanent_uuid: "65f9c7b02ed9403981e03cf7f769c063" member_type: VOTER last_known_addr { host: "127.10.219.3" port: 41297 } } peers { permanent_uuid: "7fe704d469034832882c6869df02bb11" member_type: VOTER last_known_addr { host: "127.10.219.4" port: 46757 } attrs { promote: false } }
I20260713 09:03:17.008896 12660 leader_election.cc:290] T 82996440515b46ce9d7530f6dd17f2d9 P 7fe704d469034832882c6869df02bb11 [CANDIDATE]: Term 2 election: Requested vote from peers 76c0a1b21e7e4f97a7661a0e08f40ad6 (127.10.219.1:45109), 65f9c7b02ed9403981e03cf7f769c063 (127.10.219.3:41297)
I20260713 09:03:17.009794 12248 tablet_service.cc:1917] Received RequestConsensusVote() RPC: tablet_id: "82996440515b46ce9d7530f6dd17f2d9" candidate_uuid: "7fe704d469034832882c6869df02bb11" candidate_term: 2 candidate_status { last_received { term: 1 index: 4 } } ignore_live_leader: true dest_uuid: "76c0a1b21e7e4f97a7661a0e08f40ad6"
I20260713 09:03:17.010135 12392 tablet_service.cc:1917] Received RequestConsensusVote() RPC: tablet_id: "82996440515b46ce9d7530f6dd17f2d9" candidate_uuid: "7fe704d469034832882c6869df02bb11" candidate_term: 2 candidate_status { last_received { term: 1 index: 4 } } ignore_live_leader: true dest_uuid: "65f9c7b02ed9403981e03cf7f769c063"
I20260713 09:03:17.010397 12248 raft_consensus.cc:3055] T 82996440515b46ce9d7530f6dd17f2d9 P 76c0a1b21e7e4f97a7661a0e08f40ad6 [term 1 LEADER]: Stepping down as leader of term 1
I20260713 09:03:17.010656 12392 raft_consensus.cc:3060] T 82996440515b46ce9d7530f6dd17f2d9 P 65f9c7b02ed9403981e03cf7f769c063 [term 1 FOLLOWER]: Advancing to term 2
I20260713 09:03:17.010780 12248 raft_consensus.cc:740] T 82996440515b46ce9d7530f6dd17f2d9 P 76c0a1b21e7e4f97a7661a0e08f40ad6 [term 1 LEADER]: Becoming Follower/Learner. State: Replica: 76c0a1b21e7e4f97a7661a0e08f40ad6, State: Running, Role: LEADER
I20260713 09:03:17.011646 12248 consensus_queue.cc:260] T 82996440515b46ce9d7530f6dd17f2d9 P 76c0a1b21e7e4f97a7661a0e08f40ad6 [NON_LEADER]: Queue going to NON_LEADER mode. State: All replicated index: 0, Majority replicated index: 4, Committed index: 4, Last appended: 1.4, Last appended by leader: 4, Current term: 1, Majority size: -1, State: 0, Mode: NON_LEADER, active raft config: opid_index: 4 OBSOLETE_local: false peers { permanent_uuid: "76c0a1b21e7e4f97a7661a0e08f40ad6" member_type: VOTER last_known_addr { host: "127.10.219.1" port: 45109 } } peers { permanent_uuid: "65f9c7b02ed9403981e03cf7f769c063" member_type: VOTER last_known_addr { host: "127.10.219.3" port: 41297 } } peers { permanent_uuid: "7fe704d469034832882c6869df02bb11" member_type: VOTER last_known_addr { host: "127.10.219.4" port: 46757 } attrs { promote: false } }
I20260713 09:03:17.012718 12248 raft_consensus.cc:3060] T 82996440515b46ce9d7530f6dd17f2d9 P 76c0a1b21e7e4f97a7661a0e08f40ad6 [term 1 FOLLOWER]: Advancing to term 2
I20260713 09:03:17.015980 12392 raft_consensus.cc:2468] T 82996440515b46ce9d7530f6dd17f2d9 P 65f9c7b02ed9403981e03cf7f769c063 [term 2 FOLLOWER]: Leader election vote request: Granting yes vote for candidate 7fe704d469034832882c6869df02bb11 in term 2.
I20260713 09:03:17.017299 12625 leader_election.cc:304] T 82996440515b46ce9d7530f6dd17f2d9 P 7fe704d469034832882c6869df02bb11 [CANDIDATE]: Term 2 election: Election decided. Result: candidate won. Election summary: received 2 responses out of 3 voters: 2 yes votes; 0 no votes. yes voters: 65f9c7b02ed9403981e03cf7f769c063, 7fe704d469034832882c6869df02bb11; no voters: 
I20260713 09:03:17.017992 13027 raft_consensus.cc:2804] T 82996440515b46ce9d7530f6dd17f2d9 P 7fe704d469034832882c6869df02bb11 [term 2 FOLLOWER]: Leader election won for term 2
I20260713 09:03:17.018388 13027 raft_consensus.cc:697] T 82996440515b46ce9d7530f6dd17f2d9 P 7fe704d469034832882c6869df02bb11 [term 2 LEADER]: Becoming Leader. State: Replica: 7fe704d469034832882c6869df02bb11, State: Running, Role: LEADER
I20260713 09:03:17.018790 12248 raft_consensus.cc:2468] T 82996440515b46ce9d7530f6dd17f2d9 P 76c0a1b21e7e4f97a7661a0e08f40ad6 [term 2 FOLLOWER]: Leader election vote request: Granting yes vote for candidate 7fe704d469034832882c6869df02bb11 in term 2.
I20260713 09:03:17.019130 13027 consensus_queue.cc:237] T 82996440515b46ce9d7530f6dd17f2d9 P 7fe704d469034832882c6869df02bb11 [LEADER]: Queue going to LEADER mode. State: All replicated index: 0, Majority replicated index: 4, Committed index: 4, Last appended: 1.4, Last appended by leader: 4, Current term: 2, Majority size: 2, State: 0, Mode: LEADER, active raft config: opid_index: 4 OBSOLETE_local: false peers { permanent_uuid: "76c0a1b21e7e4f97a7661a0e08f40ad6" member_type: VOTER last_known_addr { host: "127.10.219.1" port: 45109 } } peers { permanent_uuid: "65f9c7b02ed9403981e03cf7f769c063" member_type: VOTER last_known_addr { host: "127.10.219.3" port: 41297 } } peers { permanent_uuid: "7fe704d469034832882c6869df02bb11" member_type: VOTER last_known_addr { host: "127.10.219.4" port: 46757 } attrs { promote: false } }
I20260713 09:03:17.026481 12146 catalog_manager.cc:5697] T 82996440515b46ce9d7530f6dd17f2d9 P 7fe704d469034832882c6869df02bb11 reported cstate change: term changed from 1 to 2, leader changed from 76c0a1b21e7e4f97a7661a0e08f40ad6 (127.10.219.1) to 7fe704d469034832882c6869df02bb11 (127.10.219.4). New cstate: current_term: 2 leader_uuid: "7fe704d469034832882c6869df02bb11" committed_config { opid_index: 4 OBSOLETE_local: false peers { permanent_uuid: "76c0a1b21e7e4f97a7661a0e08f40ad6" member_type: VOTER last_known_addr { host: "127.10.219.1" port: 45109 } health_report { overall_health: UNKNOWN } } peers { permanent_uuid: "65f9c7b02ed9403981e03cf7f769c063" member_type: VOTER last_known_addr { host: "127.10.219.3" port: 41297 } health_report { overall_health: UNKNOWN } } peers { permanent_uuid: "7fe704d469034832882c6869df02bb11" member_type: VOTER last_known_addr { host: "127.10.219.4" port: 46757 } attrs { promote: false } health_report { overall_health: HEALTHY } } }
