I20260713 09:02:36.390986 11674 consensus_queue.cc:237] T c956ba3f20c24377a4654c5dd298b0c5 P e19d09339b0240be82ccc953462de068 [LEADER]: Queue going to LEADER mode. State: All replicated index: 0, Majority replicated index: 2, Committed index: 2, Last appended: 2.2, Last appended by leader: 2, Current term: 3, Majority size: 2, State: 0, Mode: LEADER, active raft config: opid_index: -1 OBSOLETE_local: false peers { permanent_uuid: "93219f58aaeb4529829e457dd40d3e3f" member_type: VOTER last_known_addr { host: "127.10.244.193" port: 36121 } } peers { permanent_uuid: "e19d09339b0240be82ccc953462de068" member_type: VOTER last_known_addr { host: "127.10.244.194" port: 34649 } } peers { permanent_uuid: "d88b6a2456e64c7594f99d7ccdb46e7d" member_type: VOTER last_known_addr { host: "127.10.244.195" port: 42035 } }
I20260713 09:02:36.397073 11247 catalog_manager.cc:5697] T c956ba3f20c24377a4654c5dd298b0c5 P e19d09339b0240be82ccc953462de068 reported cstate change: term changed from 2 to 3, leader changed from 93219f58aaeb4529829e457dd40d3e3f (127.10.244.193) to e19d09339b0240be82ccc953462de068 (127.10.244.194). New cstate: current_term: 3 leader_uuid: "e19d09339b0240be82ccc953462de068" committed_config { opid_index: -1 OBSOLETE_local: false peers { permanent_uuid: "93219f58aaeb4529829e457dd40d3e3f" member_type: VOTER last_known_addr { host: "127.10.244.193" port: 36121 } health_report { overall_health: UNKNOWN } } peers { permanent_uuid: "e19d09339b0240be82ccc953462de068" member_type: VOTER last_known_addr { host: "127.10.244.194" port: 34649 } health_report { overall_health: HEALTHY } } peers { permanent_uuid: "d88b6a2456e64c7594f99d7ccdb46e7d" member_type: VOTER last_known_addr { host: "127.10.244.195" port: 42035 } health_report { overall_health: UNKNOWN } } }
I20260713 09:02:36.740341 11353 raft_consensus.cc:1275] T c6341fdb769c4c50b2e708562fc7171a P 93219f58aaeb4529829e457dd40d3e3f [term 4 FOLLOWER]: Refusing update from remote peer e19d09339b0240be82ccc953462de068: Log matching property violated. Preceding OpId in replica: term: 3 index: 3. Preceding OpId from leader: term: 4 index: 4. (index mismatch)
I20260713 09:02:36.741863 11665 consensus_queue.cc:1048] T c6341fdb769c4c50b2e708562fc7171a P e19d09339b0240be82ccc953462de068 [LEADER]: Connected to new peer: Peer: permanent_uuid: "93219f58aaeb4529829e457dd40d3e3f" member_type: VOTER last_known_addr { host: "127.10.244.193" port: 36121 }, Status: LMP_MISMATCH, Last received: 0.0, Next index: 4, Last known committed idx: 3, Time since last communication: 0.000s
I20260713 09:02:36.751307 11502 raft_consensus.cc:1275] T c6341fdb769c4c50b2e708562fc7171a P d88b6a2456e64c7594f99d7ccdb46e7d [term 4 FOLLOWER]: Refusing update from remote peer e19d09339b0240be82ccc953462de068: Log matching property violated. Preceding OpId in replica: term: 3 index: 3. Preceding OpId from leader: term: 4 index: 4. (index mismatch)
I20260713 09:02:36.752786 11665 consensus_queue.cc:1048] T c6341fdb769c4c50b2e708562fc7171a P e19d09339b0240be82ccc953462de068 [LEADER]: Connected to new peer: Peer: permanent_uuid: "d88b6a2456e64c7594f99d7ccdb46e7d" member_type: VOTER last_known_addr { host: "127.10.244.195" port: 42035 }, Status: LMP_MISMATCH, Last received: 0.0, Next index: 4, Last known committed idx: 3, Time since last communication: 0.000s
I20260713 09:02:36.840085 11351 raft_consensus.cc:1275] T c956ba3f20c24377a4654c5dd298b0c5 P 93219f58aaeb4529829e457dd40d3e3f [term 3 FOLLOWER]: Refusing update from remote peer e19d09339b0240be82ccc953462de068: Log matching property violated. Preceding OpId in replica: term: 2 index: 2. Preceding OpId from leader: term: 3 index: 3. (index mismatch)
I20260713 09:02:36.841450 11584 consensus_queue.cc:1048] T c956ba3f20c24377a4654c5dd298b0c5 P e19d09339b0240be82ccc953462de068 [LEADER]: Connected to new peer: Peer: permanent_uuid: "93219f58aaeb4529829e457dd40d3e3f" member_type: VOTER last_known_addr { host: "127.10.244.193" port: 36121 }, Status: LMP_MISMATCH, Last received: 0.0, Next index: 3, Last known committed idx: 2, Time since last communication: 0.000s
I20260713 09:02:36.850200 11503 raft_consensus.cc:1275] T c956ba3f20c24377a4654c5dd298b0c5 P d88b6a2456e64c7594f99d7ccdb46e7d [term 3 FOLLOWER]: Refusing update from remote peer e19d09339b0240be82ccc953462de068: Log matching property violated. Preceding OpId in replica: term: 2 index: 2. Preceding OpId from leader: term: 3 index: 3. (index mismatch)
I20260713 09:02:36.851666 11584 consensus_queue.cc:1048] T c956ba3f20c24377a4654c5dd298b0c5 P e19d09339b0240be82ccc953462de068 [LEADER]: Connected to new peer: Peer: permanent_uuid: "d88b6a2456e64c7594f99d7ccdb46e7d" member_type: VOTER last_known_addr { host: "127.10.244.195" port: 42035 }, Status: LMP_MISMATCH, Last received: 0.0, Next index: 3, Last known committed idx: 2, Time since last communication: 0.000s
I20260713 09:02:36.879323 11503 raft_consensus.cc:1275] T 6cde119ad8a4450bbe8e9cc698178771 P d88b6a2456e64c7594f99d7ccdb46e7d [term 4 FOLLOWER]: Refusing update from remote peer e19d09339b0240be82ccc953462de068: Log matching property violated. Preceding OpId in replica: term: 3 index: 3. Preceding OpId from leader: term: 4 index: 4. (index mismatch)
I20260713 09:02:36.880759 11584 consensus_queue.cc:1048] T 6cde119ad8a4450bbe8e9cc698178771 P e19d09339b0240be82ccc953462de068 [LEADER]: Connected to new peer: Peer: permanent_uuid: "d88b6a2456e64c7594f99d7ccdb46e7d" member_type: VOTER last_known_addr { host: "127.10.244.195" port: 42035 }, Status: LMP_MISMATCH, Last received: 0.0, Next index: 4, Last known committed idx: 3, Time since last communication: 0.000s
I20260713 09:02:36.889159 11351 raft_consensus.cc:1275] T 6cde119ad8a4450bbe8e9cc698178771 P 93219f58aaeb4529829e457dd40d3e3f [term 4 FOLLOWER]: Refusing update from remote peer e19d09339b0240be82ccc953462de068: Log matching property violated. Preceding OpId in replica: term: 3 index: 3. Preceding OpId from leader: term: 4 index: 4. (index mismatch)
I20260713 09:02:36.890703 11665 consensus_queue.cc:1048] T 6cde119ad8a4450bbe8e9cc698178771 P e19d09339b0240be82ccc953462de068 [LEADER]: Connected to new peer: Peer: permanent_uuid: "93219f58aaeb4529829e457dd40d3e3f" member_type: VOTER last_known_addr { host: "127.10.244.193" port: 36121 }, Status: LMP_MISMATCH, Last received: 0.0, Next index: 4, Last known committed idx: 3, Time since last communication: 0.000s
I20260713 09:02:38.845947 11219 auto_leader_rebalancer.cc:141] leader rebalance for table test-workload
I20260713 09:02:38.853843 11425 tablet_service.cc:2072] Received LeaderStepDown RPC: tablet_id: "310382f6dbab42c08b90f0d16a7271d3"
dest_uuid: "e19d09339b0240be82ccc953462de068"
mode: GRACEFUL
new_leader_uuid: "93219f58aaeb4529829e457dd40d3e3f"
 from {username='slave'} at 127.0.0.1:52310
I20260713 09:02:38.854669 11425 raft_consensus.cc:606] T 310382f6dbab42c08b90f0d16a7271d3 P e19d09339b0240be82ccc953462de068 [term 2 LEADER]: Received request to transfer leadership to TS 93219f58aaeb4529829e457dd40d3e3f
I20260713 09:02:38.857450 11425 tablet_service.cc:2072] Received LeaderStepDown RPC: tablet_id: "35965e7bed7247c1afe94be17efdb454"
dest_uuid: "e19d09339b0240be82ccc953462de068"
mode: GRACEFUL
new_leader_uuid: "d88b6a2456e64c7594f99d7ccdb46e7d"
 from {username='slave'} at 127.0.0.1:52310
I20260713 09:02:38.857906 11425 raft_consensus.cc:606] T 35965e7bed7247c1afe94be17efdb454 P e19d09339b0240be82ccc953462de068 [term 2 LEADER]: Received request to transfer leadership to TS d88b6a2456e64c7594f99d7ccdb46e7d
I20260713 09:02:38.860352 11425 tablet_service.cc:2072] Received LeaderStepDown RPC: tablet_id: "6cde119ad8a4450bbe8e9cc698178771"
dest_uuid: "e19d09339b0240be82ccc953462de068"
mode: GRACEFUL
new_leader_uuid: "d88b6a2456e64c7594f99d7ccdb46e7d"
 from {username='slave'} at 127.0.0.1:52310
I20260713 09:02:38.860848 11425 raft_consensus.cc:606] T 6cde119ad8a4450bbe8e9cc698178771 P e19d09339b0240be82ccc953462de068 [term 4 LEADER]: Received request to transfer leadership to TS d88b6a2456e64c7594f99d7ccdb46e7d
I20260713 09:02:38.863344 11425 tablet_service.cc:2072] Received LeaderStepDown RPC: tablet_id: "c6341fdb769c4c50b2e708562fc7171a"
dest_uuid: "e19d09339b0240be82ccc953462de068"
mode: GRACEFUL
new_leader_uuid: "93219f58aaeb4529829e457dd40d3e3f"
 from {username='slave'} at 127.0.0.1:52310
I20260713 09:02:38.863823 11425 raft_consensus.cc:606] T c6341fdb769c4c50b2e708562fc7171a P e19d09339b0240be82ccc953462de068 [term 4 LEADER]: Received request to transfer leadership to TS 93219f58aaeb4529829e457dd40d3e3f
I20260713 09:02:38.866103 11425 tablet_service.cc:2072] Received LeaderStepDown RPC: tablet_id: "c956ba3f20c24377a4654c5dd298b0c5"
dest_uuid: "e19d09339b0240be82ccc953462de068"
mode: GRACEFUL
new_leader_uuid: "93219f58aaeb4529829e457dd40d3e3f"
 from {username='slave'} at 127.0.0.1:52310
I20260713 09:02:38.866513 11425 raft_consensus.cc:606] T c956ba3f20c24377a4654c5dd298b0c5 P e19d09339b0240be82ccc953462de068 [term 3 LEADER]: Received request to transfer leadership to TS 93219f58aaeb4529829e457dd40d3e3f
I20260713 09:02:38.867650 11219 auto_leader_rebalancer.cc:479] table: test-workload, leader rebalance finish, leader transfer count: 5
I20260713 09:02:38.868078 11219 auto_leader_rebalancer.cc:554] All tables' leader rebalancing finished this round
I20260713 09:02:38.986354 11690 raft_consensus.cc:993] T 310382f6dbab42c08b90f0d16a7271d3 P e19d09339b0240be82ccc953462de068: : Instructing follower 93219f58aaeb4529829e457dd40d3e3f to start an election
I20260713 09:02:38.986910 11691 raft_consensus.cc:1081] T 310382f6dbab42c08b90f0d16a7271d3 P e19d09339b0240be82ccc953462de068 [term 2 LEADER]: Signalling peer 93219f58aaeb4529829e457dd40d3e3f to start an election
I20260713 09:02:38.988406 11351 tablet_service.cc:2044] Received Run Leader Election RPC: tablet_id: "310382f6dbab42c08b90f0d16a7271d3"
dest_uuid: "93219f58aaeb4529829e457dd40d3e3f"
 from {username='slave'} at 127.0.0.1:38238
I20260713 09:02:38.988960 11351 raft_consensus.cc:493] T 310382f6dbab42c08b90f0d16a7271d3 P 93219f58aaeb4529829e457dd40d3e3f [term 2 FOLLOWER]: Starting forced leader election (received explicit request)
I20260713 09:02:38.989310 11351 raft_consensus.cc:3060] T 310382f6dbab42c08b90f0d16a7271d3 P 93219f58aaeb4529829e457dd40d3e3f [term 2 FOLLOWER]: Advancing to term 3
I20260713 09:02:38.994599 11351 raft_consensus.cc:515] T 310382f6dbab42c08b90f0d16a7271d3 P 93219f58aaeb4529829e457dd40d3e3f [term 3 FOLLOWER]: Starting forced leader election with config: opid_index: -1 OBSOLETE_local: false peers { permanent_uuid: "93219f58aaeb4529829e457dd40d3e3f" member_type: VOTER last_known_addr { host: "127.10.244.193" port: 36121 } } peers { permanent_uuid: "e19d09339b0240be82ccc953462de068" member_type: VOTER last_known_addr { host: "127.10.244.194" port: 34649 } } peers { permanent_uuid: "d88b6a2456e64c7594f99d7ccdb46e7d" member_type: VOTER last_known_addr { host: "127.10.244.195" port: 42035 } }
I20260713 09:02:38.996368 11351 leader_election.cc:290] T 310382f6dbab42c08b90f0d16a7271d3 P 93219f58aaeb4529829e457dd40d3e3f [CANDIDATE]: Term 3 election: Requested vote from peers e19d09339b0240be82ccc953462de068 (127.10.244.194:34649), d88b6a2456e64c7594f99d7ccdb46e7d (127.10.244.195:42035)
I20260713 09:02:38.997385 11425 tablet_service.cc:1917] Received RequestConsensusVote() RPC: tablet_id: "310382f6dbab42c08b90f0d16a7271d3" candidate_uuid: "93219f58aaeb4529829e457dd40d3e3f" candidate_term: 3 candidate_status { last_received { term: 2 index: 2 } } ignore_live_leader: true dest_uuid: "e19d09339b0240be82ccc953462de068"
I20260713 09:02:38.997701 11503 tablet_service.cc:1917] Received RequestConsensusVote() RPC: tablet_id: "310382f6dbab42c08b90f0d16a7271d3" candidate_uuid: "93219f58aaeb4529829e457dd40d3e3f" candidate_term: 3 candidate_status { last_received { term: 2 index: 2 } } ignore_live_leader: true dest_uuid: "d88b6a2456e64c7594f99d7ccdb46e7d"
I20260713 09:02:38.998116 11425 raft_consensus.cc:3055] T 310382f6dbab42c08b90f0d16a7271d3 P e19d09339b0240be82ccc953462de068 [term 2 LEADER]: Stepping down as leader of term 2
I20260713 09:02:38.998175 11503 raft_consensus.cc:3060] T 310382f6dbab42c08b90f0d16a7271d3 P d88b6a2456e64c7594f99d7ccdb46e7d [term 2 FOLLOWER]: Advancing to term 3
I20260713 09:02:38.998518 11425 raft_consensus.cc:740] T 310382f6dbab42c08b90f0d16a7271d3 P e19d09339b0240be82ccc953462de068 [term 2 LEADER]: Becoming Follower/Learner. State: Replica: e19d09339b0240be82ccc953462de068, State: Running, Role: LEADER
I20260713 09:02:38.999346 11425 consensus_queue.cc:260] T 310382f6dbab42c08b90f0d16a7271d3 P e19d09339b0240be82ccc953462de068 [NON_LEADER]: Queue going to NON_LEADER mode. State: All replicated index: 0, Majority replicated index: 2, Committed index: 2, Last appended: 2.2, Last appended by leader: 2, Current term: 2, Majority size: -1, State: 0, Mode: NON_LEADER, active raft config: opid_index: -1 OBSOLETE_local: false peers { permanent_uuid: "93219f58aaeb4529829e457dd40d3e3f" member_type: VOTER last_known_addr { host: "127.10.244.193" port: 36121 } } peers { permanent_uuid: "e19d09339b0240be82ccc953462de068" member_type: VOTER last_known_addr { host: "127.10.244.194" port: 34649 } } peers { permanent_uuid: "d88b6a2456e64c7594f99d7ccdb46e7d" member_type: VOTER last_known_addr { host: "127.10.244.195" port: 42035 } }
I20260713 09:02:39.000525 11425 raft_consensus.cc:3060] T 310382f6dbab42c08b90f0d16a7271d3 P e19d09339b0240be82ccc953462de068 [term 2 FOLLOWER]: Advancing to term 3
I20260713 09:02:39.004808 11503 raft_consensus.cc:2468] T 310382f6dbab42c08b90f0d16a7271d3 P d88b6a2456e64c7594f99d7ccdb46e7d [term 3 FOLLOWER]: Leader election vote request: Granting yes vote for candidate 93219f58aaeb4529829e457dd40d3e3f in term 3.
I20260713 09:02:39.006170 11319 leader_election.cc:304] T 310382f6dbab42c08b90f0d16a7271d3 P 93219f58aaeb4529829e457dd40d3e3f [CANDIDATE]: Term 3 election: Election decided. Result: candidate won. Election summary: received 2 responses out of 3 voters: 2 yes votes; 0 no votes. yes voters: 93219f58aaeb4529829e457dd40d3e3f, d88b6a2456e64c7594f99d7ccdb46e7d; no voters: 
I20260713 09:02:39.006731 11425 raft_consensus.cc:2468] T 310382f6dbab42c08b90f0d16a7271d3 P e19d09339b0240be82ccc953462de068 [term 3 FOLLOWER]: Leader election vote request: Granting yes vote for candidate 93219f58aaeb4529829e457dd40d3e3f in term 3.
I20260713 09:02:39.007828 11692 raft_consensus.cc:2804] T 310382f6dbab42c08b90f0d16a7271d3 P 93219f58aaeb4529829e457dd40d3e3f [term 3 FOLLOWER]: Leader election won for term 3
I20260713 09:02:39.008635 11692 raft_consensus.cc:697] T 310382f6dbab42c08b90f0d16a7271d3 P 93219f58aaeb4529829e457dd40d3e3f [term 3 LEADER]: Becoming Leader. State: Replica: 93219f58aaeb4529829e457dd40d3e3f, State: Running, Role: LEADER
I20260713 09:02:39.009486 11692 consensus_queue.cc:237] T 310382f6dbab42c08b90f0d16a7271d3 P 93219f58aaeb4529829e457dd40d3e3f [LEADER]: Queue going to LEADER mode. State: All replicated index: 0, Majority replicated index: 2, Committed index: 2, Last appended: 2.2, Last appended by leader: 2, Current term: 3, Majority size: 2, State: 0, Mode: LEADER, active raft config: opid_index: -1 OBSOLETE_local: false peers { permanent_uuid: "93219f58aaeb4529829e457dd40d3e3f" member_type: VOTER last_known_addr { host: "127.10.244.193" port: 36121 } } peers { permanent_uuid: "e19d09339b0240be82ccc953462de068" member_type: VOTER last_known_addr { host: "127.10.244.194" port: 34649 } } peers { permanent_uuid: "d88b6a2456e64c7594f99d7ccdb46e7d" member_type: VOTER last_known_addr { host: "127.10.244.195" port: 42035 } }
I20260713 09:02:39.017056 11249 catalog_manager.cc:5697] T 310382f6dbab42c08b90f0d16a7271d3 P 93219f58aaeb4529829e457dd40d3e3f reported cstate change: term changed from 2 to 3, leader changed from e19d09339b0240be82ccc953462de068 (127.10.244.194) to 93219f58aaeb4529829e457dd40d3e3f (127.10.244.193). New cstate: current_term: 3 leader_uuid: "93219f58aaeb4529829e457dd40d3e3f" committed_config { opid_index: -1 OBSOLETE_local: false peers { permanent_uuid: "93219f58aaeb4529829e457dd40d3e3f" member_type: VOTER last_known_addr { host: "127.10.244.193" port: 36121 } health_report { overall_health: HEALTHY } } peers { permanent_uuid: "e19d09339b0240be82ccc953462de068" member_type: VOTER last_known_addr { host: "127.10.244.194" port: 34649 } health_report { overall_health: UNKNOWN } } peers { permanent_uuid: "d88b6a2456e64c7594f99d7ccdb46e7d" member_type: VOTER last_known_addr { host: "127.10.244.195" port: 42035 } health_report { overall_health: UNKNOWN } } }
I20260713 09:02:39.088514 11690 raft_consensus.cc:993] T 35965e7bed7247c1afe94be17efdb454 P e19d09339b0240be82ccc953462de068: : Instructing follower d88b6a2456e64c7594f99d7ccdb46e7d to start an election
I20260713 09:02:39.088949 11691 raft_consensus.cc:1081] T 35965e7bed7247c1afe94be17efdb454 P e19d09339b0240be82ccc953462de068 [term 2 LEADER]: Signalling peer d88b6a2456e64c7594f99d7ccdb46e7d to start an election
I20260713 09:02:39.090417 11503 tablet_service.cc:2044] Received Run Leader Election RPC: tablet_id: "35965e7bed7247c1afe94be17efdb454"
dest_uuid: "d88b6a2456e64c7594f99d7ccdb46e7d"
 from {username='slave'} at 127.0.0.1:47704
I20260713 09:02:39.090967 11503 raft_consensus.cc:493] T 35965e7bed7247c1afe94be17efdb454 P d88b6a2456e64c7594f99d7ccdb46e7d [term 2 FOLLOWER]: Starting forced leader election (received explicit request)
I20260713 09:02:39.091194 11503 raft_consensus.cc:3060] T 35965e7bed7247c1afe94be17efdb454 P d88b6a2456e64c7594f99d7ccdb46e7d [term 2 FOLLOWER]: Advancing to term 3
I20260713 09:02:39.095098 11503 raft_consensus.cc:515] T 35965e7bed7247c1afe94be17efdb454 P d88b6a2456e64c7594f99d7ccdb46e7d [term 3 FOLLOWER]: Starting forced leader election with config: opid_index: -1 OBSOLETE_local: false peers { permanent_uuid: "d88b6a2456e64c7594f99d7ccdb46e7d" member_type: VOTER last_known_addr { host: "127.10.244.195" port: 42035 } } peers { permanent_uuid: "e19d09339b0240be82ccc953462de068" member_type: VOTER last_known_addr { host: "127.10.244.194" port: 34649 } } peers { permanent_uuid: "93219f58aaeb4529829e457dd40d3e3f" member_type: VOTER last_known_addr { host: "127.10.244.193" port: 36121 } }
I20260713 09:02:39.096454 11503 leader_election.cc:290] T 35965e7bed7247c1afe94be17efdb454 P d88b6a2456e64c7594f99d7ccdb46e7d [CANDIDATE]: Term 3 election: Requested vote from peers e19d09339b0240be82ccc953462de068 (127.10.244.194:34649), 93219f58aaeb4529829e457dd40d3e3f (127.10.244.193:36121)
I20260713 09:02:39.097303 11425 tablet_service.cc:1917] Received RequestConsensusVote() RPC: tablet_id: "35965e7bed7247c1afe94be17efdb454" candidate_uuid: "d88b6a2456e64c7594f99d7ccdb46e7d" candidate_term: 3 candidate_status { last_received { term: 2 index: 2 } } ignore_live_leader: true dest_uuid: "e19d09339b0240be82ccc953462de068"
I20260713 09:02:39.097600 11351 tablet_service.cc:1917] Received RequestConsensusVote() RPC: tablet_id: "35965e7bed7247c1afe94be17efdb454" candidate_uuid: "d88b6a2456e64c7594f99d7ccdb46e7d" candidate_term: 3 candidate_status { last_received { term: 2 index: 2 } } ignore_live_leader: true dest_uuid: "93219f58aaeb4529829e457dd40d3e3f"
I20260713 09:02:39.097807 11425 raft_consensus.cc:3055] T 35965e7bed7247c1afe94be17efdb454 P e19d09339b0240be82ccc953462de068 [term 2 LEADER]: Stepping down as leader of term 2
I20260713 09:02:39.098073 11351 raft_consensus.cc:3060] T 35965e7bed7247c1afe94be17efdb454 P 93219f58aaeb4529829e457dd40d3e3f [term 2 FOLLOWER]: Advancing to term 3
I20260713 09:02:39.098129 11425 raft_consensus.cc:740] T 35965e7bed7247c1afe94be17efdb454 P e19d09339b0240be82ccc953462de068 [term 2 LEADER]: Becoming Follower/Learner. State: Replica: e19d09339b0240be82ccc953462de068, State: Running, Role: LEADER
I20260713 09:02:39.098874 11425 consensus_queue.cc:260] T 35965e7bed7247c1afe94be17efdb454 P e19d09339b0240be82ccc953462de068 [NON_LEADER]: Queue going to NON_LEADER mode. State: All replicated index: 0, Majority replicated index: 2, Committed index: 2, Last appended: 2.2, Last appended by leader: 2, Current term: 2, Majority size: -1, State: 0, Mode: NON_LEADER, active raft config: opid_index: -1 OBSOLETE_local: false peers { permanent_uuid: "d88b6a2456e64c7594f99d7ccdb46e7d" member_type: VOTER last_known_addr { host: "127.10.244.195" port: 42035 } } peers { permanent_uuid: "e19d09339b0240be82ccc953462de068" member_type: VOTER last_known_addr { host: "127.10.244.194" port: 34649 } } peers { permanent_uuid: "93219f58aaeb4529829e457dd40d3e3f" member_type: VOTER last_known_addr { host: "127.10.244.193" port: 36121 } }
I20260713 09:02:39.099840 11425 raft_consensus.cc:3060] T 35965e7bed7247c1afe94be17efdb454 P e19d09339b0240be82ccc953462de068 [term 2 FOLLOWER]: Advancing to term 3
I20260713 09:02:39.102675 11351 raft_consensus.cc:2468] T 35965e7bed7247c1afe94be17efdb454 P 93219f58aaeb4529829e457dd40d3e3f [term 3 FOLLOWER]: Leader election vote request: Granting yes vote for candidate d88b6a2456e64c7594f99d7ccdb46e7d in term 3.
I20260713 09:02:39.104007 11469 leader_election.cc:304] T 35965e7bed7247c1afe94be17efdb454 P d88b6a2456e64c7594f99d7ccdb46e7d [CANDIDATE]: Term 3 election: Election decided. Result: candidate won. Election summary: received 2 responses out of 3 voters: 2 yes votes; 0 no votes. yes voters: 93219f58aaeb4529829e457dd40d3e3f, d88b6a2456e64c7594f99d7ccdb46e7d; no voters: 
I20260713 09:02:39.104893 11689 raft_consensus.cc:2804] T 35965e7bed7247c1afe94be17efdb454 P d88b6a2456e64c7594f99d7ccdb46e7d [term 3 FOLLOWER]: Leader election won for term 3
I20260713 09:02:39.105160 11425 raft_consensus.cc:2468] T 35965e7bed7247c1afe94be17efdb454 P e19d09339b0240be82ccc953462de068 [term 3 FOLLOWER]: Leader election vote request: Granting yes vote for candidate d88b6a2456e64c7594f99d7ccdb46e7d in term 3.
I20260713 09:02:39.106442 11689 raft_consensus.cc:697] T 35965e7bed7247c1afe94be17efdb454 P d88b6a2456e64c7594f99d7ccdb46e7d [term 3 LEADER]: Becoming Leader. State: Replica: d88b6a2456e64c7594f99d7ccdb46e7d, State: Running, Role: LEADER
I20260713 09:02:39.107475 11689 consensus_queue.cc:237] T 35965e7bed7247c1afe94be17efdb454 P d88b6a2456e64c7594f99d7ccdb46e7d [LEADER]: Queue going to LEADER mode. State: All replicated index: 0, Majority replicated index: 2, Committed index: 2, Last appended: 2.2, Last appended by leader: 2, Current term: 3, Majority size: 2, State: 0, Mode: LEADER, active raft config: opid_index: -1 OBSOLETE_local: false peers { permanent_uuid: "d88b6a2456e64c7594f99d7ccdb46e7d" member_type: VOTER last_known_addr { host: "127.10.244.195" port: 42035 } } peers { permanent_uuid: "e19d09339b0240be82ccc953462de068" member_type: VOTER last_known_addr { host: "127.10.244.194" port: 34649 } } peers { permanent_uuid: "93219f58aaeb4529829e457dd40d3e3f" member_type: VOTER last_known_addr { host: "127.10.244.193" port: 36121 } }
I20260713 09:02:39.114871 11249 catalog_manager.cc:5697] T 35965e7bed7247c1afe94be17efdb454 P d88b6a2456e64c7594f99d7ccdb46e7d reported cstate change: term changed from 2 to 3, leader changed from e19d09339b0240be82ccc953462de068 (127.10.244.194) to d88b6a2456e64c7594f99d7ccdb46e7d (127.10.244.195). New cstate: current_term: 3 leader_uuid: "d88b6a2456e64c7594f99d7ccdb46e7d" committed_config { opid_index: -1 OBSOLETE_local: false peers { permanent_uuid: "d88b6a2456e64c7594f99d7ccdb46e7d" member_type: VOTER last_known_addr { host: "127.10.244.195" port: 42035 } health_report { overall_health: HEALTHY } } peers { permanent_uuid: "e19d09339b0240be82ccc953462de068" member_type: VOTER last_known_addr { host: "127.10.244.194" port: 34649 } health_report { overall_health: UNKNOWN } } peers { permanent_uuid: "93219f58aaeb4529829e457dd40d3e3f" member_type: VOTER last_known_addr { host: "127.10.244.193" port: 36121 } health_report { overall_health: UNKNOWN } } }
I20260713 09:02:39.156457 11690 raft_consensus.cc:993] T c956ba3f20c24377a4654c5dd298b0c5 P e19d09339b0240be82ccc953462de068: : Instructing follower 93219f58aaeb4529829e457dd40d3e3f to start an election
I20260713 09:02:39.156885 11690 raft_consensus.cc:1081] T c956ba3f20c24377a4654c5dd298b0c5 P e19d09339b0240be82ccc953462de068 [term 3 LEADER]: Signalling peer 93219f58aaeb4529829e457dd40d3e3f to start an election
I20260713 09:02:39.158303 11351 tablet_service.cc:2044] Received Run Leader Election RPC: tablet_id: "c956ba3f20c24377a4654c5dd298b0c5"
dest_uuid: "93219f58aaeb4529829e457dd40d3e3f"
 from {username='slave'} at 127.0.0.1:38238
I20260713 09:02:39.158850 11351 raft_consensus.cc:493] T c956ba3f20c24377a4654c5dd298b0c5 P 93219f58aaeb4529829e457dd40d3e3f [term 3 FOLLOWER]: Starting forced leader election (received explicit request)
I20260713 09:02:39.159126 11351 raft_consensus.cc:3060] T c956ba3f20c24377a4654c5dd298b0c5 P 93219f58aaeb4529829e457dd40d3e3f [term 3 FOLLOWER]: Advancing to term 4
I20260713 09:02:39.163075 11351 raft_consensus.cc:515] T c956ba3f20c24377a4654c5dd298b0c5 P 93219f58aaeb4529829e457dd40d3e3f [term 4 FOLLOWER]: Starting forced leader election with config: opid_index: -1 OBSOLETE_local: false peers { permanent_uuid: "93219f58aaeb4529829e457dd40d3e3f" member_type: VOTER last_known_addr { host: "127.10.244.193" port: 36121 } } peers { permanent_uuid: "e19d09339b0240be82ccc953462de068" member_type: VOTER last_known_addr { host: "127.10.244.194" port: 34649 } } peers { permanent_uuid: "d88b6a2456e64c7594f99d7ccdb46e7d" member_type: VOTER last_known_addr { host: "127.10.244.195" port: 42035 } }
I20260713 09:02:39.164489 11351 leader_election.cc:290] T c956ba3f20c24377a4654c5dd298b0c5 P 93219f58aaeb4529829e457dd40d3e3f [CANDIDATE]: Term 4 election: Requested vote from peers e19d09339b0240be82ccc953462de068 (127.10.244.194:34649), d88b6a2456e64c7594f99d7ccdb46e7d (127.10.244.195:42035)
I20260713 09:02:39.165364 11425 tablet_service.cc:1917] Received RequestConsensusVote() RPC: tablet_id: "c956ba3f20c24377a4654c5dd298b0c5" candidate_uuid: "93219f58aaeb4529829e457dd40d3e3f" candidate_term: 4 candidate_status { last_received { term: 3 index: 3 } } ignore_live_leader: true dest_uuid: "e19d09339b0240be82ccc953462de068"
I20260713 09:02:39.165584 11503 tablet_service.cc:1917] Received RequestConsensusVote() RPC: tablet_id: "c956ba3f20c24377a4654c5dd298b0c5" candidate_uuid: "93219f58aaeb4529829e457dd40d3e3f" candidate_term: 4 candidate_status { last_received { term: 3 index: 3 } } ignore_live_leader: true dest_uuid: "d88b6a2456e64c7594f99d7ccdb46e7d"
I20260713 09:02:39.165885 11425 raft_consensus.cc:3055] T c956ba3f20c24377a4654c5dd298b0c5 P e19d09339b0240be82ccc953462de068 [term 3 LEADER]: Stepping down as leader of term 3
I20260713 09:02:39.166038 11503 raft_consensus.cc:3060] T c956ba3f20c24377a4654c5dd298b0c5 P d88b6a2456e64c7594f99d7ccdb46e7d [term 3 FOLLOWER]: Advancing to term 4
I20260713 09:02:39.166199 11425 raft_consensus.cc:740] T c956ba3f20c24377a4654c5dd298b0c5 P e19d09339b0240be82ccc953462de068 [term 3 LEADER]: Becoming Follower/Learner. State: Replica: e19d09339b0240be82ccc953462de068, State: Running, Role: LEADER
I20260713 09:02:39.166962 11425 consensus_queue.cc:260] T c956ba3f20c24377a4654c5dd298b0c5 P e19d09339b0240be82ccc953462de068 [NON_LEADER]: Queue going to NON_LEADER mode. State: All replicated index: 0, Majority replicated index: 3, Committed index: 3, Last appended: 3.3, Last appended by leader: 3, Current term: 3, Majority size: -1, State: 0, Mode: NON_LEADER, active raft config: opid_index: -1 OBSOLETE_local: false peers { permanent_uuid: "93219f58aaeb4529829e457dd40d3e3f" member_type: VOTER last_known_addr { host: "127.10.244.193" port: 36121 } } peers { permanent_uuid: "e19d09339b0240be82ccc953462de068" member_type: VOTER last_known_addr { host: "127.10.244.194" port: 34649 } } peers { permanent_uuid: "d88b6a2456e64c7594f99d7ccdb46e7d" member_type: VOTER last_known_addr { host: "127.10.244.195" port: 42035 } }
I20260713 09:02:39.168046 11425 raft_consensus.cc:3060] T c956ba3f20c24377a4654c5dd298b0c5 P e19d09339b0240be82ccc953462de068 [term 3 FOLLOWER]: Advancing to term 4
I20260713 09:02:39.171839 11503 raft_consensus.cc:2468] T c956ba3f20c24377a4654c5dd298b0c5 P d88b6a2456e64c7594f99d7ccdb46e7d [term 4 FOLLOWER]: Leader election vote request: Granting yes vote for candidate 93219f58aaeb4529829e457dd40d3e3f in term 4.
I20260713 09:02:39.172955 11319 leader_election.cc:304] T c956ba3f20c24377a4654c5dd298b0c5 P 93219f58aaeb4529829e457dd40d3e3f [CANDIDATE]: Term 4 election: Election decided. Result: candidate won. Election summary: received 2 responses out of 3 voters: 2 yes votes; 0 no votes. yes voters: 93219f58aaeb4529829e457dd40d3e3f, d88b6a2456e64c7594f99d7ccdb46e7d; no voters: 
I20260713 09:02:39.173537 11425 raft_consensus.cc:2468] T c956ba3f20c24377a4654c5dd298b0c5 P e19d09339b0240be82ccc953462de068 [term 4 FOLLOWER]: Leader election vote request: Granting yes vote for candidate 93219f58aaeb4529829e457dd40d3e3f in term 4.
I20260713 09:02:39.173748 11692 raft_consensus.cc:2804] T c956ba3f20c24377a4654c5dd298b0c5 P 93219f58aaeb4529829e457dd40d3e3f [term 4 FOLLOWER]: Leader election won for term 4
I20260713 09:02:39.174281 11692 raft_consensus.cc:697] T c956ba3f20c24377a4654c5dd298b0c5 P 93219f58aaeb4529829e457dd40d3e3f [term 4 LEADER]: Becoming Leader. State: Replica: 93219f58aaeb4529829e457dd40d3e3f, State: Running, Role: LEADER
I20260713 09:02:39.175175 11692 consensus_queue.cc:237] T c956ba3f20c24377a4654c5dd298b0c5 P 93219f58aaeb4529829e457dd40d3e3f [LEADER]: Queue going to LEADER mode. State: All replicated index: 0, Majority replicated index: 3, Committed index: 3, Last appended: 3.3, Last appended by leader: 3, Current term: 4, Majority size: 2, State: 0, Mode: LEADER, active raft config: opid_index: -1 OBSOLETE_local: false peers { permanent_uuid: "93219f58aaeb4529829e457dd40d3e3f" member_type: VOTER last_known_addr { host: "127.10.244.193" port: 36121 } } peers { permanent_uuid: "e19d09339b0240be82ccc953462de068" member_type: VOTER last_known_addr { host: "127.10.244.194" port: 34649 } } peers { permanent_uuid: "d88b6a2456e64c7594f99d7ccdb46e7d" member_type: VOTER last_known_addr { host: "127.10.244.195" port: 42035 } }
I20260713 09:02:39.181977 11249 catalog_manager.cc:5697] T c956ba3f20c24377a4654c5dd298b0c5 P 93219f58aaeb4529829e457dd40d3e3f reported cstate change: term changed from 3 to 4, leader changed from e19d09339b0240be82ccc953462de068 (127.10.244.194) to 93219f58aaeb4529829e457dd40d3e3f (127.10.244.193). New cstate: current_term: 4 leader_uuid: "93219f58aaeb4529829e457dd40d3e3f" committed_config { opid_index: -1 OBSOLETE_local: false peers { permanent_uuid: "93219f58aaeb4529829e457dd40d3e3f" member_type: VOTER last_known_addr { host: "127.10.244.193" port: 36121 } health_report { overall_health: HEALTHY } } peers { permanent_uuid: "e19d09339b0240be82ccc953462de068" member_type: VOTER last_known_addr { host: "127.10.244.194" port: 34649 } health_report { overall_health: UNKNOWN } } peers { permanent_uuid: "d88b6a2456e64c7594f99d7ccdb46e7d" member_type: VOTER last_known_addr { host: "127.10.244.195" port: 42035 } health_report { overall_health: UNKNOWN } } }
I20260713 09:02:39.257381 11691 raft_consensus.cc:993] T c6341fdb769c4c50b2e708562fc7171a P e19d09339b0240be82ccc953462de068: : Instructing follower 93219f58aaeb4529829e457dd40d3e3f to start an election
I20260713 09:02:39.257864 11690 raft_consensus.cc:1081] T c6341fdb769c4c50b2e708562fc7171a P e19d09339b0240be82ccc953462de068 [term 4 LEADER]: Signalling peer 93219f58aaeb4529829e457dd40d3e3f to start an election
I20260713 09:02:39.259308 11351 tablet_service.cc:2044] Received Run Leader Election RPC: tablet_id: "c6341fdb769c4c50b2e708562fc7171a"
dest_uuid: "93219f58aaeb4529829e457dd40d3e3f"
 from {username='slave'} at 127.0.0.1:38238
I20260713 09:02:39.259860 11351 raft_consensus.cc:493] T c6341fdb769c4c50b2e708562fc7171a P 93219f58aaeb4529829e457dd40d3e3f [term 4 FOLLOWER]: Starting forced leader election (received explicit request)
I20260713 09:02:39.260157 11351 raft_consensus.cc:3060] T c6341fdb769c4c50b2e708562fc7171a P 93219f58aaeb4529829e457dd40d3e3f [term 4 FOLLOWER]: Advancing to term 5
I20260713 09:02:39.264425 11351 raft_consensus.cc:515] T c6341fdb769c4c50b2e708562fc7171a P 93219f58aaeb4529829e457dd40d3e3f [term 5 FOLLOWER]: Starting forced leader election with config: opid_index: -1 OBSOLETE_local: false peers { permanent_uuid: "93219f58aaeb4529829e457dd40d3e3f" member_type: VOTER last_known_addr { host: "127.10.244.193" port: 36121 } } peers { permanent_uuid: "e19d09339b0240be82ccc953462de068" member_type: VOTER last_known_addr { host: "127.10.244.194" port: 34649 } } peers { permanent_uuid: "d88b6a2456e64c7594f99d7ccdb46e7d" member_type: VOTER last_known_addr { host: "127.10.244.195" port: 42035 } }
I20260713 09:02:39.265872 11351 leader_election.cc:290] T c6341fdb769c4c50b2e708562fc7171a P 93219f58aaeb4529829e457dd40d3e3f [CANDIDATE]: Term 5 election: Requested vote from peers e19d09339b0240be82ccc953462de068 (127.10.244.194:34649), d88b6a2456e64c7594f99d7ccdb46e7d (127.10.244.195:42035)
I20260713 09:02:39.266878 11425 tablet_service.cc:1917] Received RequestConsensusVote() RPC: tablet_id: "c6341fdb769c4c50b2e708562fc7171a" candidate_uuid: "93219f58aaeb4529829e457dd40d3e3f" candidate_term: 5 candidate_status { last_received { term: 4 index: 4 } } ignore_live_leader: true dest_uuid: "e19d09339b0240be82ccc953462de068"
I20260713 09:02:39.267019 11503 tablet_service.cc:1917] Received RequestConsensusVote() RPC: tablet_id: "c6341fdb769c4c50b2e708562fc7171a" candidate_uuid: "93219f58aaeb4529829e457dd40d3e3f" candidate_term: 5 candidate_status { last_received { term: 4 index: 4 } } ignore_live_leader: true dest_uuid: "d88b6a2456e64c7594f99d7ccdb46e7d"
I20260713 09:02:39.267422 11503 raft_consensus.cc:3060] T c6341fdb769c4c50b2e708562fc7171a P d88b6a2456e64c7594f99d7ccdb46e7d [term 4 FOLLOWER]: Advancing to term 5
I20260713 09:02:39.267422 11425 raft_consensus.cc:3055] T c6341fdb769c4c50b2e708562fc7171a P e19d09339b0240be82ccc953462de068 [term 4 LEADER]: Stepping down as leader of term 4
I20260713 09:02:39.267974 11425 raft_consensus.cc:740] T c6341fdb769c4c50b2e708562fc7171a P e19d09339b0240be82ccc953462de068 [term 4 LEADER]: Becoming Follower/Learner. State: Replica: e19d09339b0240be82ccc953462de068, State: Running, Role: LEADER
I20260713 09:02:39.268754 11425 consensus_queue.cc:260] T c6341fdb769c4c50b2e708562fc7171a P e19d09339b0240be82ccc953462de068 [NON_LEADER]: Queue going to NON_LEADER mode. State: All replicated index: 0, Majority replicated index: 4, Committed index: 4, Last appended: 4.4, Last appended by leader: 4, Current term: 4, Majority size: -1, State: 0, Mode: NON_LEADER, active raft config: opid_index: -1 OBSOLETE_local: false peers { permanent_uuid: "93219f58aaeb4529829e457dd40d3e3f" member_type: VOTER last_known_addr { host: "127.10.244.193" port: 36121 } } peers { permanent_uuid: "e19d09339b0240be82ccc953462de068" member_type: VOTER last_known_addr { host: "127.10.244.194" port: 34649 } } peers { permanent_uuid: "d88b6a2456e64c7594f99d7ccdb46e7d" member_type: VOTER last_known_addr { host: "127.10.244.195" port: 42035 } }
I20260713 09:02:39.269793 11425 raft_consensus.cc:3060] T c6341fdb769c4c50b2e708562fc7171a P e19d09339b0240be82ccc953462de068 [term 4 FOLLOWER]: Advancing to term 5
I20260713 09:02:39.273615 11503 raft_consensus.cc:2468] T c6341fdb769c4c50b2e708562fc7171a P d88b6a2456e64c7594f99d7ccdb46e7d [term 5 FOLLOWER]: Leader election vote request: Granting yes vote for candidate 93219f58aaeb4529829e457dd40d3e3f in term 5.
I20260713 09:02:39.274797 11319 leader_election.cc:304] T c6341fdb769c4c50b2e708562fc7171a P 93219f58aaeb4529829e457dd40d3e3f [CANDIDATE]: Term 5 election: Election decided. Result: candidate won. Election summary: received 2 responses out of 3 voters: 2 yes votes; 0 no votes. yes voters: 93219f58aaeb4529829e457dd40d3e3f, d88b6a2456e64c7594f99d7ccdb46e7d; no voters: 
I20260713 09:02:39.275260 11425 raft_consensus.cc:2468] T c6341fdb769c4c50b2e708562fc7171a P e19d09339b0240be82ccc953462de068 [term 5 FOLLOWER]: Leader election vote request: Granting yes vote for candidate 93219f58aaeb4529829e457dd40d3e3f in term 5.
I20260713 09:02:39.275579 11692 raft_consensus.cc:2804] T c6341fdb769c4c50b2e708562fc7171a P 93219f58aaeb4529829e457dd40d3e3f [term 5 FOLLOWER]: Leader election won for term 5
I20260713 09:02:39.276083 11692 raft_consensus.cc:697] T c6341fdb769c4c50b2e708562fc7171a P 93219f58aaeb4529829e457dd40d3e3f [term 5 LEADER]: Becoming Leader. State: Replica: 93219f58aaeb4529829e457dd40d3e3f, State: Running, Role: LEADER
I20260713 09:02:39.276993 11692 consensus_queue.cc:237] T c6341fdb769c4c50b2e708562fc7171a P 93219f58aaeb4529829e457dd40d3e3f [LEADER]: Queue going to LEADER mode. State: All replicated index: 0, Majority replicated index: 4, Committed index: 4, Last appended: 4.4, Last appended by leader: 4, Current term: 5, Majority size: 2, State: 0, Mode: LEADER, active raft config: opid_index: -1 OBSOLETE_local: false peers { permanent_uuid: "93219f58aaeb4529829e457dd40d3e3f" member_type: VOTER last_known_addr { host: "127.10.244.193" port: 36121 } } peers { permanent_uuid: "e19d09339b0240be82ccc953462de068" member_type: VOTER last_known_addr { host: "127.10.244.194" port: 34649 } } peers { permanent_uuid: "d88b6a2456e64c7594f99d7ccdb46e7d" member_type: VOTER last_known_addr { host: "127.10.244.195" port: 42035 } }
I20260713 09:02:39.284710 11691 raft_consensus.cc:993] T 6cde119ad8a4450bbe8e9cc698178771 P e19d09339b0240be82ccc953462de068: : Instructing follower d88b6a2456e64c7594f99d7ccdb46e7d to start an election
I20260713 09:02:39.285121 11690 raft_consensus.cc:1081] T 6cde119ad8a4450bbe8e9cc698178771 P e19d09339b0240be82ccc953462de068 [term 4 LEADER]: Signalling peer d88b6a2456e64c7594f99d7ccdb46e7d to start an election
I20260713 09:02:39.284425 11249 catalog_manager.cc:5697] T c6341fdb769c4c50b2e708562fc7171a P 93219f58aaeb4529829e457dd40d3e3f reported cstate change: term changed from 4 to 5, leader changed from e19d09339b0240be82ccc953462de068 (127.10.244.194) to 93219f58aaeb4529829e457dd40d3e3f (127.10.244.193). New cstate: current_term: 5 leader_uuid: "93219f58aaeb4529829e457dd40d3e3f" committed_config { opid_index: -1 OBSOLETE_local: false peers { permanent_uuid: "93219f58aaeb4529829e457dd40d3e3f" member_type: VOTER last_known_addr { host: "127.10.244.193" port: 36121 } health_report { overall_health: HEALTHY } } peers { permanent_uuid: "e19d09339b0240be82ccc953462de068" member_type: VOTER last_known_addr { host: "127.10.244.194" port: 34649 } health_report { overall_health: UNKNOWN } } peers { permanent_uuid: "d88b6a2456e64c7594f99d7ccdb46e7d" member_type: VOTER last_known_addr { host: "127.10.244.195" port: 42035 } health_report { overall_health: UNKNOWN } } }
I20260713 09:02:39.286653 11503 tablet_service.cc:2044] Received Run Leader Election RPC: tablet_id: "6cde119ad8a4450bbe8e9cc698178771"
dest_uuid: "d88b6a2456e64c7594f99d7ccdb46e7d"
 from {username='slave'} at 127.0.0.1:47704
I20260713 09:02:39.287092 11503 raft_consensus.cc:493] T 6cde119ad8a4450bbe8e9cc698178771 P d88b6a2456e64c7594f99d7ccdb46e7d [term 4 FOLLOWER]: Starting forced leader election (received explicit request)
I20260713 09:02:39.287406 11503 raft_consensus.cc:3060] T 6cde119ad8a4450bbe8e9cc698178771 P d88b6a2456e64c7594f99d7ccdb46e7d [term 4 FOLLOWER]: Advancing to term 5
I20260713 09:02:39.292502 11503 raft_consensus.cc:515] T 6cde119ad8a4450bbe8e9cc698178771 P d88b6a2456e64c7594f99d7ccdb46e7d [term 5 FOLLOWER]: Starting forced leader election with config: opid_index: -1 OBSOLETE_local: false peers { permanent_uuid: "93219f58aaeb4529829e457dd40d3e3f" member_type: VOTER last_known_addr { host: "127.10.244.193" port: 36121 } } peers { permanent_uuid: "e19d09339b0240be82ccc953462de068" member_type: VOTER last_known_addr { host: "127.10.244.194" port: 34649 } } peers { permanent_uuid: "d88b6a2456e64c7594f99d7ccdb46e7d" member_type: VOTER last_known_addr { host: "127.10.244.195" port: 42035 } }
I20260713 09:02:39.294075 11503 leader_election.cc:290] T 6cde119ad8a4450bbe8e9cc698178771 P d88b6a2456e64c7594f99d7ccdb46e7d [CANDIDATE]: Term 5 election: Requested vote from peers 93219f58aaeb4529829e457dd40d3e3f (127.10.244.193:36121), e19d09339b0240be82ccc953462de068 (127.10.244.194:34649)
I20260713 09:02:39.294833 11351 tablet_service.cc:1917] Received RequestConsensusVote() RPC: tablet_id: "6cde119ad8a4450bbe8e9cc698178771" candidate_uuid: "d88b6a2456e64c7594f99d7ccdb46e7d" candidate_term: 5 candidate_status { last_received { term: 4 index: 4 } } ignore_live_leader: true dest_uuid: "93219f58aaeb4529829e457dd40d3e3f"
I20260713 09:02:39.295135 11425 tablet_service.cc:1917] Received RequestConsensusVote() RPC: tablet_id: "6cde119ad8a4450bbe8e9cc698178771" candidate_uuid: "d88b6a2456e64c7594f99d7ccdb46e7d" candidate_term: 5 candidate_status { last_received { term: 4 index: 4 } } ignore_live_leader: true dest_uuid: "e19d09339b0240be82ccc953462de068"
I20260713 09:02:39.295374 11351 raft_consensus.cc:3060] T 6cde119ad8a4450bbe8e9cc698178771 P 93219f58aaeb4529829e457dd40d3e3f [term 4 FOLLOWER]: Advancing to term 5
I20260713 09:02:39.295641 11425 raft_consensus.cc:3055] T 6cde119ad8a4450bbe8e9cc698178771 P e19d09339b0240be82ccc953462de068 [term 4 LEADER]: Stepping down as leader of term 4
I20260713 09:02:39.295919 11425 raft_consensus.cc:740] T 6cde119ad8a4450bbe8e9cc698178771 P e19d09339b0240be82ccc953462de068 [term 4 LEADER]: Becoming Follower/Learner. State: Replica: e19d09339b0240be82ccc953462de068, State: Running, Role: LEADER
I20260713 09:02:39.296590 11425 consensus_queue.cc:260] T 6cde119ad8a4450bbe8e9cc698178771 P e19d09339b0240be82ccc953462de068 [NON_LEADER]: Queue going to NON_LEADER mode. State: All replicated index: 0, Majority replicated index: 4, Committed index: 4, Last appended: 4.4, Last appended by leader: 4, Current term: 4, Majority size: -1, State: 0, Mode: NON_LEADER, active raft config: opid_index: -1 OBSOLETE_local: false peers { permanent_uuid: "93219f58aaeb4529829e457dd40d3e3f" member_type: VOTER last_known_addr { host: "127.10.244.193" port: 36121 } } peers { permanent_uuid: "e19d09339b0240be82ccc953462de068" member_type: VOTER last_known_addr { host: "127.10.244.194" port: 34649 } } peers { permanent_uuid: "d88b6a2456e64c7594f99d7ccdb46e7d" member_type: VOTER last_known_addr { host: "127.10.244.195" port: 42035 } }
I20260713 09:02:39.297612 11425 raft_consensus.cc:3060] T 6cde119ad8a4450bbe8e9cc698178771 P e19d09339b0240be82ccc953462de068 [term 4 FOLLOWER]: Advancing to term 5
I20260713 09:02:39.301213 11351 raft_consensus.cc:2468] T 6cde119ad8a4450bbe8e9cc698178771 P 93219f58aaeb4529829e457dd40d3e3f [term 5 FOLLOWER]: Leader election vote request: Granting yes vote for candidate d88b6a2456e64c7594f99d7ccdb46e7d in term 5.
I20260713 09:02:39.302299 11469 leader_election.cc:304] T 6cde119ad8a4450bbe8e9cc698178771 P d88b6a2456e64c7594f99d7ccdb46e7d [CANDIDATE]: Term 5 election: Election decided. Result: candidate won. Election summary: received 2 responses out of 3 voters: 2 yes votes; 0 no votes. yes voters: 93219f58aaeb4529829e457dd40d3e3f, d88b6a2456e64c7594f99d7ccdb46e7d; no voters: 
I20260713 09:02:39.303028 11689 raft_consensus.cc:2804] T 6cde119ad8a4450bbe8e9cc698178771 P d88b6a2456e64c7594f99d7ccdb46e7d [term 5 FOLLOWER]: Leader election won for term 5
I20260713 09:02:39.303028 11425 raft_consensus.cc:2468] T 6cde119ad8a4450bbe8e9cc698178771 P e19d09339b0240be82ccc953462de068 [term 5 FOLLOWER]: Leader election vote request: Granting yes vote for candidate d88b6a2456e64c7594f99d7ccdb46e7d in term 5.
I20260713 09:02:39.303715 11689 raft_consensus.cc:697] T 6cde119ad8a4450bbe8e9cc698178771 P d88b6a2456e64c7594f99d7ccdb46e7d [term 5 LEADER]: Becoming Leader. State: Replica: d88b6a2456e64c7594f99d7ccdb46e7d, State: Running, Role: LEADER
I20260713 09:02:39.304668 11689 consensus_queue.cc:237] T 6cde119ad8a4450bbe8e9cc698178771 P d88b6a2456e64c7594f99d7ccdb46e7d [LEADER]: Queue going to LEADER mode. State: All replicated index: 0, Majority replicated index: 4, Committed index: 4, Last appended: 4.4, Last appended by leader: 4, Current term: 5, Majority size: 2, State: 0, Mode: LEADER, active raft config: opid_index: -1 OBSOLETE_local: false peers { permanent_uuid: "93219f58aaeb4529829e457dd40d3e3f" member_type: VOTER last_known_addr { host: "127.10.244.193" port: 36121 } } peers { permanent_uuid: "e19d09339b0240be82ccc953462de068" member_type: VOTER last_known_addr { host: "127.10.244.194" port: 34649 } } peers { permanent_uuid: "d88b6a2456e64c7594f99d7ccdb46e7d" member_type: VOTER last_known_addr { host: "127.10.244.195" port: 42035 } }
I20260713 09:02:39.311520 11249 catalog_manager.cc:5697] T 6cde119ad8a4450bbe8e9cc698178771 P d88b6a2456e64c7594f99d7ccdb46e7d reported cstate change: term changed from 4 to 5, leader changed from e19d09339b0240be82ccc953462de068 (127.10.244.194) to d88b6a2456e64c7594f99d7ccdb46e7d (127.10.244.195). New cstate: current_term: 5 leader_uuid: "d88b6a2456e64c7594f99d7ccdb46e7d" committed_config { opid_index: -1 OBSOLETE_local: false peers { permanent_uuid: "93219f58aaeb4529829e457dd40d3e3f" member_type: VOTER last_known_addr { host: "127.10.244.193" port: 36121 } health_report { overall_health: UNKNOWN } } peers { permanent_uuid: "e19d09339b0240be82ccc953462de068" member_type: VOTER last_known_addr { host: "127.10.244.194" port: 34649 } health_report { overall_health: UNKNOWN } } peers { permanent_uuid: "d88b6a2456e64c7594f99d7ccdb46e7d" member_type: VOTER last_known_addr { host: "127.10.244.195" port: 42035 } health_report { overall_health: HEALTHY } } }
I20260713 09:02:39.459237 11425 raft_consensus.cc:1275] T 310382f6dbab42c08b90f0d16a7271d3 P e19d09339b0240be82ccc953462de068 [term 3 FOLLOWER]: Refusing update from remote peer 93219f58aaeb4529829e457dd40d3e3f: Log matching property violated. Preceding OpId in replica: term: 2 index: 2. Preceding OpId from leader: term: 3 index: 3. (index mismatch)
I20260713 09:02:39.460419 11692 consensus_queue.cc:1048] T 310382f6dbab42c08b90f0d16a7271d3 P 93219f58aaeb4529829e457dd40d3e3f [LEADER]: Connected to new peer: Peer: permanent_uuid: "e19d09339b0240be82ccc953462de068" member_type: VOTER last_known_addr { host: "127.10.244.194" port: 34649 }, Status: LMP_MISMATCH, Last received: 0.0, Next index: 3, Last known committed idx: 2, Time since last communication: 0.000s
I20260713 09:02:39.470965 11503 raft_consensus.cc:1275] T 310382f6dbab42c08b90f0d16a7271d3 P d88b6a2456e64c7594f99d7ccdb46e7d [term 3 FOLLOWER]: Refusing update from remote peer 93219f58aaeb4529829e457dd40d3e3f: Log matching property violated. Preceding OpId in replica: term: 2 index: 2. Preceding OpId from leader: term: 3 index: 3. (index mismatch)
I20260713 09:02:39.474903 11693 consensus_queue.cc:1048] T 310382f6dbab42c08b90f0d16a7271d3 P 93219f58aaeb4529829e457dd40d3e3f [LEADER]: Connected to new peer: Peer: permanent_uuid: "d88b6a2456e64c7594f99d7ccdb46e7d" member_type: VOTER last_known_addr { host: "127.10.244.195" port: 42035 }, Status: LMP_MISMATCH, Last received: 0.0, Next index: 3, Last known committed idx: 2, Time since last communication: 0.001s
I20260713 09:02:39.547076 11425 raft_consensus.cc:1275] T 35965e7bed7247c1afe94be17efdb454 P e19d09339b0240be82ccc953462de068 [term 3 FOLLOWER]: Refusing update from remote peer d88b6a2456e64c7594f99d7ccdb46e7d: Log matching property violated. Preceding OpId in replica: term: 2 index: 2. Preceding OpId from leader: term: 3 index: 3. (index mismatch)
I20260713 09:02:39.548391 11689 consensus_queue.cc:1048] T 35965e7bed7247c1afe94be17efdb454 P d88b6a2456e64c7594f99d7ccdb46e7d [LEADER]: Connected to new peer: Peer: permanent_uuid: "e19d09339b0240be82ccc953462de068" member_type: VOTER last_known_addr { host: "127.10.244.194" port: 34649 }, Status: LMP_MISMATCH, Last received: 0.0, Next index: 3, Last known committed idx: 2, Time since last communication: 0.000s
I20260713 09:02:39.557958 11351 raft_consensus.cc:1275] T 35965e7bed7247c1afe94be17efdb454 P 93219f58aaeb4529829e457dd40d3e3f [term 3 FOLLOWER]: Refusing update from remote peer d88b6a2456e64c7594f99d7ccdb46e7d: Log matching property violated. Preceding OpId in replica: term: 2 index: 2. Preceding OpId from leader: term: 3 index: 3. (index mismatch)
I20260713 09:02:39.561028 11700 consensus_queue.cc:1048] T 35965e7bed7247c1afe94be17efdb454 P d88b6a2456e64c7594f99d7ccdb46e7d [LEADER]: Connected to new peer: Peer: permanent_uuid: "93219f58aaeb4529829e457dd40d3e3f" member_type: VOTER last_known_addr { host: "127.10.244.193" port: 36121 }, Status: LMP_MISMATCH, Last received: 0.0, Next index: 3, Last known committed idx: 2, Time since last communication: 0.001s
I20260713 09:02:39.656667 11503 raft_consensus.cc:1275] T c956ba3f20c24377a4654c5dd298b0c5 P d88b6a2456e64c7594f99d7ccdb46e7d [term 4 FOLLOWER]: Refusing update from remote peer 93219f58aaeb4529829e457dd40d3e3f: Log matching property violated. Preceding OpId in replica: term: 3 index: 3. Preceding OpId from leader: term: 4 index: 4. (index mismatch)
I20260713 09:02:39.658094 11693 consensus_queue.cc:1048] T c956ba3f20c24377a4654c5dd298b0c5 P 93219f58aaeb4529829e457dd40d3e3f [LEADER]: Connected to new peer: Peer: permanent_uuid: "d88b6a2456e64c7594f99d7ccdb46e7d" member_type: VOTER last_known_addr { host: "127.10.244.195" port: 42035 }, Status: LMP_MISMATCH, Last received: 0.0, Next index: 4, Last known committed idx: 3, Time since last communication: 0.000s
I20260713 09:02:39.667183 11425 raft_consensus.cc:1275] T c956ba3f20c24377a4654c5dd298b0c5 P e19d09339b0240be82ccc953462de068 [term 4 FOLLOWER]: Refusing update from remote peer 93219f58aaeb4529829e457dd40d3e3f: Log matching property violated. Preceding OpId in replica: term: 3 index: 3. Preceding OpId from leader: term: 4 index: 4. (index mismatch)
