I20260713 09:02:38.402417  6485 raft_consensus.cc:740] T 34ad934c3b954a899f9daa6ccf99176e P c1906b2622d2480f88bc3857dbf61efd [term 0 FOLLOWER]: Becoming Follower/Learner. State: Replica: c1906b2622d2480f88bc3857dbf61efd, State: Initialized, Role: FOLLOWER
I20260713 09:02:38.403029  6258 leader_election.cc:304] T d0bf14c9bd434085ae92d157e2e8663e P 110b7dc795cf49d297927fac485577f6 [CANDIDATE]: Term 1 election: Election decided. Result: candidate won. Election summary: received 2 responses out of 3 voters: 2 yes votes; 0 no votes. yes voters: 03fb6a5f90aa43dcab9e54cae5d35d1b, 110b7dc795cf49d297927fac485577f6; no voters: 
I20260713 09:02:38.403365  6485 consensus_queue.cc:260] T 34ad934c3b954a899f9daa6ccf99176e P c1906b2622d2480f88bc3857dbf61efd [NON_LEADER]: Queue going to NON_LEADER mode. State: All replicated index: 0, Majority replicated index: 0, Committed index: 0, Last appended: 0.0, Last appended by leader: 0, Current term: 0, Majority size: -1, State: 0, Mode: NON_LEADER, active raft config: opid_index: -1 OBSOLETE_local: false peers { permanent_uuid: "110b7dc795cf49d297927fac485577f6" member_type: VOTER last_known_addr { host: "127.5.138.1" port: 40815 } } peers { permanent_uuid: "03fb6a5f90aa43dcab9e54cae5d35d1b" member_type: VOTER last_known_addr { host: "127.5.138.2" port: 38539 } } peers { permanent_uuid: "c1906b2622d2480f88bc3857dbf61efd" member_type: VOTER last_known_addr { host: "127.5.138.3" port: 46525 } }
I20260713 09:02:38.404507  6515 raft_consensus.cc:2804] T d0bf14c9bd434085ae92d157e2e8663e P 110b7dc795cf49d297927fac485577f6 [term 1 FOLLOWER]: Leader election won for term 1
I20260713 09:02:38.405124  6515 raft_consensus.cc:697] T d0bf14c9bd434085ae92d157e2e8663e P 110b7dc795cf49d297927fac485577f6 [term 1 LEADER]: Becoming Leader. State: Replica: 110b7dc795cf49d297927fac485577f6, State: Running, Role: LEADER
I20260713 09:02:38.406464  6485 ts_tablet_manager.cc:1434] T 34ad934c3b954a899f9daa6ccf99176e P c1906b2622d2480f88bc3857dbf61efd: Time spent starting tablet: real 0.048s	user 0.008s	sys 0.000s
I20260713 09:02:38.406162  6515 consensus_queue.cc:237] T d0bf14c9bd434085ae92d157e2e8663e P 110b7dc795cf49d297927fac485577f6 [LEADER]: Queue going to LEADER mode. State: All replicated index: 0, Majority replicated index: 0, Committed index: 0, Last appended: 0.0, Last appended by leader: 0, Current term: 1, Majority size: 2, State: 0, Mode: LEADER, active raft config: opid_index: -1 OBSOLETE_local: false peers { permanent_uuid: "110b7dc795cf49d297927fac485577f6" member_type: VOTER last_known_addr { host: "127.5.138.1" port: 40815 } } peers { permanent_uuid: "03fb6a5f90aa43dcab9e54cae5d35d1b" member_type: VOTER last_known_addr { host: "127.5.138.2" port: 38539 } } peers { permanent_uuid: "c1906b2622d2480f88bc3857dbf61efd" member_type: VOTER last_known_addr { host: "127.5.138.3" port: 46525 } }
I20260713 09:02:38.408459  6516 raft_consensus.cc:493] T 34ad934c3b954a899f9daa6ccf99176e P c1906b2622d2480f88bc3857dbf61efd [term 0 FOLLOWER]: Starting pre-election (no leader contacted us within the election timeout)
I20260713 09:02:38.408831  6516 raft_consensus.cc:515] T 34ad934c3b954a899f9daa6ccf99176e P c1906b2622d2480f88bc3857dbf61efd [term 0 FOLLOWER]: Starting pre-election with config: opid_index: -1 OBSOLETE_local: false peers { permanent_uuid: "110b7dc795cf49d297927fac485577f6" member_type: VOTER last_known_addr { host: "127.5.138.1" port: 40815 } } peers { permanent_uuid: "03fb6a5f90aa43dcab9e54cae5d35d1b" member_type: VOTER last_known_addr { host: "127.5.138.2" port: 38539 } } peers { permanent_uuid: "c1906b2622d2480f88bc3857dbf61efd" member_type: VOTER last_known_addr { host: "127.5.138.3" port: 46525 } }
I20260713 09:02:38.409137  6485 tablet_bootstrap.cc:492] T 1b3f0bde90cd4eaba125c5c818b2bc7b P c1906b2622d2480f88bc3857dbf61efd: Bootstrap starting.
I20260713 09:02:38.377403  6370 raft_consensus.cc:2468] T 3924e6b9dd9445338bee2662bd7b0a05 P 03fb6a5f90aa43dcab9e54cae5d35d1b [term 1 FOLLOWER]: Leader election vote request: Granting yes vote for candidate c1906b2622d2480f88bc3857dbf61efd in term 1.
I20260713 09:02:38.401402  6294 raft_consensus.cc:2468] T 3924e6b9dd9445338bee2662bd7b0a05 P 110b7dc795cf49d297927fac485577f6 [term 1 FOLLOWER]: Leader election vote request: Granting yes vote for candidate c1906b2622d2480f88bc3857dbf61efd in term 1.
I20260713 09:02:38.409869  6407 leader_election.cc:304] T 3924e6b9dd9445338bee2662bd7b0a05 P c1906b2622d2480f88bc3857dbf61efd [CANDIDATE]: Term 1 election: Election decided. Result: candidate won. Election summary: received 2 responses out of 3 voters: 2 yes votes; 0 no votes. yes voters: 03fb6a5f90aa43dcab9e54cae5d35d1b, c1906b2622d2480f88bc3857dbf61efd; no voters: 
I20260713 09:02:38.410476  6516 leader_election.cc:290] T 34ad934c3b954a899f9daa6ccf99176e P c1906b2622d2480f88bc3857dbf61efd [CANDIDATE]: Term 1 pre-election: Requested pre-vote from peers 110b7dc795cf49d297927fac485577f6 (127.5.138.1:40815), 03fb6a5f90aa43dcab9e54cae5d35d1b (127.5.138.2:38539)
I20260713 09:02:38.411895  6370 tablet_service.cc:1917] Received RequestConsensusVote() RPC: tablet_id: "34ad934c3b954a899f9daa6ccf99176e" candidate_uuid: "c1906b2622d2480f88bc3857dbf61efd" candidate_term: 1 candidate_status { last_received { term: 0 index: 0 } } ignore_live_leader: false dest_uuid: "03fb6a5f90aa43dcab9e54cae5d35d1b" is_pre_election: true
I20260713 09:02:38.411895  6294 tablet_service.cc:1917] Received RequestConsensusVote() RPC: tablet_id: "34ad934c3b954a899f9daa6ccf99176e" candidate_uuid: "c1906b2622d2480f88bc3857dbf61efd" candidate_term: 1 candidate_status { last_received { term: 0 index: 0 } } ignore_live_leader: false dest_uuid: "110b7dc795cf49d297927fac485577f6" is_pre_election: true
I20260713 09:02:38.411571  6192 catalog_manager.cc:5697] T 314ede3372584e4c88ba3beb2164c237 P 03fb6a5f90aa43dcab9e54cae5d35d1b reported cstate change: term changed from 0 to 1, leader changed from <none> to 03fb6a5f90aa43dcab9e54cae5d35d1b (127.5.138.2). New cstate: current_term: 1 leader_uuid: "03fb6a5f90aa43dcab9e54cae5d35d1b" committed_config { opid_index: -1 OBSOLETE_local: false peers { permanent_uuid: "110b7dc795cf49d297927fac485577f6" member_type: VOTER last_known_addr { host: "127.5.138.1" port: 40815 } health_report { overall_health: UNKNOWN } } peers { permanent_uuid: "03fb6a5f90aa43dcab9e54cae5d35d1b" member_type: VOTER last_known_addr { host: "127.5.138.2" port: 38539 } health_report { overall_health: HEALTHY } } peers { permanent_uuid: "c1906b2622d2480f88bc3857dbf61efd" member_type: VOTER last_known_addr { host: "127.5.138.3" port: 46525 } health_report { overall_health: UNKNOWN } } }
I20260713 09:02:38.412665  6370 raft_consensus.cc:2468] T 34ad934c3b954a899f9daa6ccf99176e P 03fb6a5f90aa43dcab9e54cae5d35d1b [term 0 FOLLOWER]: Leader pre-election vote request: Granting yes vote for candidate c1906b2622d2480f88bc3857dbf61efd in term 0.
I20260713 09:02:38.412724  6294 raft_consensus.cc:2468] T 34ad934c3b954a899f9daa6ccf99176e P 110b7dc795cf49d297927fac485577f6 [term 0 FOLLOWER]: Leader pre-election vote request: Granting yes vote for candidate c1906b2622d2480f88bc3857dbf61efd in term 0.
I20260713 09:02:38.410508  6498 raft_consensus.cc:2804] T 3924e6b9dd9445338bee2662bd7b0a05 P c1906b2622d2480f88bc3857dbf61efd [term 1 FOLLOWER]: Leader election won for term 1
I20260713 09:02:38.413667  6498 raft_consensus.cc:697] T 3924e6b9dd9445338bee2662bd7b0a05 P c1906b2622d2480f88bc3857dbf61efd [term 1 LEADER]: Becoming Leader. State: Replica: c1906b2622d2480f88bc3857dbf61efd, State: Running, Role: LEADER
I20260713 09:02:38.413820  6408 leader_election.cc:304] T 34ad934c3b954a899f9daa6ccf99176e P c1906b2622d2480f88bc3857dbf61efd [CANDIDATE]: Term 1 pre-election: Election decided. Result: candidate won. Election summary: received 2 responses out of 3 voters: 2 yes votes; 0 no votes. yes voters: 110b7dc795cf49d297927fac485577f6, c1906b2622d2480f88bc3857dbf61efd; no voters: 
I20260713 09:02:38.414407  6498 consensus_queue.cc:237] T 3924e6b9dd9445338bee2662bd7b0a05 P c1906b2622d2480f88bc3857dbf61efd [LEADER]: Queue going to LEADER mode. State: All replicated index: 0, Majority replicated index: 0, Committed index: 0, Last appended: 0.0, Last appended by leader: 0, Current term: 1, Majority size: 2, State: 0, Mode: LEADER, active raft config: opid_index: -1 OBSOLETE_local: false peers { permanent_uuid: "110b7dc795cf49d297927fac485577f6" member_type: VOTER last_known_addr { host: "127.5.138.1" port: 40815 } } peers { permanent_uuid: "03fb6a5f90aa43dcab9e54cae5d35d1b" member_type: VOTER last_known_addr { host: "127.5.138.2" port: 38539 } } peers { permanent_uuid: "c1906b2622d2480f88bc3857dbf61efd" member_type: VOTER last_known_addr { host: "127.5.138.3" port: 46525 } }
I20260713 09:02:38.418665  6518 raft_consensus.cc:2804] T 34ad934c3b954a899f9daa6ccf99176e P c1906b2622d2480f88bc3857dbf61efd [term 0 FOLLOWER]: Leader pre-election won for term 1
I20260713 09:02:38.418990  6518 raft_consensus.cc:493] T 34ad934c3b954a899f9daa6ccf99176e P c1906b2622d2480f88bc3857dbf61efd [term 0 FOLLOWER]: Starting leader election (no leader contacted us within the election timeout)
I20260713 09:02:38.419260  6518 raft_consensus.cc:3060] T 34ad934c3b954a899f9daa6ccf99176e P c1906b2622d2480f88bc3857dbf61efd [term 0 FOLLOWER]: Advancing to term 1
I20260713 09:02:38.427932  6485 tablet_bootstrap.cc:654] T 1b3f0bde90cd4eaba125c5c818b2bc7b P c1906b2622d2480f88bc3857dbf61efd: Neither blocks nor log segments found. Creating new log.
I20260713 09:02:38.431454  6488 tablet_bootstrap.cc:492] T eb385c041b134bdfa0f10d2fe1620625 P 03fb6a5f90aa43dcab9e54cae5d35d1b: No bootstrap required, opened a new log
I20260713 09:02:38.431962  6488 ts_tablet_manager.cc:1403] T eb385c041b134bdfa0f10d2fe1620625 P 03fb6a5f90aa43dcab9e54cae5d35d1b: Time spent bootstrapping tablet: real 0.112s	user 0.025s	sys 0.059s
I20260713 09:02:38.434028  6485 tablet_bootstrap.cc:492] T 1b3f0bde90cd4eaba125c5c818b2bc7b P c1906b2622d2480f88bc3857dbf61efd: No bootstrap required, opened a new log
I20260713 09:02:38.434604  6485 ts_tablet_manager.cc:1403] T 1b3f0bde90cd4eaba125c5c818b2bc7b P c1906b2622d2480f88bc3857dbf61efd: Time spent bootstrapping tablet: real 0.026s	user 0.010s	sys 0.002s
I20260713 09:02:38.436903  6488 raft_consensus.cc:359] T eb385c041b134bdfa0f10d2fe1620625 P 03fb6a5f90aa43dcab9e54cae5d35d1b [term 0 FOLLOWER]: Replica starting. Triggering 0 pending ops. Active config: opid_index: -1 OBSOLETE_local: false peers { permanent_uuid: "c1906b2622d2480f88bc3857dbf61efd" member_type: VOTER last_known_addr { host: "127.5.138.3" port: 46525 } } peers { permanent_uuid: "110b7dc795cf49d297927fac485577f6" member_type: VOTER last_known_addr { host: "127.5.138.1" port: 40815 } } peers { permanent_uuid: "03fb6a5f90aa43dcab9e54cae5d35d1b" member_type: VOTER last_known_addr { host: "127.5.138.2" port: 38539 } }
I20260713 09:02:38.437467  6485 raft_consensus.cc:359] T 1b3f0bde90cd4eaba125c5c818b2bc7b P c1906b2622d2480f88bc3857dbf61efd [term 0 FOLLOWER]: Replica starting. Triggering 0 pending ops. Active config: opid_index: -1 OBSOLETE_local: false peers { permanent_uuid: "110b7dc795cf49d297927fac485577f6" member_type: VOTER last_known_addr { host: "127.5.138.1" port: 40815 } } peers { permanent_uuid: "03fb6a5f90aa43dcab9e54cae5d35d1b" member_type: VOTER last_known_addr { host: "127.5.138.2" port: 38539 } } peers { permanent_uuid: "c1906b2622d2480f88bc3857dbf61efd" member_type: VOTER last_known_addr { host: "127.5.138.3" port: 46525 } }
I20260713 09:02:38.438041  6485 raft_consensus.cc:385] T 1b3f0bde90cd4eaba125c5c818b2bc7b P c1906b2622d2480f88bc3857dbf61efd [term 0 FOLLOWER]: Consensus starting up: Expiring failure detector timer to make a prompt election more likely
I20260713 09:02:38.437487  6488 raft_consensus.cc:385] T eb385c041b134bdfa0f10d2fe1620625 P 03fb6a5f90aa43dcab9e54cae5d35d1b [term 0 FOLLOWER]: Consensus starting up: Expiring failure detector timer to make a prompt election more likely
I20260713 09:02:38.438441  6485 raft_consensus.cc:740] T 1b3f0bde90cd4eaba125c5c818b2bc7b P c1906b2622d2480f88bc3857dbf61efd [term 0 FOLLOWER]: Becoming Follower/Learner. State: Replica: c1906b2622d2480f88bc3857dbf61efd, State: Initialized, Role: FOLLOWER
I20260713 09:02:38.438562  6488 raft_consensus.cc:740] T eb385c041b134bdfa0f10d2fe1620625 P 03fb6a5f90aa43dcab9e54cae5d35d1b [term 0 FOLLOWER]: Becoming Follower/Learner. State: Replica: 03fb6a5f90aa43dcab9e54cae5d35d1b, State: Initialized, Role: FOLLOWER
I20260713 09:02:38.439204  6485 consensus_queue.cc:260] T 1b3f0bde90cd4eaba125c5c818b2bc7b P c1906b2622d2480f88bc3857dbf61efd [NON_LEADER]: Queue going to NON_LEADER mode. State: All replicated index: 0, Majority replicated index: 0, Committed index: 0, Last appended: 0.0, Last appended by leader: 0, Current term: 0, Majority size: -1, State: 0, Mode: NON_LEADER, active raft config: opid_index: -1 OBSOLETE_local: false peers { permanent_uuid: "110b7dc795cf49d297927fac485577f6" member_type: VOTER last_known_addr { host: "127.5.138.1" port: 40815 } } peers { permanent_uuid: "03fb6a5f90aa43dcab9e54cae5d35d1b" member_type: VOTER last_known_addr { host: "127.5.138.2" port: 38539 } } peers { permanent_uuid: "c1906b2622d2480f88bc3857dbf61efd" member_type: VOTER last_known_addr { host: "127.5.138.3" port: 46525 } }
I20260713 09:02:38.439333  6488 consensus_queue.cc:260] T eb385c041b134bdfa0f10d2fe1620625 P 03fb6a5f90aa43dcab9e54cae5d35d1b [NON_LEADER]: Queue going to NON_LEADER mode. State: All replicated index: 0, Majority replicated index: 0, Committed index: 0, Last appended: 0.0, Last appended by leader: 0, Current term: 0, Majority size: -1, State: 0, Mode: NON_LEADER, active raft config: opid_index: -1 OBSOLETE_local: false peers { permanent_uuid: "c1906b2622d2480f88bc3857dbf61efd" member_type: VOTER last_known_addr { host: "127.5.138.3" port: 46525 } } peers { permanent_uuid: "110b7dc795cf49d297927fac485577f6" member_type: VOTER last_known_addr { host: "127.5.138.1" port: 40815 } } peers { permanent_uuid: "03fb6a5f90aa43dcab9e54cae5d35d1b" member_type: VOTER last_known_addr { host: "127.5.138.2" port: 38539 } }
I20260713 09:02:38.441293  6485 ts_tablet_manager.cc:1434] T 1b3f0bde90cd4eaba125c5c818b2bc7b P c1906b2622d2480f88bc3857dbf61efd: Time spent starting tablet: real 0.006s	user 0.003s	sys 0.000s
I20260713 09:02:38.441399  6488 ts_tablet_manager.cc:1434] T eb385c041b134bdfa0f10d2fe1620625 P 03fb6a5f90aa43dcab9e54cae5d35d1b: Time spent starting tablet: real 0.009s	user 0.004s	sys 0.002s
I20260713 09:02:38.442373  6485 tablet_bootstrap.cc:492] T 2b5c4fb687364942b9ee4ee6c834f012 P c1906b2622d2480f88bc3857dbf61efd: Bootstrap starting.
I20260713 09:02:38.442373  6488 tablet_bootstrap.cc:492] T 1b3f0bde90cd4eaba125c5c818b2bc7b P 03fb6a5f90aa43dcab9e54cae5d35d1b: Bootstrap starting.
I20260713 09:02:38.448840  6485 tablet_bootstrap.cc:654] T 2b5c4fb687364942b9ee4ee6c834f012 P c1906b2622d2480f88bc3857dbf61efd: Neither blocks nor log segments found. Creating new log.
I20260713 09:02:38.448840  6488 tablet_bootstrap.cc:654] T 1b3f0bde90cd4eaba125c5c818b2bc7b P 03fb6a5f90aa43dcab9e54cae5d35d1b: Neither blocks nor log segments found. Creating new log.
I20260713 09:02:38.450947  6518 raft_consensus.cc:515] T 34ad934c3b954a899f9daa6ccf99176e P c1906b2622d2480f88bc3857dbf61efd [term 1 FOLLOWER]: Starting leader election with config: opid_index: -1 OBSOLETE_local: false peers { permanent_uuid: "110b7dc795cf49d297927fac485577f6" member_type: VOTER last_known_addr { host: "127.5.138.1" port: 40815 } } peers { permanent_uuid: "03fb6a5f90aa43dcab9e54cae5d35d1b" member_type: VOTER last_known_addr { host: "127.5.138.2" port: 38539 } } peers { permanent_uuid: "c1906b2622d2480f88bc3857dbf61efd" member_type: VOTER last_known_addr { host: "127.5.138.3" port: 46525 } }
I20260713 09:02:38.399466  6293 raft_consensus.cc:2468] T ea78f6e952644814821c7b90301cb17d P 110b7dc795cf49d297927fac485577f6 [term 1 FOLLOWER]: Leader election vote request: Granting yes vote for candidate c1906b2622d2480f88bc3857dbf61efd in term 1.
I20260713 09:02:38.453859  6294 tablet_service.cc:1917] Received RequestConsensusVote() RPC: tablet_id: "34ad934c3b954a899f9daa6ccf99176e" candidate_uuid: "c1906b2622d2480f88bc3857dbf61efd" candidate_term: 1 candidate_status { last_received { term: 0 index: 0 } } ignore_live_leader: false dest_uuid: "110b7dc795cf49d297927fac485577f6"
I20260713 09:02:38.454303  6518 leader_election.cc:290] T 34ad934c3b954a899f9daa6ccf99176e P c1906b2622d2480f88bc3857dbf61efd [CANDIDATE]: Term 1 election: Requested vote from peers 110b7dc795cf49d297927fac485577f6 (127.5.138.1:40815), 03fb6a5f90aa43dcab9e54cae5d35d1b (127.5.138.2:38539)
I20260713 09:02:38.454568  6294 raft_consensus.cc:3060] T 34ad934c3b954a899f9daa6ccf99176e P 110b7dc795cf49d297927fac485577f6 [term 0 FOLLOWER]: Advancing to term 1
I20260713 09:02:38.453872  6370 tablet_service.cc:1917] Received RequestConsensusVote() RPC: tablet_id: "34ad934c3b954a899f9daa6ccf99176e" candidate_uuid: "c1906b2622d2480f88bc3857dbf61efd" candidate_term: 1 candidate_status { last_received { term: 0 index: 0 } } ignore_live_leader: false dest_uuid: "03fb6a5f90aa43dcab9e54cae5d35d1b"
I20260713 09:02:38.459214  6370 raft_consensus.cc:3060] T 34ad934c3b954a899f9daa6ccf99176e P 03fb6a5f90aa43dcab9e54cae5d35d1b [term 0 FOLLOWER]: Advancing to term 1
I20260713 09:02:38.463580  6408 leader_election.cc:304] T ea78f6e952644814821c7b90301cb17d P c1906b2622d2480f88bc3857dbf61efd [CANDIDATE]: Term 1 election: Election decided. Result: candidate won. Election summary: received 3 responses out of 3 voters: 2 yes votes; 1 no votes. yes voters: 110b7dc795cf49d297927fac485577f6, c1906b2622d2480f88bc3857dbf61efd; no voters: 03fb6a5f90aa43dcab9e54cae5d35d1b
I20260713 09:02:38.473690  6518 raft_consensus.cc:2804] T ea78f6e952644814821c7b90301cb17d P c1906b2622d2480f88bc3857dbf61efd [term 1 FOLLOWER]: Leader election won for term 1
I20260713 09:02:38.475550  6370 raft_consensus.cc:2468] T 34ad934c3b954a899f9daa6ccf99176e P 03fb6a5f90aa43dcab9e54cae5d35d1b [term 1 FOLLOWER]: Leader election vote request: Granting yes vote for candidate c1906b2622d2480f88bc3857dbf61efd in term 1.
I20260713 09:02:38.475714  6294 raft_consensus.cc:2468] T 34ad934c3b954a899f9daa6ccf99176e P 110b7dc795cf49d297927fac485577f6 [term 1 FOLLOWER]: Leader election vote request: Granting yes vote for candidate c1906b2622d2480f88bc3857dbf61efd in term 1.
I20260713 09:02:38.476500  6518 raft_consensus.cc:697] T ea78f6e952644814821c7b90301cb17d P c1906b2622d2480f88bc3857dbf61efd [term 1 LEADER]: Becoming Leader. State: Replica: c1906b2622d2480f88bc3857dbf61efd, State: Running, Role: LEADER
I20260713 09:02:38.477304  6407 leader_election.cc:304] T 34ad934c3b954a899f9daa6ccf99176e P c1906b2622d2480f88bc3857dbf61efd [CANDIDATE]: Term 1 election: Election decided. Result: candidate won. Election summary: received 2 responses out of 3 voters: 2 yes votes; 0 no votes. yes voters: 03fb6a5f90aa43dcab9e54cae5d35d1b, c1906b2622d2480f88bc3857dbf61efd; no voters: 
I20260713 09:02:38.477387  6518 consensus_queue.cc:237] T ea78f6e952644814821c7b90301cb17d P c1906b2622d2480f88bc3857dbf61efd [LEADER]: Queue going to LEADER mode. State: All replicated index: 0, Majority replicated index: 0, Committed index: 0, Last appended: 0.0, Last appended by leader: 0, Current term: 1, Majority size: 2, State: 0, Mode: LEADER, active raft config: opid_index: -1 OBSOLETE_local: false peers { permanent_uuid: "110b7dc795cf49d297927fac485577f6" member_type: VOTER last_known_addr { host: "127.5.138.1" port: 40815 } } peers { permanent_uuid: "03fb6a5f90aa43dcab9e54cae5d35d1b" member_type: VOTER last_known_addr { host: "127.5.138.2" port: 38539 } } peers { permanent_uuid: "c1906b2622d2480f88bc3857dbf61efd" member_type: VOTER last_known_addr { host: "127.5.138.3" port: 46525 } }
I20260713 09:02:38.481907  6498 raft_consensus.cc:2804] T 34ad934c3b954a899f9daa6ccf99176e P c1906b2622d2480f88bc3857dbf61efd [term 1 FOLLOWER]: Leader election won for term 1
I20260713 09:02:38.482175  6488 tablet_bootstrap.cc:492] T 1b3f0bde90cd4eaba125c5c818b2bc7b P 03fb6a5f90aa43dcab9e54cae5d35d1b: No bootstrap required, opened a new log
I20260713 09:02:38.482674  6498 raft_consensus.cc:697] T 34ad934c3b954a899f9daa6ccf99176e P c1906b2622d2480f88bc3857dbf61efd [term 1 LEADER]: Becoming Leader. State: Replica: c1906b2622d2480f88bc3857dbf61efd, State: Running, Role: LEADER
I20260713 09:02:38.482704  6488 ts_tablet_manager.cc:1403] T 1b3f0bde90cd4eaba125c5c818b2bc7b P 03fb6a5f90aa43dcab9e54cae5d35d1b: Time spent bootstrapping tablet: real 0.041s	user 0.009s	sys 0.001s
I20260713 09:02:38.483803  6498 consensus_queue.cc:237] T 34ad934c3b954a899f9daa6ccf99176e P c1906b2622d2480f88bc3857dbf61efd [LEADER]: Queue going to LEADER mode. State: All replicated index: 0, Majority replicated index: 0, Committed index: 0, Last appended: 0.0, Last appended by leader: 0, Current term: 1, Majority size: 2, State: 0, Mode: LEADER, active raft config: opid_index: -1 OBSOLETE_local: false peers { permanent_uuid: "110b7dc795cf49d297927fac485577f6" member_type: VOTER last_known_addr { host: "127.5.138.1" port: 40815 } } peers { permanent_uuid: "03fb6a5f90aa43dcab9e54cae5d35d1b" member_type: VOTER last_known_addr { host: "127.5.138.2" port: 38539 } } peers { permanent_uuid: "c1906b2622d2480f88bc3857dbf61efd" member_type: VOTER last_known_addr { host: "127.5.138.3" port: 46525 } }
I20260713 09:02:38.498677  6485 tablet_bootstrap.cc:492] T 2b5c4fb687364942b9ee4ee6c834f012 P c1906b2622d2480f88bc3857dbf61efd: No bootstrap required, opened a new log
I20260713 09:02:38.499137  6485 ts_tablet_manager.cc:1403] T 2b5c4fb687364942b9ee4ee6c834f012 P c1906b2622d2480f88bc3857dbf61efd: Time spent bootstrapping tablet: real 0.057s	user 0.024s	sys 0.016s
I20260713 09:02:38.488097  6488 raft_consensus.cc:359] T 1b3f0bde90cd4eaba125c5c818b2bc7b P 03fb6a5f90aa43dcab9e54cae5d35d1b [term 0 FOLLOWER]: Replica starting. Triggering 0 pending ops. Active config: opid_index: -1 OBSOLETE_local: false peers { permanent_uuid: "110b7dc795cf49d297927fac485577f6" member_type: VOTER last_known_addr { host: "127.5.138.1" port: 40815 } } peers { permanent_uuid: "03fb6a5f90aa43dcab9e54cae5d35d1b" member_type: VOTER last_known_addr { host: "127.5.138.2" port: 38539 } } peers { permanent_uuid: "c1906b2622d2480f88bc3857dbf61efd" member_type: VOTER last_known_addr { host: "127.5.138.3" port: 46525 } }
I20260713 09:02:38.500155  6488 raft_consensus.cc:385] T 1b3f0bde90cd4eaba125c5c818b2bc7b P 03fb6a5f90aa43dcab9e54cae5d35d1b [term 0 FOLLOWER]: Consensus starting up: Expiring failure detector timer to make a prompt election more likely
I20260713 09:02:38.500500  6488 raft_consensus.cc:740] T 1b3f0bde90cd4eaba125c5c818b2bc7b P 03fb6a5f90aa43dcab9e54cae5d35d1b [term 0 FOLLOWER]: Becoming Follower/Learner. State: Replica: 03fb6a5f90aa43dcab9e54cae5d35d1b, State: Initialized, Role: FOLLOWER
I20260713 09:02:38.501204  6488 consensus_queue.cc:260] T 1b3f0bde90cd4eaba125c5c818b2bc7b P 03fb6a5f90aa43dcab9e54cae5d35d1b [NON_LEADER]: Queue going to NON_LEADER mode. State: All replicated index: 0, Majority replicated index: 0, Committed index: 0, Last appended: 0.0, Last appended by leader: 0, Current term: 0, Majority size: -1, State: 0, Mode: NON_LEADER, active raft config: opid_index: -1 OBSOLETE_local: false peers { permanent_uuid: "110b7dc795cf49d297927fac485577f6" member_type: VOTER last_known_addr { host: "127.5.138.1" port: 40815 } } peers { permanent_uuid: "03fb6a5f90aa43dcab9e54cae5d35d1b" member_type: VOTER last_known_addr { host: "127.5.138.2" port: 38539 } } peers { permanent_uuid: "c1906b2622d2480f88bc3857dbf61efd" member_type: VOTER last_known_addr { host: "127.5.138.3" port: 46525 } }
I20260713 09:02:38.501930  6485 raft_consensus.cc:359] T 2b5c4fb687364942b9ee4ee6c834f012 P c1906b2622d2480f88bc3857dbf61efd [term 0 FOLLOWER]: Replica starting. Triggering 0 pending ops. Active config: opid_index: -1 OBSOLETE_local: false peers { permanent_uuid: "110b7dc795cf49d297927fac485577f6" member_type: VOTER last_known_addr { host: "127.5.138.1" port: 40815 } } peers { permanent_uuid: "03fb6a5f90aa43dcab9e54cae5d35d1b" member_type: VOTER last_known_addr { host: "127.5.138.2" port: 38539 } } peers { permanent_uuid: "c1906b2622d2480f88bc3857dbf61efd" member_type: VOTER last_known_addr { host: "127.5.138.3" port: 46525 } }
I20260713 09:02:38.503050  6485 raft_consensus.cc:385] T 2b5c4fb687364942b9ee4ee6c834f012 P c1906b2622d2480f88bc3857dbf61efd [term 0 FOLLOWER]: Consensus starting up: Expiring failure detector timer to make a prompt election more likely
I20260713 09:02:38.503996  6485 raft_consensus.cc:740] T 2b5c4fb687364942b9ee4ee6c834f012 P c1906b2622d2480f88bc3857dbf61efd [term 0 FOLLOWER]: Becoming Follower/Learner. State: Replica: c1906b2622d2480f88bc3857dbf61efd, State: Initialized, Role: FOLLOWER
I20260713 09:02:38.504676  6485 consensus_queue.cc:260] T 2b5c4fb687364942b9ee4ee6c834f012 P c1906b2622d2480f88bc3857dbf61efd [NON_LEADER]: Queue going to NON_LEADER mode. State: All replicated index: 0, Majority replicated index: 0, Committed index: 0, Last appended: 0.0, Last appended by leader: 0, Current term: 0, Majority size: -1, State: 0, Mode: NON_LEADER, active raft config: opid_index: -1 OBSOLETE_local: false peers { permanent_uuid: "110b7dc795cf49d297927fac485577f6" member_type: VOTER last_known_addr { host: "127.5.138.1" port: 40815 } } peers { permanent_uuid: "03fb6a5f90aa43dcab9e54cae5d35d1b" member_type: VOTER last_known_addr { host: "127.5.138.2" port: 38539 } } peers { permanent_uuid: "c1906b2622d2480f88bc3857dbf61efd" member_type: VOTER last_known_addr { host: "127.5.138.3" port: 46525 } }
I20260713 09:02:38.503082  6488 ts_tablet_manager.cc:1434] T 1b3f0bde90cd4eaba125c5c818b2bc7b P 03fb6a5f90aa43dcab9e54cae5d35d1b: Time spent starting tablet: real 0.018s	user 0.003s	sys 0.003s
I20260713 09:02:38.506806  6485 ts_tablet_manager.cc:1434] T 2b5c4fb687364942b9ee4ee6c834f012 P c1906b2622d2480f88bc3857dbf61efd: Time spent starting tablet: real 0.007s	user 0.006s	sys 0.000s
I20260713 09:02:38.507277  6488 tablet_bootstrap.cc:492] T ea78f6e952644814821c7b90301cb17d P 03fb6a5f90aa43dcab9e54cae5d35d1b: Bootstrap starting.
I20260713 09:02:38.507539  6485 tablet_bootstrap.cc:492] T 314ede3372584e4c88ba3beb2164c237 P c1906b2622d2480f88bc3857dbf61efd: Bootstrap starting.
I20260713 09:02:38.512799  6488 tablet_bootstrap.cc:654] T ea78f6e952644814821c7b90301cb17d P 03fb6a5f90aa43dcab9e54cae5d35d1b: Neither blocks nor log segments found. Creating new log.
I20260713 09:02:38.512799  6485 tablet_bootstrap.cc:654] T 314ede3372584e4c88ba3beb2164c237 P c1906b2622d2480f88bc3857dbf61efd: Neither blocks nor log segments found. Creating new log.
I20260713 09:02:38.520151  6485 tablet_bootstrap.cc:492] T 314ede3372584e4c88ba3beb2164c237 P c1906b2622d2480f88bc3857dbf61efd: No bootstrap required, opened a new log
I20260713 09:02:38.520509  6485 ts_tablet_manager.cc:1403] T 314ede3372584e4c88ba3beb2164c237 P c1906b2622d2480f88bc3857dbf61efd: Time spent bootstrapping tablet: real 0.013s	user 0.001s	sys 0.010s
I20260713 09:02:38.522783  6485 raft_consensus.cc:359] T 314ede3372584e4c88ba3beb2164c237 P c1906b2622d2480f88bc3857dbf61efd [term 0 FOLLOWER]: Replica starting. Triggering 0 pending ops. Active config: opid_index: -1 OBSOLETE_local: false peers { permanent_uuid: "110b7dc795cf49d297927fac485577f6" member_type: VOTER last_known_addr { host: "127.5.138.1" port: 40815 } } peers { permanent_uuid: "03fb6a5f90aa43dcab9e54cae5d35d1b" member_type: VOTER last_known_addr { host: "127.5.138.2" port: 38539 } } peers { permanent_uuid: "c1906b2622d2480f88bc3857dbf61efd" member_type: VOTER last_known_addr { host: "127.5.138.3" port: 46525 } }
I20260713 09:02:38.523212  6485 raft_consensus.cc:385] T 314ede3372584e4c88ba3beb2164c237 P c1906b2622d2480f88bc3857dbf61efd [term 0 FOLLOWER]: Consensus starting up: Expiring failure detector timer to make a prompt election more likely
I20260713 09:02:38.523438  6485 raft_consensus.cc:740] T 314ede3372584e4c88ba3beb2164c237 P c1906b2622d2480f88bc3857dbf61efd [term 0 FOLLOWER]: Becoming Follower/Learner. State: Replica: c1906b2622d2480f88bc3857dbf61efd, State: Initialized, Role: FOLLOWER
I20260713 09:02:38.523957  6485 consensus_queue.cc:260] T 314ede3372584e4c88ba3beb2164c237 P c1906b2622d2480f88bc3857dbf61efd [NON_LEADER]: Queue going to NON_LEADER mode. State: All replicated index: 0, Majority replicated index: 0, Committed index: 0, Last appended: 0.0, Last appended by leader: 0, Current term: 0, Majority size: -1, State: 0, Mode: NON_LEADER, active raft config: opid_index: -1 OBSOLETE_local: false peers { permanent_uuid: "110b7dc795cf49d297927fac485577f6" member_type: VOTER last_known_addr { host: "127.5.138.1" port: 40815 } } peers { permanent_uuid: "03fb6a5f90aa43dcab9e54cae5d35d1b" member_type: VOTER last_known_addr { host: "127.5.138.2" port: 38539 } } peers { permanent_uuid: "c1906b2622d2480f88bc3857dbf61efd" member_type: VOTER last_known_addr { host: "127.5.138.3" port: 46525 } }
I20260713 09:02:38.525791  6485 ts_tablet_manager.cc:1434] T 314ede3372584e4c88ba3beb2164c237 P c1906b2622d2480f88bc3857dbf61efd: Time spent starting tablet: real 0.005s	user 0.003s	sys 0.000s
I20260713 09:02:38.526656  6485 tablet_bootstrap.cc:492] T eb385c041b134bdfa0f10d2fe1620625 P c1906b2622d2480f88bc3857dbf61efd: Bootstrap starting.
I20260713 09:02:38.531214  6488 tablet_bootstrap.cc:492] T ea78f6e952644814821c7b90301cb17d P 03fb6a5f90aa43dcab9e54cae5d35d1b: No bootstrap required, opened a new log
I20260713 09:02:38.531577  6488 ts_tablet_manager.cc:1403] T ea78f6e952644814821c7b90301cb17d P 03fb6a5f90aa43dcab9e54cae5d35d1b: Time spent bootstrapping tablet: real 0.024s	user 0.009s	sys 0.002s
I20260713 09:02:38.533552  6488 raft_consensus.cc:359] T ea78f6e952644814821c7b90301cb17d P 03fb6a5f90aa43dcab9e54cae5d35d1b [term 0 FOLLOWER]: Replica starting. Triggering 0 pending ops. Active config: opid_index: -1 OBSOLETE_local: false peers { permanent_uuid: "110b7dc795cf49d297927fac485577f6" member_type: VOTER last_known_addr { host: "127.5.138.1" port: 40815 } } peers { permanent_uuid: "03fb6a5f90aa43dcab9e54cae5d35d1b" member_type: VOTER last_known_addr { host: "127.5.138.2" port: 38539 } } peers { permanent_uuid: "c1906b2622d2480f88bc3857dbf61efd" member_type: VOTER last_known_addr { host: "127.5.138.3" port: 46525 } }
I20260713 09:02:38.534183  6488 raft_consensus.cc:385] T ea78f6e952644814821c7b90301cb17d P 03fb6a5f90aa43dcab9e54cae5d35d1b [term 0 FOLLOWER]: Consensus starting up: Expiring failure detector timer to make a prompt election more likely
I20260713 09:02:38.534408  6488 raft_consensus.cc:740] T ea78f6e952644814821c7b90301cb17d P 03fb6a5f90aa43dcab9e54cae5d35d1b [term 0 FOLLOWER]: Becoming Follower/Learner. State: Replica: 03fb6a5f90aa43dcab9e54cae5d35d1b, State: Initialized, Role: FOLLOWER
I20260713 09:02:38.534920  6488 consensus_queue.cc:260] T ea78f6e952644814821c7b90301cb17d P 03fb6a5f90aa43dcab9e54cae5d35d1b [NON_LEADER]: Queue going to NON_LEADER mode. State: All replicated index: 0, Majority replicated index: 0, Committed index: 0, Last appended: 0.0, Last appended by leader: 0, Current term: 0, Majority size: -1, State: 0, Mode: NON_LEADER, active raft config: opid_index: -1 OBSOLETE_local: false peers { permanent_uuid: "110b7dc795cf49d297927fac485577f6" member_type: VOTER last_known_addr { host: "127.5.138.1" port: 40815 } } peers { permanent_uuid: "03fb6a5f90aa43dcab9e54cae5d35d1b" member_type: VOTER last_known_addr { host: "127.5.138.2" port: 38539 } } peers { permanent_uuid: "c1906b2622d2480f88bc3857dbf61efd" member_type: VOTER last_known_addr { host: "127.5.138.3" port: 46525 } }
I20260713 09:02:38.536664  6488 ts_tablet_manager.cc:1434] T ea78f6e952644814821c7b90301cb17d P 03fb6a5f90aa43dcab9e54cae5d35d1b: Time spent starting tablet: real 0.005s	user 0.002s	sys 0.002s
I20260713 09:02:38.538605  6485 tablet_bootstrap.cc:654] T eb385c041b134bdfa0f10d2fe1620625 P c1906b2622d2480f88bc3857dbf61efd: Neither blocks nor log segments found. Creating new log.
I20260713 09:02:38.553939  6485 tablet_bootstrap.cc:492] T eb385c041b134bdfa0f10d2fe1620625 P c1906b2622d2480f88bc3857dbf61efd: No bootstrap required, opened a new log
I20260713 09:02:38.554327  6485 ts_tablet_manager.cc:1403] T eb385c041b134bdfa0f10d2fe1620625 P c1906b2622d2480f88bc3857dbf61efd: Time spent bootstrapping tablet: real 0.028s	user 0.007s	sys 0.013s
I20260713 09:02:38.556665  6485 raft_consensus.cc:359] T eb385c041b134bdfa0f10d2fe1620625 P c1906b2622d2480f88bc3857dbf61efd [term 0 FOLLOWER]: Replica starting. Triggering 0 pending ops. Active config: opid_index: -1 OBSOLETE_local: false peers { permanent_uuid: "c1906b2622d2480f88bc3857dbf61efd" member_type: VOTER last_known_addr { host: "127.5.138.3" port: 46525 } } peers { permanent_uuid: "110b7dc795cf49d297927fac485577f6" member_type: VOTER last_known_addr { host: "127.5.138.1" port: 40815 } } peers { permanent_uuid: "03fb6a5f90aa43dcab9e54cae5d35d1b" member_type: VOTER last_known_addr { host: "127.5.138.2" port: 38539 } }
I20260713 09:02:38.557232  6485 raft_consensus.cc:385] T eb385c041b134bdfa0f10d2fe1620625 P c1906b2622d2480f88bc3857dbf61efd [term 0 FOLLOWER]: Consensus starting up: Expiring failure detector timer to make a prompt election more likely
I20260713 09:02:38.557417  6485 raft_consensus.cc:740] T eb385c041b134bdfa0f10d2fe1620625 P c1906b2622d2480f88bc3857dbf61efd [term 0 FOLLOWER]: Becoming Follower/Learner. State: Replica: c1906b2622d2480f88bc3857dbf61efd, State: Initialized, Role: FOLLOWER
I20260713 09:02:38.557983  6485 consensus_queue.cc:260] T eb385c041b134bdfa0f10d2fe1620625 P c1906b2622d2480f88bc3857dbf61efd [NON_LEADER]: Queue going to NON_LEADER mode. State: All replicated index: 0, Majority replicated index: 0, Committed index: 0, Last appended: 0.0, Last appended by leader: 0, Current term: 0, Majority size: -1, State: 0, Mode: NON_LEADER, active raft config: opid_index: -1 OBSOLETE_local: false peers { permanent_uuid: "c1906b2622d2480f88bc3857dbf61efd" member_type: VOTER last_known_addr { host: "127.5.138.3" port: 46525 } } peers { permanent_uuid: "110b7dc795cf49d297927fac485577f6" member_type: VOTER last_known_addr { host: "127.5.138.1" port: 40815 } } peers { permanent_uuid: "03fb6a5f90aa43dcab9e54cae5d35d1b" member_type: VOTER last_known_addr { host: "127.5.138.2" port: 38539 } }
I20260713 09:02:38.559640  6485 ts_tablet_manager.cc:1434] T eb385c041b134bdfa0f10d2fe1620625 P c1906b2622d2480f88bc3857dbf61efd: Time spent starting tablet: real 0.005s	user 0.003s	sys 0.001s
I20260713 09:02:38.573257  6492 raft_consensus.cc:493] T dea3764c596b4b18b4a8b1d9e503768d P 03fb6a5f90aa43dcab9e54cae5d35d1b [term 0 FOLLOWER]: Starting pre-election (no leader contacted us within the election timeout)
I20260713 09:02:38.573602  6492 raft_consensus.cc:515] T dea3764c596b4b18b4a8b1d9e503768d P 03fb6a5f90aa43dcab9e54cae5d35d1b [term 0 FOLLOWER]: Starting pre-election with config: opid_index: -1 OBSOLETE_local: false peers { permanent_uuid: "110b7dc795cf49d297927fac485577f6" member_type: VOTER last_known_addr { host: "127.5.138.1" port: 40815 } } peers { permanent_uuid: "03fb6a5f90aa43dcab9e54cae5d35d1b" member_type: VOTER last_known_addr { host: "127.5.138.2" port: 38539 } } peers { permanent_uuid: "c1906b2622d2480f88bc3857dbf61efd" member_type: VOTER last_known_addr { host: "127.5.138.3" port: 46525 } }
I20260713 09:02:38.575426  6492 leader_election.cc:290] T dea3764c596b4b18b4a8b1d9e503768d P 03fb6a5f90aa43dcab9e54cae5d35d1b [CANDIDATE]: Term 1 pre-election: Requested pre-vote from peers 110b7dc795cf49d297927fac485577f6 (127.5.138.1:40815), c1906b2622d2480f88bc3857dbf61efd (127.5.138.3:46525)
I20260713 09:02:38.583595  6190 catalog_manager.cc:5697] T 3924e6b9dd9445338bee2662bd7b0a05 P c1906b2622d2480f88bc3857dbf61efd reported cstate change: term changed from 0 to 1, leader changed from <none> to c1906b2622d2480f88bc3857dbf61efd (127.5.138.3). New cstate: current_term: 1 leader_uuid: "c1906b2622d2480f88bc3857dbf61efd" committed_config { opid_index: -1 OBSOLETE_local: false peers { permanent_uuid: "110b7dc795cf49d297927fac485577f6" member_type: VOTER last_known_addr { host: "127.5.138.1" port: 40815 } health_report { overall_health: UNKNOWN } } peers { permanent_uuid: "03fb6a5f90aa43dcab9e54cae5d35d1b" member_type: VOTER last_known_addr { host: "127.5.138.2" port: 38539 } health_report { overall_health: UNKNOWN } } peers { permanent_uuid: "c1906b2622d2480f88bc3857dbf61efd" member_type: VOTER last_known_addr { host: "127.5.138.3" port: 46525 } health_report { overall_health: HEALTHY } } }
I20260713 09:02:38.596318  6443 tablet_service.cc:1917] Received RequestConsensusVote() RPC: tablet_id: "dea3764c596b4b18b4a8b1d9e503768d" candidate_uuid: "03fb6a5f90aa43dcab9e54cae5d35d1b" candidate_term: 1 candidate_status { last_received { term: 0 index: 0 } } ignore_live_leader: false dest_uuid: "c1906b2622d2480f88bc3857dbf61efd" is_pre_election: true
I20260713 09:02:38.603570  6294 tablet_service.cc:1917] Received RequestConsensusVote() RPC: tablet_id: "dea3764c596b4b18b4a8b1d9e503768d" candidate_uuid: "03fb6a5f90aa43dcab9e54cae5d35d1b" candidate_term: 1 candidate_status { last_received { term: 0 index: 0 } } ignore_live_leader: false dest_uuid: "110b7dc795cf49d297927fac485577f6" is_pre_election: true
I20260713 09:02:38.604382  6294 raft_consensus.cc:2393] T dea3764c596b4b18b4a8b1d9e503768d P 110b7dc795cf49d297927fac485577f6 [term 1 FOLLOWER]: Leader pre-election vote request: Denying vote to candidate 03fb6a5f90aa43dcab9e54cae5d35d1b in current term 1: Already voted for candidate c1906b2622d2480f88bc3857dbf61efd in this term.
I20260713 09:02:38.605377  6334 leader_election.cc:304] T dea3764c596b4b18b4a8b1d9e503768d P 03fb6a5f90aa43dcab9e54cae5d35d1b [CANDIDATE]: Term 1 pre-election: Election decided. Result: candidate lost. Election summary: received 3 responses out of 3 voters: 1 yes votes; 2 no votes. yes voters: 03fb6a5f90aa43dcab9e54cae5d35d1b; no voters: 110b7dc795cf49d297927fac485577f6, c1906b2622d2480f88bc3857dbf61efd
I20260713 09:02:38.612488  6492 raft_consensus.cc:3060] T dea3764c596b4b18b4a8b1d9e503768d P 03fb6a5f90aa43dcab9e54cae5d35d1b [term 0 FOLLOWER]: Advancing to term 1
I20260713 09:02:38.614866  6192 catalog_manager.cc:5697] T d0bf14c9bd434085ae92d157e2e8663e P 110b7dc795cf49d297927fac485577f6 reported cstate change: term changed from 0 to 1, leader changed from <none> to 110b7dc795cf49d297927fac485577f6 (127.5.138.1). New cstate: current_term: 1 leader_uuid: "110b7dc795cf49d297927fac485577f6" committed_config { opid_index: -1 OBSOLETE_local: false peers { permanent_uuid: "110b7dc795cf49d297927fac485577f6" member_type: VOTER last_known_addr { host: "127.5.138.1" port: 40815 } health_report { overall_health: HEALTHY } } peers { permanent_uuid: "03fb6a5f90aa43dcab9e54cae5d35d1b" member_type: VOTER last_known_addr { host: "127.5.138.2" port: 38539 } health_report { overall_health: UNKNOWN } } peers { permanent_uuid: "c1906b2622d2480f88bc3857dbf61efd" member_type: VOTER last_known_addr { host: "127.5.138.3" port: 46525 } health_report { overall_health: UNKNOWN } } }
I20260713 09:02:38.619155  6492 raft_consensus.cc:2749] T dea3764c596b4b18b4a8b1d9e503768d P 03fb6a5f90aa43dcab9e54cae5d35d1b [term 1 FOLLOWER]: Leader pre-election lost for term 1. Reason: could not achieve majority
I20260713 09:02:38.625129  6193 catalog_manager.cc:5697] T ea78f6e952644814821c7b90301cb17d P c1906b2622d2480f88bc3857dbf61efd reported cstate change: term changed from 0 to 1, leader changed from <none> to c1906b2622d2480f88bc3857dbf61efd (127.5.138.3). New cstate: current_term: 1 leader_uuid: "c1906b2622d2480f88bc3857dbf61efd" committed_config { opid_index: -1 OBSOLETE_local: false peers { permanent_uuid: "110b7dc795cf49d297927fac485577f6" member_type: VOTER last_known_addr { host: "127.5.138.1" port: 40815 } health_report { overall_health: UNKNOWN } } peers { permanent_uuid: "03fb6a5f90aa43dcab9e54cae5d35d1b" member_type: VOTER last_known_addr { host: "127.5.138.2" port: 38539 } health_report { overall_health: UNKNOWN } } peers { permanent_uuid: "c1906b2622d2480f88bc3857dbf61efd" member_type: VOTER last_known_addr { host: "127.5.138.3" port: 46525 } health_report { overall_health: HEALTHY } } }
I20260713 09:02:38.626403  6193 catalog_manager.cc:5697] T 34ad934c3b954a899f9daa6ccf99176e P c1906b2622d2480f88bc3857dbf61efd reported cstate change: term changed from 0 to 1, leader changed from <none> to c1906b2622d2480f88bc3857dbf61efd (127.5.138.3). New cstate: current_term: 1 leader_uuid: "c1906b2622d2480f88bc3857dbf61efd" committed_config { opid_index: -1 OBSOLETE_local: false peers { permanent_uuid: "110b7dc795cf49d297927fac485577f6" member_type: VOTER last_known_addr { host: "127.5.138.1" port: 40815 } health_report { overall_health: UNKNOWN } } peers { permanent_uuid: "03fb6a5f90aa43dcab9e54cae5d35d1b" member_type: VOTER last_known_addr { host: "127.5.138.2" port: 38539 } health_report { overall_health: UNKNOWN } } peers { permanent_uuid: "c1906b2622d2480f88bc3857dbf61efd" member_type: VOTER last_known_addr { host: "127.5.138.3" port: 46525 } health_report { overall_health: HEALTHY } } }
I20260713 09:02:38.654145  6515 consensus_queue.cc:1048] T 2b5c4fb687364942b9ee4ee6c834f012 P 110b7dc795cf49d297927fac485577f6 [LEADER]: Connected to new peer: Peer: permanent_uuid: "03fb6a5f90aa43dcab9e54cae5d35d1b" member_type: VOTER last_known_addr { host: "127.5.138.2" port: 38539 }, Status: LMP_MISMATCH, Last received: 0.0, Next index: 1, Last known committed idx: 0, Time since last communication: 0.000s
I20260713 09:02:38.656613  6443 raft_consensus.cc:3060] T 2b5c4fb687364942b9ee4ee6c834f012 P c1906b2622d2480f88bc3857dbf61efd [term 0 FOLLOWER]: Advancing to term 1
I20260713 09:02:38.658200  6498 consensus_queue.cc:1048] T dea3764c596b4b18b4a8b1d9e503768d P c1906b2622d2480f88bc3857dbf61efd [LEADER]: Connected to new peer: Peer: permanent_uuid: "03fb6a5f90aa43dcab9e54cae5d35d1b" member_type: VOTER last_known_addr { host: "127.5.138.2" port: 38539 }, Status: LMP_MISMATCH, Last received: 0.0, Next index: 1, Last known committed idx: 0, Time since last communication: 0.000s
I20260713 09:02:38.664052  6515 consensus_queue.cc:1048] T 2b5c4fb687364942b9ee4ee6c834f012 P 110b7dc795cf49d297927fac485577f6 [LEADER]: Connected to new peer: Peer: permanent_uuid: "c1906b2622d2480f88bc3857dbf61efd" member_type: VOTER last_known_addr { host: "127.5.138.3" port: 46525 }, Status: LMP_MISMATCH, Last received: 0.0, Next index: 1, Last known committed idx: 0, Time since last communication: 0.000s
I20260713 09:02:38.664796  6498 raft_consensus.cc:493] T eb385c041b134bdfa0f10d2fe1620625 P c1906b2622d2480f88bc3857dbf61efd [term 0 FOLLOWER]: Starting pre-election (no leader contacted us within the election timeout)
I20260713 09:02:38.665227  6498 raft_consensus.cc:515] T eb385c041b134bdfa0f10d2fe1620625 P c1906b2622d2480f88bc3857dbf61efd [term 0 FOLLOWER]: Starting pre-election with config: opid_index: -1 OBSOLETE_local: false peers { permanent_uuid: "c1906b2622d2480f88bc3857dbf61efd" member_type: VOTER last_known_addr { host: "127.5.138.3" port: 46525 } } peers { permanent_uuid: "110b7dc795cf49d297927fac485577f6" member_type: VOTER last_known_addr { host: "127.5.138.1" port: 40815 } } peers { permanent_uuid: "03fb6a5f90aa43dcab9e54cae5d35d1b" member_type: VOTER last_known_addr { host: "127.5.138.2" port: 38539 } }
I20260713 09:02:38.667054  6498 leader_election.cc:290] T eb385c041b134bdfa0f10d2fe1620625 P c1906b2622d2480f88bc3857dbf61efd [CANDIDATE]: Term 1 pre-election: Requested pre-vote from peers 110b7dc795cf49d297927fac485577f6 (127.5.138.1:40815), 03fb6a5f90aa43dcab9e54cae5d35d1b (127.5.138.2:38539)
I20260713 09:02:38.668561  6294 tablet_service.cc:1917] Received RequestConsensusVote() RPC: tablet_id: "eb385c041b134bdfa0f10d2fe1620625" candidate_uuid: "c1906b2622d2480f88bc3857dbf61efd" candidate_term: 1 candidate_status { last_received { term: 0 index: 0 } } ignore_live_leader: false dest_uuid: "110b7dc795cf49d297927fac485577f6" is_pre_election: true
I20260713 09:02:38.669139  6294 raft_consensus.cc:2468] T eb385c041b134bdfa0f10d2fe1620625 P 110b7dc795cf49d297927fac485577f6 [term 0 FOLLOWER]: Leader pre-election vote request: Granting yes vote for candidate c1906b2622d2480f88bc3857dbf61efd in term 0.
I20260713 09:02:38.672837  6368 tablet_service.cc:1917] Received RequestConsensusVote() RPC: tablet_id: "eb385c041b134bdfa0f10d2fe1620625" candidate_uuid: "c1906b2622d2480f88bc3857dbf61efd" candidate_term: 1 candidate_status { last_received { term: 0 index: 0 } } ignore_live_leader: false dest_uuid: "03fb6a5f90aa43dcab9e54cae5d35d1b" is_pre_election: true
I20260713 09:02:38.673513  6368 raft_consensus.cc:2468] T eb385c041b134bdfa0f10d2fe1620625 P 03fb6a5f90aa43dcab9e54cae5d35d1b [term 0 FOLLOWER]: Leader pre-election vote request: Granting yes vote for candidate c1906b2622d2480f88bc3857dbf61efd in term 0.
I20260713 09:02:38.674669  6408 leader_election.cc:304] T eb385c041b134bdfa0f10d2fe1620625 P c1906b2622d2480f88bc3857dbf61efd [CANDIDATE]: Term 1 pre-election: Election decided. Result: candidate won. Election summary: received 2 responses out of 3 voters: 2 yes votes; 0 no votes. yes voters: 110b7dc795cf49d297927fac485577f6, c1906b2622d2480f88bc3857dbf61efd; no voters: 
I20260713 09:02:38.675580  6518 raft_consensus.cc:2804] T eb385c041b134bdfa0f10d2fe1620625 P c1906b2622d2480f88bc3857dbf61efd [term 0 FOLLOWER]: Leader pre-election won for term 1
I20260713 09:02:38.675911  6518 raft_consensus.cc:493] T eb385c041b134bdfa0f10d2fe1620625 P c1906b2622d2480f88bc3857dbf61efd [term 0 FOLLOWER]: Starting leader election (no leader contacted us within the election timeout)
I20260713 09:02:38.676250  6518 raft_consensus.cc:3060] T eb385c041b134bdfa0f10d2fe1620625 P c1906b2622d2480f88bc3857dbf61efd [term 0 FOLLOWER]: Advancing to term 1
I20260713 09:02:38.680471  6516 consensus_queue.cc:1048] T dea3764c596b4b18b4a8b1d9e503768d P c1906b2622d2480f88bc3857dbf61efd [LEADER]: Connected to new peer: Peer: permanent_uuid: "110b7dc795cf49d297927fac485577f6" member_type: VOTER last_known_addr { host: "127.5.138.1" port: 40815 }, Status: LMP_MISMATCH, Last received: 0.0, Next index: 1, Last known committed idx: 0, Time since last communication: 0.000s
I20260713 09:02:38.688128  6518 raft_consensus.cc:515] T eb385c041b134bdfa0f10d2fe1620625 P c1906b2622d2480f88bc3857dbf61efd [term 1 FOLLOWER]: Starting leader election with config: opid_index: -1 OBSOLETE_local: false peers { permanent_uuid: "c1906b2622d2480f88bc3857dbf61efd" member_type: VOTER last_known_addr { host: "127.5.138.3" port: 46525 } } peers { permanent_uuid: "110b7dc795cf49d297927fac485577f6" member_type: VOTER last_known_addr { host: "127.5.138.1" port: 40815 } } peers { permanent_uuid: "03fb6a5f90aa43dcab9e54cae5d35d1b" member_type: VOTER last_known_addr { host: "127.5.138.2" port: 38539 } }
I20260713 09:02:38.691490  6293 tablet_service.cc:1917] Received RequestConsensusVote() RPC: tablet_id: "eb385c041b134bdfa0f10d2fe1620625" candidate_uuid: "c1906b2622d2480f88bc3857dbf61efd" candidate_term: 1 candidate_status { last_received { term: 0 index: 0 } } ignore_live_leader: false dest_uuid: "110b7dc795cf49d297927fac485577f6"
I20260713 09:02:38.692101  6293 raft_consensus.cc:3060] T eb385c041b134bdfa0f10d2fe1620625 P 110b7dc795cf49d297927fac485577f6 [term 0 FOLLOWER]: Advancing to term 1
I20260713 09:02:38.697269  6518 leader_election.cc:290] T eb385c041b134bdfa0f10d2fe1620625 P c1906b2622d2480f88bc3857dbf61efd [CANDIDATE]: Term 1 election: Requested vote from peers 110b7dc795cf49d297927fac485577f6 (127.5.138.1:40815), 03fb6a5f90aa43dcab9e54cae5d35d1b (127.5.138.2:38539)
I20260713 09:02:38.700582  6293 raft_consensus.cc:2468] T eb385c041b134bdfa0f10d2fe1620625 P 110b7dc795cf49d297927fac485577f6 [term 1 FOLLOWER]: Leader election vote request: Granting yes vote for candidate c1906b2622d2480f88bc3857dbf61efd in term 1.
I20260713 09:02:38.701911  6369 tablet_service.cc:1917] Received RequestConsensusVote() RPC: tablet_id: "eb385c041b134bdfa0f10d2fe1620625" candidate_uuid: "c1906b2622d2480f88bc3857dbf61efd" candidate_term: 1 candidate_status { last_received { term: 0 index: 0 } } ignore_live_leader: false dest_uuid: "03fb6a5f90aa43dcab9e54cae5d35d1b"
I20260713 09:02:38.702512  6369 raft_consensus.cc:3060] T eb385c041b134bdfa0f10d2fe1620625 P 03fb6a5f90aa43dcab9e54cae5d35d1b [term 0 FOLLOWER]: Advancing to term 1
I20260713 09:02:38.703954  6408 leader_election.cc:304] T eb385c041b134bdfa0f10d2fe1620625 P c1906b2622d2480f88bc3857dbf61efd [CANDIDATE]: Term 1 election: Election decided. Result: candidate won. Election summary: received 2 responses out of 3 voters: 2 yes votes; 0 no votes. yes voters: 110b7dc795cf49d297927fac485577f6, c1906b2622d2480f88bc3857dbf61efd; no voters: 
I20260713 09:02:38.704996  6518 raft_consensus.cc:2804] T eb385c041b134bdfa0f10d2fe1620625 P c1906b2622d2480f88bc3857dbf61efd [term 1 FOLLOWER]: Leader election won for term 1
I20260713 09:02:38.705451  6518 raft_consensus.cc:697] T eb385c041b134bdfa0f10d2fe1620625 P c1906b2622d2480f88bc3857dbf61efd [term 1 LEADER]: Becoming Leader. State: Replica: c1906b2622d2480f88bc3857dbf61efd, State: Running, Role: LEADER
