I20260713 09:02:51.737749  7276 consensus_queue.cc:1048] T 7303a6390260448387b0dba810d8fd4b P 2f67b8abf83645a8b0c6a39773abac48 [LEADER]: Connected to new peer: Peer: permanent_uuid: "ade5bcb734724fc1be052bd6ea995a16" member_type: VOTER last_known_addr { host: "127.5.181.1" port: 32919 }, Status: LMP_MISMATCH, Last received: 0.0, Next index: 1, Last known committed idx: 0, Time since last communication: 0.000s
I20260713 09:02:51.830829  6942 raft_consensus.cc:3060] T 502cd9bda0bc4e62bebc7df041f40062 P ade5bcb734724fc1be052bd6ea995a16 [term 0 FOLLOWER]: Advancing to term 1
I20260713 09:02:51.836377  7185 consensus_queue.cc:1048] T 502cd9bda0bc4e62bebc7df041f40062 P 64681de7bdef40a6b8cab6e65ad43e69 [LEADER]: Connected to new peer: Peer: permanent_uuid: "ade5bcb734724fc1be052bd6ea995a16" member_type: VOTER last_known_addr { host: "127.5.181.1" port: 32919 }, Status: LMP_MISMATCH, Last received: 0.0, Next index: 1, Last known committed idx: 0, Time since last communication: 0.000s
I20260713 09:02:51.846099  7197 consensus_queue.cc:1048] T 502cd9bda0bc4e62bebc7df041f40062 P 64681de7bdef40a6b8cab6e65ad43e69 [LEADER]: Connected to new peer: Peer: permanent_uuid: "2f67b8abf83645a8b0c6a39773abac48" member_type: VOTER last_known_addr { host: "127.5.181.3" port: 40955 }, Status: LMP_MISMATCH, Last received: 0.0, Next index: 1, Last known committed idx: 0, Time since last communication: 0.000s
I20260713 09:02:52.068399  7212 consensus_queue.cc:1048] T 68607aba415442be897d84b3c2c464ef P ade5bcb734724fc1be052bd6ea995a16 [LEADER]: Connected to new peer: Peer: permanent_uuid: "2f67b8abf83645a8b0c6a39773abac48" member_type: VOTER last_known_addr { host: "127.5.181.3" port: 40955 }, Status: LMP_MISMATCH, Last received: 0.0, Next index: 1, Last known committed idx: 0, Time since last communication: 0.000s
I20260713 09:02:52.080062  7212 consensus_queue.cc:1048] T 68607aba415442be897d84b3c2c464ef P ade5bcb734724fc1be052bd6ea995a16 [LEADER]: Connected to new peer: Peer: permanent_uuid: "64681de7bdef40a6b8cab6e65ad43e69" member_type: VOTER last_known_addr { host: "127.5.181.2" port: 41401 }, Status: LMP_MISMATCH, Last received: 0.0, Next index: 1, Last known committed idx: 0, Time since last communication: 0.000s
I20260713 09:02:52.216544  5844 file_cache.cc:504] Constructed file cache file cache with capacity 419430
W20260713 09:02:52.222527  7316 instance_detector.cc:116] could not retrieve AWS instance metadata: Network error: curl error: HTTP response code said error: The requested URL returned error: 404
W20260713 09:02:52.223762  7317 instance_detector.cc:116] could not retrieve Azure instance metadata: Network error: curl error: HTTP response code said error: The requested URL returned error: 404
I20260713 09:02:52.240386  5844 server_base.cc:1061] running on GCE node
W20260713 09:02:52.241818  7319 instance_detector.cc:116] could not retrieve OpenStack instance metadata: Network error: curl error: HTTP response code said error: The requested URL returned error: 404
I20260713 09:02:52.242899  5844 hybrid_clock.cc:584] initializing the hybrid clock with 'system_unsync' time source
W20260713 09:02:52.243093  5844 system_unsync_time.cc:38] NTP support is disabled. Clock error bounds will not be accurate. This configuration is not suitable for distributed clusters.
I20260713 09:02:52.243219  5844 hybrid_clock.cc:648] HybridClock initialized: now 1783933372243208 us; error 0 us; skew 500 ppm
I20260713 09:02:52.243711  5844 server_base.cc:861] Flag tcmalloc_max_total_thread_cache_bytes is not working since tcmalloc is not enabled.
I20260713 09:02:52.245873  5844 webserver.cc:533] Webserver started at http://127.5.181.4:37923/ using document root <none> and password file <none>
I20260713 09:02:52.246384  5844 fs_manager.cc:362] Metadata directory not provided
I20260713 09:02:52.246548  5844 fs_manager.cc:368] Using write-ahead log directory (fs_wal_dir) as metadata directory
I20260713 09:02:52.246752  5844 server_base.cc:909] This appears to be a new deployment of Kudu; creating new FS layout
I20260713 09:02:52.247707  5844 fs_manager.cc:1068] Generated new instance metadata in path /tmp/dist-test-taski1jmQk/test-tmp/auto_leader_rebalancer-test.0.LeaderRebalancerTest.AddTserver.1783933344953907-5844-0/minicluster-data/ts-3-root/instance:
uuid: "19cc0b99d66e4ba5b8c17cef9f9d8e8b"
format_stamp: "Formatted at 2026-07-13 09:02:52 on dist-test-slave-8bh7"
I20260713 09:02:52.251821  5844 fs_manager.cc:696] Time spent creating directory manager: real 0.004s	user 0.005s	sys 0.000s
I20260713 09:02:52.254896  7324 log_block_manager.cc:4127] Time spent loading block containers with low live blocks: real 0.000s	user 0.000s	sys 0.000s
I20260713 09:02:52.255579  5844 fs_manager.cc:730] Time spent opening block manager: real 0.002s	user 0.003s	sys 0.000s
I20260713 09:02:52.255824  5844 fs_manager.cc:647] Opened local filesystem: /tmp/dist-test-taski1jmQk/test-tmp/auto_leader_rebalancer-test.0.LeaderRebalancerTest.AddTserver.1783933344953907-5844-0/minicluster-data/ts-3-root
uuid: "19cc0b99d66e4ba5b8c17cef9f9d8e8b"
format_stamp: "Formatted at 2026-07-13 09:02:52 on dist-test-slave-8bh7"
I20260713 09:02:52.256052  5844 fs_report.cc:389] FS layout report
--------------------
wal directory: /tmp/dist-test-taski1jmQk/test-tmp/auto_leader_rebalancer-test.0.LeaderRebalancerTest.AddTserver.1783933344953907-5844-0/minicluster-data/ts-3-root
metadata directory: /tmp/dist-test-taski1jmQk/test-tmp/auto_leader_rebalancer-test.0.LeaderRebalancerTest.AddTserver.1783933344953907-5844-0/minicluster-data/ts-3-root
1 data directories: /tmp/dist-test-taski1jmQk/test-tmp/auto_leader_rebalancer-test.0.LeaderRebalancerTest.AddTserver.1783933344953907-5844-0/minicluster-data/ts-3-root/data
Total live blocks: 0
Total live bytes: 0
Total live bytes (after alignment): 0
Total number of LBM containers: 0 (0 full)
Did not check for missing blocks
Did not check for orphaned blocks
Total full LBM containers with extra space: 0 (0 repaired)
Total full LBM container extra space in bytes: 0 (0 repaired)
Total incomplete LBM containers: 0 (0 repaired)
Total LBM partial records: 0 (0 repaired)
Total corrupted LBM metadata records in RocksDB: 0 (0 repaired)
I20260713 09:02:52.271926  5844 rpc_server.cc:225] running with OpenSSL 1.1.1  11 Sep 2018
I20260713 09:02:52.273191  5844 kserver.cc:163] Server-wide thread pool size limit: 3276
I20260713 09:02:52.274787  5844 txn_system_client.cc:432] TxnSystemClient initialization is disabled...
I20260713 09:02:52.276786  5844 ts_tablet_manager.cc:585] Loaded tablet metadata (0 total tablets, 0 live tablets)
I20260713 09:02:52.276957  5844 ts_tablet_manager.cc:531] Time spent load tablet metadata: real 0.000s	user 0.000s	sys 0.000s
I20260713 09:02:52.277138  5844 ts_tablet_manager.cc:616] Registered 0 tablets
I20260713 09:02:52.277319  5844 ts_tablet_manager.cc:595] Time spent register tablets: real 0.000s	user 0.000s	sys 0.000s
I20260713 09:02:52.342597  5844 rpc_server.cc:307] RPC server started. Bound to: 127.5.181.4:38317
I20260713 09:02:52.342628  7386 acceptor_pool.cc:272] collecting diagnostics on the listening RPC socket 127.5.181.4:38317 every 8 connection(s)
I20260713 09:02:52.347273  5844 auto_leader_rebalancer-test.cc:392] add a tserver: 19cc0b99d66e4ba5b8c17cef9f9d8e8b
I20260713 09:02:52.359997  7387 heartbeater.cc:344] Connected to a master server at 127.5.181.62:44393
I20260713 09:02:52.360376  7387 heartbeater.cc:461] Registering TS with master...
I20260713 09:02:52.361059  7387 heartbeater.cc:507] Master 127.5.181.62:44393 requested a full tablet report, sending...
I20260713 09:02:52.363049  6837 ts_manager.cc:194] Registered new tserver with Master: 19cc0b99d66e4ba5b8c17cef9f9d8e8b (127.5.181.4:38317)
I20260713 09:02:52.364648  6837 master_service.cc:502] Signed X509 certificate for tserver {username='slave'} at 127.0.0.1:33748
I20260713 09:02:53.367113  7387 heartbeater.cc:499] Master 127.5.181.62:44393 was elected leader, sending a full tablet report...
I20260713 09:02:53.384723  7013 consensus_queue.cc:237] T eff183fde7f34acaa89b2c3b6b141141 P 64681de7bdef40a6b8cab6e65ad43e69 [LEADER]: Queue going to LEADER mode. State: All replicated index: 0, Majority replicated index: 1, Committed index: 1, Last appended: 1.1, Last appended by leader: 0, Current term: 1, Majority size: 2, State: 0, Mode: LEADER, active raft config: opid_index: 2 OBSOLETE_local: false peers { permanent_uuid: "ade5bcb734724fc1be052bd6ea995a16" member_type: VOTER last_known_addr { host: "127.5.181.1" port: 32919 } } peers { permanent_uuid: "64681de7bdef40a6b8cab6e65ad43e69" member_type: VOTER last_known_addr { host: "127.5.181.2" port: 41401 } } peers { permanent_uuid: "2f67b8abf83645a8b0c6a39773abac48" member_type: VOTER last_known_addr { host: "127.5.181.3" port: 40955 } attrs { replace: true } } peers { permanent_uuid: "19cc0b99d66e4ba5b8c17cef9f9d8e8b" member_type: NON_VOTER last_known_addr { host: "127.5.181.4" port: 38317 } attrs { promote: true } }
I20260713 09:02:53.393407  7091 raft_consensus.cc:1275] T eff183fde7f34acaa89b2c3b6b141141 P 2f67b8abf83645a8b0c6a39773abac48 [term 1 FOLLOWER]: Refusing update from remote peer 64681de7bdef40a6b8cab6e65ad43e69: Log matching property violated. Preceding OpId in replica: term: 1 index: 1. Preceding OpId from leader: term: 1 index: 2. (index mismatch)
I20260713 09:02:53.394102  6942 raft_consensus.cc:1275] T eff183fde7f34acaa89b2c3b6b141141 P ade5bcb734724fc1be052bd6ea995a16 [term 1 FOLLOWER]: Refusing update from remote peer 64681de7bdef40a6b8cab6e65ad43e69: Log matching property violated. Preceding OpId in replica: term: 1 index: 1. Preceding OpId from leader: term: 1 index: 2. (index mismatch)
I20260713 09:02:53.395553  7197 consensus_queue.cc:1048] T eff183fde7f34acaa89b2c3b6b141141 P 64681de7bdef40a6b8cab6e65ad43e69 [LEADER]: Connected to new peer: Peer: permanent_uuid: "ade5bcb734724fc1be052bd6ea995a16" member_type: VOTER last_known_addr { host: "127.5.181.1" port: 32919 }, Status: LMP_MISMATCH, Last received: 0.0, Next index: 2, Last known committed idx: 1, Time since last communication: 0.000s
I20260713 09:02:53.396535  7396 consensus_queue.cc:1048] T eff183fde7f34acaa89b2c3b6b141141 P 64681de7bdef40a6b8cab6e65ad43e69 [LEADER]: Connected to new peer: Peer: permanent_uuid: "2f67b8abf83645a8b0c6a39773abac48" member_type: VOTER last_known_addr { host: "127.5.181.3" port: 40955 } attrs { replace: true }, Status: LMP_MISMATCH, Last received: 0.0, Next index: 2, Last known committed idx: 1, Time since last communication: 0.000s
I20260713 09:02:53.413677  7399 raft_consensus.cc:2955] T eff183fde7f34acaa89b2c3b6b141141 P 64681de7bdef40a6b8cab6e65ad43e69 [term 1 LEADER]: Committing config change with OpId 1.2: config changed from index -1 to 2, NON_VOTER 19cc0b99d66e4ba5b8c17cef9f9d8e8b (127.5.181.4) added. New config: { opid_index: 2 OBSOLETE_local: false peers { permanent_uuid: "ade5bcb734724fc1be052bd6ea995a16" member_type: VOTER last_known_addr { host: "127.5.181.1" port: 32919 } } peers { permanent_uuid: "64681de7bdef40a6b8cab6e65ad43e69" member_type: VOTER last_known_addr { host: "127.5.181.2" port: 41401 } } peers { permanent_uuid: "2f67b8abf83645a8b0c6a39773abac48" member_type: VOTER last_known_addr { host: "127.5.181.3" port: 40955 } attrs { replace: true } } peers { permanent_uuid: "19cc0b99d66e4ba5b8c17cef9f9d8e8b" member_type: NON_VOTER last_known_addr { host: "127.5.181.4" port: 38317 } attrs { promote: true } } }
I20260713 09:02:53.417421  6940 raft_consensus.cc:2955] T eff183fde7f34acaa89b2c3b6b141141 P ade5bcb734724fc1be052bd6ea995a16 [term 1 FOLLOWER]: Committing config change with OpId 1.2: config changed from index -1 to 2, NON_VOTER 19cc0b99d66e4ba5b8c17cef9f9d8e8b (127.5.181.4) added. New config: { opid_index: 2 OBSOLETE_local: false peers { permanent_uuid: "ade5bcb734724fc1be052bd6ea995a16" member_type: VOTER last_known_addr { host: "127.5.181.1" port: 32919 } } peers { permanent_uuid: "64681de7bdef40a6b8cab6e65ad43e69" member_type: VOTER last_known_addr { host: "127.5.181.2" port: 41401 } } peers { permanent_uuid: "2f67b8abf83645a8b0c6a39773abac48" member_type: VOTER last_known_addr { host: "127.5.181.3" port: 40955 } attrs { replace: true } } peers { permanent_uuid: "19cc0b99d66e4ba5b8c17cef9f9d8e8b" member_type: NON_VOTER last_known_addr { host: "127.5.181.4" port: 38317 } attrs { promote: true } } }
W20260713 09:02:53.421203  6983 consensus_peers.cc:597] T eff183fde7f34acaa89b2c3b6b141141 P 64681de7bdef40a6b8cab6e65ad43e69 -> Peer 19cc0b99d66e4ba5b8c17cef9f9d8e8b (127.5.181.4:38317): Couldn't send request to peer 19cc0b99d66e4ba5b8c17cef9f9d8e8b. Error code: TABLET_NOT_FOUND (6). Status: Not found: Tablet not found: eff183fde7f34acaa89b2c3b6b141141. This is attempt 1: this message will repeat every 5th retry.
I20260713 09:02:53.415510  7091 raft_consensus.cc:2955] T eff183fde7f34acaa89b2c3b6b141141 P 2f67b8abf83645a8b0c6a39773abac48 [term 1 FOLLOWER]: Committing config change with OpId 1.2: config changed from index -1 to 2, NON_VOTER 19cc0b99d66e4ba5b8c17cef9f9d8e8b (127.5.181.4) added. New config: { opid_index: 2 OBSOLETE_local: false peers { permanent_uuid: "ade5bcb734724fc1be052bd6ea995a16" member_type: VOTER last_known_addr { host: "127.5.181.1" port: 32919 } } peers { permanent_uuid: "64681de7bdef40a6b8cab6e65ad43e69" member_type: VOTER last_known_addr { host: "127.5.181.2" port: 41401 } } peers { permanent_uuid: "2f67b8abf83645a8b0c6a39773abac48" member_type: VOTER last_known_addr { host: "127.5.181.3" port: 40955 } attrs { replace: true } } peers { permanent_uuid: "19cc0b99d66e4ba5b8c17cef9f9d8e8b" member_type: NON_VOTER last_known_addr { host: "127.5.181.4" port: 38317 } attrs { promote: true } } }
I20260713 09:02:53.427392  7013 consensus_queue.cc:237] T 91113e0adab04f8fb7fb66044003e93a P 64681de7bdef40a6b8cab6e65ad43e69 [LEADER]: Queue going to LEADER mode. State: All replicated index: 0, Majority replicated index: 1, Committed index: 1, Last appended: 1.1, Last appended by leader: 0, Current term: 1, Majority size: 2, State: 0, Mode: LEADER, active raft config: opid_index: 2 OBSOLETE_local: false peers { permanent_uuid: "ade5bcb734724fc1be052bd6ea995a16" member_type: VOTER last_known_addr { host: "127.5.181.1" port: 32919 } attrs { replace: true } } peers { permanent_uuid: "64681de7bdef40a6b8cab6e65ad43e69" member_type: VOTER last_known_addr { host: "127.5.181.2" port: 41401 } } peers { permanent_uuid: "2f67b8abf83645a8b0c6a39773abac48" member_type: VOTER last_known_addr { host: "127.5.181.3" port: 40955 } } peers { permanent_uuid: "19cc0b99d66e4ba5b8c17cef9f9d8e8b" member_type: NON_VOTER last_known_addr { host: "127.5.181.4" port: 38317 } attrs { promote: true } }
I20260713 09:02:53.428807  6837 catalog_manager.cc:5697] T eff183fde7f34acaa89b2c3b6b141141 P 64681de7bdef40a6b8cab6e65ad43e69 reported cstate change: config changed from index -1 to 2, NON_VOTER 19cc0b99d66e4ba5b8c17cef9f9d8e8b (127.5.181.4) added. New cstate: current_term: 1 leader_uuid: "64681de7bdef40a6b8cab6e65ad43e69" committed_config { opid_index: 2 OBSOLETE_local: false peers { permanent_uuid: "ade5bcb734724fc1be052bd6ea995a16" member_type: VOTER last_known_addr { host: "127.5.181.1" port: 32919 } health_report { overall_health: HEALTHY } } peers { permanent_uuid: "64681de7bdef40a6b8cab6e65ad43e69" member_type: VOTER last_known_addr { host: "127.5.181.2" port: 41401 } health_report { overall_health: HEALTHY } } peers { permanent_uuid: "2f67b8abf83645a8b0c6a39773abac48" member_type: VOTER last_known_addr { host: "127.5.181.3" port: 40955 } attrs { replace: true } health_report { overall_health: HEALTHY } } peers { permanent_uuid: "19cc0b99d66e4ba5b8c17cef9f9d8e8b" member_type: NON_VOTER last_known_addr { host: "127.5.181.4" port: 38317 } attrs { promote: true } health_report { overall_health: UNKNOWN } } }
W20260713 09:02:53.452405  6983 consensus_peers.cc:597] T 91113e0adab04f8fb7fb66044003e93a P 64681de7bdef40a6b8cab6e65ad43e69 -> Peer 19cc0b99d66e4ba5b8c17cef9f9d8e8b (127.5.181.4:38317): Couldn't send request to peer 19cc0b99d66e4ba5b8c17cef9f9d8e8b. Error code: TABLET_NOT_FOUND (6). Status: Not found: Tablet not found: 91113e0adab04f8fb7fb66044003e93a. This is attempt 1: this message will repeat every 5th retry.
I20260713 09:02:53.453366  6940 raft_consensus.cc:1275] T 91113e0adab04f8fb7fb66044003e93a P ade5bcb734724fc1be052bd6ea995a16 [term 1 FOLLOWER]: Refusing update from remote peer 64681de7bdef40a6b8cab6e65ad43e69: Log matching property violated. Preceding OpId in replica: term: 1 index: 1. Preceding OpId from leader: term: 1 index: 2. (index mismatch)
I20260713 09:02:53.455255  7091 raft_consensus.cc:1275] T 91113e0adab04f8fb7fb66044003e93a P 2f67b8abf83645a8b0c6a39773abac48 [term 1 FOLLOWER]: Refusing update from remote peer 64681de7bdef40a6b8cab6e65ad43e69: Log matching property violated. Preceding OpId in replica: term: 1 index: 1. Preceding OpId from leader: term: 1 index: 2. (index mismatch)
I20260713 09:02:53.454952  7399 consensus_queue.cc:1048] T 91113e0adab04f8fb7fb66044003e93a P 64681de7bdef40a6b8cab6e65ad43e69 [LEADER]: Connected to new peer: Peer: permanent_uuid: "ade5bcb734724fc1be052bd6ea995a16" member_type: VOTER last_known_addr { host: "127.5.181.1" port: 32919 } attrs { replace: true }, Status: LMP_MISMATCH, Last received: 0.0, Next index: 2, Last known committed idx: 1, Time since last communication: 0.001s
I20260713 09:02:53.456744  7396 consensus_queue.cc:1048] T 91113e0adab04f8fb7fb66044003e93a P 64681de7bdef40a6b8cab6e65ad43e69 [LEADER]: Connected to new peer: Peer: permanent_uuid: "2f67b8abf83645a8b0c6a39773abac48" member_type: VOTER last_known_addr { host: "127.5.181.3" port: 40955 }, Status: LMP_MISMATCH, Last received: 0.0, Next index: 2, Last known committed idx: 1, Time since last communication: 0.000s
I20260713 09:02:53.468036  7399 raft_consensus.cc:2955] T 91113e0adab04f8fb7fb66044003e93a P 64681de7bdef40a6b8cab6e65ad43e69 [term 1 LEADER]: Committing config change with OpId 1.2: config changed from index -1 to 2, NON_VOTER 19cc0b99d66e4ba5b8c17cef9f9d8e8b (127.5.181.4) added. New config: { opid_index: 2 OBSOLETE_local: false peers { permanent_uuid: "ade5bcb734724fc1be052bd6ea995a16" member_type: VOTER last_known_addr { host: "127.5.181.1" port: 32919 } attrs { replace: true } } peers { permanent_uuid: "64681de7bdef40a6b8cab6e65ad43e69" member_type: VOTER last_known_addr { host: "127.5.181.2" port: 41401 } } peers { permanent_uuid: "2f67b8abf83645a8b0c6a39773abac48" member_type: VOTER last_known_addr { host: "127.5.181.3" port: 40955 } } peers { permanent_uuid: "19cc0b99d66e4ba5b8c17cef9f9d8e8b" member_type: NON_VOTER last_known_addr { host: "127.5.181.4" port: 38317 } attrs { promote: true } } }
I20260713 09:02:53.469709  7091 raft_consensus.cc:2955] T 91113e0adab04f8fb7fb66044003e93a P 2f67b8abf83645a8b0c6a39773abac48 [term 1 FOLLOWER]: Committing config change with OpId 1.2: config changed from index -1 to 2, NON_VOTER 19cc0b99d66e4ba5b8c17cef9f9d8e8b (127.5.181.4) added. New config: { opid_index: 2 OBSOLETE_local: false peers { permanent_uuid: "ade5bcb734724fc1be052bd6ea995a16" member_type: VOTER last_known_addr { host: "127.5.181.1" port: 32919 } attrs { replace: true } } peers { permanent_uuid: "64681de7bdef40a6b8cab6e65ad43e69" member_type: VOTER last_known_addr { host: "127.5.181.2" port: 41401 } } peers { permanent_uuid: "2f67b8abf83645a8b0c6a39773abac48" member_type: VOTER last_known_addr { host: "127.5.181.3" port: 40955 } } peers { permanent_uuid: "19cc0b99d66e4ba5b8c17cef9f9d8e8b" member_type: NON_VOTER last_known_addr { host: "127.5.181.4" port: 38317 } attrs { promote: true } } }
I20260713 09:02:53.488253  6838 catalog_manager.cc:5697] T 91113e0adab04f8fb7fb66044003e93a P 2f67b8abf83645a8b0c6a39773abac48 reported cstate change: config changed from index -1 to 2, NON_VOTER 19cc0b99d66e4ba5b8c17cef9f9d8e8b (127.5.181.4) added. New cstate: current_term: 1 leader_uuid: "64681de7bdef40a6b8cab6e65ad43e69" committed_config { opid_index: 2 OBSOLETE_local: false peers { permanent_uuid: "ade5bcb734724fc1be052bd6ea995a16" member_type: VOTER last_known_addr { host: "127.5.181.1" port: 32919 } attrs { replace: true } } peers { permanent_uuid: "64681de7bdef40a6b8cab6e65ad43e69" member_type: VOTER last_known_addr { host: "127.5.181.2" port: 41401 } } peers { permanent_uuid: "2f67b8abf83645a8b0c6a39773abac48" member_type: VOTER last_known_addr { host: "127.5.181.3" port: 40955 } } peers { permanent_uuid: "19cc0b99d66e4ba5b8c17cef9f9d8e8b" member_type: NON_VOTER last_known_addr { host: "127.5.181.4" port: 38317 } attrs { promote: true } } }
I20260713 09:02:53.491916  6941 raft_consensus.cc:2955] T 91113e0adab04f8fb7fb66044003e93a P ade5bcb734724fc1be052bd6ea995a16 [term 1 FOLLOWER]: Committing config change with OpId 1.2: config changed from index -1 to 2, NON_VOTER 19cc0b99d66e4ba5b8c17cef9f9d8e8b (127.5.181.4) added. New config: { opid_index: 2 OBSOLETE_local: false peers { permanent_uuid: "ade5bcb734724fc1be052bd6ea995a16" member_type: VOTER last_known_addr { host: "127.5.181.1" port: 32919 } attrs { replace: true } } peers { permanent_uuid: "64681de7bdef40a6b8cab6e65ad43e69" member_type: VOTER last_known_addr { host: "127.5.181.2" port: 41401 } } peers { permanent_uuid: "2f67b8abf83645a8b0c6a39773abac48" member_type: VOTER last_known_addr { host: "127.5.181.3" port: 40955 } } peers { permanent_uuid: "19cc0b99d66e4ba5b8c17cef9f9d8e8b" member_type: NON_VOTER last_known_addr { host: "127.5.181.4" port: 38317 } attrs { promote: true } } }
I20260713 09:02:53.496356  6942 consensus_queue.cc:237] T e67d4c84f5654e6e9e40a4d111f7b71c P ade5bcb734724fc1be052bd6ea995a16 [LEADER]: Queue going to LEADER mode. State: All replicated index: 0, Majority replicated index: 1, Committed index: 1, Last appended: 1.1, Last appended by leader: 0, Current term: 1, Majority size: 2, State: 0, Mode: LEADER, active raft config: opid_index: 2 OBSOLETE_local: false peers { permanent_uuid: "ade5bcb734724fc1be052bd6ea995a16" member_type: VOTER last_known_addr { host: "127.5.181.1" port: 32919 } } peers { permanent_uuid: "64681de7bdef40a6b8cab6e65ad43e69" member_type: VOTER last_known_addr { host: "127.5.181.2" port: 41401 } attrs { replace: true } } peers { permanent_uuid: "2f67b8abf83645a8b0c6a39773abac48" member_type: VOTER last_known_addr { host: "127.5.181.3" port: 40955 } } peers { permanent_uuid: "19cc0b99d66e4ba5b8c17cef9f9d8e8b" member_type: NON_VOTER last_known_addr { host: "127.5.181.4" port: 38317 } attrs { promote: true } }
I20260713 09:02:53.512866  7091 raft_consensus.cc:1275] T e67d4c84f5654e6e9e40a4d111f7b71c P 2f67b8abf83645a8b0c6a39773abac48 [term 1 FOLLOWER]: Refusing update from remote peer ade5bcb734724fc1be052bd6ea995a16: Log matching property violated. Preceding OpId in replica: term: 1 index: 1. Preceding OpId from leader: term: 1 index: 2. (index mismatch)
I20260713 09:02:53.513641  7014 raft_consensus.cc:1275] T e67d4c84f5654e6e9e40a4d111f7b71c P 64681de7bdef40a6b8cab6e65ad43e69 [term 1 FOLLOWER]: Refusing update from remote peer ade5bcb734724fc1be052bd6ea995a16: Log matching property violated. Preceding OpId in replica: term: 1 index: 1. Preceding OpId from leader: term: 1 index: 2. (index mismatch)
I20260713 09:02:53.515232  7285 consensus_queue.cc:1048] T e67d4c84f5654e6e9e40a4d111f7b71c P ade5bcb734724fc1be052bd6ea995a16 [LEADER]: Connected to new peer: Peer: permanent_uuid: "2f67b8abf83645a8b0c6a39773abac48" member_type: VOTER last_known_addr { host: "127.5.181.3" port: 40955 }, Status: LMP_MISMATCH, Last received: 0.0, Next index: 2, Last known committed idx: 1, Time since last communication: 0.000s
I20260713 09:02:53.516984  7285 consensus_queue.cc:1048] T e67d4c84f5654e6e9e40a4d111f7b71c P ade5bcb734724fc1be052bd6ea995a16 [LEADER]: Connected to new peer: Peer: permanent_uuid: "64681de7bdef40a6b8cab6e65ad43e69" member_type: VOTER last_known_addr { host: "127.5.181.2" port: 41401 } attrs { replace: true }, Status: LMP_MISMATCH, Last received: 0.0, Next index: 2, Last known committed idx: 1, Time since last communication: 0.000s
I20260713 09:02:53.533356  7285 raft_consensus.cc:2955] T e67d4c84f5654e6e9e40a4d111f7b71c P ade5bcb734724fc1be052bd6ea995a16 [term 1 LEADER]: Committing config change with OpId 1.2: config changed from index -1 to 2, NON_VOTER 19cc0b99d66e4ba5b8c17cef9f9d8e8b (127.5.181.4) added. New config: { opid_index: 2 OBSOLETE_local: false peers { permanent_uuid: "ade5bcb734724fc1be052bd6ea995a16" member_type: VOTER last_known_addr { host: "127.5.181.1" port: 32919 } } peers { permanent_uuid: "64681de7bdef40a6b8cab6e65ad43e69" member_type: VOTER last_known_addr { host: "127.5.181.2" port: 41401 } attrs { replace: true } } peers { permanent_uuid: "2f67b8abf83645a8b0c6a39773abac48" member_type: VOTER last_known_addr { host: "127.5.181.3" port: 40955 } } peers { permanent_uuid: "19cc0b99d66e4ba5b8c17cef9f9d8e8b" member_type: NON_VOTER last_known_addr { host: "127.5.181.4" port: 38317 } attrs { promote: true } } }
I20260713 09:02:53.535228  7013 raft_consensus.cc:2955] T e67d4c84f5654e6e9e40a4d111f7b71c P 64681de7bdef40a6b8cab6e65ad43e69 [term 1 FOLLOWER]: Committing config change with OpId 1.2: config changed from index -1 to 2, NON_VOTER 19cc0b99d66e4ba5b8c17cef9f9d8e8b (127.5.181.4) added. New config: { opid_index: 2 OBSOLETE_local: false peers { permanent_uuid: "ade5bcb734724fc1be052bd6ea995a16" member_type: VOTER last_known_addr { host: "127.5.181.1" port: 32919 } } peers { permanent_uuid: "64681de7bdef40a6b8cab6e65ad43e69" member_type: VOTER last_known_addr { host: "127.5.181.2" port: 41401 } attrs { replace: true } } peers { permanent_uuid: "2f67b8abf83645a8b0c6a39773abac48" member_type: VOTER last_known_addr { host: "127.5.181.3" port: 40955 } } peers { permanent_uuid: "19cc0b99d66e4ba5b8c17cef9f9d8e8b" member_type: NON_VOTER last_known_addr { host: "127.5.181.4" port: 38317 } attrs { promote: true } } }
W20260713 09:02:53.536643  6908 consensus_peers.cc:597] T e67d4c84f5654e6e9e40a4d111f7b71c P ade5bcb734724fc1be052bd6ea995a16 -> Peer 19cc0b99d66e4ba5b8c17cef9f9d8e8b (127.5.181.4:38317): Couldn't send request to peer 19cc0b99d66e4ba5b8c17cef9f9d8e8b. Error code: TABLET_NOT_FOUND (6). Status: Not found: Tablet not found: e67d4c84f5654e6e9e40a4d111f7b71c. This is attempt 1: this message will repeat every 5th retry.
I20260713 09:02:53.549212  7091 raft_consensus.cc:2955] T e67d4c84f5654e6e9e40a4d111f7b71c P 2f67b8abf83645a8b0c6a39773abac48 [term 1 FOLLOWER]: Committing config change with OpId 1.2: config changed from index -1 to 2, NON_VOTER 19cc0b99d66e4ba5b8c17cef9f9d8e8b (127.5.181.4) added. New config: { opid_index: 2 OBSOLETE_local: false peers { permanent_uuid: "ade5bcb734724fc1be052bd6ea995a16" member_type: VOTER last_known_addr { host: "127.5.181.1" port: 32919 } } peers { permanent_uuid: "64681de7bdef40a6b8cab6e65ad43e69" member_type: VOTER last_known_addr { host: "127.5.181.2" port: 41401 } attrs { replace: true } } peers { permanent_uuid: "2f67b8abf83645a8b0c6a39773abac48" member_type: VOTER last_known_addr { host: "127.5.181.3" port: 40955 } } peers { permanent_uuid: "19cc0b99d66e4ba5b8c17cef9f9d8e8b" member_type: NON_VOTER last_known_addr { host: "127.5.181.4" port: 38317 } attrs { promote: true } } }
I20260713 09:02:53.562811  6840 catalog_manager.cc:5697] T e67d4c84f5654e6e9e40a4d111f7b71c P 64681de7bdef40a6b8cab6e65ad43e69 reported cstate change: config changed from index -1 to 2, NON_VOTER 19cc0b99d66e4ba5b8c17cef9f9d8e8b (127.5.181.4) added. New cstate: current_term: 1 leader_uuid: "ade5bcb734724fc1be052bd6ea995a16" committed_config { opid_index: 2 OBSOLETE_local: false peers { permanent_uuid: "ade5bcb734724fc1be052bd6ea995a16" member_type: VOTER last_known_addr { host: "127.5.181.1" port: 32919 } } peers { permanent_uuid: "64681de7bdef40a6b8cab6e65ad43e69" member_type: VOTER last_known_addr { host: "127.5.181.2" port: 41401 } attrs { replace: true } } peers { permanent_uuid: "2f67b8abf83645a8b0c6a39773abac48" member_type: VOTER last_known_addr { host: "127.5.181.3" port: 40955 } } peers { permanent_uuid: "19cc0b99d66e4ba5b8c17cef9f9d8e8b" member_type: NON_VOTER last_known_addr { host: "127.5.181.4" port: 38317 } attrs { promote: true } } }
I20260713 09:02:53.590371  7091 consensus_queue.cc:237] T f4508185cf4f4e32ac7cede9ffc29efc P 2f67b8abf83645a8b0c6a39773abac48 [LEADER]: Queue going to LEADER mode. State: All replicated index: 0, Majority replicated index: 1, Committed index: 1, Last appended: 1.1, Last appended by leader: 0, Current term: 1, Majority size: 2, State: 0, Mode: LEADER, active raft config: opid_index: 2 OBSOLETE_local: false peers { permanent_uuid: "ade5bcb734724fc1be052bd6ea995a16" member_type: VOTER last_known_addr { host: "127.5.181.1" port: 32919 } attrs { replace: true } } peers { permanent_uuid: "64681de7bdef40a6b8cab6e65ad43e69" member_type: VOTER last_known_addr { host: "127.5.181.2" port: 41401 } } peers { permanent_uuid: "2f67b8abf83645a8b0c6a39773abac48" member_type: VOTER last_known_addr { host: "127.5.181.3" port: 40955 } } peers { permanent_uuid: "19cc0b99d66e4ba5b8c17cef9f9d8e8b" member_type: NON_VOTER last_known_addr { host: "127.5.181.4" port: 38317 } attrs { promote: true } }
I20260713 09:02:53.598685  7014 raft_consensus.cc:1275] T f4508185cf4f4e32ac7cede9ffc29efc P 64681de7bdef40a6b8cab6e65ad43e69 [term 1 FOLLOWER]: Refusing update from remote peer 2f67b8abf83645a8b0c6a39773abac48: Log matching property violated. Preceding OpId in replica: term: 1 index: 1. Preceding OpId from leader: term: 1 index: 2. (index mismatch)
I20260713 09:02:53.599433  6942 raft_consensus.cc:1275] T f4508185cf4f4e32ac7cede9ffc29efc P ade5bcb734724fc1be052bd6ea995a16 [term 1 FOLLOWER]: Refusing update from remote peer 2f67b8abf83645a8b0c6a39773abac48: Log matching property violated. Preceding OpId in replica: term: 1 index: 1. Preceding OpId from leader: term: 1 index: 2. (index mismatch)
I20260713 09:02:53.600138  7391 consensus_queue.cc:1048] T f4508185cf4f4e32ac7cede9ffc29efc P 2f67b8abf83645a8b0c6a39773abac48 [LEADER]: Connected to new peer: Peer: permanent_uuid: "64681de7bdef40a6b8cab6e65ad43e69" member_type: VOTER last_known_addr { host: "127.5.181.2" port: 41401 }, Status: LMP_MISMATCH, Last received: 0.0, Next index: 2, Last known committed idx: 1, Time since last communication: 0.001s
I20260713 09:02:53.601061  7414 consensus_queue.cc:1048] T f4508185cf4f4e32ac7cede9ffc29efc P 2f67b8abf83645a8b0c6a39773abac48 [LEADER]: Connected to new peer: Peer: permanent_uuid: "ade5bcb734724fc1be052bd6ea995a16" member_type: VOTER last_known_addr { host: "127.5.181.1" port: 32919 } attrs { replace: true }, Status: LMP_MISMATCH, Last received: 0.0, Next index: 2, Last known committed idx: 1, Time since last communication: 0.000s
W20260713 09:02:53.609462  7057 consensus_peers.cc:597] T f4508185cf4f4e32ac7cede9ffc29efc P 2f67b8abf83645a8b0c6a39773abac48 -> Peer 19cc0b99d66e4ba5b8c17cef9f9d8e8b (127.5.181.4:38317): Couldn't send request to peer 19cc0b99d66e4ba5b8c17cef9f9d8e8b. Error code: TABLET_NOT_FOUND (6). Status: Not found: Tablet not found: f4508185cf4f4e32ac7cede9ffc29efc. This is attempt 1: this message will repeat every 5th retry.
I20260713 09:02:53.613181  7391 raft_consensus.cc:2955] T f4508185cf4f4e32ac7cede9ffc29efc P 2f67b8abf83645a8b0c6a39773abac48 [term 1 LEADER]: Committing config change with OpId 1.2: config changed from index -1 to 2, NON_VOTER 19cc0b99d66e4ba5b8c17cef9f9d8e8b (127.5.181.4) added. New config: { opid_index: 2 OBSOLETE_local: false peers { permanent_uuid: "ade5bcb734724fc1be052bd6ea995a16" member_type: VOTER last_known_addr { host: "127.5.181.1" port: 32919 } attrs { replace: true } } peers { permanent_uuid: "64681de7bdef40a6b8cab6e65ad43e69" member_type: VOTER last_known_addr { host: "127.5.181.2" port: 41401 } } peers { permanent_uuid: "2f67b8abf83645a8b0c6a39773abac48" member_type: VOTER last_known_addr { host: "127.5.181.3" port: 40955 } } peers { permanent_uuid: "19cc0b99d66e4ba5b8c17cef9f9d8e8b" member_type: NON_VOTER last_known_addr { host: "127.5.181.4" port: 38317 } attrs { promote: true } } }
I20260713 09:02:53.614807  6940 raft_consensus.cc:2955] T f4508185cf4f4e32ac7cede9ffc29efc P ade5bcb734724fc1be052bd6ea995a16 [term 1 FOLLOWER]: Committing config change with OpId 1.2: config changed from index -1 to 2, NON_VOTER 19cc0b99d66e4ba5b8c17cef9f9d8e8b (127.5.181.4) added. New config: { opid_index: 2 OBSOLETE_local: false peers { permanent_uuid: "ade5bcb734724fc1be052bd6ea995a16" member_type: VOTER last_known_addr { host: "127.5.181.1" port: 32919 } attrs { replace: true } } peers { permanent_uuid: "64681de7bdef40a6b8cab6e65ad43e69" member_type: VOTER last_known_addr { host: "127.5.181.2" port: 41401 } } peers { permanent_uuid: "2f67b8abf83645a8b0c6a39773abac48" member_type: VOTER last_known_addr { host: "127.5.181.3" port: 40955 } } peers { permanent_uuid: "19cc0b99d66e4ba5b8c17cef9f9d8e8b" member_type: NON_VOTER last_known_addr { host: "127.5.181.4" port: 38317 } attrs { promote: true } } }
I20260713 09:02:53.616474  7014 raft_consensus.cc:2955] T f4508185cf4f4e32ac7cede9ffc29efc P 64681de7bdef40a6b8cab6e65ad43e69 [term 1 FOLLOWER]: Committing config change with OpId 1.2: config changed from index -1 to 2, NON_VOTER 19cc0b99d66e4ba5b8c17cef9f9d8e8b (127.5.181.4) added. New config: { opid_index: 2 OBSOLETE_local: false peers { permanent_uuid: "ade5bcb734724fc1be052bd6ea995a16" member_type: VOTER last_known_addr { host: "127.5.181.1" port: 32919 } attrs { replace: true } } peers { permanent_uuid: "64681de7bdef40a6b8cab6e65ad43e69" member_type: VOTER last_known_addr { host: "127.5.181.2" port: 41401 } } peers { permanent_uuid: "2f67b8abf83645a8b0c6a39773abac48" member_type: VOTER last_known_addr { host: "127.5.181.3" port: 40955 } } peers { permanent_uuid: "19cc0b99d66e4ba5b8c17cef9f9d8e8b" member_type: NON_VOTER last_known_addr { host: "127.5.181.4" port: 38317 } attrs { promote: true } } }
I20260713 09:02:53.627107  6838 catalog_manager.cc:5697] T f4508185cf4f4e32ac7cede9ffc29efc P 64681de7bdef40a6b8cab6e65ad43e69 reported cstate change: config changed from index -1 to 2, NON_VOTER 19cc0b99d66e4ba5b8c17cef9f9d8e8b (127.5.181.4) added. New cstate: current_term: 1 leader_uuid: "2f67b8abf83645a8b0c6a39773abac48" committed_config { opid_index: 2 OBSOLETE_local: false peers { permanent_uuid: "ade5bcb734724fc1be052bd6ea995a16" member_type: VOTER last_known_addr { host: "127.5.181.1" port: 32919 } attrs { replace: true } } peers { permanent_uuid: "64681de7bdef40a6b8cab6e65ad43e69" member_type: VOTER last_known_addr { host: "127.5.181.2" port: 41401 } } peers { permanent_uuid: "2f67b8abf83645a8b0c6a39773abac48" member_type: VOTER last_known_addr { host: "127.5.181.3" port: 40955 } } peers { permanent_uuid: "19cc0b99d66e4ba5b8c17cef9f9d8e8b" member_type: NON_VOTER last_known_addr { host: "127.5.181.4" port: 38317 } attrs { promote: true } } }
I20260713 09:02:53.923447  7422 ts_tablet_manager.cc:933] T e67d4c84f5654e6e9e40a4d111f7b71c P 19cc0b99d66e4ba5b8c17cef9f9d8e8b: Initiating tablet copy from peer ade5bcb734724fc1be052bd6ea995a16 (127.5.181.1:32919)
I20260713 09:02:53.925463  7422 tablet_copy_client.cc:323] T e67d4c84f5654e6e9e40a4d111f7b71c P 19cc0b99d66e4ba5b8c17cef9f9d8e8b: tablet copy: Beginning tablet copy session from remote peer at address 127.5.181.1:32919
I20260713 09:02:53.938748  7425 ts_tablet_manager.cc:933] T 91113e0adab04f8fb7fb66044003e93a P 19cc0b99d66e4ba5b8c17cef9f9d8e8b: Initiating tablet copy from peer 64681de7bdef40a6b8cab6e65ad43e69 (127.5.181.2:41401)
I20260713 09:02:53.941817  6952 tablet_copy_service.cc:140] P ade5bcb734724fc1be052bd6ea995a16: Received BeginTabletCopySession request for tablet e67d4c84f5654e6e9e40a4d111f7b71c from peer 19cc0b99d66e4ba5b8c17cef9f9d8e8b ({username='slave'} at 127.0.0.1:57872)
I20260713 09:02:53.942444  6952 tablet_copy_service.cc:161] P ade5bcb734724fc1be052bd6ea995a16: Beginning new tablet copy session on tablet e67d4c84f5654e6e9e40a4d111f7b71c from peer 19cc0b99d66e4ba5b8c17cef9f9d8e8b at {username='slave'} at 127.0.0.1:57872: session id = 19cc0b99d66e4ba5b8c17cef9f9d8e8b-e67d4c84f5654e6e9e40a4d111f7b71c
I20260713 09:02:53.942490  7425 tablet_copy_client.cc:323] T 91113e0adab04f8fb7fb66044003e93a P 19cc0b99d66e4ba5b8c17cef9f9d8e8b: tablet copy: Beginning tablet copy session from remote peer at address 127.5.181.2:41401
I20260713 09:02:53.950465  6952 tablet_copy_source_session.cc:215] T e67d4c84f5654e6e9e40a4d111f7b71c P ade5bcb734724fc1be052bd6ea995a16: Tablet Copy: opened 0 blocks and 1 log segments
I20260713 09:02:53.954355  7422 data_dirs.cc:400] Could only allocate 1 dirs of requested 3 for tablet e67d4c84f5654e6e9e40a4d111f7b71c. 1 dirs total, 0 dirs full, 0 dirs failed
I20260713 09:02:53.959641  7027 tablet_copy_service.cc:140] P 64681de7bdef40a6b8cab6e65ad43e69: Received BeginTabletCopySession request for tablet 91113e0adab04f8fb7fb66044003e93a from peer 19cc0b99d66e4ba5b8c17cef9f9d8e8b ({username='slave'} at 127.0.0.1:41880)
I20260713 09:02:53.960335  7027 tablet_copy_service.cc:161] P 64681de7bdef40a6b8cab6e65ad43e69: Beginning new tablet copy session on tablet 91113e0adab04f8fb7fb66044003e93a from peer 19cc0b99d66e4ba5b8c17cef9f9d8e8b at {username='slave'} at 127.0.0.1:41880: session id = 19cc0b99d66e4ba5b8c17cef9f9d8e8b-91113e0adab04f8fb7fb66044003e93a
I20260713 09:02:53.968302  7027 tablet_copy_source_session.cc:215] T 91113e0adab04f8fb7fb66044003e93a P 64681de7bdef40a6b8cab6e65ad43e69: Tablet Copy: opened 0 blocks and 1 log segments
I20260713 09:02:53.972416  7425 data_dirs.cc:400] Could only allocate 1 dirs of requested 3 for tablet 91113e0adab04f8fb7fb66044003e93a. 1 dirs total, 0 dirs full, 0 dirs failed
I20260713 09:02:53.972543  7422 tablet_copy_client.cc:806] T e67d4c84f5654e6e9e40a4d111f7b71c P 19cc0b99d66e4ba5b8c17cef9f9d8e8b: tablet copy: Starting download of 0 data blocks...
I20260713 09:02:53.973295  7422 tablet_copy_client.cc:670] T e67d4c84f5654e6e9e40a4d111f7b71c P 19cc0b99d66e4ba5b8c17cef9f9d8e8b: tablet copy: Starting download of 1 WAL segments...
I20260713 09:02:53.978111  7422 tablet_copy_client.cc:538] T e67d4c84f5654e6e9e40a4d111f7b71c P 19cc0b99d66e4ba5b8c17cef9f9d8e8b: tablet copy: Tablet Copy complete. Replacing tablet superblock.
I20260713 09:02:53.987232  7422 tablet_bootstrap.cc:492] T e67d4c84f5654e6e9e40a4d111f7b71c P 19cc0b99d66e4ba5b8c17cef9f9d8e8b: Bootstrap starting.
I20260713 09:02:53.991524  7428 ts_tablet_manager.cc:933] T eff183fde7f34acaa89b2c3b6b141141 P 19cc0b99d66e4ba5b8c17cef9f9d8e8b: Initiating tablet copy from peer 64681de7bdef40a6b8cab6e65ad43e69 (127.5.181.2:41401)
I20260713 09:02:53.996297  7425 tablet_copy_client.cc:806] T 91113e0adab04f8fb7fb66044003e93a P 19cc0b99d66e4ba5b8c17cef9f9d8e8b: tablet copy: Starting download of 0 data blocks...
I20260713 09:02:53.997196  7425 tablet_copy_client.cc:670] T 91113e0adab04f8fb7fb66044003e93a P 19cc0b99d66e4ba5b8c17cef9f9d8e8b: tablet copy: Starting download of 1 WAL segments...
I20260713 09:02:54.002777  7425 tablet_copy_client.cc:538] T 91113e0adab04f8fb7fb66044003e93a P 19cc0b99d66e4ba5b8c17cef9f9d8e8b: tablet copy: Tablet Copy complete. Replacing tablet superblock.
I20260713 09:02:54.003088  7428 tablet_copy_client.cc:323] T eff183fde7f34acaa89b2c3b6b141141 P 19cc0b99d66e4ba5b8c17cef9f9d8e8b: tablet copy: Beginning tablet copy session from remote peer at address 127.5.181.2:41401
I20260713 09:02:54.007112  7027 tablet_copy_service.cc:140] P 64681de7bdef40a6b8cab6e65ad43e69: Received BeginTabletCopySession request for tablet eff183fde7f34acaa89b2c3b6b141141 from peer 19cc0b99d66e4ba5b8c17cef9f9d8e8b ({username='slave'} at 127.0.0.1:41880)
I20260713 09:02:54.007699  7027 tablet_copy_service.cc:161] P 64681de7bdef40a6b8cab6e65ad43e69: Beginning new tablet copy session on tablet eff183fde7f34acaa89b2c3b6b141141 from peer 19cc0b99d66e4ba5b8c17cef9f9d8e8b at {username='slave'} at 127.0.0.1:41880: session id = 19cc0b99d66e4ba5b8c17cef9f9d8e8b-eff183fde7f34acaa89b2c3b6b141141
I20260713 09:02:54.016319  7027 tablet_copy_source_session.cc:215] T eff183fde7f34acaa89b2c3b6b141141 P 64681de7bdef40a6b8cab6e65ad43e69: Tablet Copy: opened 0 blocks and 1 log segments
I20260713 09:02:54.021826  7422 tablet_bootstrap.cc:492] T e67d4c84f5654e6e9e40a4d111f7b71c P 19cc0b99d66e4ba5b8c17cef9f9d8e8b: Bootstrap replayed 1/1 log segments. Stats: ops{read=2 overwritten=0 applied=2 ignored=0} inserts{seen=0 ignored=0} mutations{seen=0 ignored=0} orphaned_commits=0. Pending: 0 replicates
I20260713 09:02:54.022830  7422 tablet_bootstrap.cc:492] T e67d4c84f5654e6e9e40a4d111f7b71c P 19cc0b99d66e4ba5b8c17cef9f9d8e8b: Bootstrap complete.
I20260713 09:02:54.023145  7425 tablet_bootstrap.cc:492] T 91113e0adab04f8fb7fb66044003e93a P 19cc0b99d66e4ba5b8c17cef9f9d8e8b: Bootstrap starting.
I20260713 09:02:54.023454  7422 ts_tablet_manager.cc:1403] T e67d4c84f5654e6e9e40a4d111f7b71c P 19cc0b99d66e4ba5b8c17cef9f9d8e8b: Time spent bootstrapping tablet: real 0.036s	user 0.026s	sys 0.009s
I20260713 09:02:54.041951  7431 ts_tablet_manager.cc:933] T f4508185cf4f4e32ac7cede9ffc29efc P 19cc0b99d66e4ba5b8c17cef9f9d8e8b: Initiating tablet copy from peer 2f67b8abf83645a8b0c6a39773abac48 (127.5.181.3:40955)
I20260713 09:02:54.041438  7422 raft_consensus.cc:359] T e67d4c84f5654e6e9e40a4d111f7b71c P 19cc0b99d66e4ba5b8c17cef9f9d8e8b [term 1 LEARNER]: Replica starting. Triggering 0 pending ops. Active config: opid_index: 2 OBSOLETE_local: false peers { permanent_uuid: "ade5bcb734724fc1be052bd6ea995a16" member_type: VOTER last_known_addr { host: "127.5.181.1" port: 32919 } } peers { permanent_uuid: "64681de7bdef40a6b8cab6e65ad43e69" member_type: VOTER last_known_addr { host: "127.5.181.2" port: 41401 } attrs { replace: true } } peers { permanent_uuid: "2f67b8abf83645a8b0c6a39773abac48" member_type: VOTER last_known_addr { host: "127.5.181.3" port: 40955 } } peers { permanent_uuid: "19cc0b99d66e4ba5b8c17cef9f9d8e8b" member_type: NON_VOTER last_known_addr { host: "127.5.181.4" port: 38317 } attrs { promote: true } }
I20260713 09:02:54.044011  7422 raft_consensus.cc:740] T e67d4c84f5654e6e9e40a4d111f7b71c P 19cc0b99d66e4ba5b8c17cef9f9d8e8b [term 1 LEARNER]: Becoming Follower/Learner. State: Replica: 19cc0b99d66e4ba5b8c17cef9f9d8e8b, State: Initialized, Role: LEARNER
I20260713 09:02:54.044656  7422 consensus_queue.cc:260] T e67d4c84f5654e6e9e40a4d111f7b71c P 19cc0b99d66e4ba5b8c17cef9f9d8e8b [NON_LEADER]: Queue going to NON_LEADER mode. State: All replicated index: 0, Majority replicated index: 0, Committed index: 2, Last appended: 1.2, Last appended by leader: 2, Current term: 0, Majority size: -1, State: 0, Mode: NON_LEADER, active raft config: opid_index: 2 OBSOLETE_local: false peers { permanent_uuid: "ade5bcb734724fc1be052bd6ea995a16" member_type: VOTER last_known_addr { host: "127.5.181.1" port: 32919 } } peers { permanent_uuid: "64681de7bdef40a6b8cab6e65ad43e69" member_type: VOTER last_known_addr { host: "127.5.181.2" port: 41401 } attrs { replace: true } } peers { permanent_uuid: "2f67b8abf83645a8b0c6a39773abac48" member_type: VOTER last_known_addr { host: "127.5.181.3" port: 40955 } } peers { permanent_uuid: "19cc0b99d66e4ba5b8c17cef9f9d8e8b" member_type: NON_VOTER last_known_addr { host: "127.5.181.4" port: 38317 } attrs { promote: true } }
I20260713 09:02:54.050343  7425 tablet_bootstrap.cc:492] T 91113e0adab04f8fb7fb66044003e93a P 19cc0b99d66e4ba5b8c17cef9f9d8e8b: Bootstrap replayed 1/1 log segments. Stats: ops{read=2 overwritten=0 applied=2 ignored=0} inserts{seen=0 ignored=0} mutations{seen=0 ignored=0} orphaned_commits=0. Pending: 0 replicates
I20260713 09:02:54.051335  7425 tablet_bootstrap.cc:492] T 91113e0adab04f8fb7fb66044003e93a P 19cc0b99d66e4ba5b8c17cef9f9d8e8b: Bootstrap complete.
I20260713 09:02:54.052083  7425 ts_tablet_manager.cc:1403] T 91113e0adab04f8fb7fb66044003e93a P 19cc0b99d66e4ba5b8c17cef9f9d8e8b: Time spent bootstrapping tablet: real 0.029s	user 0.009s	sys 0.013s
I20260713 09:02:54.055809  7425 raft_consensus.cc:359] T 91113e0adab04f8fb7fb66044003e93a P 19cc0b99d66e4ba5b8c17cef9f9d8e8b [term 1 LEARNER]: Replica starting. Triggering 0 pending ops. Active config: opid_index: 2 OBSOLETE_local: false peers { permanent_uuid: "ade5bcb734724fc1be052bd6ea995a16" member_type: VOTER last_known_addr { host: "127.5.181.1" port: 32919 } attrs { replace: true } } peers { permanent_uuid: "64681de7bdef40a6b8cab6e65ad43e69" member_type: VOTER last_known_addr { host: "127.5.181.2" port: 41401 } } peers { permanent_uuid: "2f67b8abf83645a8b0c6a39773abac48" member_type: VOTER last_known_addr { host: "127.5.181.3" port: 40955 } } peers { permanent_uuid: "19cc0b99d66e4ba5b8c17cef9f9d8e8b" member_type: NON_VOTER last_known_addr { host: "127.5.181.4" port: 38317 } attrs { promote: true } }
I20260713 09:02:54.056743  7425 raft_consensus.cc:740] T 91113e0adab04f8fb7fb66044003e93a P 19cc0b99d66e4ba5b8c17cef9f9d8e8b [term 1 LEARNER]: Becoming Follower/Learner. State: Replica: 19cc0b99d66e4ba5b8c17cef9f9d8e8b, State: Initialized, Role: LEARNER
I20260713 09:02:54.057585  7425 consensus_queue.cc:260] T 91113e0adab04f8fb7fb66044003e93a P 19cc0b99d66e4ba5b8c17cef9f9d8e8b [NON_LEADER]: Queue going to NON_LEADER mode. State: All replicated index: 0, Majority replicated index: 0, Committed index: 2, Last appended: 1.2, Last appended by leader: 2, Current term: 0, Majority size: -1, State: 0, Mode: NON_LEADER, active raft config: opid_index: 2 OBSOLETE_local: false peers { permanent_uuid: "ade5bcb734724fc1be052bd6ea995a16" member_type: VOTER last_known_addr { host: "127.5.181.1" port: 32919 } attrs { replace: true } } peers { permanent_uuid: "64681de7bdef40a6b8cab6e65ad43e69" member_type: VOTER last_known_addr { host: "127.5.181.2" port: 41401 } } peers { permanent_uuid: "2f67b8abf83645a8b0c6a39773abac48" member_type: VOTER last_known_addr { host: "127.5.181.3" port: 40955 } } peers { permanent_uuid: "19cc0b99d66e4ba5b8c17cef9f9d8e8b" member_type: NON_VOTER last_known_addr { host: "127.5.181.4" port: 38317 } attrs { promote: true } }
I20260713 09:02:54.129846  7428 data_dirs.cc:400] Could only allocate 1 dirs of requested 3 for tablet eff183fde7f34acaa89b2c3b6b141141. 1 dirs total, 0 dirs full, 0 dirs failed
I20260713 09:02:54.145695  7431 tablet_copy_client.cc:323] T f4508185cf4f4e32ac7cede9ffc29efc P 19cc0b99d66e4ba5b8c17cef9f9d8e8b: tablet copy: Beginning tablet copy session from remote peer at address 127.5.181.3:40955
I20260713 09:02:54.149695  7422 ts_tablet_manager.cc:1434] T e67d4c84f5654e6e9e40a4d111f7b71c P 19cc0b99d66e4ba5b8c17cef9f9d8e8b: Time spent starting tablet: real 0.126s	user 0.020s	sys 0.036s
I20260713 09:02:54.151535  6952 tablet_copy_service.cc:342] P ade5bcb734724fc1be052bd6ea995a16: Request end of tablet copy session 19cc0b99d66e4ba5b8c17cef9f9d8e8b-e67d4c84f5654e6e9e40a4d111f7b71c received from {username='slave'} at 127.0.0.1:57872
I20260713 09:02:54.151990  6952 tablet_copy_service.cc:434] P ade5bcb734724fc1be052bd6ea995a16: ending tablet copy session 19cc0b99d66e4ba5b8c17cef9f9d8e8b-e67d4c84f5654e6e9e40a4d111f7b71c on tablet e67d4c84f5654e6e9e40a4d111f7b71c with peer 19cc0b99d66e4ba5b8c17cef9f9d8e8b
I20260713 09:02:54.160090  7425 ts_tablet_manager.cc:1434] T 91113e0adab04f8fb7fb66044003e93a P 19cc0b99d66e4ba5b8c17cef9f9d8e8b: Time spent starting tablet: real 0.108s	user 0.047s	sys 0.057s
I20260713 09:02:54.162019  7027 tablet_copy_service.cc:342] P 64681de7bdef40a6b8cab6e65ad43e69: Request end of tablet copy session 19cc0b99d66e4ba5b8c17cef9f9d8e8b-91113e0adab04f8fb7fb66044003e93a received from {username='slave'} at 127.0.0.1:41880
I20260713 09:02:54.162454  7027 tablet_copy_service.cc:434] P 64681de7bdef40a6b8cab6e65ad43e69: ending tablet copy session 19cc0b99d66e4ba5b8c17cef9f9d8e8b-91113e0adab04f8fb7fb66044003e93a on tablet 91113e0adab04f8fb7fb66044003e93a with peer 19cc0b99d66e4ba5b8c17cef9f9d8e8b
I20260713 09:02:54.173203  7428 tablet_copy_client.cc:806] T eff183fde7f34acaa89b2c3b6b141141 P 19cc0b99d66e4ba5b8c17cef9f9d8e8b: tablet copy: Starting download of 0 data blocks...
I20260713 09:02:54.173791  7428 tablet_copy_client.cc:670] T eff183fde7f34acaa89b2c3b6b141141 P 19cc0b99d66e4ba5b8c17cef9f9d8e8b: tablet copy: Starting download of 1 WAL segments...
I20260713 09:02:54.175657  7101 tablet_copy_service.cc:140] P 2f67b8abf83645a8b0c6a39773abac48: Received BeginTabletCopySession request for tablet f4508185cf4f4e32ac7cede9ffc29efc from peer 19cc0b99d66e4ba5b8c17cef9f9d8e8b ({username='slave'} at 127.0.0.1:41546)
I20260713 09:02:54.176276  7101 tablet_copy_service.cc:161] P 2f67b8abf83645a8b0c6a39773abac48: Beginning new tablet copy session on tablet f4508185cf4f4e32ac7cede9ffc29efc from peer 19cc0b99d66e4ba5b8c17cef9f9d8e8b at {username='slave'} at 127.0.0.1:41546: session id = 19cc0b99d66e4ba5b8c17cef9f9d8e8b-f4508185cf4f4e32ac7cede9ffc29efc
I20260713 09:02:54.178498  7428 tablet_copy_client.cc:538] T eff183fde7f34acaa89b2c3b6b141141 P 19cc0b99d66e4ba5b8c17cef9f9d8e8b: tablet copy: Tablet Copy complete. Replacing tablet superblock.
I20260713 09:02:54.184232  7101 tablet_copy_source_session.cc:215] T f4508185cf4f4e32ac7cede9ffc29efc P 2f67b8abf83645a8b0c6a39773abac48: Tablet Copy: opened 0 blocks and 1 log segments
I20260713 09:02:54.187489  7431 data_dirs.cc:400] Could only allocate 1 dirs of requested 3 for tablet f4508185cf4f4e32ac7cede9ffc29efc. 1 dirs total, 0 dirs full, 0 dirs failed
I20260713 09:02:54.187543  7428 tablet_bootstrap.cc:492] T eff183fde7f34acaa89b2c3b6b141141 P 19cc0b99d66e4ba5b8c17cef9f9d8e8b: Bootstrap starting.
I20260713 09:02:54.202742  7431 tablet_copy_client.cc:806] T f4508185cf4f4e32ac7cede9ffc29efc P 19cc0b99d66e4ba5b8c17cef9f9d8e8b: tablet copy: Starting download of 0 data blocks...
I20260713 09:02:54.203287  7431 tablet_copy_client.cc:670] T f4508185cf4f4e32ac7cede9ffc29efc P 19cc0b99d66e4ba5b8c17cef9f9d8e8b: tablet copy: Starting download of 1 WAL segments...
