I20260713 09:02:31.259701  5749 raft_consensus.cc:2272] T b5b4b11997d74d8b8c114ad2dc5c2ea7 P 8b932f9446cb4bc38d61f15a9861fb8d [term 4 FOLLOWER]: Raft consensus is shut down!
I20260713 09:02:31.286736  5749 tablet_server.cc:196] TabletServer@127.5.157.66:0 shutdown complete.
I20260713 09:02:31.302193  5749 tablet_server.cc:179] TabletServer@127.5.157.67:0 shutting down...
I20260713 09:02:31.326226  5749 ts_tablet_manager.cc:1507] Shutting down tablet manager...
I20260713 09:02:31.326850  5749 tablet_replica.cc:333] T e231291480b04a62835ee7fd278c0cd6 P e157cbec076a498a836b91ec256cd531: stopping tablet replica
I20260713 09:02:31.327524  5749 raft_consensus.cc:2243] T e231291480b04a62835ee7fd278c0cd6 P e157cbec076a498a836b91ec256cd531 [term 4 FOLLOWER]: Raft consensus shutting down.
I20260713 09:02:31.327999  5749 raft_consensus.cc:2272] T e231291480b04a62835ee7fd278c0cd6 P e157cbec076a498a836b91ec256cd531 [term 4 FOLLOWER]: Raft consensus is shut down!
I20260713 09:02:31.330178  5749 tablet_replica.cc:333] T eb2ad7c068b446e09e233e5243411250 P e157cbec076a498a836b91ec256cd531: stopping tablet replica
I20260713 09:02:31.330674  5749 raft_consensus.cc:2243] T eb2ad7c068b446e09e233e5243411250 P e157cbec076a498a836b91ec256cd531 [term 2 LEADER]: Raft consensus shutting down.
I20260713 09:02:31.331401  5749 raft_consensus.cc:2272] T eb2ad7c068b446e09e233e5243411250 P e157cbec076a498a836b91ec256cd531 [term 2 FOLLOWER]: Raft consensus is shut down!
I20260713 09:02:31.332893  5749 tablet_replica.cc:333] T b5b4b11997d74d8b8c114ad2dc5c2ea7 P e157cbec076a498a836b91ec256cd531: stopping tablet replica
I20260713 09:02:31.333352  5749 raft_consensus.cc:2243] T b5b4b11997d74d8b8c114ad2dc5c2ea7 P e157cbec076a498a836b91ec256cd531 [term 4 LEADER]: Raft consensus shutting down.
I20260713 09:02:31.334002  5749 raft_consensus.cc:2272] T b5b4b11997d74d8b8c114ad2dc5c2ea7 P e157cbec076a498a836b91ec256cd531 [term 4 FOLLOWER]: Raft consensus is shut down!
I20260713 09:02:31.336261  5749 tablet_replica.cc:333] T 3961edf40b394ee0ba5afb7a6c2bdbe4 P e157cbec076a498a836b91ec256cd531: stopping tablet replica
I20260713 09:02:31.336797  5749 raft_consensus.cc:2243] T 3961edf40b394ee0ba5afb7a6c2bdbe4 P e157cbec076a498a836b91ec256cd531 [term 3 FOLLOWER]: Raft consensus shutting down.
I20260713 09:02:31.337174  5749 raft_consensus.cc:2272] T 3961edf40b394ee0ba5afb7a6c2bdbe4 P e157cbec076a498a836b91ec256cd531 [term 3 FOLLOWER]: Raft consensus is shut down!
I20260713 09:02:31.338948  5749 tablet_replica.cc:333] T 5030d73c1d3042f6bca0fa37b2f63075 P e157cbec076a498a836b91ec256cd531: stopping tablet replica
I20260713 09:02:31.339545  5749 raft_consensus.cc:2243] T 5030d73c1d3042f6bca0fa37b2f63075 P e157cbec076a498a836b91ec256cd531 [term 1 FOLLOWER]: Raft consensus shutting down.
I20260713 09:02:31.339905  5749 raft_consensus.cc:2272] T 5030d73c1d3042f6bca0fa37b2f63075 P e157cbec076a498a836b91ec256cd531 [term 1 FOLLOWER]: Raft consensus is shut down!
I20260713 09:02:31.341341  5749 tablet_replica.cc:333] T c2edf316d1c5488386aab2c8b7e293de P e157cbec076a498a836b91ec256cd531: stopping tablet replica
I20260713 09:02:31.341774  5749 raft_consensus.cc:2243] T c2edf316d1c5488386aab2c8b7e293de P e157cbec076a498a836b91ec256cd531 [term 4 FOLLOWER]: Raft consensus shutting down.
I20260713 09:02:31.342146  5749 raft_consensus.cc:2272] T c2edf316d1c5488386aab2c8b7e293de P e157cbec076a498a836b91ec256cd531 [term 4 FOLLOWER]: Raft consensus is shut down!
I20260713 09:02:31.343683  5749 tablet_replica.cc:333] T 5a612568824343b6b70633f85a0b7826 P e157cbec076a498a836b91ec256cd531: stopping tablet replica
I20260713 09:02:31.344116  5749 raft_consensus.cc:2243] T 5a612568824343b6b70633f85a0b7826 P e157cbec076a498a836b91ec256cd531 [term 3 FOLLOWER]: Raft consensus shutting down.
I20260713 09:02:31.344480  5749 raft_consensus.cc:2272] T 5a612568824343b6b70633f85a0b7826 P e157cbec076a498a836b91ec256cd531 [term 3 FOLLOWER]: Raft consensus is shut down!
I20260713 09:02:31.345809  5749 tablet_replica.cc:333] T e1105030030142a0b3669c02d372cbf8 P e157cbec076a498a836b91ec256cd531: stopping tablet replica
I20260713 09:02:31.346239  5749 raft_consensus.cc:2243] T e1105030030142a0b3669c02d372cbf8 P e157cbec076a498a836b91ec256cd531 [term 3 LEADER]: Raft consensus shutting down.
I20260713 09:02:31.346906  5749 raft_consensus.cc:2272] T e1105030030142a0b3669c02d372cbf8 P e157cbec076a498a836b91ec256cd531 [term 3 FOLLOWER]: Raft consensus is shut down!
I20260713 09:02:31.348459  5749 tablet_replica.cc:333] T 9e832a44e6a546419c54be8d1187869b P e157cbec076a498a836b91ec256cd531: stopping tablet replica
I20260713 09:02:31.348873  5749 raft_consensus.cc:2243] T 9e832a44e6a546419c54be8d1187869b P e157cbec076a498a836b91ec256cd531 [term 2 FOLLOWER]: Raft consensus shutting down.
I20260713 09:02:31.349248  5749 raft_consensus.cc:2272] T 9e832a44e6a546419c54be8d1187869b P e157cbec076a498a836b91ec256cd531 [term 2 FOLLOWER]: Raft consensus is shut down!
I20260713 09:02:31.374326  5749 tablet_server.cc:196] TabletServer@127.5.157.67:0 shutdown complete.
I20260713 09:02:31.390115  5749 master.cc:562] Master@127.5.157.126:42993 shutting down...
I20260713 09:02:31.597324  5749 raft_consensus.cc:2243] T 00000000000000000000000000000000 P 6e6f2d5fa87740d490a663f8801e99e6 [term 1 LEADER]: Raft consensus shutting down.
I20260713 09:02:31.597887  5749 raft_consensus.cc:2272] T 00000000000000000000000000000000 P 6e6f2d5fa87740d490a663f8801e99e6 [term 1 FOLLOWER]: Raft consensus is shut down!
I20260713 09:02:31.598191  5749 tablet_replica.cc:333] T 00000000000000000000000000000000 P 6e6f2d5fa87740d490a663f8801e99e6: stopping tablet replica
I20260713 09:02:31.617705  5749 master.cc:584] Master@127.5.157.126:42993 shutdown complete.
00ae04b84bea43699345f983cd8c9389  4
8b932f9446cb4bc38d61f15a9861fb8d  4
e157cbec076a498a836b91ec256cd531  1
[       OK ] LeaderRebalancerTest.FunctionalTestForDivided (12527 ms)
[ RUN      ] LeaderRebalancerTest.FunctionalTestForNotDivided
I20260713 09:02:31.659385  5749 internal_mini_cluster.cc:156] Creating distributed mini masters. Addrs: 127.5.157.126:42363
I20260713 09:02:31.660470  5749 file_cache.cc:504] Constructed file cache file cache with capacity 419430
W20260713 09:02:31.666476  6245 instance_detector.cc:116] could not retrieve AWS instance metadata: Network error: curl error: HTTP response code said error: The requested URL returned error: 404
W20260713 09:02:31.666906  6246 instance_detector.cc:116] could not retrieve Azure instance metadata: Network error: curl error: HTTP response code said error: The requested URL returned error: 404
I20260713 09:02:31.667433  5749 server_base.cc:1061] running on GCE node
W20260713 09:02:31.667507  6248 instance_detector.cc:116] could not retrieve OpenStack instance metadata: Network error: curl error: HTTP response code said error: The requested URL returned error: 404
I20260713 09:02:31.668541  5749 hybrid_clock.cc:584] initializing the hybrid clock with 'system_unsync' time source
W20260713 09:02:31.668767  5749 system_unsync_time.cc:38] NTP support is disabled. Clock error bounds will not be accurate. This configuration is not suitable for distributed clusters.
I20260713 09:02:31.668884  5749 hybrid_clock.cc:648] HybridClock initialized: now 1783933351668874 us; error 0 us; skew 500 ppm
I20260713 09:02:31.669337  5749 server_base.cc:861] Flag tcmalloc_max_total_thread_cache_bytes is not working since tcmalloc is not enabled.
I20260713 09:02:31.671883  5749 webserver.cc:533] Webserver started at http://127.5.157.126:43947/ using document root <none> and password file <none>
I20260713 09:02:31.672350  5749 fs_manager.cc:362] Metadata directory not provided
I20260713 09:02:31.672500  5749 fs_manager.cc:368] Using write-ahead log directory (fs_wal_dir) as metadata directory
I20260713 09:02:31.672703  5749 server_base.cc:909] This appears to be a new deployment of Kudu; creating new FS layout
I20260713 09:02:31.673763  5749 fs_manager.cc:1068] Generated new instance metadata in path /tmp/dist-test-taskF7x2Ov/test-tmp/auto_leader_rebalancer-test.0.LeaderRebalancerTest.FunctionalTestForNotDivided.1783933338962490-5749-0/minicluster-data/master-0-root/instance:
uuid: "137ef310c6d8451f9abb73a52deceeb6"
format_stamp: "Formatted at 2026-07-13 09:02:31 on dist-test-slave-vxf7"
I20260713 09:02:31.677928  5749 fs_manager.cc:696] Time spent creating directory manager: real 0.004s	user 0.002s	sys 0.004s
I20260713 09:02:31.681190  6253 log_block_manager.cc:4127] Time spent loading block containers with low live blocks: real 0.000s	user 0.000s	sys 0.000s
I20260713 09:02:31.682013  5749 fs_manager.cc:730] Time spent opening block manager: real 0.002s	user 0.002s	sys 0.000s
I20260713 09:02:31.682329  5749 fs_manager.cc:647] Opened local filesystem: /tmp/dist-test-taskF7x2Ov/test-tmp/auto_leader_rebalancer-test.0.LeaderRebalancerTest.FunctionalTestForNotDivided.1783933338962490-5749-0/minicluster-data/master-0-root
uuid: "137ef310c6d8451f9abb73a52deceeb6"
format_stamp: "Formatted at 2026-07-13 09:02:31 on dist-test-slave-vxf7"
I20260713 09:02:31.682618  5749 fs_report.cc:389] FS layout report
--------------------
wal directory: /tmp/dist-test-taskF7x2Ov/test-tmp/auto_leader_rebalancer-test.0.LeaderRebalancerTest.FunctionalTestForNotDivided.1783933338962490-5749-0/minicluster-data/master-0-root
metadata directory: /tmp/dist-test-taskF7x2Ov/test-tmp/auto_leader_rebalancer-test.0.LeaderRebalancerTest.FunctionalTestForNotDivided.1783933338962490-5749-0/minicluster-data/master-0-root
1 data directories: /tmp/dist-test-taskF7x2Ov/test-tmp/auto_leader_rebalancer-test.0.LeaderRebalancerTest.FunctionalTestForNotDivided.1783933338962490-5749-0/minicluster-data/master-0-root/data
Total live blocks: 0
Total live bytes: 0
Total live bytes (after alignment): 0
Total number of LBM containers: 0 (0 full)
Did not check for missing blocks
Did not check for orphaned blocks
Total full LBM containers with extra space: 0 (0 repaired)
Total full LBM container extra space in bytes: 0 (0 repaired)
Total incomplete LBM containers: 0 (0 repaired)
Total LBM partial records: 0 (0 repaired)
Total corrupted LBM metadata records in RocksDB: 0 (0 repaired)
I20260713 09:02:31.694733  5749 rpc_server.cc:225] running with OpenSSL 1.1.1  11 Sep 2018
I20260713 09:02:31.696025  5749 kserver.cc:163] Server-wide thread pool size limit: 3276
I20260713 09:02:31.732740  5749 rpc_server.cc:307] RPC server started. Bound to: 127.5.157.126:42363
I20260713 09:02:31.732833  6304 acceptor_pool.cc:272] collecting diagnostics on the listening RPC socket 127.5.157.126:42363 every 8 connection(s)
I20260713 09:02:31.736470  6305 data_dirs.cc:400] Could only allocate 1 dirs of requested 3 for tablet 00000000000000000000000000000000. 1 dirs total, 0 dirs full, 0 dirs failed
I20260713 09:02:31.745339  6305 tablet_bootstrap.cc:492] T 00000000000000000000000000000000 P 137ef310c6d8451f9abb73a52deceeb6: Bootstrap starting.
I20260713 09:02:31.749670  6305 tablet_bootstrap.cc:654] T 00000000000000000000000000000000 P 137ef310c6d8451f9abb73a52deceeb6: Neither blocks nor log segments found. Creating new log.
I20260713 09:02:31.753579  6305 tablet_bootstrap.cc:492] T 00000000000000000000000000000000 P 137ef310c6d8451f9abb73a52deceeb6: No bootstrap required, opened a new log
I20260713 09:02:31.755518  6305 raft_consensus.cc:359] T 00000000000000000000000000000000 P 137ef310c6d8451f9abb73a52deceeb6 [term 0 FOLLOWER]: Replica starting. Triggering 0 pending ops. Active config: opid_index: -1 OBSOLETE_local: true peers { permanent_uuid: "137ef310c6d8451f9abb73a52deceeb6" member_type: VOTER }
I20260713 09:02:31.755861  6305 raft_consensus.cc:385] T 00000000000000000000000000000000 P 137ef310c6d8451f9abb73a52deceeb6 [term 0 FOLLOWER]: Consensus starting up: Expiring failure detector timer to make a prompt election more likely
I20260713 09:02:31.756032  6305 raft_consensus.cc:740] T 00000000000000000000000000000000 P 137ef310c6d8451f9abb73a52deceeb6 [term 0 FOLLOWER]: Becoming Follower/Learner. State: Replica: 137ef310c6d8451f9abb73a52deceeb6, State: Initialized, Role: FOLLOWER
I20260713 09:02:31.756524  6305 consensus_queue.cc:260] T 00000000000000000000000000000000 P 137ef310c6d8451f9abb73a52deceeb6 [NON_LEADER]: Queue going to NON_LEADER mode. State: All replicated index: 0, Majority replicated index: 0, Committed index: 0, Last appended: 0.0, Last appended by leader: 0, Current term: 0, Majority size: -1, State: 0, Mode: NON_LEADER, active raft config: opid_index: -1 OBSOLETE_local: true peers { permanent_uuid: "137ef310c6d8451f9abb73a52deceeb6" member_type: VOTER }
I20260713 09:02:31.756898  6305 raft_consensus.cc:399] T 00000000000000000000000000000000 P 137ef310c6d8451f9abb73a52deceeb6 [term 0 FOLLOWER]: Only one voter in the Raft config. Triggering election immediately
I20260713 09:02:31.757076  6305 raft_consensus.cc:493] T 00000000000000000000000000000000 P 137ef310c6d8451f9abb73a52deceeb6 [term 0 FOLLOWER]: Starting leader election (initial election of a single-replica configuration)
I20260713 09:02:31.757274  6305 raft_consensus.cc:3060] T 00000000000000000000000000000000 P 137ef310c6d8451f9abb73a52deceeb6 [term 0 FOLLOWER]: Advancing to term 1
I20260713 09:02:31.760954  6305 raft_consensus.cc:515] T 00000000000000000000000000000000 P 137ef310c6d8451f9abb73a52deceeb6 [term 1 FOLLOWER]: Starting leader election with config: opid_index: -1 OBSOLETE_local: true peers { permanent_uuid: "137ef310c6d8451f9abb73a52deceeb6" member_type: VOTER }
I20260713 09:02:31.761379  6305 leader_election.cc:304] T 00000000000000000000000000000000 P 137ef310c6d8451f9abb73a52deceeb6 [CANDIDATE]: Term 1 election: Election decided. Result: candidate won. Election summary: received 1 responses out of 1 voters: 1 yes votes; 0 no votes. yes voters: 137ef310c6d8451f9abb73a52deceeb6; no voters: 
I20260713 09:02:31.762374  6305 leader_election.cc:290] T 00000000000000000000000000000000 P 137ef310c6d8451f9abb73a52deceeb6 [CANDIDATE]: Term 1 election: Requested vote from peers 
I20260713 09:02:31.762758  6308 raft_consensus.cc:2804] T 00000000000000000000000000000000 P 137ef310c6d8451f9abb73a52deceeb6 [term 1 FOLLOWER]: Leader election won for term 1
I20260713 09:02:31.764125  6308 raft_consensus.cc:697] T 00000000000000000000000000000000 P 137ef310c6d8451f9abb73a52deceeb6 [term 1 LEADER]: Becoming Leader. State: Replica: 137ef310c6d8451f9abb73a52deceeb6, State: Running, Role: LEADER
I20260713 09:02:31.764780  6308 consensus_queue.cc:237] T 00000000000000000000000000000000 P 137ef310c6d8451f9abb73a52deceeb6 [LEADER]: Queue going to LEADER mode. State: All replicated index: 0, Majority replicated index: 0, Committed index: 0, Last appended: 0.0, Last appended by leader: 0, Current term: 1, Majority size: 1, State: 0, Mode: LEADER, active raft config: opid_index: -1 OBSOLETE_local: true peers { permanent_uuid: "137ef310c6d8451f9abb73a52deceeb6" member_type: VOTER }
I20260713 09:02:31.765231  6305 sys_catalog.cc:565] T 00000000000000000000000000000000 P 137ef310c6d8451f9abb73a52deceeb6 [sys.catalog]: configured and running, proceeding with master startup.
I20260713 09:02:31.769536  6310 sys_catalog.cc:455] T 00000000000000000000000000000000 P 137ef310c6d8451f9abb73a52deceeb6 [sys.catalog]: SysCatalogTable state changed. Reason: New leader 137ef310c6d8451f9abb73a52deceeb6. Latest consensus state: current_term: 1 leader_uuid: "137ef310c6d8451f9abb73a52deceeb6" committed_config { opid_index: -1 OBSOLETE_local: true peers { permanent_uuid: "137ef310c6d8451f9abb73a52deceeb6" member_type: VOTER } }
I20260713 09:02:31.770144  6310 sys_catalog.cc:458] T 00000000000000000000000000000000 P 137ef310c6d8451f9abb73a52deceeb6 [sys.catalog]: This master's current role is: LEADER
I20260713 09:02:31.770210  6309 sys_catalog.cc:455] T 00000000000000000000000000000000 P 137ef310c6d8451f9abb73a52deceeb6 [sys.catalog]: SysCatalogTable state changed. Reason: RaftConsensus started. Latest consensus state: current_term: 1 leader_uuid: "137ef310c6d8451f9abb73a52deceeb6" committed_config { opid_index: -1 OBSOLETE_local: true peers { permanent_uuid: "137ef310c6d8451f9abb73a52deceeb6" member_type: VOTER } }
I20260713 09:02:31.770823  6309 sys_catalog.cc:458] T 00000000000000000000000000000000 P 137ef310c6d8451f9abb73a52deceeb6 [sys.catalog]: This master's current role is: LEADER
I20260713 09:02:31.772331  6316 catalog_manager.cc:1511] Loading table and tablet metadata into memory...
I20260713 09:02:31.778746  6316 catalog_manager.cc:1520] Initializing Kudu cluster ID...
I20260713 09:02:31.779682  5749 internal_mini_cluster.cc:184] Waiting to initialize catalog manager on master 0
I20260713 09:02:31.787138  6316 catalog_manager.cc:1383] Generated new cluster ID: 9a18c47a9aa04da9b8aa67e62e751de3
I20260713 09:02:31.787362  6316 catalog_manager.cc:1531] Initializing Kudu internal certificate authority...
I20260713 09:02:31.804296  6316 catalog_manager.cc:1406] Generated new certificate authority record
I20260713 09:02:31.805532  6316 catalog_manager.cc:1540] Loading token signing keys...
I20260713 09:02:31.825366  6316 catalog_manager.cc:6070] T 00000000000000000000000000000000 P 137ef310c6d8451f9abb73a52deceeb6: Generated new TSK 0
I20260713 09:02:31.825956  6316 catalog_manager.cc:1550] Initializing in-progress tserver states...
I20260713 09:02:31.846266  5749 file_cache.cc:504] Constructed file cache file cache with capacity 419430
W20260713 09:02:31.852175  6326 instance_detector.cc:116] could not retrieve AWS instance metadata: Network error: curl error: HTTP response code said error: The requested URL returned error: 404
W20260713 09:02:31.853348  6327 instance_detector.cc:116] could not retrieve Azure instance metadata: Network error: curl error: HTTP response code said error: The requested URL returned error: 404
W20260713 09:02:31.854597  6329 instance_detector.cc:116] could not retrieve OpenStack instance metadata: Network error: curl error: HTTP response code said error: The requested URL returned error: 404
I20260713 09:02:31.855297  5749 server_base.cc:1061] running on GCE node
I20260713 09:02:31.856034  5749 hybrid_clock.cc:584] initializing the hybrid clock with 'system_unsync' time source
W20260713 09:02:31.856202  5749 system_unsync_time.cc:38] NTP support is disabled. Clock error bounds will not be accurate. This configuration is not suitable for distributed clusters.
I20260713 09:02:31.856400  5749 hybrid_clock.cc:648] HybridClock initialized: now 1783933351856367 us; error 0 us; skew 500 ppm
I20260713 09:02:31.856901  5749 server_base.cc:861] Flag tcmalloc_max_total_thread_cache_bytes is not working since tcmalloc is not enabled.
I20260713 09:02:31.859130  5749 webserver.cc:533] Webserver started at http://127.5.157.65:37643/ using document root <none> and password file <none>
I20260713 09:02:31.859589  5749 fs_manager.cc:362] Metadata directory not provided
I20260713 09:02:31.859771  5749 fs_manager.cc:368] Using write-ahead log directory (fs_wal_dir) as metadata directory
I20260713 09:02:31.860044  5749 server_base.cc:909] This appears to be a new deployment of Kudu; creating new FS layout
I20260713 09:02:31.861025  5749 fs_manager.cc:1068] Generated new instance metadata in path /tmp/dist-test-taskF7x2Ov/test-tmp/auto_leader_rebalancer-test.0.LeaderRebalancerTest.FunctionalTestForNotDivided.1783933338962490-5749-0/minicluster-data/ts-0-root/instance:
uuid: "691e2b87e8bf4165a6fc48857a10d3aa"
format_stamp: "Formatted at 2026-07-13 09:02:31 on dist-test-slave-vxf7"
I20260713 09:02:31.865280  5749 fs_manager.cc:696] Time spent creating directory manager: real 0.004s	user 0.003s	sys 0.002s
I20260713 09:02:31.868508  6334 log_block_manager.cc:4127] Time spent loading block containers with low live blocks: real 0.000s	user 0.000s	sys 0.000s
I20260713 09:02:31.869431  5749 fs_manager.cc:730] Time spent opening block manager: real 0.002s	user 0.002s	sys 0.000s
I20260713 09:02:31.869745  5749 fs_manager.cc:647] Opened local filesystem: /tmp/dist-test-taskF7x2Ov/test-tmp/auto_leader_rebalancer-test.0.LeaderRebalancerTest.FunctionalTestForNotDivided.1783933338962490-5749-0/minicluster-data/ts-0-root
uuid: "691e2b87e8bf4165a6fc48857a10d3aa"
format_stamp: "Formatted at 2026-07-13 09:02:31 on dist-test-slave-vxf7"
I20260713 09:02:31.870056  5749 fs_report.cc:389] FS layout report
--------------------
wal directory: /tmp/dist-test-taskF7x2Ov/test-tmp/auto_leader_rebalancer-test.0.LeaderRebalancerTest.FunctionalTestForNotDivided.1783933338962490-5749-0/minicluster-data/ts-0-root
metadata directory: /tmp/dist-test-taskF7x2Ov/test-tmp/auto_leader_rebalancer-test.0.LeaderRebalancerTest.FunctionalTestForNotDivided.1783933338962490-5749-0/minicluster-data/ts-0-root
1 data directories: /tmp/dist-test-taskF7x2Ov/test-tmp/auto_leader_rebalancer-test.0.LeaderRebalancerTest.FunctionalTestForNotDivided.1783933338962490-5749-0/minicluster-data/ts-0-root/data
Total live blocks: 0
Total live bytes: 0
Total live bytes (after alignment): 0
Total number of LBM containers: 0 (0 full)
Did not check for missing blocks
Did not check for orphaned blocks
Total full LBM containers with extra space: 0 (0 repaired)
Total full LBM container extra space in bytes: 0 (0 repaired)
Total incomplete LBM containers: 0 (0 repaired)
Total LBM partial records: 0 (0 repaired)
Total corrupted LBM metadata records in RocksDB: 0 (0 repaired)
I20260713 09:02:31.881697  5749 rpc_server.cc:225] running with OpenSSL 1.1.1  11 Sep 2018
I20260713 09:02:31.882882  5749 kserver.cc:163] Server-wide thread pool size limit: 3276
I20260713 09:02:31.884191  5749 txn_system_client.cc:432] TxnSystemClient initialization is disabled...
I20260713 09:02:31.886397  5749 ts_tablet_manager.cc:585] Loaded tablet metadata (0 total tablets, 0 live tablets)
I20260713 09:02:31.886561  5749 ts_tablet_manager.cc:531] Time spent load tablet metadata: real 0.000s	user 0.000s	sys 0.000s
I20260713 09:02:31.886849  5749 ts_tablet_manager.cc:616] Registered 0 tablets
I20260713 09:02:31.887025  5749 ts_tablet_manager.cc:595] Time spent register tablets: real 0.000s	user 0.000s	sys 0.000s
I20260713 09:02:31.924355  5749 rpc_server.cc:307] RPC server started. Bound to: 127.5.157.65:42267
I20260713 09:02:31.924448  6396 acceptor_pool.cc:272] collecting diagnostics on the listening RPC socket 127.5.157.65:42267 every 8 connection(s)
I20260713 09:02:31.928854  5749 file_cache.cc:504] Constructed file cache file cache with capacity 419430
W20260713 09:02:31.936239  6401 instance_detector.cc:116] could not retrieve AWS instance metadata: Network error: curl error: HTTP response code said error: The requested URL returned error: 404
W20260713 09:02:31.936785  6402 instance_detector.cc:116] could not retrieve Azure instance metadata: Network error: curl error: HTTP response code said error: The requested URL returned error: 404
W20260713 09:02:31.939822  6404 instance_detector.cc:116] could not retrieve OpenStack instance metadata: Network error: curl error: HTTP response code said error: The requested URL returned error: 404
I20260713 09:02:31.940444  5749 server_base.cc:1061] running on GCE node
I20260713 09:02:31.941524  5749 hybrid_clock.cc:584] initializing the hybrid clock with 'system_unsync' time source
W20260713 09:02:31.941766  5749 system_unsync_time.cc:38] NTP support is disabled. Clock error bounds will not be accurate. This configuration is not suitable for distributed clusters.
I20260713 09:02:31.941943  5749 hybrid_clock.cc:648] HybridClock initialized: now 1783933351941926 us; error 0 us; skew 500 ppm
I20260713 09:02:31.942520  5749 server_base.cc:861] Flag tcmalloc_max_total_thread_cache_bytes is not working since tcmalloc is not enabled.
I20260713 09:02:31.942653  6397 heartbeater.cc:344] Connected to a master server at 127.5.157.126:42363
I20260713 09:02:31.943076  6397 heartbeater.cc:461] Registering TS with master...
I20260713 09:02:31.943732  6397 heartbeater.cc:507] Master 127.5.157.126:42363 requested a full tablet report, sending...
I20260713 09:02:31.945514  5749 webserver.cc:533] Webserver started at http://127.5.157.66:44895/ using document root <none> and password file <none>
I20260713 09:02:31.945998  5749 fs_manager.cc:362] Metadata directory not provided
I20260713 09:02:31.946204  5749 fs_manager.cc:368] Using write-ahead log directory (fs_wal_dir) as metadata directory
I20260713 09:02:31.946169  6270 ts_manager.cc:194] Registered new tserver with Master: 691e2b87e8bf4165a6fc48857a10d3aa (127.5.157.65:42267)
I20260713 09:02:31.946655  5749 server_base.cc:909] This appears to be a new deployment of Kudu; creating new FS layout
I20260713 09:02:31.947770  5749 fs_manager.cc:1068] Generated new instance metadata in path /tmp/dist-test-taskF7x2Ov/test-tmp/auto_leader_rebalancer-test.0.LeaderRebalancerTest.FunctionalTestForNotDivided.1783933338962490-5749-0/minicluster-data/ts-1-root/instance:
uuid: "eb77aed58c1f4b26a9aa343b7fe8dc9f"
format_stamp: "Formatted at 2026-07-13 09:02:31 on dist-test-slave-vxf7"
I20260713 09:02:31.948127  6270 master_service.cc:502] Signed X509 certificate for tserver {username='slave'} at 127.0.0.1:43750
I20260713 09:02:31.952909  5749 fs_manager.cc:696] Time spent creating directory manager: real 0.005s	user 0.001s	sys 0.005s
I20260713 09:02:31.956383  6409 log_block_manager.cc:4127] Time spent loading block containers with low live blocks: real 0.000s	user 0.000s	sys 0.000s
I20260713 09:02:31.957227  5749 fs_manager.cc:730] Time spent opening block manager: real 0.002s	user 0.001s	sys 0.000s
I20260713 09:02:31.957458  5749 fs_manager.cc:647] Opened local filesystem: /tmp/dist-test-taskF7x2Ov/test-tmp/auto_leader_rebalancer-test.0.LeaderRebalancerTest.FunctionalTestForNotDivided.1783933338962490-5749-0/minicluster-data/ts-1-root
uuid: "eb77aed58c1f4b26a9aa343b7fe8dc9f"
format_stamp: "Formatted at 2026-07-13 09:02:31 on dist-test-slave-vxf7"
I20260713 09:02:31.957715  5749 fs_report.cc:389] FS layout report
--------------------
wal directory: /tmp/dist-test-taskF7x2Ov/test-tmp/auto_leader_rebalancer-test.0.LeaderRebalancerTest.FunctionalTestForNotDivided.1783933338962490-5749-0/minicluster-data/ts-1-root
metadata directory: /tmp/dist-test-taskF7x2Ov/test-tmp/auto_leader_rebalancer-test.0.LeaderRebalancerTest.FunctionalTestForNotDivided.1783933338962490-5749-0/minicluster-data/ts-1-root
1 data directories: /tmp/dist-test-taskF7x2Ov/test-tmp/auto_leader_rebalancer-test.0.LeaderRebalancerTest.FunctionalTestForNotDivided.1783933338962490-5749-0/minicluster-data/ts-1-root/data
Total live blocks: 0
Total live bytes: 0
Total live bytes (after alignment): 0
Total number of LBM containers: 0 (0 full)
Did not check for missing blocks
Did not check for orphaned blocks
Total full LBM containers with extra space: 0 (0 repaired)
Total full LBM container extra space in bytes: 0 (0 repaired)
Total incomplete LBM containers: 0 (0 repaired)
Total LBM partial records: 0 (0 repaired)
Total corrupted LBM metadata records in RocksDB: 0 (0 repaired)
I20260713 09:02:32.003814  5749 rpc_server.cc:225] running with OpenSSL 1.1.1  11 Sep 2018
I20260713 09:02:32.005002  5749 kserver.cc:163] Server-wide thread pool size limit: 3276
I20260713 09:02:32.006336  5749 txn_system_client.cc:432] TxnSystemClient initialization is disabled...
I20260713 09:02:32.008404  5749 ts_tablet_manager.cc:585] Loaded tablet metadata (0 total tablets, 0 live tablets)
I20260713 09:02:32.008584  5749 ts_tablet_manager.cc:531] Time spent load tablet metadata: real 0.000s	user 0.000s	sys 0.000s
I20260713 09:02:32.008894  5749 ts_tablet_manager.cc:616] Registered 0 tablets
I20260713 09:02:32.009035  5749 ts_tablet_manager.cc:595] Time spent register tablets: real 0.000s	user 0.000s	sys 0.000s
I20260713 09:02:32.047380  5749 rpc_server.cc:307] RPC server started. Bound to: 127.5.157.66:37313
I20260713 09:02:32.047456  6471 acceptor_pool.cc:272] collecting diagnostics on the listening RPC socket 127.5.157.66:37313 every 8 connection(s)
I20260713 09:02:32.052045  5749 file_cache.cc:504] Constructed file cache file cache with capacity 419430
W20260713 09:02:32.058867  6475 instance_detector.cc:116] could not retrieve AWS instance metadata: Network error: curl error: HTTP response code said error: The requested URL returned error: 404
W20260713 09:02:32.061879  6476 instance_detector.cc:116] could not retrieve Azure instance metadata: Network error: curl error: HTTP response code said error: The requested URL returned error: 404
I20260713 09:02:32.063104  5749 server_base.cc:1061] running on GCE node
W20260713 09:02:32.063359  6478 instance_detector.cc:116] could not retrieve OpenStack instance metadata: Network error: curl error: HTTP response code said error: The requested URL returned error: 404
I20260713 09:02:32.064389  5749 hybrid_clock.cc:584] initializing the hybrid clock with 'system_unsync' time source
W20260713 09:02:32.064658  5749 system_unsync_time.cc:38] NTP support is disabled. Clock error bounds will not be accurate. This configuration is not suitable for distributed clusters.
I20260713 09:02:32.064678  6472 heartbeater.cc:344] Connected to a master server at 127.5.157.126:42363
I20260713 09:02:32.064903  5749 hybrid_clock.cc:648] HybridClock initialized: now 1783933352064885 us; error 0 us; skew 500 ppm
I20260713 09:02:32.065167  6472 heartbeater.cc:461] Registering TS with master...
I20260713 09:02:32.065574  5749 server_base.cc:861] Flag tcmalloc_max_total_thread_cache_bytes is not working since tcmalloc is not enabled.
I20260713 09:02:32.065919  6472 heartbeater.cc:507] Master 127.5.157.126:42363 requested a full tablet report, sending...
I20260713 09:02:32.068163  5749 webserver.cc:533] Webserver started at http://127.5.157.67:37705/ using document root <none> and password file <none>
I20260713 09:02:32.068336  6270 ts_manager.cc:194] Registered new tserver with Master: eb77aed58c1f4b26a9aa343b7fe8dc9f (127.5.157.66:37313)
I20260713 09:02:32.068817  5749 fs_manager.cc:362] Metadata directory not provided
I20260713 09:02:32.069067  5749 fs_manager.cc:368] Using write-ahead log directory (fs_wal_dir) as metadata directory
I20260713 09:02:32.069377  5749 server_base.cc:909] This appears to be a new deployment of Kudu; creating new FS layout
I20260713 09:02:32.070030  6270 master_service.cc:502] Signed X509 certificate for tserver {username='slave'} at 127.0.0.1:43754
I20260713 09:02:32.070859  5749 fs_manager.cc:1068] Generated new instance metadata in path /tmp/dist-test-taskF7x2Ov/test-tmp/auto_leader_rebalancer-test.0.LeaderRebalancerTest.FunctionalTestForNotDivided.1783933338962490-5749-0/minicluster-data/ts-2-root/instance:
uuid: "8b69717bbe4c4e1991ca8be2b00d2736"
format_stamp: "Formatted at 2026-07-13 09:02:32 on dist-test-slave-vxf7"
I20260713 09:02:32.075760  5749 fs_manager.cc:696] Time spent creating directory manager: real 0.004s	user 0.000s	sys 0.004s
I20260713 09:02:32.078743  6483 log_block_manager.cc:4127] Time spent loading block containers with low live blocks: real 0.000s	user 0.000s	sys 0.000s
I20260713 09:02:32.079666  5749 fs_manager.cc:730] Time spent opening block manager: real 0.002s	user 0.002s	sys 0.001s
I20260713 09:02:32.080065  5749 fs_manager.cc:647] Opened local filesystem: /tmp/dist-test-taskF7x2Ov/test-tmp/auto_leader_rebalancer-test.0.LeaderRebalancerTest.FunctionalTestForNotDivided.1783933338962490-5749-0/minicluster-data/ts-2-root
uuid: "8b69717bbe4c4e1991ca8be2b00d2736"
format_stamp: "Formatted at 2026-07-13 09:02:32 on dist-test-slave-vxf7"
I20260713 09:02:32.080400  5749 fs_report.cc:389] FS layout report
--------------------
wal directory: /tmp/dist-test-taskF7x2Ov/test-tmp/auto_leader_rebalancer-test.0.LeaderRebalancerTest.FunctionalTestForNotDivided.1783933338962490-5749-0/minicluster-data/ts-2-root
metadata directory: /tmp/dist-test-taskF7x2Ov/test-tmp/auto_leader_rebalancer-test.0.LeaderRebalancerTest.FunctionalTestForNotDivided.1783933338962490-5749-0/minicluster-data/ts-2-root
1 data directories: /tmp/dist-test-taskF7x2Ov/test-tmp/auto_leader_rebalancer-test.0.LeaderRebalancerTest.FunctionalTestForNotDivided.1783933338962490-5749-0/minicluster-data/ts-2-root/data
Total live blocks: 0
Total live bytes: 0
Total live bytes (after alignment): 0
Total number of LBM containers: 0 (0 full)
Did not check for missing blocks
Did not check for orphaned blocks
Total full LBM containers with extra space: 0 (0 repaired)
Total full LBM container extra space in bytes: 0 (0 repaired)
Total incomplete LBM containers: 0 (0 repaired)
Total LBM partial records: 0 (0 repaired)
Total corrupted LBM metadata records in RocksDB: 0 (0 repaired)
I20260713 09:02:32.092665  5749 rpc_server.cc:225] running with OpenSSL 1.1.1  11 Sep 2018
I20260713 09:02:32.093791  5749 kserver.cc:163] Server-wide thread pool size limit: 3276
I20260713 09:02:32.095192  5749 txn_system_client.cc:432] TxnSystemClient initialization is disabled...
I20260713 09:02:32.097205  5749 ts_tablet_manager.cc:585] Loaded tablet metadata (0 total tablets, 0 live tablets)
I20260713 09:02:32.097424  5749 ts_tablet_manager.cc:531] Time spent load tablet metadata: real 0.000s	user 0.000s	sys 0.000s
I20260713 09:02:32.097667  5749 ts_tablet_manager.cc:616] Registered 0 tablets
I20260713 09:02:32.097841  5749 ts_tablet_manager.cc:595] Time spent register tablets: real 0.000s	user 0.000s	sys 0.000s
I20260713 09:02:32.137452  5749 rpc_server.cc:307] RPC server started. Bound to: 127.5.157.67:40471
I20260713 09:02:32.137560  6545 acceptor_pool.cc:272] collecting diagnostics on the listening RPC socket 127.5.157.67:40471 every 8 connection(s)
I20260713 09:02:32.151104  6546 heartbeater.cc:344] Connected to a master server at 127.5.157.126:42363
I20260713 09:02:32.151424  6546 heartbeater.cc:461] Registering TS with master...
I20260713 09:02:32.152140  6546 heartbeater.cc:507] Master 127.5.157.126:42363 requested a full tablet report, sending...
I20260713 09:02:32.153906  6270 ts_manager.cc:194] Registered new tserver with Master: 8b69717bbe4c4e1991ca8be2b00d2736 (127.5.157.67:40471)
I20260713 09:02:32.154012  5749 internal_mini_cluster.cc:371] 3 TS(s) registered with all masters after 0.013490593s
I20260713 09:02:32.155326  6270 master_service.cc:502] Signed X509 certificate for tserver {username='slave'} at 127.0.0.1:43768
I20260713 09:02:32.178906  6270 catalog_manager.cc:2283] Servicing CreateTable request from {username='slave'} at 127.0.0.1:43782:
name: "test-workload"
schema {
  columns {
    name: "key"
    type: INT32
    is_key: true
    is_nullable: false
    encoding: AUTO_ENCODING
    compression: DEFAULT_COMPRESSION
    cfile_block_size: 0
    immutable: false
  }
  columns {
    name: "int_val"
    type: INT32
    is_key: false
    is_nullable: false
    encoding: AUTO_ENCODING
    compression: DEFAULT_COMPRESSION
    cfile_block_size: 0
    immutable: false
  }
  columns {
    name: "string_val"
    type: STRING
    is_key: false
    is_nullable: true
    encoding: AUTO_ENCODING
    compression: DEFAULT_COMPRESSION
    cfile_block_size: 0
    immutable: false
  }
}
num_replicas: 3
split_rows_range_bounds {
  rows: "\004\001\000\314\314\314\014\004\001\000\230\231\231\031\004\001\000dff&\004\001\0000333\004\001\000\374\377\377?\004\001\000\310\314\314L\004\001\000\224\231\231Y\004\001\000`fff\004\001\000,33s""\004\001\000\314\314\314\014\004\001\000\230\231\231\031\004\001\000dff&\004\001\0000333\004\001\000\374\377\377?\004\001\000\310\314\314L\004\001\000\224\231\231Y\004\001\000`fff\004\001\000,33s"
  indirect_data: """"
}
partition_schema {
  range_schema {
    columns {
      name: "key"
    }
  }
}
W20260713 09:02:32.181764  6270 catalog_manager.cc:7077] The number of live tablet servers is not enough to re-replicate a tablet replica of the newly created table test-workload in case of a server failure: 4 tablet servers would be needed, 3 are available. Consider bringing up more tablet servers.
I20260713 09:02:32.258430  6360 tablet_service.cc:1511] Processing CreateTablet for tablet b9a8432aae364c1c90a0ef3d02bffbeb (DEFAULT_TABLE table=test-workload [id=855ca2e9f6ed4eccb68065f19d8bb745]), partition=RANGE (key) PARTITION 429496728 <= VALUES < 644245092
I20260713 09:02:32.259824  6507 tablet_service.cc:1511] Processing CreateTablet for tablet 22e575de6f3c41048dc998368a49ea97 (DEFAULT_TABLE table=test-workload [id=855ca2e9f6ed4eccb68065f19d8bb745]), partition=RANGE (key) PARTITION 858993456 <= VALUES < 1073741820
I20260713 09:02:32.261277  6507 data_dirs.cc:400] Could only allocate 1 dirs of requested 3 for tablet 22e575de6f3c41048dc998368a49ea97. 1 dirs total, 0 dirs full, 0 dirs failed
I20260713 09:02:32.261219  6361 tablet_service.cc:1511] Processing CreateTablet for tablet a6bc67899ab846608aee7b35298d5fe1 (DEFAULT_TABLE table=test-workload [id=855ca2e9f6ed4eccb68065f19d8bb745]), partition=RANGE (key) PARTITION 214748364 <= VALUES < 429496728
I20260713 09:02:32.261834  6511 tablet_service.cc:1511] Processing CreateTablet for tablet 78b870be854d4201b3416210e5625cfd (DEFAULT_TABLE table=test-workload [id=855ca2e9f6ed4eccb68065f19d8bb745]), partition=RANGE (key) PARTITION VALUES < 214748364
I20260713 09:02:32.263559  6362 tablet_service.cc:1511] Processing CreateTablet for tablet 78b870be854d4201b3416210e5625cfd (DEFAULT_TABLE table=test-workload [id=855ca2e9f6ed4eccb68065f19d8bb745]), partition=RANGE (key) PARTITION VALUES < 214748364
I20260713 09:02:32.263924  6510 tablet_service.cc:1511] Processing CreateTablet for tablet a6bc67899ab846608aee7b35298d5fe1 (DEFAULT_TABLE table=test-workload [id=855ca2e9f6ed4eccb68065f19d8bb745]), partition=RANGE (key) PARTITION 214748364 <= VALUES < 429496728
I20260713 09:02:32.259914  6360 data_dirs.cc:400] Could only allocate 1 dirs of requested 3 for tablet b9a8432aae364c1c90a0ef3d02bffbeb. 1 dirs total, 0 dirs full, 0 dirs failed
I20260713 09:02:32.265038  6506 tablet_service.cc:1511] Processing CreateTablet for tablet ece911cb04e5406ca83a78dcac64b8fc (DEFAULT_TABLE table=test-workload [id=855ca2e9f6ed4eccb68065f19d8bb745]), partition=RANGE (key) PARTITION 1073741820 <= VALUES < 1288490184
I20260713 09:02:32.265807  6509 tablet_service.cc:1511] Processing CreateTablet for tablet b9a8432aae364c1c90a0ef3d02bffbeb (DEFAULT_TABLE table=test-workload [id=855ca2e9f6ed4eccb68065f19d8bb745]), partition=RANGE (key) PARTITION 429496728 <= VALUES < 644245092
I20260713 09:02:32.266537  6362 data_dirs.cc:400] Could only allocate 1 dirs of requested 3 for tablet 78b870be854d4201b3416210e5625cfd. 1 dirs total, 0 dirs full, 0 dirs failed
I20260713 09:02:32.267177  6359 tablet_service.cc:1511] Processing CreateTablet for tablet 59d37dfdfbd3405496b6a938fd95e7d0 (DEFAULT_TABLE table=test-workload [id=855ca2e9f6ed4eccb68065f19d8bb745]), partition=RANGE (key) PARTITION 644245092 <= VALUES < 858993456
I20260713 09:02:32.267664  6508 tablet_service.cc:1511] Processing CreateTablet for tablet 59d37dfdfbd3405496b6a938fd95e7d0 (DEFAULT_TABLE table=test-workload [id=855ca2e9f6ed4eccb68065f19d8bb745]), partition=RANGE (key) PARTITION 644245092 <= VALUES < 858993456
I20260713 09:02:32.268428  6359 data_dirs.cc:400] Could only allocate 1 dirs of requested 3 for tablet 59d37dfdfbd3405496b6a938fd95e7d0. 1 dirs total, 0 dirs full, 0 dirs failed
I20260713 09:02:32.269374  6437 tablet_service.cc:1511] Processing CreateTablet for tablet 78b870be854d4201b3416210e5625cfd (DEFAULT_TABLE table=test-workload [id=855ca2e9f6ed4eccb68065f19d8bb745]), partition=RANGE (key) PARTITION VALUES < 214748364
I20260713 09:02:32.270597  6437 data_dirs.cc:400] Could only allocate 1 dirs of requested 3 for tablet 78b870be854d4201b3416210e5625cfd. 1 dirs total, 0 dirs full, 0 dirs failed
I20260713 09:02:32.271344  6361 data_dirs.cc:400] Could only allocate 1 dirs of requested 3 for tablet a6bc67899ab846608aee7b35298d5fe1. 1 dirs total, 0 dirs full, 0 dirs failed
I20260713 09:02:32.263912  6358 tablet_service.cc:1511] Processing CreateTablet for tablet 22e575de6f3c41048dc998368a49ea97 (DEFAULT_TABLE table=test-workload [id=855ca2e9f6ed4eccb68065f19d8bb745]), partition=RANGE (key) PARTITION 858993456 <= VALUES < 1073741820
I20260713 09:02:32.271020  6357 tablet_service.cc:1511] Processing CreateTablet for tablet ece911cb04e5406ca83a78dcac64b8fc (DEFAULT_TABLE table=test-workload [id=855ca2e9f6ed4eccb68065f19d8bb745]), partition=RANGE (key) PARTITION 1073741820 <= VALUES < 1288490184
I20260713 09:02:32.285322  6505 tablet_service.cc:1511] Processing CreateTablet for tablet bf96f92ee4ad47e794111c7a1c121ee4 (DEFAULT_TABLE table=test-workload [id=855ca2e9f6ed4eccb68065f19d8bb745]), partition=RANGE (key) PARTITION 1288490184 <= VALUES < 1503238548
I20260713 09:02:32.286556  6357 data_dirs.cc:400] Could only allocate 1 dirs of requested 3 for tablet ece911cb04e5406ca83a78dcac64b8fc. 1 dirs total, 0 dirs full, 0 dirs failed
I20260713 09:02:32.287182  6358 data_dirs.cc:400] Could only allocate 1 dirs of requested 3 for tablet 22e575de6f3c41048dc998368a49ea97. 1 dirs total, 0 dirs full, 0 dirs failed
I20260713 09:02:32.272329  6435 tablet_service.cc:1511] Processing CreateTablet for tablet b9a8432aae364c1c90a0ef3d02bffbeb (DEFAULT_TABLE table=test-workload [id=855ca2e9f6ed4eccb68065f19d8bb745]), partition=RANGE (key) PARTITION 429496728 <= VALUES < 644245092
I20260713 09:02:32.273873  6434 tablet_service.cc:1511] Processing CreateTablet for tablet 59d37dfdfbd3405496b6a938fd95e7d0 (DEFAULT_TABLE table=test-workload [id=855ca2e9f6ed4eccb68065f19d8bb745]), partition=RANGE (key) PARTITION 644245092 <= VALUES < 858993456
I20260713 09:02:32.275611  6433 tablet_service.cc:1511] Processing CreateTablet for tablet 22e575de6f3c41048dc998368a49ea97 (DEFAULT_TABLE table=test-workload [id=855ca2e9f6ed4eccb68065f19d8bb745]), partition=RANGE (key) PARTITION 858993456 <= VALUES < 1073741820
I20260713 09:02:32.290571  6433 data_dirs.cc:400] Could only allocate 1 dirs of requested 3 for tablet 22e575de6f3c41048dc998368a49ea97. 1 dirs total, 0 dirs full, 0 dirs failed
I20260713 09:02:32.277329  6432 tablet_service.cc:1511] Processing CreateTablet for tablet ece911cb04e5406ca83a78dcac64b8fc (DEFAULT_TABLE table=test-workload [id=855ca2e9f6ed4eccb68065f19d8bb745]), partition=RANGE (key) PARTITION 1073741820 <= VALUES < 1288490184
I20260713 09:02:32.277837  6355 tablet_service.cc:1511] Processing CreateTablet for tablet 20d41bb492e440e886c110c957387a0f (DEFAULT_TABLE table=test-workload [id=855ca2e9f6ed4eccb68065f19d8bb745]), partition=RANGE (key) PARTITION 1503238548 <= VALUES < 1717986912
I20260713 09:02:32.278959  6431 tablet_service.cc:1511] Processing CreateTablet for tablet bf96f92ee4ad47e794111c7a1c121ee4 (DEFAULT_TABLE table=test-workload [id=855ca2e9f6ed4eccb68065f19d8bb745]), partition=RANGE (key) PARTITION 1288490184 <= VALUES < 1503238548
I20260713 09:02:32.280293  6436 tablet_service.cc:1511] Processing CreateTablet for tablet a6bc67899ab846608aee7b35298d5fe1 (DEFAULT_TABLE table=test-workload [id=855ca2e9f6ed4eccb68065f19d8bb745]), partition=RANGE (key) PARTITION 214748364 <= VALUES < 429496728
I20260713 09:02:32.281811  6354 tablet_service.cc:1511] Processing CreateTablet for tablet 4cd0a970722b4539b57b7c39b2b6893f (DEFAULT_TABLE table=test-workload [id=855ca2e9f6ed4eccb68065f19d8bb745]), partition=RANGE (key) PARTITION 1717986912 <= VALUES < 1932735276
I20260713 09:02:32.282953  6511 data_dirs.cc:400] Could only allocate 1 dirs of requested 3 for tablet 78b870be854d4201b3416210e5625cfd. 1 dirs total, 0 dirs full, 0 dirs failed
I20260713 09:02:32.285163  6503 tablet_service.cc:1511] Processing CreateTablet for tablet 4cd0a970722b4539b57b7c39b2b6893f (DEFAULT_TABLE table=test-workload [id=855ca2e9f6ed4eccb68065f19d8bb745]), partition=RANGE (key) PARTITION 1717986912 <= VALUES < 1932735276
I20260713 09:02:32.290812  6502 tablet_service.cc:1511] Processing CreateTablet for tablet d61b02eff3214c8c8a851f84079f3dca (DEFAULT_TABLE table=test-workload [id=855ca2e9f6ed4eccb68065f19d8bb745]), partition=RANGE (key) PARTITION 1932735276 <= VALUES
I20260713 09:02:32.292435  6504 tablet_service.cc:1511] Processing CreateTablet for tablet 20d41bb492e440e886c110c957387a0f (DEFAULT_TABLE table=test-workload [id=855ca2e9f6ed4eccb68065f19d8bb745]), partition=RANGE (key) PARTITION 1503238548 <= VALUES < 1717986912
I20260713 09:02:32.276098  6356 tablet_service.cc:1511] Processing CreateTablet for tablet bf96f92ee4ad47e794111c7a1c121ee4 (DEFAULT_TABLE table=test-workload [id=855ca2e9f6ed4eccb68065f19d8bb745]), partition=RANGE (key) PARTITION 1288490184 <= VALUES < 1503238548
I20260713 09:02:32.297254  6429 tablet_service.cc:1511] Processing CreateTablet for tablet 4cd0a970722b4539b57b7c39b2b6893f (DEFAULT_TABLE table=test-workload [id=855ca2e9f6ed4eccb68065f19d8bb745]), partition=RANGE (key) PARTITION 1717986912 <= VALUES < 1932735276
I20260713 09:02:32.294427  6430 tablet_service.cc:1511] Processing CreateTablet for tablet 20d41bb492e440e886c110c957387a0f (DEFAULT_TABLE table=test-workload [id=855ca2e9f6ed4eccb68065f19d8bb745]), partition=RANGE (key) PARTITION 1503238548 <= VALUES < 1717986912
I20260713 09:02:32.298914  6428 tablet_service.cc:1511] Processing CreateTablet for tablet d61b02eff3214c8c8a851f84079f3dca (DEFAULT_TABLE table=test-workload [id=855ca2e9f6ed4eccb68065f19d8bb745]), partition=RANGE (key) PARTITION 1932735276 <= VALUES
I20260713 09:02:32.301245  6355 data_dirs.cc:400] Could only allocate 1 dirs of requested 3 for tablet 20d41bb492e440e886c110c957387a0f. 1 dirs total, 0 dirs full, 0 dirs failed
I20260713 09:02:32.303570  6434 data_dirs.cc:400] Could only allocate 1 dirs of requested 3 for tablet 59d37dfdfbd3405496b6a938fd95e7d0. 1 dirs total, 0 dirs full, 0 dirs failed
I20260713 09:02:32.305109  6354 data_dirs.cc:400] Could only allocate 1 dirs of requested 3 for tablet 4cd0a970722b4539b57b7c39b2b6893f. 1 dirs total, 0 dirs full, 0 dirs failed
I20260713 09:02:32.307782  6431 data_dirs.cc:400] Could only allocate 1 dirs of requested 3 for tablet bf96f92ee4ad47e794111c7a1c121ee4. 1 dirs total, 0 dirs full, 0 dirs failed
I20260713 09:02:32.309355  6509 data_dirs.cc:400] Could only allocate 1 dirs of requested 3 for tablet b9a8432aae364c1c90a0ef3d02bffbeb. 1 dirs total, 0 dirs full, 0 dirs failed
I20260713 09:02:32.311293  6506 data_dirs.cc:400] Could only allocate 1 dirs of requested 3 for tablet ece911cb04e5406ca83a78dcac64b8fc. 1 dirs total, 0 dirs full, 0 dirs failed
I20260713 09:02:32.311517  6432 data_dirs.cc:400] Could only allocate 1 dirs of requested 3 for tablet ece911cb04e5406ca83a78dcac64b8fc. 1 dirs total, 0 dirs full, 0 dirs failed
I20260713 09:02:32.312431  6428 data_dirs.cc:400] Could only allocate 1 dirs of requested 3 for tablet d61b02eff3214c8c8a851f84079f3dca. 1 dirs total, 0 dirs full, 0 dirs failed
I20260713 09:02:32.312552  6505 data_dirs.cc:400] Could only allocate 1 dirs of requested 3 for tablet bf96f92ee4ad47e794111c7a1c121ee4. 1 dirs total, 0 dirs full, 0 dirs failed
I20260713 09:02:32.313984  6504 data_dirs.cc:400] Could only allocate 1 dirs of requested 3 for tablet 20d41bb492e440e886c110c957387a0f. 1 dirs total, 0 dirs full, 0 dirs failed
I20260713 09:02:32.323323  6502 data_dirs.cc:400] Could only allocate 1 dirs of requested 3 for tablet d61b02eff3214c8c8a851f84079f3dca. 1 dirs total, 0 dirs full, 0 dirs failed
I20260713 09:02:32.327325  6503 data_dirs.cc:400] Could only allocate 1 dirs of requested 3 for tablet 4cd0a970722b4539b57b7c39b2b6893f. 1 dirs total, 0 dirs full, 0 dirs failed
I20260713 09:02:32.333123  6353 tablet_service.cc:1511] Processing CreateTablet for tablet d61b02eff3214c8c8a851f84079f3dca (DEFAULT_TABLE table=test-workload [id=855ca2e9f6ed4eccb68065f19d8bb745]), partition=RANGE (key) PARTITION 1932735276 <= VALUES
I20260713 09:02:32.335590  6353 data_dirs.cc:400] Could only allocate 1 dirs of requested 3 for tablet d61b02eff3214c8c8a851f84079f3dca. 1 dirs total, 0 dirs full, 0 dirs failed
I20260713 09:02:32.339272  6510 data_dirs.cc:400] Could only allocate 1 dirs of requested 3 for tablet a6bc67899ab846608aee7b35298d5fe1. 1 dirs total, 0 dirs full, 0 dirs failed
I20260713 09:02:32.339620  6435 data_dirs.cc:400] Could only allocate 1 dirs of requested 3 for tablet b9a8432aae364c1c90a0ef3d02bffbeb. 1 dirs total, 0 dirs full, 0 dirs failed
I20260713 09:02:32.339857  6508 data_dirs.cc:400] Could only allocate 1 dirs of requested 3 for tablet 59d37dfdfbd3405496b6a938fd95e7d0. 1 dirs total, 0 dirs full, 0 dirs failed
I20260713 09:02:32.344825  6430 data_dirs.cc:400] Could only allocate 1 dirs of requested 3 for tablet 20d41bb492e440e886c110c957387a0f. 1 dirs total, 0 dirs full, 0 dirs failed
I20260713 09:02:32.347102  6429 data_dirs.cc:400] Could only allocate 1 dirs of requested 3 for tablet 4cd0a970722b4539b57b7c39b2b6893f. 1 dirs total, 0 dirs full, 0 dirs failed
I20260713 09:02:32.351567  6436 data_dirs.cc:400] Could only allocate 1 dirs of requested 3 for tablet a6bc67899ab846608aee7b35298d5fe1. 1 dirs total, 0 dirs full, 0 dirs failed
I20260713 09:02:32.363814  6356 data_dirs.cc:400] Could only allocate 1 dirs of requested 3 for tablet bf96f92ee4ad47e794111c7a1c121ee4. 1 dirs total, 0 dirs full, 0 dirs failed
I20260713 09:02:32.392375  6561 tablet_bootstrap.cc:492] T b9a8432aae364c1c90a0ef3d02bffbeb P 691e2b87e8bf4165a6fc48857a10d3aa: Bootstrap starting.
I20260713 09:02:32.398720  6561 tablet_bootstrap.cc:654] T b9a8432aae364c1c90a0ef3d02bffbeb P 691e2b87e8bf4165a6fc48857a10d3aa: Neither blocks nor log segments found. Creating new log.
I20260713 09:02:32.438884  6562 tablet_bootstrap.cc:492] T 22e575de6f3c41048dc998368a49ea97 P eb77aed58c1f4b26a9aa343b7fe8dc9f: Bootstrap starting.
I20260713 09:02:32.439224  6563 tablet_bootstrap.cc:492] T 22e575de6f3c41048dc998368a49ea97 P 8b69717bbe4c4e1991ca8be2b00d2736: Bootstrap starting.
I20260713 09:02:32.448769  6561 tablet_bootstrap.cc:492] T b9a8432aae364c1c90a0ef3d02bffbeb P 691e2b87e8bf4165a6fc48857a10d3aa: No bootstrap required, opened a new log
