I20260713 09:02:39.014684  7121 raft_consensus.cc:697] T 4bbb9354f3044b94b71fddb461f0b20e P b21057f270c84dbaa5f07f61b50fd287 [term 1 LEADER]: Becoming Leader. State: Replica: b21057f270c84dbaa5f07f61b50fd287, State: Running, Role: LEADER
I20260713 09:02:39.015693  6957 tablet_service.cc:1917] Received RequestConsensusVote() RPC: tablet_id: "4bbb9354f3044b94b71fddb461f0b20e" candidate_uuid: "b21057f270c84dbaa5f07f61b50fd287" candidate_term: 1 candidate_status { last_received { term: 0 index: 0 } } ignore_live_leader: false dest_uuid: "ce8c3f67a08349d5965458a533190aee"
I20260713 09:02:39.015476  7121 consensus_queue.cc:237] T 4bbb9354f3044b94b71fddb461f0b20e P b21057f270c84dbaa5f07f61b50fd287 [LEADER]: Queue going to LEADER mode. State: All replicated index: 0, Majority replicated index: 0, Committed index: 0, Last appended: 0.0, Last appended by leader: 0, Current term: 1, Majority size: 2, State: 0, Mode: LEADER, active raft config: opid_index: -1 OBSOLETE_local: false peers { permanent_uuid: "218a776f1cb044dd93ebb8f8a12156b2" member_type: VOTER last_known_addr { host: "127.5.161.67" port: 35321 } } peers { permanent_uuid: "b21057f270c84dbaa5f07f61b50fd287" member_type: VOTER last_known_addr { host: "127.5.161.65" port: 34839 } } peers { permanent_uuid: "ce8c3f67a08349d5965458a533190aee" member_type: VOTER last_known_addr { host: "127.5.161.66" port: 44039 } }
I20260713 09:02:39.016218  6957 raft_consensus.cc:3060] T 4bbb9354f3044b94b71fddb461f0b20e P ce8c3f67a08349d5965458a533190aee [term 0 FOLLOWER]: Advancing to term 1
I20260713 09:02:39.016395  7072 tablet_bootstrap.cc:654] T 48769879fa5a4b46bccd222ecae4480d P ce8c3f67a08349d5965458a533190aee: Neither blocks nor log segments found. Creating new log.
I20260713 09:02:39.014353  7074 consensus_queue.cc:260] T 90f9d2bf62bb48c9af1538ccd6215ed7 P 218a776f1cb044dd93ebb8f8a12156b2 [NON_LEADER]: Queue going to NON_LEADER mode. State: All replicated index: 0, Majority replicated index: 0, Committed index: 0, Last appended: 0.0, Last appended by leader: 0, Current term: 0, Majority size: -1, State: 0, Mode: NON_LEADER, active raft config: opid_index: -1 OBSOLETE_local: false peers { permanent_uuid: "b21057f270c84dbaa5f07f61b50fd287" member_type: VOTER last_known_addr { host: "127.5.161.65" port: 34839 } } peers { permanent_uuid: "ce8c3f67a08349d5965458a533190aee" member_type: VOTER last_known_addr { host: "127.5.161.66" port: 44039 } } peers { permanent_uuid: "218a776f1cb044dd93ebb8f8a12156b2" member_type: VOTER last_known_addr { host: "127.5.161.67" port: 35321 } }
I20260713 09:02:39.019407  7074 ts_tablet_manager.cc:1434] T 90f9d2bf62bb48c9af1538ccd6215ed7 P 218a776f1cb044dd93ebb8f8a12156b2: Time spent starting tablet: real 0.016s	user 0.005s	sys 0.000s
I20260713 09:02:39.021507  6779 catalog_manager.cc:5697] T 48769879fa5a4b46bccd222ecae4480d P b21057f270c84dbaa5f07f61b50fd287 reported cstate change: term changed from 0 to 1, leader changed from <none> to b21057f270c84dbaa5f07f61b50fd287 (127.5.161.65). New cstate: current_term: 1 leader_uuid: "b21057f270c84dbaa5f07f61b50fd287" committed_config { opid_index: -1 OBSOLETE_local: false peers { permanent_uuid: "b21057f270c84dbaa5f07f61b50fd287" member_type: VOTER last_known_addr { host: "127.5.161.65" port: 34839 } health_report { overall_health: HEALTHY } } peers { permanent_uuid: "ce8c3f67a08349d5965458a533190aee" member_type: VOTER last_known_addr { host: "127.5.161.66" port: 44039 } health_report { overall_health: UNKNOWN } } peers { permanent_uuid: "218a776f1cb044dd93ebb8f8a12156b2" member_type: VOTER last_known_addr { host: "127.5.161.67" port: 35321 } health_report { overall_health: UNKNOWN } } }
I20260713 09:02:39.022517  6957 raft_consensus.cc:2468] T 4bbb9354f3044b94b71fddb461f0b20e P ce8c3f67a08349d5965458a533190aee [term 1 FOLLOWER]: Leader election vote request: Granting yes vote for candidate b21057f270c84dbaa5f07f61b50fd287 in term 1.
I20260713 09:02:39.025349  7104 consensus_queue.cc:1048] T 4d755a1f78b147e38ac958ce8215d450 P ce8c3f67a08349d5965458a533190aee [LEADER]: Connected to new peer: Peer: permanent_uuid: "b21057f270c84dbaa5f07f61b50fd287" member_type: VOTER last_known_addr { host: "127.5.161.65" port: 34839 }, Status: LMP_MISMATCH, Last received: 0.0, Next index: 1, Last known committed idx: 0, Time since last communication: 0.000s
I20260713 09:02:39.022912  7119 leader_election.cc:290] T 4bbb9354f3044b94b71fddb461f0b20e P b21057f270c84dbaa5f07f61b50fd287 [CANDIDATE]: Term 1 election: Requested vote from peers 218a776f1cb044dd93ebb8f8a12156b2 (127.5.161.67:35321), ce8c3f67a08349d5965458a533190aee (127.5.161.66:44039)
I20260713 09:02:39.026183  7073 tablet_bootstrap.cc:492] T 2503740919064267894f7f0d7a04cf13 P b21057f270c84dbaa5f07f61b50fd287: No bootstrap required, opened a new log
I20260713 09:02:39.026623  7073 ts_tablet_manager.cc:1403] T 2503740919064267894f7f0d7a04cf13 P b21057f270c84dbaa5f07f61b50fd287: Time spent bootstrapping tablet: real 0.074s	user 0.018s	sys 0.043s
I20260713 09:02:39.027918  7074 tablet_bootstrap.cc:492] T 383e3feb52374813ad7dac8b896ffa5b P 218a776f1cb044dd93ebb8f8a12156b2: Bootstrap starting.
I20260713 09:02:39.030419  7073 raft_consensus.cc:359] T 2503740919064267894f7f0d7a04cf13 P b21057f270c84dbaa5f07f61b50fd287 [term 0 FOLLOWER]: Replica starting. Triggering 0 pending ops. Active config: opid_index: -1 OBSOLETE_local: false peers { permanent_uuid: "b21057f270c84dbaa5f07f61b50fd287" member_type: VOTER last_known_addr { host: "127.5.161.65" port: 34839 } } peers { permanent_uuid: "ce8c3f67a08349d5965458a533190aee" member_type: VOTER last_known_addr { host: "127.5.161.66" port: 44039 } } peers { permanent_uuid: "218a776f1cb044dd93ebb8f8a12156b2" member_type: VOTER last_known_addr { host: "127.5.161.67" port: 35321 } }
I20260713 09:02:39.031045  7073 raft_consensus.cc:385] T 2503740919064267894f7f0d7a04cf13 P b21057f270c84dbaa5f07f61b50fd287 [term 0 FOLLOWER]: Consensus starting up: Expiring failure detector timer to make a prompt election more likely
I20260713 09:02:39.031311  7073 raft_consensus.cc:740] T 2503740919064267894f7f0d7a04cf13 P b21057f270c84dbaa5f07f61b50fd287 [term 0 FOLLOWER]: Becoming Follower/Learner. State: Replica: b21057f270c84dbaa5f07f61b50fd287, State: Initialized, Role: FOLLOWER
I20260713 09:02:39.032011  7073 consensus_queue.cc:260] T 2503740919064267894f7f0d7a04cf13 P b21057f270c84dbaa5f07f61b50fd287 [NON_LEADER]: Queue going to NON_LEADER mode. State: All replicated index: 0, Majority replicated index: 0, Committed index: 0, Last appended: 0.0, Last appended by leader: 0, Current term: 0, Majority size: -1, State: 0, Mode: NON_LEADER, active raft config: opid_index: -1 OBSOLETE_local: false peers { permanent_uuid: "b21057f270c84dbaa5f07f61b50fd287" member_type: VOTER last_known_addr { host: "127.5.161.65" port: 34839 } } peers { permanent_uuid: "ce8c3f67a08349d5965458a533190aee" member_type: VOTER last_known_addr { host: "127.5.161.66" port: 44039 } } peers { permanent_uuid: "218a776f1cb044dd93ebb8f8a12156b2" member_type: VOTER last_known_addr { host: "127.5.161.67" port: 35321 } }
I20260713 09:02:39.034514  7073 ts_tablet_manager.cc:1434] T 2503740919064267894f7f0d7a04cf13 P b21057f270c84dbaa5f07f61b50fd287: Time spent starting tablet: real 0.008s	user 0.006s	sys 0.002s
I20260713 09:02:39.035509  7073 tablet_bootstrap.cc:492] T 19a4ac0ccead426db74eb2929943ed30 P b21057f270c84dbaa5f07f61b50fd287: Bootstrap starting.
I20260713 09:02:39.044467  7074 tablet_bootstrap.cc:654] T 383e3feb52374813ad7dac8b896ffa5b P 218a776f1cb044dd93ebb8f8a12156b2: Neither blocks nor log segments found. Creating new log.
I20260713 09:02:39.048305  7073 tablet_bootstrap.cc:654] T 19a4ac0ccead426db74eb2929943ed30 P b21057f270c84dbaa5f07f61b50fd287: Neither blocks nor log segments found. Creating new log.
I20260713 09:02:39.047542  6779 catalog_manager.cc:5697] T b722c8f5d022432d9c0756d8157606db P 218a776f1cb044dd93ebb8f8a12156b2 reported cstate change: term changed from 0 to 1, leader changed from <none> to 218a776f1cb044dd93ebb8f8a12156b2 (127.5.161.67). New cstate: current_term: 1 leader_uuid: "218a776f1cb044dd93ebb8f8a12156b2" committed_config { opid_index: -1 OBSOLETE_local: false peers { permanent_uuid: "b21057f270c84dbaa5f07f61b50fd287" member_type: VOTER last_known_addr { host: "127.5.161.65" port: 34839 } health_report { overall_health: UNKNOWN } } peers { permanent_uuid: "ce8c3f67a08349d5965458a533190aee" member_type: VOTER last_known_addr { host: "127.5.161.66" port: 44039 } health_report { overall_health: UNKNOWN } } peers { permanent_uuid: "218a776f1cb044dd93ebb8f8a12156b2" member_type: VOTER last_known_addr { host: "127.5.161.67" port: 35321 } health_report { overall_health: HEALTHY } } }
I20260713 09:02:39.057888  7072 tablet_bootstrap.cc:492] T 48769879fa5a4b46bccd222ecae4480d P ce8c3f67a08349d5965458a533190aee: No bootstrap required, opened a new log
I20260713 09:02:39.058295  7072 ts_tablet_manager.cc:1403] T 48769879fa5a4b46bccd222ecae4480d P ce8c3f67a08349d5965458a533190aee: Time spent bootstrapping tablet: real 0.051s	user 0.016s	sys 0.016s
I20260713 09:02:39.060751  7072 raft_consensus.cc:359] T 48769879fa5a4b46bccd222ecae4480d P ce8c3f67a08349d5965458a533190aee [term 0 FOLLOWER]: Replica starting. Triggering 0 pending ops. Active config: opid_index: -1 OBSOLETE_local: false peers { permanent_uuid: "b21057f270c84dbaa5f07f61b50fd287" member_type: VOTER last_known_addr { host: "127.5.161.65" port: 34839 } } peers { permanent_uuid: "ce8c3f67a08349d5965458a533190aee" member_type: VOTER last_known_addr { host: "127.5.161.66" port: 44039 } } peers { permanent_uuid: "218a776f1cb044dd93ebb8f8a12156b2" member_type: VOTER last_known_addr { host: "127.5.161.67" port: 35321 } }
I20260713 09:02:39.061420  7072 raft_consensus.cc:385] T 48769879fa5a4b46bccd222ecae4480d P ce8c3f67a08349d5965458a533190aee [term 0 FOLLOWER]: Consensus starting up: Expiring failure detector timer to make a prompt election more likely
I20260713 09:02:39.061695  7072 raft_consensus.cc:740] T 48769879fa5a4b46bccd222ecae4480d P ce8c3f67a08349d5965458a533190aee [term 0 FOLLOWER]: Becoming Follower/Learner. State: Replica: ce8c3f67a08349d5965458a533190aee, State: Initialized, Role: FOLLOWER
I20260713 09:02:39.062297  7072 consensus_queue.cc:260] T 48769879fa5a4b46bccd222ecae4480d P ce8c3f67a08349d5965458a533190aee [NON_LEADER]: Queue going to NON_LEADER mode. State: All replicated index: 0, Majority replicated index: 0, Committed index: 0, Last appended: 0.0, Last appended by leader: 0, Current term: 0, Majority size: -1, State: 0, Mode: NON_LEADER, active raft config: opid_index: -1 OBSOLETE_local: false peers { permanent_uuid: "b21057f270c84dbaa5f07f61b50fd287" member_type: VOTER last_known_addr { host: "127.5.161.65" port: 34839 } } peers { permanent_uuid: "ce8c3f67a08349d5965458a533190aee" member_type: VOTER last_known_addr { host: "127.5.161.66" port: 44039 } } peers { permanent_uuid: "218a776f1cb044dd93ebb8f8a12156b2" member_type: VOTER last_known_addr { host: "127.5.161.67" port: 35321 } }
I20260713 09:02:39.060053  6781 catalog_manager.cc:5697] T 4bbb9354f3044b94b71fddb461f0b20e P b21057f270c84dbaa5f07f61b50fd287 reported cstate change: term changed from 0 to 1, leader changed from <none> to b21057f270c84dbaa5f07f61b50fd287 (127.5.161.65). New cstate: current_term: 1 leader_uuid: "b21057f270c84dbaa5f07f61b50fd287" committed_config { opid_index: -1 OBSOLETE_local: false peers { permanent_uuid: "218a776f1cb044dd93ebb8f8a12156b2" member_type: VOTER last_known_addr { host: "127.5.161.67" port: 35321 } health_report { overall_health: UNKNOWN } } peers { permanent_uuid: "b21057f270c84dbaa5f07f61b50fd287" member_type: VOTER last_known_addr { host: "127.5.161.65" port: 34839 } health_report { overall_health: HEALTHY } } peers { permanent_uuid: "ce8c3f67a08349d5965458a533190aee" member_type: VOTER last_known_addr { host: "127.5.161.66" port: 44039 } health_report { overall_health: UNKNOWN } } }
I20260713 09:02:39.064826  7072 ts_tablet_manager.cc:1434] T 48769879fa5a4b46bccd222ecae4480d P ce8c3f67a08349d5965458a533190aee: Time spent starting tablet: real 0.006s	user 0.005s	sys 0.000s
I20260713 09:02:39.065676  7072 tablet_bootstrap.cc:492] T 50ecf54930574eb395abbbe2b8b650e5 P ce8c3f67a08349d5965458a533190aee: Bootstrap starting.
I20260713 09:02:39.071525  7073 tablet_bootstrap.cc:492] T 19a4ac0ccead426db74eb2929943ed30 P b21057f270c84dbaa5f07f61b50fd287: No bootstrap required, opened a new log
I20260713 09:02:39.071934  7073 ts_tablet_manager.cc:1403] T 19a4ac0ccead426db74eb2929943ed30 P b21057f270c84dbaa5f07f61b50fd287: Time spent bootstrapping tablet: real 0.037s	user 0.002s	sys 0.010s
I20260713 09:02:39.073320  7085 raft_consensus.cc:493] T 90f9d2bf62bb48c9af1538ccd6215ed7 P 218a776f1cb044dd93ebb8f8a12156b2 [term 0 FOLLOWER]: Starting pre-election (no leader contacted us within the election timeout)
I20260713 09:02:39.073799  7085 raft_consensus.cc:515] T 90f9d2bf62bb48c9af1538ccd6215ed7 P 218a776f1cb044dd93ebb8f8a12156b2 [term 0 FOLLOWER]: Starting pre-election with config: opid_index: -1 OBSOLETE_local: false peers { permanent_uuid: "b21057f270c84dbaa5f07f61b50fd287" member_type: VOTER last_known_addr { host: "127.5.161.65" port: 34839 } } peers { permanent_uuid: "ce8c3f67a08349d5965458a533190aee" member_type: VOTER last_known_addr { host: "127.5.161.66" port: 44039 } } peers { permanent_uuid: "218a776f1cb044dd93ebb8f8a12156b2" member_type: VOTER last_known_addr { host: "127.5.161.67" port: 35321 } }
I20260713 09:02:39.074373  7073 raft_consensus.cc:359] T 19a4ac0ccead426db74eb2929943ed30 P b21057f270c84dbaa5f07f61b50fd287 [term 0 FOLLOWER]: Replica starting. Triggering 0 pending ops. Active config: opid_index: -1 OBSOLETE_local: false peers { permanent_uuid: "b21057f270c84dbaa5f07f61b50fd287" member_type: VOTER last_known_addr { host: "127.5.161.65" port: 34839 } } peers { permanent_uuid: "ce8c3f67a08349d5965458a533190aee" member_type: VOTER last_known_addr { host: "127.5.161.66" port: 44039 } } peers { permanent_uuid: "218a776f1cb044dd93ebb8f8a12156b2" member_type: VOTER last_known_addr { host: "127.5.161.67" port: 35321 } }
I20260713 09:02:39.074985  7073 raft_consensus.cc:385] T 19a4ac0ccead426db74eb2929943ed30 P b21057f270c84dbaa5f07f61b50fd287 [term 0 FOLLOWER]: Consensus starting up: Expiring failure detector timer to make a prompt election more likely
I20260713 09:02:39.075228  7073 raft_consensus.cc:740] T 19a4ac0ccead426db74eb2929943ed30 P b21057f270c84dbaa5f07f61b50fd287 [term 0 FOLLOWER]: Becoming Follower/Learner. State: Replica: b21057f270c84dbaa5f07f61b50fd287, State: Initialized, Role: FOLLOWER
I20260713 09:02:39.075760  7085 leader_election.cc:290] T 90f9d2bf62bb48c9af1538ccd6215ed7 P 218a776f1cb044dd93ebb8f8a12156b2 [CANDIDATE]: Term 1 pre-election: Requested pre-vote from peers b21057f270c84dbaa5f07f61b50fd287 (127.5.161.65:34839), ce8c3f67a08349d5965458a533190aee (127.5.161.66:44039)
I20260713 09:02:39.075800  7073 consensus_queue.cc:260] T 19a4ac0ccead426db74eb2929943ed30 P b21057f270c84dbaa5f07f61b50fd287 [NON_LEADER]: Queue going to NON_LEADER mode. State: All replicated index: 0, Majority replicated index: 0, Committed index: 0, Last appended: 0.0, Last appended by leader: 0, Current term: 0, Majority size: -1, State: 0, Mode: NON_LEADER, active raft config: opid_index: -1 OBSOLETE_local: false peers { permanent_uuid: "b21057f270c84dbaa5f07f61b50fd287" member_type: VOTER last_known_addr { host: "127.5.161.65" port: 34839 } } peers { permanent_uuid: "ce8c3f67a08349d5965458a533190aee" member_type: VOTER last_known_addr { host: "127.5.161.66" port: 44039 } } peers { permanent_uuid: "218a776f1cb044dd93ebb8f8a12156b2" member_type: VOTER last_known_addr { host: "127.5.161.67" port: 35321 } }
I20260713 09:02:39.078081  7073 ts_tablet_manager.cc:1434] T 19a4ac0ccead426db74eb2929943ed30 P b21057f270c84dbaa5f07f61b50fd287: Time spent starting tablet: real 0.006s	user 0.005s	sys 0.001s
I20260713 09:02:39.078886  7073 tablet_bootstrap.cc:492] T 90f9d2bf62bb48c9af1538ccd6215ed7 P b21057f270c84dbaa5f07f61b50fd287: Bootstrap starting.
I20260713 09:02:39.079428  7074 tablet_bootstrap.cc:492] T 383e3feb52374813ad7dac8b896ffa5b P 218a776f1cb044dd93ebb8f8a12156b2: No bootstrap required, opened a new log
I20260713 09:02:39.079846  7074 ts_tablet_manager.cc:1403] T 383e3feb52374813ad7dac8b896ffa5b P 218a776f1cb044dd93ebb8f8a12156b2: Time spent bootstrapping tablet: real 0.052s	user 0.010s	sys 0.010s
I20260713 09:02:39.081488  7072 tablet_bootstrap.cc:654] T 50ecf54930574eb395abbbe2b8b650e5 P ce8c3f67a08349d5965458a533190aee: Neither blocks nor log segments found. Creating new log.
I20260713 09:02:39.082245  7074 raft_consensus.cc:359] T 383e3feb52374813ad7dac8b896ffa5b P 218a776f1cb044dd93ebb8f8a12156b2 [term 0 FOLLOWER]: Replica starting. Triggering 0 pending ops. Active config: opid_index: -1 OBSOLETE_local: false peers { permanent_uuid: "b21057f270c84dbaa5f07f61b50fd287" member_type: VOTER last_known_addr { host: "127.5.161.65" port: 34839 } } peers { permanent_uuid: "ce8c3f67a08349d5965458a533190aee" member_type: VOTER last_known_addr { host: "127.5.161.66" port: 44039 } } peers { permanent_uuid: "218a776f1cb044dd93ebb8f8a12156b2" member_type: VOTER last_known_addr { host: "127.5.161.67" port: 35321 } }
I20260713 09:02:39.082866  7074 raft_consensus.cc:385] T 383e3feb52374813ad7dac8b896ffa5b P 218a776f1cb044dd93ebb8f8a12156b2 [term 0 FOLLOWER]: Consensus starting up: Expiring failure detector timer to make a prompt election more likely
I20260713 09:02:39.083102  7074 raft_consensus.cc:740] T 383e3feb52374813ad7dac8b896ffa5b P 218a776f1cb044dd93ebb8f8a12156b2 [term 0 FOLLOWER]: Becoming Follower/Learner. State: Replica: 218a776f1cb044dd93ebb8f8a12156b2, State: Initialized, Role: FOLLOWER
I20260713 09:02:39.083932  7073 tablet_bootstrap.cc:654] T 90f9d2bf62bb48c9af1538ccd6215ed7 P b21057f270c84dbaa5f07f61b50fd287: Neither blocks nor log segments found. Creating new log.
I20260713 09:02:39.083680  7074 consensus_queue.cc:260] T 383e3feb52374813ad7dac8b896ffa5b P 218a776f1cb044dd93ebb8f8a12156b2 [NON_LEADER]: Queue going to NON_LEADER mode. State: All replicated index: 0, Majority replicated index: 0, Committed index: 0, Last appended: 0.0, Last appended by leader: 0, Current term: 0, Majority size: -1, State: 0, Mode: NON_LEADER, active raft config: opid_index: -1 OBSOLETE_local: false peers { permanent_uuid: "b21057f270c84dbaa5f07f61b50fd287" member_type: VOTER last_known_addr { host: "127.5.161.65" port: 34839 } } peers { permanent_uuid: "ce8c3f67a08349d5965458a533190aee" member_type: VOTER last_known_addr { host: "127.5.161.66" port: 44039 } } peers { permanent_uuid: "218a776f1cb044dd93ebb8f8a12156b2" member_type: VOTER last_known_addr { host: "127.5.161.67" port: 35321 } }
I20260713 09:02:39.085112  6883 tablet_service.cc:1917] Received RequestConsensusVote() RPC: tablet_id: "90f9d2bf62bb48c9af1538ccd6215ed7" candidate_uuid: "218a776f1cb044dd93ebb8f8a12156b2" candidate_term: 1 candidate_status { last_received { term: 0 index: 0 } } ignore_live_leader: false dest_uuid: "b21057f270c84dbaa5f07f61b50fd287" is_pre_election: true
I20260713 09:02:39.088709  7105 raft_consensus.cc:493] T 1e930650b580495f94859f952a930989 P ce8c3f67a08349d5965458a533190aee [term 0 FOLLOWER]: Starting pre-election (no leader contacted us within the election timeout)
W20260713 09:02:39.089205  6997 leader_election.cc:343] T 90f9d2bf62bb48c9af1538ccd6215ed7 P 218a776f1cb044dd93ebb8f8a12156b2 [CANDIDATE]: Term 1 pre-election: Tablet error from VoteRequest() call to peer b21057f270c84dbaa5f07f61b50fd287 (127.5.161.65:34839): Illegal state: must be running to vote when last-logged opid is not known
I20260713 09:02:39.089218  7105 raft_consensus.cc:515] T 1e930650b580495f94859f952a930989 P ce8c3f67a08349d5965458a533190aee [term 0 FOLLOWER]: Starting pre-election with config: opid_index: -1 OBSOLETE_local: false peers { permanent_uuid: "b21057f270c84dbaa5f07f61b50fd287" member_type: VOTER last_known_addr { host: "127.5.161.65" port: 34839 } } peers { permanent_uuid: "ce8c3f67a08349d5965458a533190aee" member_type: VOTER last_known_addr { host: "127.5.161.66" port: 44039 } } peers { permanent_uuid: "218a776f1cb044dd93ebb8f8a12156b2" member_type: VOTER last_known_addr { host: "127.5.161.67" port: 35321 } }
I20260713 09:02:39.091599  7105 leader_election.cc:290] T 1e930650b580495f94859f952a930989 P ce8c3f67a08349d5965458a533190aee [CANDIDATE]: Term 1 pre-election: Requested pre-vote from peers b21057f270c84dbaa5f07f61b50fd287 (127.5.161.65:34839), 218a776f1cb044dd93ebb8f8a12156b2 (127.5.161.67:35321)
I20260713 09:02:39.094080  7074 ts_tablet_manager.cc:1434] T 383e3feb52374813ad7dac8b896ffa5b P 218a776f1cb044dd93ebb8f8a12156b2: Time spent starting tablet: real 0.014s	user 0.005s	sys 0.000s
I20260713 09:02:39.094199  6957 tablet_service.cc:1917] Received RequestConsensusVote() RPC: tablet_id: "90f9d2bf62bb48c9af1538ccd6215ed7" candidate_uuid: "218a776f1cb044dd93ebb8f8a12156b2" candidate_term: 1 candidate_status { last_received { term: 0 index: 0 } } ignore_live_leader: false dest_uuid: "ce8c3f67a08349d5965458a533190aee" is_pre_election: true
I20260713 09:02:39.094738  6957 raft_consensus.cc:2468] T 90f9d2bf62bb48c9af1538ccd6215ed7 P ce8c3f67a08349d5965458a533190aee [term 0 FOLLOWER]: Leader pre-election vote request: Granting yes vote for candidate 218a776f1cb044dd93ebb8f8a12156b2 in term 0.
I20260713 09:02:39.094942  7074 tablet_bootstrap.cc:492] T 2503740919064267894f7f0d7a04cf13 P 218a776f1cb044dd93ebb8f8a12156b2: Bootstrap starting.
I20260713 09:02:39.095628  7031 tablet_service.cc:1917] Received RequestConsensusVote() RPC: tablet_id: "1e930650b580495f94859f952a930989" candidate_uuid: "ce8c3f67a08349d5965458a533190aee" candidate_term: 1 candidate_status { last_received { term: 0 index: 0 } } ignore_live_leader: false dest_uuid: "218a776f1cb044dd93ebb8f8a12156b2" is_pre_election: true
I20260713 09:02:39.097903  6883 tablet_service.cc:1917] Received RequestConsensusVote() RPC: tablet_id: "1e930650b580495f94859f952a930989" candidate_uuid: "ce8c3f67a08349d5965458a533190aee" candidate_term: 1 candidate_status { last_received { term: 0 index: 0 } } ignore_live_leader: false dest_uuid: "b21057f270c84dbaa5f07f61b50fd287" is_pre_election: true
I20260713 09:02:39.102394  7072 tablet_bootstrap.cc:492] T 50ecf54930574eb395abbbe2b8b650e5 P ce8c3f67a08349d5965458a533190aee: No bootstrap required, opened a new log
I20260713 09:02:39.102283  7079 consensus_queue.cc:1048] T 4d755a1f78b147e38ac958ce8215d450 P ce8c3f67a08349d5965458a533190aee [LEADER]: Connected to new peer: Peer: permanent_uuid: "218a776f1cb044dd93ebb8f8a12156b2" member_type: VOTER last_known_addr { host: "127.5.161.67" port: 35321 }, Status: LMP_MISMATCH, Last received: 0.0, Next index: 1, Last known committed idx: 0, Time since last communication: 0.000s
I20260713 09:02:39.104121  7072 ts_tablet_manager.cc:1403] T 50ecf54930574eb395abbbe2b8b650e5 P ce8c3f67a08349d5965458a533190aee: Time spent bootstrapping tablet: real 0.039s	user 0.014s	sys 0.011s
I20260713 09:02:39.107441  7074 tablet_bootstrap.cc:654] T 2503740919064267894f7f0d7a04cf13 P 218a776f1cb044dd93ebb8f8a12156b2: Neither blocks nor log segments found. Creating new log.
W20260713 09:02:39.110733  6923 leader_election.cc:343] T 1e930650b580495f94859f952a930989 P ce8c3f67a08349d5965458a533190aee [CANDIDATE]: Term 1 pre-election: Tablet error from VoteRequest() call to peer b21057f270c84dbaa5f07f61b50fd287 (127.5.161.65:34839): Illegal state: must be running to vote when last-logged opid is not known
I20260713 09:02:39.111454  6996 leader_election.cc:304] T 90f9d2bf62bb48c9af1538ccd6215ed7 P 218a776f1cb044dd93ebb8f8a12156b2 [CANDIDATE]: Term 1 pre-election: Election decided. Result: candidate won. Election summary: received 3 responses out of 3 voters: 2 yes votes; 1 no votes. yes voters: 218a776f1cb044dd93ebb8f8a12156b2, ce8c3f67a08349d5965458a533190aee; no voters: b21057f270c84dbaa5f07f61b50fd287
I20260713 09:02:39.114240  7072 raft_consensus.cc:359] T 50ecf54930574eb395abbbe2b8b650e5 P ce8c3f67a08349d5965458a533190aee [term 0 FOLLOWER]: Replica starting. Triggering 0 pending ops. Active config: opid_index: -1 OBSOLETE_local: false peers { permanent_uuid: "b21057f270c84dbaa5f07f61b50fd287" member_type: VOTER last_known_addr { host: "127.5.161.65" port: 34839 } } peers { permanent_uuid: "ce8c3f67a08349d5965458a533190aee" member_type: VOTER last_known_addr { host: "127.5.161.66" port: 44039 } } peers { permanent_uuid: "218a776f1cb044dd93ebb8f8a12156b2" member_type: VOTER last_known_addr { host: "127.5.161.67" port: 35321 } }
I20260713 09:02:39.115836  7072 raft_consensus.cc:385] T 50ecf54930574eb395abbbe2b8b650e5 P ce8c3f67a08349d5965458a533190aee [term 0 FOLLOWER]: Consensus starting up: Expiring failure detector timer to make a prompt election more likely
I20260713 09:02:39.116102  7085 raft_consensus.cc:2804] T 90f9d2bf62bb48c9af1538ccd6215ed7 P 218a776f1cb044dd93ebb8f8a12156b2 [term 0 FOLLOWER]: Leader pre-election won for term 1
I20260713 09:02:39.116497  7085 raft_consensus.cc:493] T 90f9d2bf62bb48c9af1538ccd6215ed7 P 218a776f1cb044dd93ebb8f8a12156b2 [term 0 FOLLOWER]: Starting leader election (no leader contacted us within the election timeout)
I20260713 09:02:39.116837  7085 raft_consensus.cc:3060] T 90f9d2bf62bb48c9af1538ccd6215ed7 P 218a776f1cb044dd93ebb8f8a12156b2 [term 0 FOLLOWER]: Advancing to term 1
I20260713 09:02:39.123569  7085 raft_consensus.cc:515] T 90f9d2bf62bb48c9af1538ccd6215ed7 P 218a776f1cb044dd93ebb8f8a12156b2 [term 1 FOLLOWER]: Starting leader election with config: opid_index: -1 OBSOLETE_local: false peers { permanent_uuid: "b21057f270c84dbaa5f07f61b50fd287" member_type: VOTER last_known_addr { host: "127.5.161.65" port: 34839 } } peers { permanent_uuid: "ce8c3f67a08349d5965458a533190aee" member_type: VOTER last_known_addr { host: "127.5.161.66" port: 44039 } } peers { permanent_uuid: "218a776f1cb044dd93ebb8f8a12156b2" member_type: VOTER last_known_addr { host: "127.5.161.67" port: 35321 } }
W20260713 09:02:39.116197  6923 leader_election.cc:343] T 1e930650b580495f94859f952a930989 P ce8c3f67a08349d5965458a533190aee [CANDIDATE]: Term 1 pre-election: Tablet error from VoteRequest() call to peer 218a776f1cb044dd93ebb8f8a12156b2 (127.5.161.67:35321): Illegal state: must be running to vote when last-logged opid is not known
I20260713 09:02:39.125200  6923 leader_election.cc:304] T 1e930650b580495f94859f952a930989 P ce8c3f67a08349d5965458a533190aee [CANDIDATE]: Term 1 pre-election: Election decided. Result: candidate lost. Election summary: received 3 responses out of 3 voters: 1 yes votes; 2 no votes. yes voters: ce8c3f67a08349d5965458a533190aee; no voters: 218a776f1cb044dd93ebb8f8a12156b2, b21057f270c84dbaa5f07f61b50fd287
I20260713 09:02:39.126713  6882 tablet_service.cc:1917] Received RequestConsensusVote() RPC: tablet_id: "90f9d2bf62bb48c9af1538ccd6215ed7" candidate_uuid: "218a776f1cb044dd93ebb8f8a12156b2" candidate_term: 1 candidate_status { last_received { term: 0 index: 0 } } ignore_live_leader: false dest_uuid: "b21057f270c84dbaa5f07f61b50fd287"
I20260713 09:02:39.127095  7105 raft_consensus.cc:2749] T 1e930650b580495f94859f952a930989 P ce8c3f67a08349d5965458a533190aee [term 0 FOLLOWER]: Leader pre-election lost for term 1. Reason: could not achieve majority
W20260713 09:02:39.127997  6997 leader_election.cc:343] T 90f9d2bf62bb48c9af1538ccd6215ed7 P 218a776f1cb044dd93ebb8f8a12156b2 [CANDIDATE]: Term 1 election: Tablet error from VoteRequest() call to peer b21057f270c84dbaa5f07f61b50fd287 (127.5.161.65:34839): Illegal state: must be running to vote when last-logged opid is not known
I20260713 09:02:39.116094  7072 raft_consensus.cc:740] T 50ecf54930574eb395abbbe2b8b650e5 P ce8c3f67a08349d5965458a533190aee [term 0 FOLLOWER]: Becoming Follower/Learner. State: Replica: ce8c3f67a08349d5965458a533190aee, State: Initialized, Role: FOLLOWER
I20260713 09:02:39.129033  7072 consensus_queue.cc:260] T 50ecf54930574eb395abbbe2b8b650e5 P ce8c3f67a08349d5965458a533190aee [NON_LEADER]: Queue going to NON_LEADER mode. State: All replicated index: 0, Majority replicated index: 0, Committed index: 0, Last appended: 0.0, Last appended by leader: 0, Current term: 0, Majority size: -1, State: 0, Mode: NON_LEADER, active raft config: opid_index: -1 OBSOLETE_local: false peers { permanent_uuid: "b21057f270c84dbaa5f07f61b50fd287" member_type: VOTER last_known_addr { host: "127.5.161.65" port: 34839 } } peers { permanent_uuid: "ce8c3f67a08349d5965458a533190aee" member_type: VOTER last_known_addr { host: "127.5.161.66" port: 44039 } } peers { permanent_uuid: "218a776f1cb044dd93ebb8f8a12156b2" member_type: VOTER last_known_addr { host: "127.5.161.67" port: 35321 } }
I20260713 09:02:39.130966  7072 ts_tablet_manager.cc:1434] T 50ecf54930574eb395abbbe2b8b650e5 P ce8c3f67a08349d5965458a533190aee: Time spent starting tablet: real 0.027s	user 0.000s	sys 0.005s
I20260713 09:02:39.131775  7072 tablet_bootstrap.cc:492] T 19a4ac0ccead426db74eb2929943ed30 P ce8c3f67a08349d5965458a533190aee: Bootstrap starting.
I20260713 09:02:39.134953  7085 leader_election.cc:290] T 90f9d2bf62bb48c9af1538ccd6215ed7 P 218a776f1cb044dd93ebb8f8a12156b2 [CANDIDATE]: Term 1 election: Requested vote from peers b21057f270c84dbaa5f07f61b50fd287 (127.5.161.65:34839), ce8c3f67a08349d5965458a533190aee (127.5.161.66:44039)
I20260713 09:02:39.140740  6957 tablet_service.cc:1917] Received RequestConsensusVote() RPC: tablet_id: "90f9d2bf62bb48c9af1538ccd6215ed7" candidate_uuid: "218a776f1cb044dd93ebb8f8a12156b2" candidate_term: 1 candidate_status { last_received { term: 0 index: 0 } } ignore_live_leader: false dest_uuid: "ce8c3f67a08349d5965458a533190aee"
I20260713 09:02:39.141312  6957 raft_consensus.cc:3060] T 90f9d2bf62bb48c9af1538ccd6215ed7 P ce8c3f67a08349d5965458a533190aee [term 0 FOLLOWER]: Advancing to term 1
I20260713 09:02:39.145704  7072 tablet_bootstrap.cc:654] T 19a4ac0ccead426db74eb2929943ed30 P ce8c3f67a08349d5965458a533190aee: Neither blocks nor log segments found. Creating new log.
I20260713 09:02:39.146487  7074 tablet_bootstrap.cc:492] T 2503740919064267894f7f0d7a04cf13 P 218a776f1cb044dd93ebb8f8a12156b2: No bootstrap required, opened a new log
I20260713 09:02:39.147258  7074 ts_tablet_manager.cc:1403] T 2503740919064267894f7f0d7a04cf13 P 218a776f1cb044dd93ebb8f8a12156b2: Time spent bootstrapping tablet: real 0.052s	user 0.017s	sys 0.027s
I20260713 09:02:39.147657  6957 raft_consensus.cc:2468] T 90f9d2bf62bb48c9af1538ccd6215ed7 P ce8c3f67a08349d5965458a533190aee [term 1 FOLLOWER]: Leader election vote request: Granting yes vote for candidate 218a776f1cb044dd93ebb8f8a12156b2 in term 1.
I20260713 09:02:39.150296  7074 raft_consensus.cc:359] T 2503740919064267894f7f0d7a04cf13 P 218a776f1cb044dd93ebb8f8a12156b2 [term 0 FOLLOWER]: Replica starting. Triggering 0 pending ops. Active config: opid_index: -1 OBSOLETE_local: false peers { permanent_uuid: "b21057f270c84dbaa5f07f61b50fd287" member_type: VOTER last_known_addr { host: "127.5.161.65" port: 34839 } } peers { permanent_uuid: "ce8c3f67a08349d5965458a533190aee" member_type: VOTER last_known_addr { host: "127.5.161.66" port: 44039 } } peers { permanent_uuid: "218a776f1cb044dd93ebb8f8a12156b2" member_type: VOTER last_known_addr { host: "127.5.161.67" port: 35321 } }
I20260713 09:02:39.150909  7074 raft_consensus.cc:385] T 2503740919064267894f7f0d7a04cf13 P 218a776f1cb044dd93ebb8f8a12156b2 [term 0 FOLLOWER]: Consensus starting up: Expiring failure detector timer to make a prompt election more likely
I20260713 09:02:39.151150  7074 raft_consensus.cc:740] T 2503740919064267894f7f0d7a04cf13 P 218a776f1cb044dd93ebb8f8a12156b2 [term 0 FOLLOWER]: Becoming Follower/Learner. State: Replica: 218a776f1cb044dd93ebb8f8a12156b2, State: Initialized, Role: FOLLOWER
I20260713 09:02:39.151726  7074 consensus_queue.cc:260] T 2503740919064267894f7f0d7a04cf13 P 218a776f1cb044dd93ebb8f8a12156b2 [NON_LEADER]: Queue going to NON_LEADER mode. State: All replicated index: 0, Majority replicated index: 0, Committed index: 0, Last appended: 0.0, Last appended by leader: 0, Current term: 0, Majority size: -1, State: 0, Mode: NON_LEADER, active raft config: opid_index: -1 OBSOLETE_local: false peers { permanent_uuid: "b21057f270c84dbaa5f07f61b50fd287" member_type: VOTER last_known_addr { host: "127.5.161.65" port: 34839 } } peers { permanent_uuid: "ce8c3f67a08349d5965458a533190aee" member_type: VOTER last_known_addr { host: "127.5.161.66" port: 44039 } } peers { permanent_uuid: "218a776f1cb044dd93ebb8f8a12156b2" member_type: VOTER last_known_addr { host: "127.5.161.67" port: 35321 } }
I20260713 09:02:39.153332  7074 ts_tablet_manager.cc:1434] T 2503740919064267894f7f0d7a04cf13 P 218a776f1cb044dd93ebb8f8a12156b2: Time spent starting tablet: real 0.006s	user 0.005s	sys 0.000s
I20260713 09:02:39.153357  6996 leader_election.cc:304] T 90f9d2bf62bb48c9af1538ccd6215ed7 P 218a776f1cb044dd93ebb8f8a12156b2 [CANDIDATE]: Term 1 election: Election decided. Result: candidate won. Election summary: received 3 responses out of 3 voters: 2 yes votes; 1 no votes. yes voters: 218a776f1cb044dd93ebb8f8a12156b2, ce8c3f67a08349d5965458a533190aee; no voters: b21057f270c84dbaa5f07f61b50fd287
I20260713 09:02:39.154521  7074 tablet_bootstrap.cc:492] T b6aec4f289f6461a8cc29f1d903f7b96 P 218a776f1cb044dd93ebb8f8a12156b2: Bootstrap starting.
I20260713 09:02:39.154713  7085 raft_consensus.cc:2804] T 90f9d2bf62bb48c9af1538ccd6215ed7 P 218a776f1cb044dd93ebb8f8a12156b2 [term 1 FOLLOWER]: Leader election won for term 1
I20260713 09:02:39.155040  7121 raft_consensus.cc:493] T 19a4ac0ccead426db74eb2929943ed30 P b21057f270c84dbaa5f07f61b50fd287 [term 0 FOLLOWER]: Starting pre-election (no leader contacted us within the election timeout)
I20260713 09:02:39.155212  7085 raft_consensus.cc:697] T 90f9d2bf62bb48c9af1538ccd6215ed7 P 218a776f1cb044dd93ebb8f8a12156b2 [term 1 LEADER]: Becoming Leader. State: Replica: 218a776f1cb044dd93ebb8f8a12156b2, State: Running, Role: LEADER
I20260713 09:02:39.155480  7121 raft_consensus.cc:515] T 19a4ac0ccead426db74eb2929943ed30 P b21057f270c84dbaa5f07f61b50fd287 [term 0 FOLLOWER]: Starting pre-election with config: opid_index: -1 OBSOLETE_local: false peers { permanent_uuid: "b21057f270c84dbaa5f07f61b50fd287" member_type: VOTER last_known_addr { host: "127.5.161.65" port: 34839 } } peers { permanent_uuid: "ce8c3f67a08349d5965458a533190aee" member_type: VOTER last_known_addr { host: "127.5.161.66" port: 44039 } } peers { permanent_uuid: "218a776f1cb044dd93ebb8f8a12156b2" member_type: VOTER last_known_addr { host: "127.5.161.67" port: 35321 } }
I20260713 09:02:39.156080  7085 consensus_queue.cc:237] T 90f9d2bf62bb48c9af1538ccd6215ed7 P 218a776f1cb044dd93ebb8f8a12156b2 [LEADER]: Queue going to LEADER mode. State: All replicated index: 0, Majority replicated index: 0, Committed index: 0, Last appended: 0.0, Last appended by leader: 0, Current term: 1, Majority size: 2, State: 0, Mode: LEADER, active raft config: opid_index: -1 OBSOLETE_local: false peers { permanent_uuid: "b21057f270c84dbaa5f07f61b50fd287" member_type: VOTER last_known_addr { host: "127.5.161.65" port: 34839 } } peers { permanent_uuid: "ce8c3f67a08349d5965458a533190aee" member_type: VOTER last_known_addr { host: "127.5.161.66" port: 44039 } } peers { permanent_uuid: "218a776f1cb044dd93ebb8f8a12156b2" member_type: VOTER last_known_addr { host: "127.5.161.67" port: 35321 } }
I20260713 09:02:39.157469  7121 leader_election.cc:290] T 19a4ac0ccead426db74eb2929943ed30 P b21057f270c84dbaa5f07f61b50fd287 [CANDIDATE]: Term 1 pre-election: Requested pre-vote from peers ce8c3f67a08349d5965458a533190aee (127.5.161.66:44039), 218a776f1cb044dd93ebb8f8a12156b2 (127.5.161.67:35321)
I20260713 09:02:39.159231  6957 tablet_service.cc:1917] Received RequestConsensusVote() RPC: tablet_id: "19a4ac0ccead426db74eb2929943ed30" candidate_uuid: "b21057f270c84dbaa5f07f61b50fd287" candidate_term: 1 candidate_status { last_received { term: 0 index: 0 } } ignore_live_leader: false dest_uuid: "ce8c3f67a08349d5965458a533190aee" is_pre_election: true
I20260713 09:02:39.159750  7031 tablet_service.cc:1917] Received RequestConsensusVote() RPC: tablet_id: "19a4ac0ccead426db74eb2929943ed30" candidate_uuid: "b21057f270c84dbaa5f07f61b50fd287" candidate_term: 1 candidate_status { last_received { term: 0 index: 0 } } ignore_live_leader: false dest_uuid: "218a776f1cb044dd93ebb8f8a12156b2" is_pre_election: true
W20260713 09:02:39.160388  6847 leader_election.cc:343] T 19a4ac0ccead426db74eb2929943ed30 P b21057f270c84dbaa5f07f61b50fd287 [CANDIDATE]: Term 1 pre-election: Tablet error from VoteRequest() call to peer ce8c3f67a08349d5965458a533190aee (127.5.161.66:44039): Illegal state: must be running to vote when last-logged opid is not known
W20260713 09:02:39.161242  6848 leader_election.cc:343] T 19a4ac0ccead426db74eb2929943ed30 P b21057f270c84dbaa5f07f61b50fd287 [CANDIDATE]: Term 1 pre-election: Tablet error from VoteRequest() call to peer 218a776f1cb044dd93ebb8f8a12156b2 (127.5.161.67:35321): Illegal state: must be running to vote when last-logged opid is not known
I20260713 09:02:39.161648  6848 leader_election.cc:304] T 19a4ac0ccead426db74eb2929943ed30 P b21057f270c84dbaa5f07f61b50fd287 [CANDIDATE]: Term 1 pre-election: Election decided. Result: candidate lost. Election summary: received 3 responses out of 3 voters: 1 yes votes; 2 no votes. yes voters: b21057f270c84dbaa5f07f61b50fd287; no voters: 218a776f1cb044dd93ebb8f8a12156b2, ce8c3f67a08349d5965458a533190aee
I20260713 09:02:39.162614  7121 raft_consensus.cc:2749] T 19a4ac0ccead426db74eb2929943ed30 P b21057f270c84dbaa5f07f61b50fd287 [term 0 FOLLOWER]: Leader pre-election lost for term 1. Reason: could not achieve majority
I20260713 09:02:39.163093  7073 tablet_bootstrap.cc:492] T 90f9d2bf62bb48c9af1538ccd6215ed7 P b21057f270c84dbaa5f07f61b50fd287: No bootstrap required, opened a new log
I20260713 09:02:39.163583  7073 ts_tablet_manager.cc:1403] T 90f9d2bf62bb48c9af1538ccd6215ed7 P b21057f270c84dbaa5f07f61b50fd287: Time spent bootstrapping tablet: real 0.085s	user 0.012s	sys 0.026s
I20260713 09:02:39.166182  7073 raft_consensus.cc:359] T 90f9d2bf62bb48c9af1538ccd6215ed7 P b21057f270c84dbaa5f07f61b50fd287 [term 0 FOLLOWER]: Replica starting. Triggering 0 pending ops. Active config: opid_index: -1 OBSOLETE_local: false peers { permanent_uuid: "b21057f270c84dbaa5f07f61b50fd287" member_type: VOTER last_known_addr { host: "127.5.161.65" port: 34839 } } peers { permanent_uuid: "ce8c3f67a08349d5965458a533190aee" member_type: VOTER last_known_addr { host: "127.5.161.66" port: 44039 } } peers { permanent_uuid: "218a776f1cb044dd93ebb8f8a12156b2" member_type: VOTER last_known_addr { host: "127.5.161.67" port: 35321 } }
I20260713 09:02:39.166837  7073 raft_consensus.cc:385] T 90f9d2bf62bb48c9af1538ccd6215ed7 P b21057f270c84dbaa5f07f61b50fd287 [term 0 FOLLOWER]: Consensus starting up: Expiring failure detector timer to make a prompt election more likely
I20260713 09:02:39.167095  7073 raft_consensus.cc:740] T 90f9d2bf62bb48c9af1538ccd6215ed7 P b21057f270c84dbaa5f07f61b50fd287 [term 0 FOLLOWER]: Becoming Follower/Learner. State: Replica: b21057f270c84dbaa5f07f61b50fd287, State: Initialized, Role: FOLLOWER
I20260713 09:02:39.168182  7074 tablet_bootstrap.cc:654] T b6aec4f289f6461a8cc29f1d903f7b96 P 218a776f1cb044dd93ebb8f8a12156b2: Neither blocks nor log segments found. Creating new log.
I20260713 09:02:39.167954  7073 consensus_queue.cc:260] T 90f9d2bf62bb48c9af1538ccd6215ed7 P b21057f270c84dbaa5f07f61b50fd287 [NON_LEADER]: Queue going to NON_LEADER mode. State: All replicated index: 0, Majority replicated index: 0, Committed index: 0, Last appended: 0.0, Last appended by leader: 0, Current term: 0, Majority size: -1, State: 0, Mode: NON_LEADER, active raft config: opid_index: -1 OBSOLETE_local: false peers { permanent_uuid: "b21057f270c84dbaa5f07f61b50fd287" member_type: VOTER last_known_addr { host: "127.5.161.65" port: 34839 } } peers { permanent_uuid: "ce8c3f67a08349d5965458a533190aee" member_type: VOTER last_known_addr { host: "127.5.161.66" port: 44039 } } peers { permanent_uuid: "218a776f1cb044dd93ebb8f8a12156b2" member_type: VOTER last_known_addr { host: "127.5.161.67" port: 35321 } }
I20260713 09:02:39.168242  6780 catalog_manager.cc:5697] T 90f9d2bf62bb48c9af1538ccd6215ed7 P 218a776f1cb044dd93ebb8f8a12156b2 reported cstate change: term changed from 0 to 1, leader changed from <none> to 218a776f1cb044dd93ebb8f8a12156b2 (127.5.161.67). New cstate: current_term: 1 leader_uuid: "218a776f1cb044dd93ebb8f8a12156b2" committed_config { opid_index: -1 OBSOLETE_local: false peers { permanent_uuid: "b21057f270c84dbaa5f07f61b50fd287" member_type: VOTER last_known_addr { host: "127.5.161.65" port: 34839 } health_report { overall_health: UNKNOWN } } peers { permanent_uuid: "ce8c3f67a08349d5965458a533190aee" member_type: VOTER last_known_addr { host: "127.5.161.66" port: 44039 } health_report { overall_health: UNKNOWN } } peers { permanent_uuid: "218a776f1cb044dd93ebb8f8a12156b2" member_type: VOTER last_known_addr { host: "127.5.161.67" port: 35321 } health_report { overall_health: HEALTHY } } }
I20260713 09:02:39.170089  7073 ts_tablet_manager.cc:1434] T 90f9d2bf62bb48c9af1538ccd6215ed7 P b21057f270c84dbaa5f07f61b50fd287: Time spent starting tablet: real 0.006s	user 0.006s	sys 0.001s
I20260713 09:02:39.172549  7072 tablet_bootstrap.cc:492] T 19a4ac0ccead426db74eb2929943ed30 P ce8c3f67a08349d5965458a533190aee: No bootstrap required, opened a new log
I20260713 09:02:39.172996  7072 ts_tablet_manager.cc:1403] T 19a4ac0ccead426db74eb2929943ed30 P ce8c3f67a08349d5965458a533190aee: Time spent bootstrapping tablet: real 0.041s	user 0.011s	sys 0.019s
I20260713 09:02:39.173213  7073 tablet_bootstrap.cc:492] T 000ed45c7e654dd799896a97026d6dbb P b21057f270c84dbaa5f07f61b50fd287: Bootstrap starting.
I20260713 09:02:39.174171  7119 consensus_queue.cc:1048] T 3f667025c34a43629c2ef8ef0bec56b1 P b21057f270c84dbaa5f07f61b50fd287 [LEADER]: Connected to new peer: Peer: permanent_uuid: "218a776f1cb044dd93ebb8f8a12156b2" member_type: VOTER last_known_addr { host: "127.5.161.67" port: 35321 }, Status: LMP_MISMATCH, Last received: 0.0, Next index: 1, Last known committed idx: 0, Time since last communication: 0.000s
I20260713 09:02:39.175674  7072 raft_consensus.cc:359] T 19a4ac0ccead426db74eb2929943ed30 P ce8c3f67a08349d5965458a533190aee [term 0 FOLLOWER]: Replica starting. Triggering 0 pending ops. Active config: opid_index: -1 OBSOLETE_local: false peers { permanent_uuid: "b21057f270c84dbaa5f07f61b50fd287" member_type: VOTER last_known_addr { host: "127.5.161.65" port: 34839 } } peers { permanent_uuid: "ce8c3f67a08349d5965458a533190aee" member_type: VOTER last_known_addr { host: "127.5.161.66" port: 44039 } } peers { permanent_uuid: "218a776f1cb044dd93ebb8f8a12156b2" member_type: VOTER last_known_addr { host: "127.5.161.67" port: 35321 } }
I20260713 09:02:39.176301  7072 raft_consensus.cc:385] T 19a4ac0ccead426db74eb2929943ed30 P ce8c3f67a08349d5965458a533190aee [term 0 FOLLOWER]: Consensus starting up: Expiring failure detector timer to make a prompt election more likely
I20260713 09:02:39.176553  7072 raft_consensus.cc:740] T 19a4ac0ccead426db74eb2929943ed30 P ce8c3f67a08349d5965458a533190aee [term 0 FOLLOWER]: Becoming Follower/Learner. State: Replica: ce8c3f67a08349d5965458a533190aee, State: Initialized, Role: FOLLOWER
I20260713 09:02:39.177268  7072 consensus_queue.cc:260] T 19a4ac0ccead426db74eb2929943ed30 P ce8c3f67a08349d5965458a533190aee [NON_LEADER]: Queue going to NON_LEADER mode. State: All replicated index: 0, Majority replicated index: 0, Committed index: 0, Last appended: 0.0, Last appended by leader: 0, Current term: 0, Majority size: -1, State: 0, Mode: NON_LEADER, active raft config: opid_index: -1 OBSOLETE_local: false peers { permanent_uuid: "b21057f270c84dbaa5f07f61b50fd287" member_type: VOTER last_known_addr { host: "127.5.161.65" port: 34839 } } peers { permanent_uuid: "ce8c3f67a08349d5965458a533190aee" member_type: VOTER last_known_addr { host: "127.5.161.66" port: 44039 } } peers { permanent_uuid: "218a776f1cb044dd93ebb8f8a12156b2" member_type: VOTER last_known_addr { host: "127.5.161.67" port: 35321 } }
I20260713 09:02:39.179162  7073 tablet_bootstrap.cc:654] T 000ed45c7e654dd799896a97026d6dbb P b21057f270c84dbaa5f07f61b50fd287: Neither blocks nor log segments found. Creating new log.
I20260713 09:02:39.182518  7072 ts_tablet_manager.cc:1434] T 19a4ac0ccead426db74eb2929943ed30 P ce8c3f67a08349d5965458a533190aee: Time spent starting tablet: real 0.009s	user 0.005s	sys 0.000s
I20260713 09:02:39.183437  7072 tablet_bootstrap.cc:492] T 00c0e6c3ccb94504a6779eee1bda2d07 P ce8c3f67a08349d5965458a533190aee: Bootstrap starting.
I20260713 09:02:39.189018  7072 tablet_bootstrap.cc:654] T 00c0e6c3ccb94504a6779eee1bda2d07 P ce8c3f67a08349d5965458a533190aee: Neither blocks nor log segments found. Creating new log.
I20260713 09:02:39.190048  7073 tablet_bootstrap.cc:492] T 000ed45c7e654dd799896a97026d6dbb P b21057f270c84dbaa5f07f61b50fd287: No bootstrap required, opened a new log
I20260713 09:02:39.190480  7073 ts_tablet_manager.cc:1403] T 000ed45c7e654dd799896a97026d6dbb P b21057f270c84dbaa5f07f61b50fd287: Time spent bootstrapping tablet: real 0.017s	user 0.012s	sys 0.003s
I20260713 09:02:39.194139  7124 raft_consensus.cc:493] T e4f2478fd32941cabbd66984e6667774 P b21057f270c84dbaa5f07f61b50fd287 [term 0 FOLLOWER]: Starting pre-election (no leader contacted us within the election timeout)
I20260713 09:02:39.194608  7124 raft_consensus.cc:515] T e4f2478fd32941cabbd66984e6667774 P b21057f270c84dbaa5f07f61b50fd287 [term 0 FOLLOWER]: Starting pre-election with config: opid_index: -1 OBSOLETE_local: false peers { permanent_uuid: "b21057f270c84dbaa5f07f61b50fd287" member_type: VOTER last_known_addr { host: "127.5.161.65" port: 34839 } } peers { permanent_uuid: "ce8c3f67a08349d5965458a533190aee" member_type: VOTER last_known_addr { host: "127.5.161.66" port: 44039 } } peers { permanent_uuid: "218a776f1cb044dd93ebb8f8a12156b2" member_type: VOTER last_known_addr { host: "127.5.161.67" port: 35321 } }
I20260713 09:02:39.196720  7074 tablet_bootstrap.cc:492] T b6aec4f289f6461a8cc29f1d903f7b96 P 218a776f1cb044dd93ebb8f8a12156b2: No bootstrap required, opened a new log
I20260713 09:02:39.197194  7074 ts_tablet_manager.cc:1403] T b6aec4f289f6461a8cc29f1d903f7b96 P 218a776f1cb044dd93ebb8f8a12156b2: Time spent bootstrapping tablet: real 0.043s	user 0.011s	sys 0.010s
I20260713 09:02:39.199903  7074 raft_consensus.cc:359] T b6aec4f289f6461a8cc29f1d903f7b96 P 218a776f1cb044dd93ebb8f8a12156b2 [term 0 FOLLOWER]: Replica starting. Triggering 0 pending ops. Active config: opid_index: -1 OBSOLETE_local: false peers { permanent_uuid: "b21057f270c84dbaa5f07f61b50fd287" member_type: VOTER last_known_addr { host: "127.5.161.65" port: 34839 } } peers { permanent_uuid: "ce8c3f67a08349d5965458a533190aee" member_type: VOTER last_known_addr { host: "127.5.161.66" port: 44039 } } peers { permanent_uuid: "218a776f1cb044dd93ebb8f8a12156b2" member_type: VOTER last_known_addr { host: "127.5.161.67" port: 35321 } }
I20260713 09:02:39.200059  6958 tablet_service.cc:1917] Received RequestConsensusVote() RPC: tablet_id: "e4f2478fd32941cabbd66984e6667774" candidate_uuid: "b21057f270c84dbaa5f07f61b50fd287" candidate_term: 1 candidate_status { last_received { term: 0 index: 0 } } ignore_live_leader: false dest_uuid: "ce8c3f67a08349d5965458a533190aee" is_pre_election: true
I20260713 09:02:39.200536  7074 raft_consensus.cc:385] T b6aec4f289f6461a8cc29f1d903f7b96 P 218a776f1cb044dd93ebb8f8a12156b2 [term 0 FOLLOWER]: Consensus starting up: Expiring failure detector timer to make a prompt election more likely
I20260713 09:02:39.200953  7074 raft_consensus.cc:740] T b6aec4f289f6461a8cc29f1d903f7b96 P 218a776f1cb044dd93ebb8f8a12156b2 [term 0 FOLLOWER]: Becoming Follower/Learner. State: Replica: 218a776f1cb044dd93ebb8f8a12156b2, State: Initialized, Role: FOLLOWER
I20260713 09:02:39.201027  6958 raft_consensus.cc:2468] T e4f2478fd32941cabbd66984e6667774 P ce8c3f67a08349d5965458a533190aee [term 0 FOLLOWER]: Leader pre-election vote request: Granting yes vote for candidate b21057f270c84dbaa5f07f61b50fd287 in term 0.
I20260713 09:02:39.201987  7080 consensus_queue.cc:1048] T 3f667025c34a43629c2ef8ef0bec56b1 P b21057f270c84dbaa5f07f61b50fd287 [LEADER]: Connected to new peer: Peer: permanent_uuid: "ce8c3f67a08349d5965458a533190aee" member_type: VOTER last_known_addr { host: "127.5.161.66" port: 44039 }, Status: LMP_MISMATCH, Last received: 0.0, Next index: 1, Last known committed idx: 0, Time since last communication: 0.001s
I20260713 09:02:39.202047  7074 consensus_queue.cc:260] T b6aec4f289f6461a8cc29f1d903f7b96 P 218a776f1cb044dd93ebb8f8a12156b2 [NON_LEADER]: Queue going to NON_LEADER mode. State: All replicated index: 0, Majority replicated index: 0, Committed index: 0, Last appended: 0.0, Last appended by leader: 0, Current term: 0, Majority size: -1, State: 0, Mode: NON_LEADER, active raft config: opid_index: -1 OBSOLETE_local: false peers { permanent_uuid: "b21057f270c84dbaa5f07f61b50fd287" member_type: VOTER last_known_addr { host: "127.5.161.65" port: 34839 } } peers { permanent_uuid: "ce8c3f67a08349d5965458a533190aee" member_type: VOTER last_known_addr { host: "127.5.161.66" port: 44039 } } peers { permanent_uuid: "218a776f1cb044dd93ebb8f8a12156b2" member_type: VOTER last_known_addr { host: "127.5.161.67" port: 35321 } }
I20260713 09:02:39.204276  7074 ts_tablet_manager.cc:1434] T b6aec4f289f6461a8cc29f1d903f7b96 P 218a776f1cb044dd93ebb8f8a12156b2: Time spent starting tablet: real 0.007s	user 0.005s	sys 0.000s
I20260713 09:02:39.205075  7074 tablet_bootstrap.cc:492] T 1e930650b580495f94859f952a930989 P 218a776f1cb044dd93ebb8f8a12156b2: Bootstrap starting.
