I20260713 09:02:24.454098 11641 raft_consensus.cc:2468] T 84ac0167b83f4da0a9457d1ebd9f87be P a71cffcf2fd84e678e7d2e5ddfea7495 [term 1 FOLLOWER]: Leader election vote request: Granting yes vote for candidate 4f556745e9bc435a874cc1ce45953b31 in term 1.
I20260713 09:02:24.457047 11755 leader_election.cc:304] T 84ac0167b83f4da0a9457d1ebd9f87be P 4f556745e9bc435a874cc1ce45953b31 [CANDIDATE]: Term 1 election: Election decided. Result: candidate won. Election summary: received 2 responses out of 3 voters: 2 yes votes; 0 no votes. yes voters: 4f556745e9bc435a874cc1ce45953b31, a71cffcf2fd84e678e7d2e5ddfea7495; no voters: 
I20260713 09:02:24.457804 11875 raft_consensus.cc:2804] T 84ac0167b83f4da0a9457d1ebd9f87be P 4f556745e9bc435a874cc1ce45953b31 [term 1 FOLLOWER]: Leader election won for term 1
I20260713 09:02:24.458549 11875 raft_consensus.cc:697] T 84ac0167b83f4da0a9457d1ebd9f87be P 4f556745e9bc435a874cc1ce45953b31 [term 1 LEADER]: Becoming Leader. State: Replica: 4f556745e9bc435a874cc1ce45953b31, State: Running, Role: LEADER
I20260713 09:02:24.459379 11875 consensus_queue.cc:237] T 84ac0167b83f4da0a9457d1ebd9f87be P 4f556745e9bc435a874cc1ce45953b31 [LEADER]: Queue going to LEADER mode. State: All replicated index: 0, Majority replicated index: 0, Committed index: 0, Last appended: 0.0, Last appended by leader: 0, Current term: 1, Majority size: 2, State: 0, Mode: LEADER, active raft config: opid_index: -1 OBSOLETE_local: false peers { permanent_uuid: "a71cffcf2fd84e678e7d2e5ddfea7495" member_type: VOTER last_known_addr { host: "127.10.196.129" port: 41895 } } peers { permanent_uuid: "449592aafa5944e39364736222be5644" member_type: VOTER last_known_addr { host: "127.10.196.130" port: 43537 } } peers { permanent_uuid: "4f556745e9bc435a874cc1ce45953b31" member_type: VOTER last_known_addr { host: "127.10.196.131" port: 45025 } }
I20260713 09:02:24.464828 11716 raft_consensus.cc:2468] T 84ac0167b83f4da0a9457d1ebd9f87be P 449592aafa5944e39364736222be5644 [term 1 FOLLOWER]: Leader election vote request: Granting yes vote for candidate 4f556745e9bc435a874cc1ce45953b31 in term 1.
I20260713 09:02:24.465143 11539 catalog_manager.cc:5697] T c6a0cc997a454bd2be502a9346a395e8 P 4f556745e9bc435a874cc1ce45953b31 reported cstate change: term changed from 0 to 1, leader changed from <none> to 4f556745e9bc435a874cc1ce45953b31 (127.10.196.131). New cstate: current_term: 1 leader_uuid: "4f556745e9bc435a874cc1ce45953b31" committed_config { opid_index: -1 OBSOLETE_local: false peers { permanent_uuid: "a71cffcf2fd84e678e7d2e5ddfea7495" member_type: VOTER last_known_addr { host: "127.10.196.129" port: 41895 } health_report { overall_health: UNKNOWN } } peers { permanent_uuid: "449592aafa5944e39364736222be5644" member_type: VOTER last_known_addr { host: "127.10.196.130" port: 43537 } health_report { overall_health: UNKNOWN } } peers { permanent_uuid: "4f556745e9bc435a874cc1ce45953b31" member_type: VOTER last_known_addr { host: "127.10.196.131" port: 45025 } health_report { overall_health: HEALTHY } } }
I20260713 09:02:24.467144 11833 tablet_bootstrap.cc:492] T cc7d8def917b4211ada3d844dca43618 P a71cffcf2fd84e678e7d2e5ddfea7495: No bootstrap required, opened a new log
I20260713 09:02:24.467571 11833 ts_tablet_manager.cc:1403] T cc7d8def917b4211ada3d844dca43618 P a71cffcf2fd84e678e7d2e5ddfea7495: Time spent bootstrapping tablet: real 0.057s	user 0.010s	sys 0.000s
I20260713 09:02:24.469808 11833 raft_consensus.cc:359] T cc7d8def917b4211ada3d844dca43618 P a71cffcf2fd84e678e7d2e5ddfea7495 [term 0 FOLLOWER]: Replica starting. Triggering 0 pending ops. Active config: opid_index: -1 OBSOLETE_local: false peers { permanent_uuid: "a71cffcf2fd84e678e7d2e5ddfea7495" member_type: VOTER last_known_addr { host: "127.10.196.129" port: 41895 } } peers { permanent_uuid: "449592aafa5944e39364736222be5644" member_type: VOTER last_known_addr { host: "127.10.196.130" port: 43537 } } peers { permanent_uuid: "4f556745e9bc435a874cc1ce45953b31" member_type: VOTER last_known_addr { host: "127.10.196.131" port: 45025 } }
I20260713 09:02:24.470225 11833 raft_consensus.cc:385] T cc7d8def917b4211ada3d844dca43618 P a71cffcf2fd84e678e7d2e5ddfea7495 [term 0 FOLLOWER]: Consensus starting up: Expiring failure detector timer to make a prompt election more likely
I20260713 09:02:24.470633 11833 raft_consensus.cc:740] T cc7d8def917b4211ada3d844dca43618 P a71cffcf2fd84e678e7d2e5ddfea7495 [term 0 FOLLOWER]: Becoming Follower/Learner. State: Replica: a71cffcf2fd84e678e7d2e5ddfea7495, State: Initialized, Role: FOLLOWER
I20260713 09:02:24.471202 11833 consensus_queue.cc:260] T cc7d8def917b4211ada3d844dca43618 P a71cffcf2fd84e678e7d2e5ddfea7495 [NON_LEADER]: Queue going to NON_LEADER mode. State: All replicated index: 0, Majority replicated index: 0, Committed index: 0, Last appended: 0.0, Last appended by leader: 0, Current term: 0, Majority size: -1, State: 0, Mode: NON_LEADER, active raft config: opid_index: -1 OBSOLETE_local: false peers { permanent_uuid: "a71cffcf2fd84e678e7d2e5ddfea7495" member_type: VOTER last_known_addr { host: "127.10.196.129" port: 41895 } } peers { permanent_uuid: "449592aafa5944e39364736222be5644" member_type: VOTER last_known_addr { host: "127.10.196.130" port: 43537 } } peers { permanent_uuid: "4f556745e9bc435a874cc1ce45953b31" member_type: VOTER last_known_addr { host: "127.10.196.131" port: 45025 } }
I20260713 09:02:24.472743 11833 ts_tablet_manager.cc:1434] T cc7d8def917b4211ada3d844dca43618 P a71cffcf2fd84e678e7d2e5ddfea7495: Time spent starting tablet: real 0.005s	user 0.002s	sys 0.003s
I20260713 09:02:24.474702 11835 tablet_bootstrap.cc:492] T e7a84cbf32004e5bb68ce0aafc14b3b4 P 449592aafa5944e39364736222be5644: No bootstrap required, opened a new log
I20260713 09:02:24.475119 11835 ts_tablet_manager.cc:1403] T e7a84cbf32004e5bb68ce0aafc14b3b4 P 449592aafa5944e39364736222be5644: Time spent bootstrapping tablet: real 0.047s	user 0.011s	sys 0.002s
I20260713 09:02:24.477775 11835 raft_consensus.cc:359] T e7a84cbf32004e5bb68ce0aafc14b3b4 P 449592aafa5944e39364736222be5644 [term 0 FOLLOWER]: Replica starting. Triggering 0 pending ops. Active config: opid_index: -1 OBSOLETE_local: false peers { permanent_uuid: "a71cffcf2fd84e678e7d2e5ddfea7495" member_type: VOTER last_known_addr { host: "127.10.196.129" port: 41895 } } peers { permanent_uuid: "449592aafa5944e39364736222be5644" member_type: VOTER last_known_addr { host: "127.10.196.130" port: 43537 } } peers { permanent_uuid: "4f556745e9bc435a874cc1ce45953b31" member_type: VOTER last_known_addr { host: "127.10.196.131" port: 45025 } }
I20260713 09:02:24.478402 11835 raft_consensus.cc:385] T e7a84cbf32004e5bb68ce0aafc14b3b4 P 449592aafa5944e39364736222be5644 [term 0 FOLLOWER]: Consensus starting up: Expiring failure detector timer to make a prompt election more likely
I20260713 09:02:24.478713 11835 raft_consensus.cc:740] T e7a84cbf32004e5bb68ce0aafc14b3b4 P 449592aafa5944e39364736222be5644 [term 0 FOLLOWER]: Becoming Follower/Learner. State: Replica: 449592aafa5944e39364736222be5644, State: Initialized, Role: FOLLOWER
I20260713 09:02:24.479344 11835 consensus_queue.cc:260] T e7a84cbf32004e5bb68ce0aafc14b3b4 P 449592aafa5944e39364736222be5644 [NON_LEADER]: Queue going to NON_LEADER mode. State: All replicated index: 0, Majority replicated index: 0, Committed index: 0, Last appended: 0.0, Last appended by leader: 0, Current term: 0, Majority size: -1, State: 0, Mode: NON_LEADER, active raft config: opid_index: -1 OBSOLETE_local: false peers { permanent_uuid: "a71cffcf2fd84e678e7d2e5ddfea7495" member_type: VOTER last_known_addr { host: "127.10.196.129" port: 41895 } } peers { permanent_uuid: "449592aafa5944e39364736222be5644" member_type: VOTER last_known_addr { host: "127.10.196.130" port: 43537 } } peers { permanent_uuid: "4f556745e9bc435a874cc1ce45953b31" member_type: VOTER last_known_addr { host: "127.10.196.131" port: 45025 } }
I20260713 09:02:24.479374 11537 catalog_manager.cc:5697] T 84ac0167b83f4da0a9457d1ebd9f87be P 4f556745e9bc435a874cc1ce45953b31 reported cstate change: term changed from 0 to 1, leader changed from <none> to 4f556745e9bc435a874cc1ce45953b31 (127.10.196.131). New cstate: current_term: 1 leader_uuid: "4f556745e9bc435a874cc1ce45953b31" committed_config { opid_index: -1 OBSOLETE_local: false peers { permanent_uuid: "a71cffcf2fd84e678e7d2e5ddfea7495" member_type: VOTER last_known_addr { host: "127.10.196.129" port: 41895 } health_report { overall_health: UNKNOWN } } peers { permanent_uuid: "449592aafa5944e39364736222be5644" member_type: VOTER last_known_addr { host: "127.10.196.130" port: 43537 } health_report { overall_health: UNKNOWN } } peers { permanent_uuid: "4f556745e9bc435a874cc1ce45953b31" member_type: VOTER last_known_addr { host: "127.10.196.131" port: 45025 } health_report { overall_health: HEALTHY } } }
I20260713 09:02:24.481326 11835 ts_tablet_manager.cc:1434] T e7a84cbf32004e5bb68ce0aafc14b3b4 P 449592aafa5944e39364736222be5644: Time spent starting tablet: real 0.006s	user 0.005s	sys 0.000s
I20260713 09:02:24.482254 11835 tablet_bootstrap.cc:492] T fa113ccc42aa4a49a45c9415815bd98a P 449592aafa5944e39364736222be5644: Bootstrap starting.
I20260713 09:02:24.487592 11835 tablet_bootstrap.cc:654] T fa113ccc42aa4a49a45c9415815bd98a P 449592aafa5944e39364736222be5644: Neither blocks nor log segments found. Creating new log.
I20260713 09:02:24.492208 11835 tablet_bootstrap.cc:492] T fa113ccc42aa4a49a45c9415815bd98a P 449592aafa5944e39364736222be5644: No bootstrap required, opened a new log
I20260713 09:02:24.492570 11835 ts_tablet_manager.cc:1403] T fa113ccc42aa4a49a45c9415815bd98a P 449592aafa5944e39364736222be5644: Time spent bootstrapping tablet: real 0.010s	user 0.010s	sys 0.000s
I20260713 09:02:24.494208 11835 raft_consensus.cc:359] T fa113ccc42aa4a49a45c9415815bd98a P 449592aafa5944e39364736222be5644 [term 0 FOLLOWER]: Replica starting. Triggering 0 pending ops. Active config: opid_index: -1 OBSOLETE_local: false peers { permanent_uuid: "a71cffcf2fd84e678e7d2e5ddfea7495" member_type: VOTER last_known_addr { host: "127.10.196.129" port: 41895 } } peers { permanent_uuid: "449592aafa5944e39364736222be5644" member_type: VOTER last_known_addr { host: "127.10.196.130" port: 43537 } } peers { permanent_uuid: "4f556745e9bc435a874cc1ce45953b31" member_type: VOTER last_known_addr { host: "127.10.196.131" port: 45025 } }
I20260713 09:02:24.494632 11835 raft_consensus.cc:385] T fa113ccc42aa4a49a45c9415815bd98a P 449592aafa5944e39364736222be5644 [term 0 FOLLOWER]: Consensus starting up: Expiring failure detector timer to make a prompt election more likely
I20260713 09:02:24.494820 11835 raft_consensus.cc:740] T fa113ccc42aa4a49a45c9415815bd98a P 449592aafa5944e39364736222be5644 [term 0 FOLLOWER]: Becoming Follower/Learner. State: Replica: 449592aafa5944e39364736222be5644, State: Initialized, Role: FOLLOWER
I20260713 09:02:24.495292 11835 consensus_queue.cc:260] T fa113ccc42aa4a49a45c9415815bd98a P 449592aafa5944e39364736222be5644 [NON_LEADER]: Queue going to NON_LEADER mode. State: All replicated index: 0, Majority replicated index: 0, Committed index: 0, Last appended: 0.0, Last appended by leader: 0, Current term: 0, Majority size: -1, State: 0, Mode: NON_LEADER, active raft config: opid_index: -1 OBSOLETE_local: false peers { permanent_uuid: "a71cffcf2fd84e678e7d2e5ddfea7495" member_type: VOTER last_known_addr { host: "127.10.196.129" port: 41895 } } peers { permanent_uuid: "449592aafa5944e39364736222be5644" member_type: VOTER last_known_addr { host: "127.10.196.130" port: 43537 } } peers { permanent_uuid: "4f556745e9bc435a874cc1ce45953b31" member_type: VOTER last_known_addr { host: "127.10.196.131" port: 45025 } }
I20260713 09:02:24.496596 11835 ts_tablet_manager.cc:1434] T fa113ccc42aa4a49a45c9415815bd98a P 449592aafa5944e39364736222be5644: Time spent starting tablet: real 0.004s	user 0.004s	sys 0.000s
I20260713 09:02:24.514639 11846 raft_consensus.cc:493] T badc20ba01d845f887048afb04111135 P 449592aafa5944e39364736222be5644 [term 0 FOLLOWER]: Starting pre-election (no leader contacted us within the election timeout)
I20260713 09:02:24.514974 11846 raft_consensus.cc:515] T badc20ba01d845f887048afb04111135 P 449592aafa5944e39364736222be5644 [term 0 FOLLOWER]: Starting pre-election with config: opid_index: -1 OBSOLETE_local: false peers { permanent_uuid: "a71cffcf2fd84e678e7d2e5ddfea7495" member_type: VOTER last_known_addr { host: "127.10.196.129" port: 41895 } } peers { permanent_uuid: "449592aafa5944e39364736222be5644" member_type: VOTER last_known_addr { host: "127.10.196.130" port: 43537 } } peers { permanent_uuid: "4f556745e9bc435a874cc1ce45953b31" member_type: VOTER last_known_addr { host: "127.10.196.131" port: 45025 } }
I20260713 09:02:24.516417 11846 leader_election.cc:290] T badc20ba01d845f887048afb04111135 P 449592aafa5944e39364736222be5644 [CANDIDATE]: Term 1 pre-election: Requested pre-vote from peers a71cffcf2fd84e678e7d2e5ddfea7495 (127.10.196.129:41895), 4f556745e9bc435a874cc1ce45953b31 (127.10.196.131:45025)
I20260713 09:02:24.517072 11641 tablet_service.cc:1917] Received RequestConsensusVote() RPC: tablet_id: "badc20ba01d845f887048afb04111135" candidate_uuid: "449592aafa5944e39364736222be5644" candidate_term: 1 candidate_status { last_received { term: 0 index: 0 } } ignore_live_leader: false dest_uuid: "a71cffcf2fd84e678e7d2e5ddfea7495" is_pre_election: true
I20260713 09:02:24.517324 11791 tablet_service.cc:1917] Received RequestConsensusVote() RPC: tablet_id: "badc20ba01d845f887048afb04111135" candidate_uuid: "449592aafa5944e39364736222be5644" candidate_term: 1 candidate_status { last_received { term: 0 index: 0 } } ignore_live_leader: false dest_uuid: "4f556745e9bc435a874cc1ce45953b31" is_pre_election: true
I20260713 09:02:24.517648 11641 raft_consensus.cc:2468] T badc20ba01d845f887048afb04111135 P a71cffcf2fd84e678e7d2e5ddfea7495 [term 0 FOLLOWER]: Leader pre-election vote request: Granting yes vote for candidate 449592aafa5944e39364736222be5644 in term 0.
I20260713 09:02:24.517874 11791 raft_consensus.cc:2468] T badc20ba01d845f887048afb04111135 P 4f556745e9bc435a874cc1ce45953b31 [term 0 FOLLOWER]: Leader pre-election vote request: Granting yes vote for candidate 449592aafa5944e39364736222be5644 in term 0.
I20260713 09:02:24.518592 11681 leader_election.cc:304] T badc20ba01d845f887048afb04111135 P 449592aafa5944e39364736222be5644 [CANDIDATE]: Term 1 pre-election: Election decided. Result: candidate won. Election summary: received 2 responses out of 3 voters: 2 yes votes; 0 no votes. yes voters: 449592aafa5944e39364736222be5644, a71cffcf2fd84e678e7d2e5ddfea7495; no voters: 
I20260713 09:02:24.519176 11846 raft_consensus.cc:2804] T badc20ba01d845f887048afb04111135 P 449592aafa5944e39364736222be5644 [term 0 FOLLOWER]: Leader pre-election won for term 1
I20260713 09:02:24.519423 11846 raft_consensus.cc:493] T badc20ba01d845f887048afb04111135 P 449592aafa5944e39364736222be5644 [term 0 FOLLOWER]: Starting leader election (no leader contacted us within the election timeout)
I20260713 09:02:24.519666 11846 raft_consensus.cc:3060] T badc20ba01d845f887048afb04111135 P 449592aafa5944e39364736222be5644 [term 0 FOLLOWER]: Advancing to term 1
I20260713 09:02:24.523663 11846 raft_consensus.cc:515] T badc20ba01d845f887048afb04111135 P 449592aafa5944e39364736222be5644 [term 1 FOLLOWER]: Starting leader election with config: opid_index: -1 OBSOLETE_local: false peers { permanent_uuid: "a71cffcf2fd84e678e7d2e5ddfea7495" member_type: VOTER last_known_addr { host: "127.10.196.129" port: 41895 } } peers { permanent_uuid: "449592aafa5944e39364736222be5644" member_type: VOTER last_known_addr { host: "127.10.196.130" port: 43537 } } peers { permanent_uuid: "4f556745e9bc435a874cc1ce45953b31" member_type: VOTER last_known_addr { host: "127.10.196.131" port: 45025 } }
I20260713 09:02:24.525038 11846 leader_election.cc:290] T badc20ba01d845f887048afb04111135 P 449592aafa5944e39364736222be5644 [CANDIDATE]: Term 1 election: Requested vote from peers a71cffcf2fd84e678e7d2e5ddfea7495 (127.10.196.129:41895), 4f556745e9bc435a874cc1ce45953b31 (127.10.196.131:45025)
I20260713 09:02:24.525673 11641 tablet_service.cc:1917] Received RequestConsensusVote() RPC: tablet_id: "badc20ba01d845f887048afb04111135" candidate_uuid: "449592aafa5944e39364736222be5644" candidate_term: 1 candidate_status { last_received { term: 0 index: 0 } } ignore_live_leader: false dest_uuid: "a71cffcf2fd84e678e7d2e5ddfea7495"
I20260713 09:02:24.525893 11791 tablet_service.cc:1917] Received RequestConsensusVote() RPC: tablet_id: "badc20ba01d845f887048afb04111135" candidate_uuid: "449592aafa5944e39364736222be5644" candidate_term: 1 candidate_status { last_received { term: 0 index: 0 } } ignore_live_leader: false dest_uuid: "4f556745e9bc435a874cc1ce45953b31"
I20260713 09:02:24.526185 11641 raft_consensus.cc:3060] T badc20ba01d845f887048afb04111135 P a71cffcf2fd84e678e7d2e5ddfea7495 [term 0 FOLLOWER]: Advancing to term 1
I20260713 09:02:24.526311 11791 raft_consensus.cc:3060] T badc20ba01d845f887048afb04111135 P 4f556745e9bc435a874cc1ce45953b31 [term 0 FOLLOWER]: Advancing to term 1
I20260713 09:02:24.530457 11791 raft_consensus.cc:2468] T badc20ba01d845f887048afb04111135 P 4f556745e9bc435a874cc1ce45953b31 [term 1 FOLLOWER]: Leader election vote request: Granting yes vote for candidate 449592aafa5944e39364736222be5644 in term 1.
I20260713 09:02:24.530526 11641 raft_consensus.cc:2468] T badc20ba01d845f887048afb04111135 P a71cffcf2fd84e678e7d2e5ddfea7495 [term 1 FOLLOWER]: Leader election vote request: Granting yes vote for candidate 449592aafa5944e39364736222be5644 in term 1.
I20260713 09:02:24.531683 11683 leader_election.cc:304] T badc20ba01d845f887048afb04111135 P 449592aafa5944e39364736222be5644 [CANDIDATE]: Term 1 election: Election decided. Result: candidate won. Election summary: received 2 responses out of 3 voters: 2 yes votes; 0 no votes. yes voters: 449592aafa5944e39364736222be5644, 4f556745e9bc435a874cc1ce45953b31; no voters: 
I20260713 09:02:24.532322 11846 raft_consensus.cc:2804] T badc20ba01d845f887048afb04111135 P 449592aafa5944e39364736222be5644 [term 1 FOLLOWER]: Leader election won for term 1
I20260713 09:02:24.532739 11846 raft_consensus.cc:697] T badc20ba01d845f887048afb04111135 P 449592aafa5944e39364736222be5644 [term 1 LEADER]: Becoming Leader. State: Replica: 449592aafa5944e39364736222be5644, State: Running, Role: LEADER
I20260713 09:02:24.533414 11846 consensus_queue.cc:237] T badc20ba01d845f887048afb04111135 P 449592aafa5944e39364736222be5644 [LEADER]: Queue going to LEADER mode. State: All replicated index: 0, Majority replicated index: 0, Committed index: 0, Last appended: 0.0, Last appended by leader: 0, Current term: 1, Majority size: 2, State: 0, Mode: LEADER, active raft config: opid_index: -1 OBSOLETE_local: false peers { permanent_uuid: "a71cffcf2fd84e678e7d2e5ddfea7495" member_type: VOTER last_known_addr { host: "127.10.196.129" port: 41895 } } peers { permanent_uuid: "449592aafa5944e39364736222be5644" member_type: VOTER last_known_addr { host: "127.10.196.130" port: 43537 } } peers { permanent_uuid: "4f556745e9bc435a874cc1ce45953b31" member_type: VOTER last_known_addr { host: "127.10.196.131" port: 45025 } }
I20260713 09:02:24.533823 11875 raft_consensus.cc:493] T fa113ccc42aa4a49a45c9415815bd98a P 4f556745e9bc435a874cc1ce45953b31 [term 0 FOLLOWER]: Starting pre-election (no leader contacted us within the election timeout)
I20260713 09:02:24.534256 11875 raft_consensus.cc:515] T fa113ccc42aa4a49a45c9415815bd98a P 4f556745e9bc435a874cc1ce45953b31 [term 0 FOLLOWER]: Starting pre-election with config: opid_index: -1 OBSOLETE_local: false peers { permanent_uuid: "a71cffcf2fd84e678e7d2e5ddfea7495" member_type: VOTER last_known_addr { host: "127.10.196.129" port: 41895 } } peers { permanent_uuid: "449592aafa5944e39364736222be5644" member_type: VOTER last_known_addr { host: "127.10.196.130" port: 43537 } } peers { permanent_uuid: "4f556745e9bc435a874cc1ce45953b31" member_type: VOTER last_known_addr { host: "127.10.196.131" port: 45025 } }
I20260713 09:02:24.536298 11875 leader_election.cc:290] T fa113ccc42aa4a49a45c9415815bd98a P 4f556745e9bc435a874cc1ce45953b31 [CANDIDATE]: Term 1 pre-election: Requested pre-vote from peers a71cffcf2fd84e678e7d2e5ddfea7495 (127.10.196.129:41895), 449592aafa5944e39364736222be5644 (127.10.196.130:43537)
I20260713 09:02:24.537600 11641 tablet_service.cc:1917] Received RequestConsensusVote() RPC: tablet_id: "fa113ccc42aa4a49a45c9415815bd98a" candidate_uuid: "4f556745e9bc435a874cc1ce45953b31" candidate_term: 1 candidate_status { last_received { term: 0 index: 0 } } ignore_live_leader: false dest_uuid: "a71cffcf2fd84e678e7d2e5ddfea7495" is_pre_election: true
I20260713 09:02:24.537655 11716 tablet_service.cc:1917] Received RequestConsensusVote() RPC: tablet_id: "fa113ccc42aa4a49a45c9415815bd98a" candidate_uuid: "4f556745e9bc435a874cc1ce45953b31" candidate_term: 1 candidate_status { last_received { term: 0 index: 0 } } ignore_live_leader: false dest_uuid: "449592aafa5944e39364736222be5644" is_pre_election: true
I20260713 09:02:24.538376 11641 raft_consensus.cc:2468] T fa113ccc42aa4a49a45c9415815bd98a P a71cffcf2fd84e678e7d2e5ddfea7495 [term 0 FOLLOWER]: Leader pre-election vote request: Granting yes vote for candidate 4f556745e9bc435a874cc1ce45953b31 in term 0.
I20260713 09:02:24.538419 11716 raft_consensus.cc:2468] T fa113ccc42aa4a49a45c9415815bd98a P 449592aafa5944e39364736222be5644 [term 0 FOLLOWER]: Leader pre-election vote request: Granting yes vote for candidate 4f556745e9bc435a874cc1ce45953b31 in term 0.
I20260713 09:02:24.539623 11755 leader_election.cc:304] T fa113ccc42aa4a49a45c9415815bd98a P 4f556745e9bc435a874cc1ce45953b31 [CANDIDATE]: Term 1 pre-election: Election decided. Result: candidate won. Election summary: received 2 responses out of 3 voters: 2 yes votes; 0 no votes. yes voters: 4f556745e9bc435a874cc1ce45953b31, a71cffcf2fd84e678e7d2e5ddfea7495; no voters: 
I20260713 09:02:24.540822 11875 raft_consensus.cc:2804] T fa113ccc42aa4a49a45c9415815bd98a P 4f556745e9bc435a874cc1ce45953b31 [term 0 FOLLOWER]: Leader pre-election won for term 1
I20260713 09:02:24.541159 11875 raft_consensus.cc:493] T fa113ccc42aa4a49a45c9415815bd98a P 4f556745e9bc435a874cc1ce45953b31 [term 0 FOLLOWER]: Starting leader election (no leader contacted us within the election timeout)
I20260713 09:02:24.541429 11875 raft_consensus.cc:3060] T fa113ccc42aa4a49a45c9415815bd98a P 4f556745e9bc435a874cc1ce45953b31 [term 0 FOLLOWER]: Advancing to term 1
I20260713 09:02:24.540858 11539 catalog_manager.cc:5697] T badc20ba01d845f887048afb04111135 P 449592aafa5944e39364736222be5644 reported cstate change: term changed from 0 to 1, leader changed from <none> to 449592aafa5944e39364736222be5644 (127.10.196.130). New cstate: current_term: 1 leader_uuid: "449592aafa5944e39364736222be5644" committed_config { opid_index: -1 OBSOLETE_local: false peers { permanent_uuid: "a71cffcf2fd84e678e7d2e5ddfea7495" member_type: VOTER last_known_addr { host: "127.10.196.129" port: 41895 } health_report { overall_health: UNKNOWN } } peers { permanent_uuid: "449592aafa5944e39364736222be5644" member_type: VOTER last_known_addr { host: "127.10.196.130" port: 43537 } health_report { overall_health: HEALTHY } } peers { permanent_uuid: "4f556745e9bc435a874cc1ce45953b31" member_type: VOTER last_known_addr { host: "127.10.196.131" port: 45025 } health_report { overall_health: UNKNOWN } } }
I20260713 09:02:24.546557 11875 raft_consensus.cc:515] T fa113ccc42aa4a49a45c9415815bd98a P 4f556745e9bc435a874cc1ce45953b31 [term 1 FOLLOWER]: Starting leader election with config: opid_index: -1 OBSOLETE_local: false peers { permanent_uuid: "a71cffcf2fd84e678e7d2e5ddfea7495" member_type: VOTER last_known_addr { host: "127.10.196.129" port: 41895 } } peers { permanent_uuid: "449592aafa5944e39364736222be5644" member_type: VOTER last_known_addr { host: "127.10.196.130" port: 43537 } } peers { permanent_uuid: "4f556745e9bc435a874cc1ce45953b31" member_type: VOTER last_known_addr { host: "127.10.196.131" port: 45025 } }
I20260713 09:02:24.548331 11875 leader_election.cc:290] T fa113ccc42aa4a49a45c9415815bd98a P 4f556745e9bc435a874cc1ce45953b31 [CANDIDATE]: Term 1 election: Requested vote from peers a71cffcf2fd84e678e7d2e5ddfea7495 (127.10.196.129:41895), 449592aafa5944e39364736222be5644 (127.10.196.130:43537)
I20260713 09:02:24.548914 11641 tablet_service.cc:1917] Received RequestConsensusVote() RPC: tablet_id: "fa113ccc42aa4a49a45c9415815bd98a" candidate_uuid: "4f556745e9bc435a874cc1ce45953b31" candidate_term: 1 candidate_status { last_received { term: 0 index: 0 } } ignore_live_leader: false dest_uuid: "a71cffcf2fd84e678e7d2e5ddfea7495"
I20260713 09:02:24.549336 11641 raft_consensus.cc:3060] T fa113ccc42aa4a49a45c9415815bd98a P a71cffcf2fd84e678e7d2e5ddfea7495 [term 0 FOLLOWER]: Advancing to term 1
I20260713 09:02:24.549324 11716 tablet_service.cc:1917] Received RequestConsensusVote() RPC: tablet_id: "fa113ccc42aa4a49a45c9415815bd98a" candidate_uuid: "4f556745e9bc435a874cc1ce45953b31" candidate_term: 1 candidate_status { last_received { term: 0 index: 0 } } ignore_live_leader: false dest_uuid: "449592aafa5944e39364736222be5644"
I20260713 09:02:24.549846 11716 raft_consensus.cc:3060] T fa113ccc42aa4a49a45c9415815bd98a P 449592aafa5944e39364736222be5644 [term 0 FOLLOWER]: Advancing to term 1
I20260713 09:02:24.553602 11641 raft_consensus.cc:2468] T fa113ccc42aa4a49a45c9415815bd98a P a71cffcf2fd84e678e7d2e5ddfea7495 [term 1 FOLLOWER]: Leader election vote request: Granting yes vote for candidate 4f556745e9bc435a874cc1ce45953b31 in term 1.
I20260713 09:02:24.553925 11716 raft_consensus.cc:2468] T fa113ccc42aa4a49a45c9415815bd98a P 449592aafa5944e39364736222be5644 [term 1 FOLLOWER]: Leader election vote request: Granting yes vote for candidate 4f556745e9bc435a874cc1ce45953b31 in term 1.
I20260713 09:02:24.554405 11755 leader_election.cc:304] T fa113ccc42aa4a49a45c9415815bd98a P 4f556745e9bc435a874cc1ce45953b31 [CANDIDATE]: Term 1 election: Election decided. Result: candidate won. Election summary: received 2 responses out of 3 voters: 2 yes votes; 0 no votes. yes voters: 4f556745e9bc435a874cc1ce45953b31, a71cffcf2fd84e678e7d2e5ddfea7495; no voters: 
I20260713 09:02:24.555003 11875 raft_consensus.cc:2804] T fa113ccc42aa4a49a45c9415815bd98a P 4f556745e9bc435a874cc1ce45953b31 [term 1 FOLLOWER]: Leader election won for term 1
I20260713 09:02:24.555365 11875 raft_consensus.cc:697] T fa113ccc42aa4a49a45c9415815bd98a P 4f556745e9bc435a874cc1ce45953b31 [term 1 LEADER]: Becoming Leader. State: Replica: 4f556745e9bc435a874cc1ce45953b31, State: Running, Role: LEADER
I20260713 09:02:24.555930 11875 consensus_queue.cc:237] T fa113ccc42aa4a49a45c9415815bd98a P 4f556745e9bc435a874cc1ce45953b31 [LEADER]: Queue going to LEADER mode. State: All replicated index: 0, Majority replicated index: 0, Committed index: 0, Last appended: 0.0, Last appended by leader: 0, Current term: 1, Majority size: 2, State: 0, Mode: LEADER, active raft config: opid_index: -1 OBSOLETE_local: false peers { permanent_uuid: "a71cffcf2fd84e678e7d2e5ddfea7495" member_type: VOTER last_known_addr { host: "127.10.196.129" port: 41895 } } peers { permanent_uuid: "449592aafa5944e39364736222be5644" member_type: VOTER last_known_addr { host: "127.10.196.130" port: 43537 } } peers { permanent_uuid: "4f556745e9bc435a874cc1ce45953b31" member_type: VOTER last_known_addr { host: "127.10.196.131" port: 45025 } }
I20260713 09:02:24.560835 11875 raft_consensus.cc:493] T cc7d8def917b4211ada3d844dca43618 P 4f556745e9bc435a874cc1ce45953b31 [term 0 FOLLOWER]: Starting pre-election (no leader contacted us within the election timeout)
I20260713 09:02:24.561194 11875 raft_consensus.cc:515] T cc7d8def917b4211ada3d844dca43618 P 4f556745e9bc435a874cc1ce45953b31 [term 0 FOLLOWER]: Starting pre-election with config: opid_index: -1 OBSOLETE_local: false peers { permanent_uuid: "a71cffcf2fd84e678e7d2e5ddfea7495" member_type: VOTER last_known_addr { host: "127.10.196.129" port: 41895 } } peers { permanent_uuid: "449592aafa5944e39364736222be5644" member_type: VOTER last_known_addr { host: "127.10.196.130" port: 43537 } } peers { permanent_uuid: "4f556745e9bc435a874cc1ce45953b31" member_type: VOTER last_known_addr { host: "127.10.196.131" port: 45025 } }
I20260713 09:02:24.562644 11846 raft_consensus.cc:493] T cc7d8def917b4211ada3d844dca43618 P 449592aafa5944e39364736222be5644 [term 0 FOLLOWER]: Starting pre-election (no leader contacted us within the election timeout)
I20260713 09:02:24.563009 11875 leader_election.cc:290] T cc7d8def917b4211ada3d844dca43618 P 4f556745e9bc435a874cc1ce45953b31 [CANDIDATE]: Term 1 pre-election: Requested pre-vote from peers a71cffcf2fd84e678e7d2e5ddfea7495 (127.10.196.129:41895), 449592aafa5944e39364736222be5644 (127.10.196.130:43537)
I20260713 09:02:24.563113 11846 raft_consensus.cc:515] T cc7d8def917b4211ada3d844dca43618 P 449592aafa5944e39364736222be5644 [term 0 FOLLOWER]: Starting pre-election with config: opid_index: -1 OBSOLETE_local: false peers { permanent_uuid: "a71cffcf2fd84e678e7d2e5ddfea7495" member_type: VOTER last_known_addr { host: "127.10.196.129" port: 41895 } } peers { permanent_uuid: "449592aafa5944e39364736222be5644" member_type: VOTER last_known_addr { host: "127.10.196.130" port: 43537 } } peers { permanent_uuid: "4f556745e9bc435a874cc1ce45953b31" member_type: VOTER last_known_addr { host: "127.10.196.131" port: 45025 } }
I20260713 09:02:24.563900 11641 tablet_service.cc:1917] Received RequestConsensusVote() RPC: tablet_id: "cc7d8def917b4211ada3d844dca43618" candidate_uuid: "4f556745e9bc435a874cc1ce45953b31" candidate_term: 1 candidate_status { last_received { term: 0 index: 0 } } ignore_live_leader: false dest_uuid: "a71cffcf2fd84e678e7d2e5ddfea7495" is_pre_election: true
I20260713 09:02:24.564350 11641 raft_consensus.cc:2468] T cc7d8def917b4211ada3d844dca43618 P a71cffcf2fd84e678e7d2e5ddfea7495 [term 0 FOLLOWER]: Leader pre-election vote request: Granting yes vote for candidate 4f556745e9bc435a874cc1ce45953b31 in term 0.
I20260713 09:02:24.563684 11537 catalog_manager.cc:5697] T fa113ccc42aa4a49a45c9415815bd98a P 4f556745e9bc435a874cc1ce45953b31 reported cstate change: term changed from 0 to 1, leader changed from <none> to 4f556745e9bc435a874cc1ce45953b31 (127.10.196.131). New cstate: current_term: 1 leader_uuid: "4f556745e9bc435a874cc1ce45953b31" committed_config { opid_index: -1 OBSOLETE_local: false peers { permanent_uuid: "a71cffcf2fd84e678e7d2e5ddfea7495" member_type: VOTER last_known_addr { host: "127.10.196.129" port: 41895 } health_report { overall_health: UNKNOWN } } peers { permanent_uuid: "449592aafa5944e39364736222be5644" member_type: VOTER last_known_addr { host: "127.10.196.130" port: 43537 } health_report { overall_health: UNKNOWN } } peers { permanent_uuid: "4f556745e9bc435a874cc1ce45953b31" member_type: VOTER last_known_addr { host: "127.10.196.131" port: 45025 } health_report { overall_health: HEALTHY } } }
I20260713 09:02:24.565147 11755 leader_election.cc:304] T cc7d8def917b4211ada3d844dca43618 P 4f556745e9bc435a874cc1ce45953b31 [CANDIDATE]: Term 1 pre-election: Election decided. Result: candidate won. Election summary: received 2 responses out of 3 voters: 2 yes votes; 0 no votes. yes voters: 4f556745e9bc435a874cc1ce45953b31, a71cffcf2fd84e678e7d2e5ddfea7495; no voters: 
I20260713 09:02:24.565747 11642 tablet_service.cc:1917] Received RequestConsensusVote() RPC: tablet_id: "cc7d8def917b4211ada3d844dca43618" candidate_uuid: "449592aafa5944e39364736222be5644" candidate_term: 1 candidate_status { last_received { term: 0 index: 0 } } ignore_live_leader: false dest_uuid: "a71cffcf2fd84e678e7d2e5ddfea7495" is_pre_election: true
I20260713 09:02:24.565959 11846 leader_election.cc:290] T cc7d8def917b4211ada3d844dca43618 P 449592aafa5944e39364736222be5644 [CANDIDATE]: Term 1 pre-election: Requested pre-vote from peers a71cffcf2fd84e678e7d2e5ddfea7495 (127.10.196.129:41895), 4f556745e9bc435a874cc1ce45953b31 (127.10.196.131:45025)
I20260713 09:02:24.566077 11791 tablet_service.cc:1917] Received RequestConsensusVote() RPC: tablet_id: "cc7d8def917b4211ada3d844dca43618" candidate_uuid: "449592aafa5944e39364736222be5644" candidate_term: 1 candidate_status { last_received { term: 0 index: 0 } } ignore_live_leader: false dest_uuid: "4f556745e9bc435a874cc1ce45953b31" is_pre_election: true
I20260713 09:02:24.566354 11642 raft_consensus.cc:2468] T cc7d8def917b4211ada3d844dca43618 P a71cffcf2fd84e678e7d2e5ddfea7495 [term 0 FOLLOWER]: Leader pre-election vote request: Granting yes vote for candidate 449592aafa5944e39364736222be5644 in term 0.
I20260713 09:02:24.565757 11875 raft_consensus.cc:2804] T cc7d8def917b4211ada3d844dca43618 P 4f556745e9bc435a874cc1ce45953b31 [term 0 FOLLOWER]: Leader pre-election won for term 1
I20260713 09:02:24.566926 11875 raft_consensus.cc:493] T cc7d8def917b4211ada3d844dca43618 P 4f556745e9bc435a874cc1ce45953b31 [term 0 FOLLOWER]: Starting leader election (no leader contacted us within the election timeout)
I20260713 09:02:24.567214 11875 raft_consensus.cc:3060] T cc7d8def917b4211ada3d844dca43618 P 4f556745e9bc435a874cc1ce45953b31 [term 0 FOLLOWER]: Advancing to term 1
I20260713 09:02:24.568194 11716 tablet_service.cc:1917] Received RequestConsensusVote() RPC: tablet_id: "cc7d8def917b4211ada3d844dca43618" candidate_uuid: "4f556745e9bc435a874cc1ce45953b31" candidate_term: 1 candidate_status { last_received { term: 0 index: 0 } } ignore_live_leader: false dest_uuid: "449592aafa5944e39364736222be5644" is_pre_election: true
I20260713 09:02:24.568449 11681 leader_election.cc:304] T cc7d8def917b4211ada3d844dca43618 P 449592aafa5944e39364736222be5644 [CANDIDATE]: Term 1 pre-election: Election decided. Result: candidate won. Election summary: received 2 responses out of 3 voters: 2 yes votes; 0 no votes. yes voters: 449592aafa5944e39364736222be5644, a71cffcf2fd84e678e7d2e5ddfea7495; no voters: 
I20260713 09:02:24.568826 11716 raft_consensus.cc:2468] T cc7d8def917b4211ada3d844dca43618 P 449592aafa5944e39364736222be5644 [term 0 FOLLOWER]: Leader pre-election vote request: Granting yes vote for candidate 4f556745e9bc435a874cc1ce45953b31 in term 0.
I20260713 09:02:24.569300 11846 raft_consensus.cc:2804] T cc7d8def917b4211ada3d844dca43618 P 449592aafa5944e39364736222be5644 [term 0 FOLLOWER]: Leader pre-election won for term 1
I20260713 09:02:24.569684 11846 raft_consensus.cc:493] T cc7d8def917b4211ada3d844dca43618 P 449592aafa5944e39364736222be5644 [term 0 FOLLOWER]: Starting leader election (no leader contacted us within the election timeout)
I20260713 09:02:24.570088 11846 raft_consensus.cc:3060] T cc7d8def917b4211ada3d844dca43618 P 449592aafa5944e39364736222be5644 [term 0 FOLLOWER]: Advancing to term 1
I20260713 09:02:24.572070 11875 raft_consensus.cc:515] T cc7d8def917b4211ada3d844dca43618 P 4f556745e9bc435a874cc1ce45953b31 [term 1 FOLLOWER]: Starting leader election with config: opid_index: -1 OBSOLETE_local: false peers { permanent_uuid: "a71cffcf2fd84e678e7d2e5ddfea7495" member_type: VOTER last_known_addr { host: "127.10.196.129" port: 41895 } } peers { permanent_uuid: "449592aafa5944e39364736222be5644" member_type: VOTER last_known_addr { host: "127.10.196.130" port: 43537 } } peers { permanent_uuid: "4f556745e9bc435a874cc1ce45953b31" member_type: VOTER last_known_addr { host: "127.10.196.131" port: 45025 } }
I20260713 09:02:24.572957 11791 raft_consensus.cc:2393] T cc7d8def917b4211ada3d844dca43618 P 4f556745e9bc435a874cc1ce45953b31 [term 1 FOLLOWER]: Leader pre-election vote request: Denying vote to candidate 449592aafa5944e39364736222be5644 in current term 1: Already voted for candidate 4f556745e9bc435a874cc1ce45953b31 in this term.
I20260713 09:02:24.576016 11875 leader_election.cc:290] T cc7d8def917b4211ada3d844dca43618 P 4f556745e9bc435a874cc1ce45953b31 [CANDIDATE]: Term 1 election: Requested vote from peers a71cffcf2fd84e678e7d2e5ddfea7495 (127.10.196.129:41895), 449592aafa5944e39364736222be5644 (127.10.196.130:43537)
I20260713 09:02:24.576407 11642 tablet_service.cc:1917] Received RequestConsensusVote() RPC: tablet_id: "cc7d8def917b4211ada3d844dca43618" candidate_uuid: "4f556745e9bc435a874cc1ce45953b31" candidate_term: 1 candidate_status { last_received { term: 0 index: 0 } } ignore_live_leader: false dest_uuid: "a71cffcf2fd84e678e7d2e5ddfea7495"
I20260713 09:02:24.576270 11846 raft_consensus.cc:515] T cc7d8def917b4211ada3d844dca43618 P 449592aafa5944e39364736222be5644 [term 1 FOLLOWER]: Starting leader election with config: opid_index: -1 OBSOLETE_local: false peers { permanent_uuid: "a71cffcf2fd84e678e7d2e5ddfea7495" member_type: VOTER last_known_addr { host: "127.10.196.129" port: 41895 } } peers { permanent_uuid: "449592aafa5944e39364736222be5644" member_type: VOTER last_known_addr { host: "127.10.196.130" port: 43537 } } peers { permanent_uuid: "4f556745e9bc435a874cc1ce45953b31" member_type: VOTER last_known_addr { host: "127.10.196.131" port: 45025 } }
I20260713 09:02:24.576975 11642 raft_consensus.cc:3060] T cc7d8def917b4211ada3d844dca43618 P a71cffcf2fd84e678e7d2e5ddfea7495 [term 0 FOLLOWER]: Advancing to term 1
I20260713 09:02:24.578725 11641 tablet_service.cc:1917] Received RequestConsensusVote() RPC: tablet_id: "cc7d8def917b4211ada3d844dca43618" candidate_uuid: "449592aafa5944e39364736222be5644" candidate_term: 1 candidate_status { last_received { term: 0 index: 0 } } ignore_live_leader: false dest_uuid: "a71cffcf2fd84e678e7d2e5ddfea7495"
I20260713 09:02:24.579101 11846 leader_election.cc:290] T cc7d8def917b4211ada3d844dca43618 P 449592aafa5944e39364736222be5644 [CANDIDATE]: Term 1 election: Requested vote from peers a71cffcf2fd84e678e7d2e5ddfea7495 (127.10.196.129:41895), 4f556745e9bc435a874cc1ce45953b31 (127.10.196.131:45025)
I20260713 09:02:24.579267 11791 tablet_service.cc:1917] Received RequestConsensusVote() RPC: tablet_id: "cc7d8def917b4211ada3d844dca43618" candidate_uuid: "449592aafa5944e39364736222be5644" candidate_term: 1 candidate_status { last_received { term: 0 index: 0 } } ignore_live_leader: false dest_uuid: "4f556745e9bc435a874cc1ce45953b31"
I20260713 09:02:24.579879 11791 raft_consensus.cc:2393] T cc7d8def917b4211ada3d844dca43618 P 4f556745e9bc435a874cc1ce45953b31 [term 1 FOLLOWER]: Leader election vote request: Denying vote to candidate 449592aafa5944e39364736222be5644 in current term 1: Already voted for candidate 4f556745e9bc435a874cc1ce45953b31 in this term.
I20260713 09:02:24.580626 11683 leader_election.cc:304] T cc7d8def917b4211ada3d844dca43618 P 449592aafa5944e39364736222be5644 [CANDIDATE]: Term 1 election: Election decided. Result: candidate lost. Election summary: received 3 responses out of 3 voters: 1 yes votes; 2 no votes. yes voters: 449592aafa5944e39364736222be5644; no voters: 4f556745e9bc435a874cc1ce45953b31, a71cffcf2fd84e678e7d2e5ddfea7495
I20260713 09:02:24.581174 11846 raft_consensus.cc:2749] T cc7d8def917b4211ada3d844dca43618 P 449592aafa5944e39364736222be5644 [term 1 FOLLOWER]: Leader election lost for term 1. Reason: could not achieve majority
I20260713 09:02:24.582293 11642 raft_consensus.cc:2468] T cc7d8def917b4211ada3d844dca43618 P a71cffcf2fd84e678e7d2e5ddfea7495 [term 1 FOLLOWER]: Leader election vote request: Granting yes vote for candidate 4f556745e9bc435a874cc1ce45953b31 in term 1.
I20260713 09:02:24.583061 11716 tablet_service.cc:1917] Received RequestConsensusVote() RPC: tablet_id: "cc7d8def917b4211ada3d844dca43618" candidate_uuid: "4f556745e9bc435a874cc1ce45953b31" candidate_term: 1 candidate_status { last_received { term: 0 index: 0 } } ignore_live_leader: false dest_uuid: "449592aafa5944e39364736222be5644"
I20260713 09:02:24.583137 11755 leader_election.cc:304] T cc7d8def917b4211ada3d844dca43618 P 4f556745e9bc435a874cc1ce45953b31 [CANDIDATE]: Term 1 election: Election decided. Result: candidate won. Election summary: received 2 responses out of 3 voters: 2 yes votes; 0 no votes. yes voters: 4f556745e9bc435a874cc1ce45953b31, a71cffcf2fd84e678e7d2e5ddfea7495; no voters: 
I20260713 09:02:24.583813 11716 raft_consensus.cc:2393] T cc7d8def917b4211ada3d844dca43618 P 449592aafa5944e39364736222be5644 [term 1 FOLLOWER]: Leader election vote request: Denying vote to candidate 4f556745e9bc435a874cc1ce45953b31 in current term 1: Already voted for candidate 449592aafa5944e39364736222be5644 in this term.
I20260713 09:02:24.583868 11875 raft_consensus.cc:2804] T cc7d8def917b4211ada3d844dca43618 P 4f556745e9bc435a874cc1ce45953b31 [term 1 FOLLOWER]: Leader election won for term 1
I20260713 09:02:24.584342 11875 raft_consensus.cc:697] T cc7d8def917b4211ada3d844dca43618 P 4f556745e9bc435a874cc1ce45953b31 [term 1 LEADER]: Becoming Leader. State: Replica: 4f556745e9bc435a874cc1ce45953b31, State: Running, Role: LEADER
I20260713 09:02:24.585078 11875 consensus_queue.cc:237] T cc7d8def917b4211ada3d844dca43618 P 4f556745e9bc435a874cc1ce45953b31 [LEADER]: Queue going to LEADER mode. State: All replicated index: 0, Majority replicated index: 0, Committed index: 0, Last appended: 0.0, Last appended by leader: 0, Current term: 1, Majority size: 2, State: 0, Mode: LEADER, active raft config: opid_index: -1 OBSOLETE_local: false peers { permanent_uuid: "a71cffcf2fd84e678e7d2e5ddfea7495" member_type: VOTER last_known_addr { host: "127.10.196.129" port: 41895 } } peers { permanent_uuid: "449592aafa5944e39364736222be5644" member_type: VOTER last_known_addr { host: "127.10.196.130" port: 43537 } } peers { permanent_uuid: "4f556745e9bc435a874cc1ce45953b31" member_type: VOTER last_known_addr { host: "127.10.196.131" port: 45025 } }
I20260713 09:02:24.591025 11537 catalog_manager.cc:5697] T cc7d8def917b4211ada3d844dca43618 P 4f556745e9bc435a874cc1ce45953b31 reported cstate change: term changed from 0 to 1, leader changed from <none> to 4f556745e9bc435a874cc1ce45953b31 (127.10.196.131). New cstate: current_term: 1 leader_uuid: "4f556745e9bc435a874cc1ce45953b31" committed_config { opid_index: -1 OBSOLETE_local: false peers { permanent_uuid: "a71cffcf2fd84e678e7d2e5ddfea7495" member_type: VOTER last_known_addr { host: "127.10.196.129" port: 41895 } health_report { overall_health: UNKNOWN } } peers { permanent_uuid: "449592aafa5944e39364736222be5644" member_type: VOTER last_known_addr { host: "127.10.196.130" port: 43537 } health_report { overall_health: UNKNOWN } } peers { permanent_uuid: "4f556745e9bc435a874cc1ce45953b31" member_type: VOTER last_known_addr { host: "127.10.196.131" port: 45025 } health_report { overall_health: HEALTHY } } }
I20260713 09:02:24.648103 11875 raft_consensus.cc:493] T 30571f845f3543d99b30a4c8ab2dcbeb P 4f556745e9bc435a874cc1ce45953b31 [term 0 FOLLOWER]: Starting pre-election (no leader contacted us within the election timeout)
I20260713 09:02:24.648511 11875 raft_consensus.cc:515] T 30571f845f3543d99b30a4c8ab2dcbeb P 4f556745e9bc435a874cc1ce45953b31 [term 0 FOLLOWER]: Starting pre-election with config: opid_index: -1 OBSOLETE_local: false peers { permanent_uuid: "a71cffcf2fd84e678e7d2e5ddfea7495" member_type: VOTER last_known_addr { host: "127.10.196.129" port: 41895 } } peers { permanent_uuid: "449592aafa5944e39364736222be5644" member_type: VOTER last_known_addr { host: "127.10.196.130" port: 43537 } } peers { permanent_uuid: "4f556745e9bc435a874cc1ce45953b31" member_type: VOTER last_known_addr { host: "127.10.196.131" port: 45025 } }
I20260713 09:02:24.649964 11875 leader_election.cc:290] T 30571f845f3543d99b30a4c8ab2dcbeb P 4f556745e9bc435a874cc1ce45953b31 [CANDIDATE]: Term 1 pre-election: Requested pre-vote from peers a71cffcf2fd84e678e7d2e5ddfea7495 (127.10.196.129:41895), 449592aafa5944e39364736222be5644 (127.10.196.130:43537)
I20260713 09:02:24.650636 11642 tablet_service.cc:1917] Received RequestConsensusVote() RPC: tablet_id: "30571f845f3543d99b30a4c8ab2dcbeb" candidate_uuid: "4f556745e9bc435a874cc1ce45953b31" candidate_term: 1 candidate_status { last_received { term: 0 index: 0 } } ignore_live_leader: false dest_uuid: "a71cffcf2fd84e678e7d2e5ddfea7495" is_pre_election: true
I20260713 09:02:24.650825 11716 tablet_service.cc:1917] Received RequestConsensusVote() RPC: tablet_id: "30571f845f3543d99b30a4c8ab2dcbeb" candidate_uuid: "4f556745e9bc435a874cc1ce45953b31" candidate_term: 1 candidate_status { last_received { term: 0 index: 0 } } ignore_live_leader: false dest_uuid: "449592aafa5944e39364736222be5644" is_pre_election: true
I20260713 09:02:24.651391 11716 raft_consensus.cc:2393] T 30571f845f3543d99b30a4c8ab2dcbeb P 449592aafa5944e39364736222be5644 [term 1 FOLLOWER]: Leader pre-election vote request: Denying vote to candidate 4f556745e9bc435a874cc1ce45953b31 in current term 1: Already voted for candidate a71cffcf2fd84e678e7d2e5ddfea7495 in this term.
I20260713 09:02:24.652213 11754 leader_election.cc:304] T 30571f845f3543d99b30a4c8ab2dcbeb P 4f556745e9bc435a874cc1ce45953b31 [CANDIDATE]: Term 1 pre-election: Election decided. Result: candidate lost. Election summary: received 3 responses out of 3 voters: 1 yes votes; 2 no votes. yes voters: 4f556745e9bc435a874cc1ce45953b31; no voters: 449592aafa5944e39364736222be5644, a71cffcf2fd84e678e7d2e5ddfea7495
I20260713 09:02:24.652808 11875 raft_consensus.cc:3060] T 30571f845f3543d99b30a4c8ab2dcbeb P 4f556745e9bc435a874cc1ce45953b31 [term 0 FOLLOWER]: Advancing to term 1
I20260713 09:02:24.656940 11875 raft_consensus.cc:2749] T 30571f845f3543d99b30a4c8ab2dcbeb P 4f556745e9bc435a874cc1ce45953b31 [term 1 FOLLOWER]: Leader pre-election lost for term 1. Reason: could not achieve majority
I20260713 09:02:24.698611 11840 consensus_queue.cc:1048] T d264a12c57a840a29a785d6892549264 P a71cffcf2fd84e678e7d2e5ddfea7495 [LEADER]: Connected to new peer: Peer: permanent_uuid: "4f556745e9bc435a874cc1ce45953b31" member_type: VOTER last_known_addr { host: "127.10.196.131" port: 45025 }, Status: LMP_MISMATCH, Last received: 0.0, Next index: 1, Last known committed idx: 0, Time since last communication: 0.000s
I20260713 09:02:24.705973 11838 consensus_queue.cc:1048] T e7a84cbf32004e5bb68ce0aafc14b3b4 P a71cffcf2fd84e678e7d2e5ddfea7495 [LEADER]: Connected to new peer: Peer: permanent_uuid: "4f556745e9bc435a874cc1ce45953b31" member_type: VOTER last_known_addr { host: "127.10.196.131" port: 45025 }, Status: LMP_MISMATCH, Last received: 0.0, Next index: 1, Last known committed idx: 0, Time since last communication: 0.000s
I20260713 09:02:24.708313 11838 consensus_queue.cc:1048] T d264a12c57a840a29a785d6892549264 P a71cffcf2fd84e678e7d2e5ddfea7495 [LEADER]: Connected to new peer: Peer: permanent_uuid: "449592aafa5944e39364736222be5644" member_type: VOTER last_known_addr { host: "127.10.196.130" port: 43537 }, Status: LMP_MISMATCH, Last received: 0.0, Next index: 1, Last known committed idx: 0, Time since last communication: 0.000s
I20260713 09:02:24.717806 11717 raft_consensus.cc:3060] T e7a84cbf32004e5bb68ce0aafc14b3b4 P 449592aafa5944e39364736222be5644 [term 0 FOLLOWER]: Advancing to term 1
I20260713 09:02:24.727874 11840 consensus_queue.cc:1048] T e7a84cbf32004e5bb68ce0aafc14b3b4 P a71cffcf2fd84e678e7d2e5ddfea7495 [LEADER]: Connected to new peer: Peer: permanent_uuid: "449592aafa5944e39364736222be5644" member_type: VOTER last_known_addr { host: "127.10.196.130" port: 43537 }, Status: LMP_MISMATCH, Last received: 0.0, Next index: 1, Last known committed idx: 0, Time since last communication: 0.000s
I20260713 09:02:24.746249 11717 tablet_service.cc:2072] Received LeaderStepDown RPC: tablet_id: "b85788dc2c78498ba8014a5766161e93"
dest_uuid: "449592aafa5944e39364736222be5644"
mode: GRACEFUL
new_leader_uuid: "a71cffcf2fd84e678e7d2e5ddfea7495"
 from {username='slave'} at 127.0.0.1:56586
I20260713 09:02:24.746681 11717 raft_consensus.cc:606] T b85788dc2c78498ba8014a5766161e93 P 449592aafa5944e39364736222be5644 [term 1 LEADER]: Received request to transfer leadership to TS a71cffcf2fd84e678e7d2e5ddfea7495
I20260713 09:02:24.757437 11790 tablet_service.cc:2072] Received LeaderStepDown RPC: tablet_id: "84ac0167b83f4da0a9457d1ebd9f87be"
dest_uuid: "4f556745e9bc435a874cc1ce45953b31"
mode: GRACEFUL
new_leader_uuid: "a71cffcf2fd84e678e7d2e5ddfea7495"
 from {username='slave'} at 127.0.0.1:58330
I20260713 09:02:24.757886 11790 raft_consensus.cc:606] T 84ac0167b83f4da0a9457d1ebd9f87be P 4f556745e9bc435a874cc1ce45953b31 [term 1 LEADER]: Received request to transfer leadership to TS a71cffcf2fd84e678e7d2e5ddfea7495
I20260713 09:02:24.762063 11790 tablet_service.cc:2072] Received LeaderStepDown RPC: tablet_id: "fa113ccc42aa4a49a45c9415815bd98a"
dest_uuid: "4f556745e9bc435a874cc1ce45953b31"
mode: GRACEFUL
new_leader_uuid: "a71cffcf2fd84e678e7d2e5ddfea7495"
 from {username='slave'} at 127.0.0.1:58330
I20260713 09:02:24.762451 11790 raft_consensus.cc:606] T fa113ccc42aa4a49a45c9415815bd98a P 4f556745e9bc435a874cc1ce45953b31 [term 1 LEADER]: Received request to transfer leadership to TS a71cffcf2fd84e678e7d2e5ddfea7495
I20260713 09:02:24.766390 11790 tablet_service.cc:2072] Received LeaderStepDown RPC: tablet_id: "e8527e2bfa884e22b23529f8fe4b1047"
dest_uuid: "4f556745e9bc435a874cc1ce45953b31"
mode: GRACEFUL
new_leader_uuid: "a71cffcf2fd84e678e7d2e5ddfea7495"
 from {username='slave'} at 127.0.0.1:58330
I20260713 09:02:24.766780 11790 raft_consensus.cc:606] T e8527e2bfa884e22b23529f8fe4b1047 P 4f556745e9bc435a874cc1ce45953b31 [term 1 LEADER]: Received request to transfer leadership to TS a71cffcf2fd84e678e7d2e5ddfea7495
I20260713 09:02:24.779635 11642 tablet_service.cc:2072] Received LeaderStepDown RPC: tablet_id: "d264a12c57a840a29a785d6892549264"
dest_uuid: "a71cffcf2fd84e678e7d2e5ddfea7495"
mode: GRACEFUL
new_leader_uuid: "449592aafa5944e39364736222be5644"
 from {username='slave'} at 127.0.0.1:39596
I20260713 09:02:24.780011 11642 raft_consensus.cc:606] T d264a12c57a840a29a785d6892549264 P a71cffcf2fd84e678e7d2e5ddfea7495 [term 1 LEADER]: Received request to transfer leadership to TS 449592aafa5944e39364736222be5644
I20260713 09:02:24.783921 11790 tablet_service.cc:2072] Received LeaderStepDown RPC: tablet_id: "c6a0cc997a454bd2be502a9346a395e8"
dest_uuid: "4f556745e9bc435a874cc1ce45953b31"
mode: GRACEFUL
