I20260713 09:02:39.440667 12644 raft_consensus.cc:2243] T 01f54f36172a4d0192cd21d11dfd535f P 03a736b8011a4e55960b9356b8c7431c [term 1 FOLLOWER]: Raft consensus shutting down.
I20260713 09:02:39.441152 12644 raft_consensus.cc:2272] T 01f54f36172a4d0192cd21d11dfd535f P 03a736b8011a4e55960b9356b8c7431c [term 1 FOLLOWER]: Raft consensus is shut down!
I20260713 09:02:39.443533 12644 ts_tablet_manager.cc:1916] T 01f54f36172a4d0192cd21d11dfd535f P 03a736b8011a4e55960b9356b8c7431c: Deleting tablet data with delete state TABLET_DATA_TOMBSTONED
I20260713 09:02:39.452754 12644 ts_tablet_manager.cc:1929] T 01f54f36172a4d0192cd21d11dfd535f P 03a736b8011a4e55960b9356b8c7431c: tablet deleted with delete type TABLET_DATA_TOMBSTONED: last-logged OpId 1.3
I20260713 09:02:39.453013 12644 log.cc:1199] T 01f54f36172a4d0192cd21d11dfd535f P 03a736b8011a4e55960b9356b8c7431c: Deleting WAL directory at /tmp/dist-test-taskiNQcSM/test-tmp/auto_leader_rebalancer-test.0.LeaderRebalancerTest.AddTserver.1783933330922531-11026-0/minicluster-data/ts-0-root/wals/01f54f36172a4d0192cd21d11dfd535f
I20260713 09:02:39.454214 12010 catalog_manager.cc:5028] TS 03a736b8011a4e55960b9356b8c7431c (127.10.196.129:45711): tablet 01f54f36172a4d0192cd21d11dfd535f (table test-workload [id=2f2500dc8c954a4da41b125daa960eaf]) successfully deleted
I20260713 09:02:39.477312 12643 raft_consensus.cc:1064] T 9dfa5922c4e5486aaf4a99dc918a9651 P 03a736b8011a4e55960b9356b8c7431c: attempting to promote NON_VOTER 0c61c615a9e94bb88223ab6a987f45d2 to VOTER
I20260713 09:02:39.479283 12643 consensus_queue.cc:237] T 9dfa5922c4e5486aaf4a99dc918a9651 P 03a736b8011a4e55960b9356b8c7431c [LEADER]: Queue going to LEADER mode. State: All replicated index: 0, Majority replicated index: 2, Committed index: 2, Last appended: 1.2, Last appended by leader: 0, Current term: 1, Majority size: 3, State: 0, Mode: LEADER, active raft config: opid_index: 3 OBSOLETE_local: false peers { permanent_uuid: "03a736b8011a4e55960b9356b8c7431c" member_type: VOTER last_known_addr { host: "127.10.196.129" port: 45711 } } peers { permanent_uuid: "243c4b124b6745fba882e46b877a979d" member_type: VOTER last_known_addr { host: "127.10.196.130" port: 44445 } attrs { replace: true } } peers { permanent_uuid: "a20bf95095b14f009bcdaf4abae5817e" member_type: VOTER last_known_addr { host: "127.10.196.131" port: 38127 } } peers { permanent_uuid: "0c61c615a9e94bb88223ab6a987f45d2" member_type: VOTER last_known_addr { host: "127.10.196.132" port: 45831 } attrs { promote: false } }
I20260713 09:02:39.485841 12541 raft_consensus.cc:1275] T 9dfa5922c4e5486aaf4a99dc918a9651 P 0c61c615a9e94bb88223ab6a987f45d2 [term 1 LEARNER]: Refusing update from remote peer 03a736b8011a4e55960b9356b8c7431c: Log matching property violated. Preceding OpId in replica: term: 1 index: 2. Preceding OpId from leader: term: 1 index: 3. (index mismatch)
I20260713 09:02:39.486044 12271 raft_consensus.cc:1275] T 9dfa5922c4e5486aaf4a99dc918a9651 P a20bf95095b14f009bcdaf4abae5817e [term 1 FOLLOWER]: Refusing update from remote peer 03a736b8011a4e55960b9356b8c7431c: Log matching property violated. Preceding OpId in replica: term: 1 index: 2. Preceding OpId from leader: term: 1 index: 3. (index mismatch)
I20260713 09:02:39.486249 12200 raft_consensus.cc:1275] T 9dfa5922c4e5486aaf4a99dc918a9651 P 243c4b124b6745fba882e46b877a979d [term 1 FOLLOWER]: Refusing update from remote peer 03a736b8011a4e55960b9356b8c7431c: Log matching property violated. Preceding OpId in replica: term: 1 index: 2. Preceding OpId from leader: term: 1 index: 3. (index mismatch)
I20260713 09:02:39.487646 12601 consensus_queue.cc:1048] T 9dfa5922c4e5486aaf4a99dc918a9651 P 03a736b8011a4e55960b9356b8c7431c [LEADER]: Connected to new peer: Peer: permanent_uuid: "a20bf95095b14f009bcdaf4abae5817e" member_type: VOTER last_known_addr { host: "127.10.196.131" port: 38127 }, Status: LMP_MISMATCH, Last received: 0.0, Next index: 3, Last known committed idx: 2, Time since last communication: 0.000s
I20260713 09:02:39.488498 12646 consensus_queue.cc:1048] T 9dfa5922c4e5486aaf4a99dc918a9651 P 03a736b8011a4e55960b9356b8c7431c [LEADER]: Connected to new peer: Peer: permanent_uuid: "243c4b124b6745fba882e46b877a979d" member_type: VOTER last_known_addr { host: "127.10.196.130" port: 44445 } attrs { replace: true }, Status: LMP_MISMATCH, Last received: 0.0, Next index: 3, Last known committed idx: 2, Time since last communication: 0.001s
I20260713 09:02:39.489308 12643 consensus_queue.cc:1048] T 9dfa5922c4e5486aaf4a99dc918a9651 P 03a736b8011a4e55960b9356b8c7431c [LEADER]: Connected to new peer: Peer: permanent_uuid: "0c61c615a9e94bb88223ab6a987f45d2" member_type: VOTER last_known_addr { host: "127.10.196.132" port: 45831 } attrs { promote: false }, Status: LMP_MISMATCH, Last received: 0.0, Next index: 3, Last known committed idx: 2, Time since last communication: 0.000s
I20260713 09:02:39.504279 12646 raft_consensus.cc:2955] T 9dfa5922c4e5486aaf4a99dc918a9651 P 03a736b8011a4e55960b9356b8c7431c [term 1 LEADER]: Committing config change with OpId 1.3: config changed from index 2 to 3, 0c61c615a9e94bb88223ab6a987f45d2 (127.10.196.132) changed from NON_VOTER to VOTER. New config: { opid_index: 3 OBSOLETE_local: false peers { permanent_uuid: "03a736b8011a4e55960b9356b8c7431c" member_type: VOTER last_known_addr { host: "127.10.196.129" port: 45711 } } peers { permanent_uuid: "243c4b124b6745fba882e46b877a979d" member_type: VOTER last_known_addr { host: "127.10.196.130" port: 44445 } attrs { replace: true } } peers { permanent_uuid: "a20bf95095b14f009bcdaf4abae5817e" member_type: VOTER last_known_addr { host: "127.10.196.131" port: 38127 } } peers { permanent_uuid: "0c61c615a9e94bb88223ab6a987f45d2" member_type: VOTER last_known_addr { host: "127.10.196.132" port: 45831 } attrs { promote: false } } }
I20260713 09:02:39.510732 12271 raft_consensus.cc:2955] T 9dfa5922c4e5486aaf4a99dc918a9651 P a20bf95095b14f009bcdaf4abae5817e [term 1 FOLLOWER]: Committing config change with OpId 1.3: config changed from index 2 to 3, 0c61c615a9e94bb88223ab6a987f45d2 (127.10.196.132) changed from NON_VOTER to VOTER. New config: { opid_index: 3 OBSOLETE_local: false peers { permanent_uuid: "03a736b8011a4e55960b9356b8c7431c" member_type: VOTER last_known_addr { host: "127.10.196.129" port: 45711 } } peers { permanent_uuid: "243c4b124b6745fba882e46b877a979d" member_type: VOTER last_known_addr { host: "127.10.196.130" port: 44445 } attrs { replace: true } } peers { permanent_uuid: "a20bf95095b14f009bcdaf4abae5817e" member_type: VOTER last_known_addr { host: "127.10.196.131" port: 38127 } } peers { permanent_uuid: "0c61c615a9e94bb88223ab6a987f45d2" member_type: VOTER last_known_addr { host: "127.10.196.132" port: 45831 } attrs { promote: false } } }
I20260713 09:02:39.513527 12541 raft_consensus.cc:2955] T 9dfa5922c4e5486aaf4a99dc918a9651 P 0c61c615a9e94bb88223ab6a987f45d2 [term 1 FOLLOWER]: Committing config change with OpId 1.3: config changed from index 2 to 3, 0c61c615a9e94bb88223ab6a987f45d2 (127.10.196.132) changed from NON_VOTER to VOTER. New config: { opid_index: 3 OBSOLETE_local: false peers { permanent_uuid: "03a736b8011a4e55960b9356b8c7431c" member_type: VOTER last_known_addr { host: "127.10.196.129" port: 45711 } } peers { permanent_uuid: "243c4b124b6745fba882e46b877a979d" member_type: VOTER last_known_addr { host: "127.10.196.130" port: 44445 } attrs { replace: true } } peers { permanent_uuid: "a20bf95095b14f009bcdaf4abae5817e" member_type: VOTER last_known_addr { host: "127.10.196.131" port: 38127 } } peers { permanent_uuid: "0c61c615a9e94bb88223ab6a987f45d2" member_type: VOTER last_known_addr { host: "127.10.196.132" port: 45831 } attrs { promote: false } } }
I20260713 09:02:39.518884 12020 catalog_manager.cc:5697] T 9dfa5922c4e5486aaf4a99dc918a9651 P 03a736b8011a4e55960b9356b8c7431c reported cstate change: config changed from index 2 to 3, 0c61c615a9e94bb88223ab6a987f45d2 (127.10.196.132) changed from NON_VOTER to VOTER. New cstate: current_term: 1 leader_uuid: "03a736b8011a4e55960b9356b8c7431c" committed_config { opid_index: 3 OBSOLETE_local: false peers { permanent_uuid: "03a736b8011a4e55960b9356b8c7431c" member_type: VOTER last_known_addr { host: "127.10.196.129" port: 45711 } health_report { overall_health: HEALTHY } } peers { permanent_uuid: "243c4b124b6745fba882e46b877a979d" member_type: VOTER last_known_addr { host: "127.10.196.130" port: 44445 } attrs { replace: true } health_report { overall_health: HEALTHY } } peers { permanent_uuid: "a20bf95095b14f009bcdaf4abae5817e" member_type: VOTER last_known_addr { host: "127.10.196.131" port: 38127 } health_report { overall_health: HEALTHY } } peers { permanent_uuid: "0c61c615a9e94bb88223ab6a987f45d2" member_type: VOTER last_known_addr { host: "127.10.196.132" port: 45831 } attrs { promote: false } health_report { overall_health: HEALTHY } } }
I20260713 09:02:39.520854 12200 raft_consensus.cc:2955] T 9dfa5922c4e5486aaf4a99dc918a9651 P 243c4b124b6745fba882e46b877a979d [term 1 FOLLOWER]: Committing config change with OpId 1.3: config changed from index 2 to 3, 0c61c615a9e94bb88223ab6a987f45d2 (127.10.196.132) changed from NON_VOTER to VOTER. New config: { opid_index: 3 OBSOLETE_local: false peers { permanent_uuid: "03a736b8011a4e55960b9356b8c7431c" member_type: VOTER last_known_addr { host: "127.10.196.129" port: 45711 } } peers { permanent_uuid: "243c4b124b6745fba882e46b877a979d" member_type: VOTER last_known_addr { host: "127.10.196.130" port: 44445 } attrs { replace: true } } peers { permanent_uuid: "a20bf95095b14f009bcdaf4abae5817e" member_type: VOTER last_known_addr { host: "127.10.196.131" port: 38127 } } peers { permanent_uuid: "0c61c615a9e94bb88223ab6a987f45d2" member_type: VOTER last_known_addr { host: "127.10.196.132" port: 45831 } attrs { promote: false } } }
I20260713 09:02:39.531589 12125 consensus_queue.cc:237] T 9dfa5922c4e5486aaf4a99dc918a9651 P 03a736b8011a4e55960b9356b8c7431c [LEADER]: Queue going to LEADER mode. State: All replicated index: 0, Majority replicated index: 3, Committed index: 3, Last appended: 1.3, Last appended by leader: 0, Current term: 1, Majority size: 2, State: 0, Mode: LEADER, active raft config: opid_index: 4 OBSOLETE_local: false peers { permanent_uuid: "03a736b8011a4e55960b9356b8c7431c" member_type: VOTER last_known_addr { host: "127.10.196.129" port: 45711 } } peers { permanent_uuid: "a20bf95095b14f009bcdaf4abae5817e" member_type: VOTER last_known_addr { host: "127.10.196.131" port: 38127 } } peers { permanent_uuid: "0c61c615a9e94bb88223ab6a987f45d2" member_type: VOTER last_known_addr { host: "127.10.196.132" port: 45831 } attrs { promote: false } }
I20260713 09:02:39.537453 12541 raft_consensus.cc:1275] T 9dfa5922c4e5486aaf4a99dc918a9651 P 0c61c615a9e94bb88223ab6a987f45d2 [term 1 FOLLOWER]: Refusing update from remote peer 03a736b8011a4e55960b9356b8c7431c: Log matching property violated. Preceding OpId in replica: term: 1 index: 3. Preceding OpId from leader: term: 1 index: 4. (index mismatch)
I20260713 09:02:39.538975 12271 raft_consensus.cc:1275] T 9dfa5922c4e5486aaf4a99dc918a9651 P a20bf95095b14f009bcdaf4abae5817e [term 1 FOLLOWER]: Refusing update from remote peer 03a736b8011a4e55960b9356b8c7431c: Log matching property violated. Preceding OpId in replica: term: 1 index: 3. Preceding OpId from leader: term: 1 index: 4. (index mismatch)
I20260713 09:02:39.539729 12646 consensus_queue.cc:1048] T 9dfa5922c4e5486aaf4a99dc918a9651 P 03a736b8011a4e55960b9356b8c7431c [LEADER]: Connected to new peer: Peer: permanent_uuid: "0c61c615a9e94bb88223ab6a987f45d2" member_type: VOTER last_known_addr { host: "127.10.196.132" port: 45831 } attrs { promote: false }, Status: LMP_MISMATCH, Last received: 0.0, Next index: 4, Last known committed idx: 3, Time since last communication: 0.000s
I20260713 09:02:39.543159 12646 consensus_queue.cc:1048] T 9dfa5922c4e5486aaf4a99dc918a9651 P 03a736b8011a4e55960b9356b8c7431c [LEADER]: Connected to new peer: Peer: permanent_uuid: "a20bf95095b14f009bcdaf4abae5817e" member_type: VOTER last_known_addr { host: "127.10.196.131" port: 38127 }, Status: LMP_MISMATCH, Last received: 0.0, Next index: 4, Last known committed idx: 3, Time since last communication: 0.000s
I20260713 09:02:39.546314 12643 raft_consensus.cc:2955] T 9dfa5922c4e5486aaf4a99dc918a9651 P 03a736b8011a4e55960b9356b8c7431c [term 1 LEADER]: Committing config change with OpId 1.4: config changed from index 3 to 4, VOTER 243c4b124b6745fba882e46b877a979d (127.10.196.130) evicted. New config: { opid_index: 4 OBSOLETE_local: false peers { permanent_uuid: "03a736b8011a4e55960b9356b8c7431c" member_type: VOTER last_known_addr { host: "127.10.196.129" port: 45711 } } peers { permanent_uuid: "a20bf95095b14f009bcdaf4abae5817e" member_type: VOTER last_known_addr { host: "127.10.196.131" port: 38127 } } peers { permanent_uuid: "0c61c615a9e94bb88223ab6a987f45d2" member_type: VOTER last_known_addr { host: "127.10.196.132" port: 45831 } attrs { promote: false } } }
I20260713 09:02:39.549685 12541 raft_consensus.cc:2955] T 9dfa5922c4e5486aaf4a99dc918a9651 P 0c61c615a9e94bb88223ab6a987f45d2 [term 1 FOLLOWER]: Committing config change with OpId 1.4: config changed from index 3 to 4, VOTER 243c4b124b6745fba882e46b877a979d (127.10.196.130) evicted. New config: { opid_index: 4 OBSOLETE_local: false peers { permanent_uuid: "03a736b8011a4e55960b9356b8c7431c" member_type: VOTER last_known_addr { host: "127.10.196.129" port: 45711 } } peers { permanent_uuid: "a20bf95095b14f009bcdaf4abae5817e" member_type: VOTER last_known_addr { host: "127.10.196.131" port: 38127 } } peers { permanent_uuid: "0c61c615a9e94bb88223ab6a987f45d2" member_type: VOTER last_known_addr { host: "127.10.196.132" port: 45831 } attrs { promote: false } } }
I20260713 09:02:39.551210 12274 raft_consensus.cc:2955] T 9dfa5922c4e5486aaf4a99dc918a9651 P a20bf95095b14f009bcdaf4abae5817e [term 1 FOLLOWER]: Committing config change with OpId 1.4: config changed from index 3 to 4, VOTER 243c4b124b6745fba882e46b877a979d (127.10.196.130) evicted. New config: { opid_index: 4 OBSOLETE_local: false peers { permanent_uuid: "03a736b8011a4e55960b9356b8c7431c" member_type: VOTER last_known_addr { host: "127.10.196.129" port: 45711 } } peers { permanent_uuid: "a20bf95095b14f009bcdaf4abae5817e" member_type: VOTER last_known_addr { host: "127.10.196.131" port: 38127 } } peers { permanent_uuid: "0c61c615a9e94bb88223ab6a987f45d2" member_type: VOTER last_known_addr { host: "127.10.196.132" port: 45831 } attrs { promote: false } } }
I20260713 09:02:39.555742 12010 catalog_manager.cc:5210] ChangeConfig:REMOVE_PEER RPC for tablet 9dfa5922c4e5486aaf4a99dc918a9651 with cas_config_opid_index 3: ChangeConfig:REMOVE_PEER succeeded (attempt 1)
I20260713 09:02:39.562343 12024 catalog_manager.cc:5697] T 9dfa5922c4e5486aaf4a99dc918a9651 P 03a736b8011a4e55960b9356b8c7431c reported cstate change: config changed from index 3 to 4, VOTER 243c4b124b6745fba882e46b877a979d (127.10.196.130) evicted. New cstate: current_term: 1 leader_uuid: "03a736b8011a4e55960b9356b8c7431c" committed_config { opid_index: 4 OBSOLETE_local: false peers { permanent_uuid: "03a736b8011a4e55960b9356b8c7431c" member_type: VOTER last_known_addr { host: "127.10.196.129" port: 45711 } health_report { overall_health: HEALTHY } } peers { permanent_uuid: "a20bf95095b14f009bcdaf4abae5817e" member_type: VOTER last_known_addr { host: "127.10.196.131" port: 38127 } health_report { overall_health: HEALTHY } } peers { permanent_uuid: "0c61c615a9e94bb88223ab6a987f45d2" member_type: VOTER last_known_addr { host: "127.10.196.132" port: 45831 } attrs { promote: false } health_report { overall_health: HEALTHY } } }
I20260713 09:02:39.570577 12191 tablet_service.cc:1558] Processing DeleteTablet for tablet 9dfa5922c4e5486aaf4a99dc918a9651 with delete_type TABLET_DATA_TOMBSTONED (TS 243c4b124b6745fba882e46b877a979d not found in new config with opid_index 4) from {username='slave'} at 127.0.0.1:59252
I20260713 09:02:39.571403 12635 tablet_replica.cc:333] T 9dfa5922c4e5486aaf4a99dc918a9651 P 243c4b124b6745fba882e46b877a979d: stopping tablet replica
I20260713 09:02:39.572319 12635 raft_consensus.cc:2243] T 9dfa5922c4e5486aaf4a99dc918a9651 P 243c4b124b6745fba882e46b877a979d [term 1 FOLLOWER]: Raft consensus shutting down.
I20260713 09:02:39.572880 12635 raft_consensus.cc:2272] T 9dfa5922c4e5486aaf4a99dc918a9651 P 243c4b124b6745fba882e46b877a979d [term 1 FOLLOWER]: Raft consensus is shut down!
I20260713 09:02:39.575356 12635 ts_tablet_manager.cc:1916] T 9dfa5922c4e5486aaf4a99dc918a9651 P 243c4b124b6745fba882e46b877a979d: Deleting tablet data with delete state TABLET_DATA_TOMBSTONED
I20260713 09:02:39.585400 12635 ts_tablet_manager.cc:1929] T 9dfa5922c4e5486aaf4a99dc918a9651 P 243c4b124b6745fba882e46b877a979d: tablet deleted with delete type TABLET_DATA_TOMBSTONED: last-logged OpId 1.3
I20260713 09:02:39.585644 12635 log.cc:1199] T 9dfa5922c4e5486aaf4a99dc918a9651 P 243c4b124b6745fba882e46b877a979d: Deleting WAL directory at /tmp/dist-test-taskiNQcSM/test-tmp/auto_leader_rebalancer-test.0.LeaderRebalancerTest.AddTserver.1783933330922531-11026-0/minicluster-data/ts-1-root/wals/9dfa5922c4e5486aaf4a99dc918a9651
I20260713 09:02:39.586601 12008 catalog_manager.cc:5028] TS 243c4b124b6745fba882e46b877a979d (127.10.196.130:44445): tablet 9dfa5922c4e5486aaf4a99dc918a9651 (table test-workload [id=2f2500dc8c954a4da41b125daa960eaf]) successfully deleted
I20260713 09:02:40.596773 12200 consensus_queue.cc:237] T 3f0b7ee890ed466ba4a393110c1a780b P 243c4b124b6745fba882e46b877a979d [LEADER]: Queue going to LEADER mode. State: All replicated index: 0, Majority replicated index: 1, Committed index: 1, Last appended: 1.1, Last appended by leader: 0, Current term: 1, Majority size: 2, State: 0, Mode: LEADER, active raft config: opid_index: 2 OBSOLETE_local: false peers { permanent_uuid: "03a736b8011a4e55960b9356b8c7431c" member_type: VOTER last_known_addr { host: "127.10.196.129" port: 45711 } } peers { permanent_uuid: "243c4b124b6745fba882e46b877a979d" member_type: VOTER last_known_addr { host: "127.10.196.130" port: 44445 } } peers { permanent_uuid: "a20bf95095b14f009bcdaf4abae5817e" member_type: VOTER last_known_addr { host: "127.10.196.131" port: 38127 } attrs { replace: true } } peers { permanent_uuid: "0c61c615a9e94bb88223ab6a987f45d2" member_type: NON_VOTER last_known_addr { host: "127.10.196.132" port: 45831 } attrs { promote: true } }
I20260713 09:02:40.602231 12274 raft_consensus.cc:1275] T 3f0b7ee890ed466ba4a393110c1a780b P a20bf95095b14f009bcdaf4abae5817e [term 1 FOLLOWER]: Refusing update from remote peer 243c4b124b6745fba882e46b877a979d: Log matching property violated. Preceding OpId in replica: term: 1 index: 1. Preceding OpId from leader: term: 1 index: 2. (index mismatch)
I20260713 09:02:40.602231 12126 raft_consensus.cc:1275] T 3f0b7ee890ed466ba4a393110c1a780b P 03a736b8011a4e55960b9356b8c7431c [term 1 FOLLOWER]: Refusing update from remote peer 243c4b124b6745fba882e46b877a979d: Log matching property violated. Preceding OpId in replica: term: 1 index: 1. Preceding OpId from leader: term: 1 index: 2. (index mismatch)
W20260713 09:02:40.602761 12167 consensus_peers.cc:597] T 3f0b7ee890ed466ba4a393110c1a780b P 243c4b124b6745fba882e46b877a979d -> Peer 0c61c615a9e94bb88223ab6a987f45d2 (127.10.196.132:45831): Couldn't send request to peer 0c61c615a9e94bb88223ab6a987f45d2. Error code: TABLET_NOT_FOUND (6). Status: Not found: Tablet not found: 3f0b7ee890ed466ba4a393110c1a780b. This is attempt 1: this message will repeat every 5th retry.
I20260713 09:02:40.603482 12653 consensus_queue.cc:1048] T 3f0b7ee890ed466ba4a393110c1a780b P 243c4b124b6745fba882e46b877a979d [LEADER]: Connected to new peer: Peer: permanent_uuid: "a20bf95095b14f009bcdaf4abae5817e" member_type: VOTER last_known_addr { host: "127.10.196.131" port: 38127 } attrs { replace: true }, Status: LMP_MISMATCH, Last received: 0.0, Next index: 2, Last known committed idx: 1, Time since last communication: 0.000s
I20260713 09:02:40.604198 12637 consensus_queue.cc:1048] T 3f0b7ee890ed466ba4a393110c1a780b P 243c4b124b6745fba882e46b877a979d [LEADER]: Connected to new peer: Peer: permanent_uuid: "03a736b8011a4e55960b9356b8c7431c" member_type: VOTER last_known_addr { host: "127.10.196.129" port: 45711 }, Status: LMP_MISMATCH, Last received: 0.0, Next index: 2, Last known committed idx: 1, Time since last communication: 0.000s
I20260713 09:02:40.610481 12650 raft_consensus.cc:2955] T 3f0b7ee890ed466ba4a393110c1a780b P 243c4b124b6745fba882e46b877a979d [term 1 LEADER]: Committing config change with OpId 1.2: config changed from index -1 to 2, NON_VOTER 0c61c615a9e94bb88223ab6a987f45d2 (127.10.196.132) added. New config: { opid_index: 2 OBSOLETE_local: false peers { permanent_uuid: "03a736b8011a4e55960b9356b8c7431c" member_type: VOTER last_known_addr { host: "127.10.196.129" port: 45711 } } peers { permanent_uuid: "243c4b124b6745fba882e46b877a979d" member_type: VOTER last_known_addr { host: "127.10.196.130" port: 44445 } } peers { permanent_uuid: "a20bf95095b14f009bcdaf4abae5817e" member_type: VOTER last_known_addr { host: "127.10.196.131" port: 38127 } attrs { replace: true } } peers { permanent_uuid: "0c61c615a9e94bb88223ab6a987f45d2" member_type: NON_VOTER last_known_addr { host: "127.10.196.132" port: 45831 } attrs { promote: true } } }
I20260713 09:02:40.612053 12274 raft_consensus.cc:2955] T 3f0b7ee890ed466ba4a393110c1a780b P a20bf95095b14f009bcdaf4abae5817e [term 1 FOLLOWER]: Committing config change with OpId 1.2: config changed from index -1 to 2, NON_VOTER 0c61c615a9e94bb88223ab6a987f45d2 (127.10.196.132) added. New config: { opid_index: 2 OBSOLETE_local: false peers { permanent_uuid: "03a736b8011a4e55960b9356b8c7431c" member_type: VOTER last_known_addr { host: "127.10.196.129" port: 45711 } } peers { permanent_uuid: "243c4b124b6745fba882e46b877a979d" member_type: VOTER last_known_addr { host: "127.10.196.130" port: 44445 } } peers { permanent_uuid: "a20bf95095b14f009bcdaf4abae5817e" member_type: VOTER last_known_addr { host: "127.10.196.131" port: 38127 } attrs { replace: true } } peers { permanent_uuid: "0c61c615a9e94bb88223ab6a987f45d2" member_type: NON_VOTER last_known_addr { host: "127.10.196.132" port: 45831 } attrs { promote: true } } }
I20260713 09:02:40.612134 12126 raft_consensus.cc:2955] T 3f0b7ee890ed466ba4a393110c1a780b P 03a736b8011a4e55960b9356b8c7431c [term 1 FOLLOWER]: Committing config change with OpId 1.2: config changed from index -1 to 2, NON_VOTER 0c61c615a9e94bb88223ab6a987f45d2 (127.10.196.132) added. New config: { opid_index: 2 OBSOLETE_local: false peers { permanent_uuid: "03a736b8011a4e55960b9356b8c7431c" member_type: VOTER last_known_addr { host: "127.10.196.129" port: 45711 } } peers { permanent_uuid: "243c4b124b6745fba882e46b877a979d" member_type: VOTER last_known_addr { host: "127.10.196.130" port: 44445 } } peers { permanent_uuid: "a20bf95095b14f009bcdaf4abae5817e" member_type: VOTER last_known_addr { host: "127.10.196.131" port: 38127 } attrs { replace: true } } peers { permanent_uuid: "0c61c615a9e94bb88223ab6a987f45d2" member_type: NON_VOTER last_known_addr { host: "127.10.196.132" port: 45831 } attrs { promote: true } } }
I20260713 09:02:40.623051 12271 consensus_queue.cc:237] T a75eac0ffbe34c67a6fd4e2be1eaeb18 P a20bf95095b14f009bcdaf4abae5817e [LEADER]: Queue going to LEADER mode. State: All replicated index: 0, Majority replicated index: 1, Committed index: 1, Last appended: 1.1, Last appended by leader: 0, Current term: 1, Majority size: 2, State: 0, Mode: LEADER, active raft config: opid_index: 2 OBSOLETE_local: false peers { permanent_uuid: "03a736b8011a4e55960b9356b8c7431c" member_type: VOTER last_known_addr { host: "127.10.196.129" port: 45711 } attrs { replace: true } } peers { permanent_uuid: "243c4b124b6745fba882e46b877a979d" member_type: VOTER last_known_addr { host: "127.10.196.130" port: 44445 } } peers { permanent_uuid: "a20bf95095b14f009bcdaf4abae5817e" member_type: VOTER last_known_addr { host: "127.10.196.131" port: 38127 } } peers { permanent_uuid: "0c61c615a9e94bb88223ab6a987f45d2" member_type: NON_VOTER last_known_addr { host: "127.10.196.132" port: 45831 } attrs { promote: true } }
I20260713 09:02:40.622988 12021 catalog_manager.cc:5697] T 3f0b7ee890ed466ba4a393110c1a780b P 03a736b8011a4e55960b9356b8c7431c reported cstate change: config changed from index -1 to 2, NON_VOTER 0c61c615a9e94bb88223ab6a987f45d2 (127.10.196.132) added. New cstate: current_term: 1 leader_uuid: "243c4b124b6745fba882e46b877a979d" committed_config { opid_index: 2 OBSOLETE_local: false peers { permanent_uuid: "03a736b8011a4e55960b9356b8c7431c" member_type: VOTER last_known_addr { host: "127.10.196.129" port: 45711 } } peers { permanent_uuid: "243c4b124b6745fba882e46b877a979d" member_type: VOTER last_known_addr { host: "127.10.196.130" port: 44445 } } peers { permanent_uuid: "a20bf95095b14f009bcdaf4abae5817e" member_type: VOTER last_known_addr { host: "127.10.196.131" port: 38127 } attrs { replace: true } } peers { permanent_uuid: "0c61c615a9e94bb88223ab6a987f45d2" member_type: NON_VOTER last_known_addr { host: "127.10.196.132" port: 45831 } attrs { promote: true } } }
I20260713 09:02:40.634615 12200 raft_consensus.cc:1275] T a75eac0ffbe34c67a6fd4e2be1eaeb18 P 243c4b124b6745fba882e46b877a979d [term 1 FOLLOWER]: Refusing update from remote peer a20bf95095b14f009bcdaf4abae5817e: Log matching property violated. Preceding OpId in replica: term: 1 index: 1. Preceding OpId from leader: term: 1 index: 2. (index mismatch)
W20260713 09:02:40.635560 12241 consensus_peers.cc:597] T a75eac0ffbe34c67a6fd4e2be1eaeb18 P a20bf95095b14f009bcdaf4abae5817e -> Peer 0c61c615a9e94bb88223ab6a987f45d2 (127.10.196.132:45831): Couldn't send request to peer 0c61c615a9e94bb88223ab6a987f45d2. Error code: TABLET_NOT_FOUND (6). Status: Not found: Tablet not found: a75eac0ffbe34c67a6fd4e2be1eaeb18. This is attempt 1: this message will repeat every 5th retry.
I20260713 09:02:40.636068 12622 consensus_queue.cc:1048] T a75eac0ffbe34c67a6fd4e2be1eaeb18 P a20bf95095b14f009bcdaf4abae5817e [LEADER]: Connected to new peer: Peer: permanent_uuid: "243c4b124b6745fba882e46b877a979d" member_type: VOTER last_known_addr { host: "127.10.196.130" port: 44445 }, Status: LMP_MISMATCH, Last received: 0.0, Next index: 2, Last known committed idx: 1, Time since last communication: 0.000s
I20260713 09:02:40.638927 12126 raft_consensus.cc:1275] T a75eac0ffbe34c67a6fd4e2be1eaeb18 P 03a736b8011a4e55960b9356b8c7431c [term 1 FOLLOWER]: Refusing update from remote peer a20bf95095b14f009bcdaf4abae5817e: Log matching property violated. Preceding OpId in replica: term: 1 index: 1. Preceding OpId from leader: term: 1 index: 2. (index mismatch)
I20260713 09:02:40.640311 12658 consensus_queue.cc:1048] T a75eac0ffbe34c67a6fd4e2be1eaeb18 P a20bf95095b14f009bcdaf4abae5817e [LEADER]: Connected to new peer: Peer: permanent_uuid: "03a736b8011a4e55960b9356b8c7431c" member_type: VOTER last_known_addr { host: "127.10.196.129" port: 45711 } attrs { replace: true }, Status: LMP_MISMATCH, Last received: 0.0, Next index: 2, Last known committed idx: 1, Time since last communication: 0.000s
I20260713 09:02:40.643170 12622 raft_consensus.cc:2955] T a75eac0ffbe34c67a6fd4e2be1eaeb18 P a20bf95095b14f009bcdaf4abae5817e [term 1 LEADER]: Committing config change with OpId 1.2: config changed from index -1 to 2, NON_VOTER 0c61c615a9e94bb88223ab6a987f45d2 (127.10.196.132) added. New config: { opid_index: 2 OBSOLETE_local: false peers { permanent_uuid: "03a736b8011a4e55960b9356b8c7431c" member_type: VOTER last_known_addr { host: "127.10.196.129" port: 45711 } attrs { replace: true } } peers { permanent_uuid: "243c4b124b6745fba882e46b877a979d" member_type: VOTER last_known_addr { host: "127.10.196.130" port: 44445 } } peers { permanent_uuid: "a20bf95095b14f009bcdaf4abae5817e" member_type: VOTER last_known_addr { host: "127.10.196.131" port: 38127 } } peers { permanent_uuid: "0c61c615a9e94bb88223ab6a987f45d2" member_type: NON_VOTER last_known_addr { host: "127.10.196.132" port: 45831 } attrs { promote: true } } }
I20260713 09:02:40.644800 12200 raft_consensus.cc:2955] T a75eac0ffbe34c67a6fd4e2be1eaeb18 P 243c4b124b6745fba882e46b877a979d [term 1 FOLLOWER]: Committing config change with OpId 1.2: config changed from index -1 to 2, NON_VOTER 0c61c615a9e94bb88223ab6a987f45d2 (127.10.196.132) added. New config: { opid_index: 2 OBSOLETE_local: false peers { permanent_uuid: "03a736b8011a4e55960b9356b8c7431c" member_type: VOTER last_known_addr { host: "127.10.196.129" port: 45711 } attrs { replace: true } } peers { permanent_uuid: "243c4b124b6745fba882e46b877a979d" member_type: VOTER last_known_addr { host: "127.10.196.130" port: 44445 } } peers { permanent_uuid: "a20bf95095b14f009bcdaf4abae5817e" member_type: VOTER last_known_addr { host: "127.10.196.131" port: 38127 } } peers { permanent_uuid: "0c61c615a9e94bb88223ab6a987f45d2" member_type: NON_VOTER last_known_addr { host: "127.10.196.132" port: 45831 } attrs { promote: true } } }
I20260713 09:02:40.657559 12271 consensus_queue.cc:237] T ae10697843d743428af7dd266f4a87ac P a20bf95095b14f009bcdaf4abae5817e [LEADER]: Queue going to LEADER mode. State: All replicated index: 0, Majority replicated index: 1, Committed index: 1, Last appended: 1.1, Last appended by leader: 0, Current term: 1, Majority size: 2, State: 0, Mode: LEADER, active raft config: opid_index: 2 OBSOLETE_local: false peers { permanent_uuid: "03a736b8011a4e55960b9356b8c7431c" member_type: VOTER last_known_addr { host: "127.10.196.129" port: 45711 } attrs { replace: true } } peers { permanent_uuid: "243c4b124b6745fba882e46b877a979d" member_type: VOTER last_known_addr { host: "127.10.196.130" port: 44445 } } peers { permanent_uuid: "a20bf95095b14f009bcdaf4abae5817e" member_type: VOTER last_known_addr { host: "127.10.196.131" port: 38127 } } peers { permanent_uuid: "0c61c615a9e94bb88223ab6a987f45d2" member_type: NON_VOTER last_known_addr { host: "127.10.196.132" port: 45831 } attrs { promote: true } }
I20260713 09:02:40.664593 12022 catalog_manager.cc:5697] T a75eac0ffbe34c67a6fd4e2be1eaeb18 P 243c4b124b6745fba882e46b877a979d reported cstate change: config changed from index -1 to 2, NON_VOTER 0c61c615a9e94bb88223ab6a987f45d2 (127.10.196.132) added. New cstate: current_term: 1 leader_uuid: "a20bf95095b14f009bcdaf4abae5817e" committed_config { opid_index: 2 OBSOLETE_local: false peers { permanent_uuid: "03a736b8011a4e55960b9356b8c7431c" member_type: VOTER last_known_addr { host: "127.10.196.129" port: 45711 } attrs { replace: true } } peers { permanent_uuid: "243c4b124b6745fba882e46b877a979d" member_type: VOTER last_known_addr { host: "127.10.196.130" port: 44445 } } peers { permanent_uuid: "a20bf95095b14f009bcdaf4abae5817e" member_type: VOTER last_known_addr { host: "127.10.196.131" port: 38127 } } peers { permanent_uuid: "0c61c615a9e94bb88223ab6a987f45d2" member_type: NON_VOTER last_known_addr { host: "127.10.196.132" port: 45831 } attrs { promote: true } } }
I20260713 09:02:40.671734 12200 raft_consensus.cc:1275] T ae10697843d743428af7dd266f4a87ac P 243c4b124b6745fba882e46b877a979d [term 1 FOLLOWER]: Refusing update from remote peer a20bf95095b14f009bcdaf4abae5817e: Log matching property violated. Preceding OpId in replica: term: 1 index: 1. Preceding OpId from leader: term: 1 index: 2. (index mismatch)
W20260713 09:02:40.672037 12241 consensus_peers.cc:597] T ae10697843d743428af7dd266f4a87ac P a20bf95095b14f009bcdaf4abae5817e -> Peer 0c61c615a9e94bb88223ab6a987f45d2 (127.10.196.132:45831): Couldn't send request to peer 0c61c615a9e94bb88223ab6a987f45d2. Error code: TABLET_NOT_FOUND (6). Status: Not found: Tablet not found: ae10697843d743428af7dd266f4a87ac. This is attempt 1: this message will repeat every 5th retry.
I20260713 09:02:40.673259 12658 consensus_queue.cc:1048] T ae10697843d743428af7dd266f4a87ac P a20bf95095b14f009bcdaf4abae5817e [LEADER]: Connected to new peer: Peer: permanent_uuid: "243c4b124b6745fba882e46b877a979d" member_type: VOTER last_known_addr { host: "127.10.196.130" port: 44445 }, Status: LMP_MISMATCH, Last received: 0.0, Next index: 2, Last known committed idx: 1, Time since last communication: 0.000s
I20260713 09:02:40.676417 12125 raft_consensus.cc:1275] T ae10697843d743428af7dd266f4a87ac P 03a736b8011a4e55960b9356b8c7431c [term 1 FOLLOWER]: Refusing update from remote peer a20bf95095b14f009bcdaf4abae5817e: Log matching property violated. Preceding OpId in replica: term: 1 index: 1. Preceding OpId from leader: term: 1 index: 2. (index mismatch)
I20260713 09:02:40.678027 12667 consensus_queue.cc:1048] T ae10697843d743428af7dd266f4a87ac P a20bf95095b14f009bcdaf4abae5817e [LEADER]: Connected to new peer: Peer: permanent_uuid: "03a736b8011a4e55960b9356b8c7431c" member_type: VOTER last_known_addr { host: "127.10.196.129" port: 45711 } attrs { replace: true }, Status: LMP_MISMATCH, Last received: 0.0, Next index: 2, Last known committed idx: 1, Time since last communication: 0.000s
I20260713 09:02:40.687225 12667 raft_consensus.cc:2955] T ae10697843d743428af7dd266f4a87ac P a20bf95095b14f009bcdaf4abae5817e [term 1 LEADER]: Committing config change with OpId 1.2: config changed from index -1 to 2, NON_VOTER 0c61c615a9e94bb88223ab6a987f45d2 (127.10.196.132) added. New config: { opid_index: 2 OBSOLETE_local: false peers { permanent_uuid: "03a736b8011a4e55960b9356b8c7431c" member_type: VOTER last_known_addr { host: "127.10.196.129" port: 45711 } attrs { replace: true } } peers { permanent_uuid: "243c4b124b6745fba882e46b877a979d" member_type: VOTER last_known_addr { host: "127.10.196.130" port: 44445 } } peers { permanent_uuid: "a20bf95095b14f009bcdaf4abae5817e" member_type: VOTER last_known_addr { host: "127.10.196.131" port: 38127 } } peers { permanent_uuid: "0c61c615a9e94bb88223ab6a987f45d2" member_type: NON_VOTER last_known_addr { host: "127.10.196.132" port: 45831 } attrs { promote: true } } }
I20260713 09:02:40.688529 12125 raft_consensus.cc:2955] T a75eac0ffbe34c67a6fd4e2be1eaeb18 P 03a736b8011a4e55960b9356b8c7431c [term 1 FOLLOWER]: Committing config change with OpId 1.2: config changed from index -1 to 2, NON_VOTER 0c61c615a9e94bb88223ab6a987f45d2 (127.10.196.132) added. New config: { opid_index: 2 OBSOLETE_local: false peers { permanent_uuid: "03a736b8011a4e55960b9356b8c7431c" member_type: VOTER last_known_addr { host: "127.10.196.129" port: 45711 } attrs { replace: true } } peers { permanent_uuid: "243c4b124b6745fba882e46b877a979d" member_type: VOTER last_known_addr { host: "127.10.196.130" port: 44445 } } peers { permanent_uuid: "a20bf95095b14f009bcdaf4abae5817e" member_type: VOTER last_known_addr { host: "127.10.196.131" port: 38127 } } peers { permanent_uuid: "0c61c615a9e94bb88223ab6a987f45d2" member_type: NON_VOTER last_known_addr { host: "127.10.196.132" port: 45831 } attrs { promote: true } } }
I20260713 09:02:40.689468 12196 raft_consensus.cc:2955] T ae10697843d743428af7dd266f4a87ac P 243c4b124b6745fba882e46b877a979d [term 1 FOLLOWER]: Committing config change with OpId 1.2: config changed from index -1 to 2, NON_VOTER 0c61c615a9e94bb88223ab6a987f45d2 (127.10.196.132) added. New config: { opid_index: 2 OBSOLETE_local: false peers { permanent_uuid: "03a736b8011a4e55960b9356b8c7431c" member_type: VOTER last_known_addr { host: "127.10.196.129" port: 45711 } attrs { replace: true } } peers { permanent_uuid: "243c4b124b6745fba882e46b877a979d" member_type: VOTER last_known_addr { host: "127.10.196.130" port: 44445 } } peers { permanent_uuid: "a20bf95095b14f009bcdaf4abae5817e" member_type: VOTER last_known_addr { host: "127.10.196.131" port: 38127 } } peers { permanent_uuid: "0c61c615a9e94bb88223ab6a987f45d2" member_type: NON_VOTER last_known_addr { host: "127.10.196.132" port: 45831 } attrs { promote: true } } }
I20260713 09:02:40.693639 12126 raft_consensus.cc:2955] T ae10697843d743428af7dd266f4a87ac P 03a736b8011a4e55960b9356b8c7431c [term 1 FOLLOWER]: Committing config change with OpId 1.2: config changed from index -1 to 2, NON_VOTER 0c61c615a9e94bb88223ab6a987f45d2 (127.10.196.132) added. New config: { opid_index: 2 OBSOLETE_local: false peers { permanent_uuid: "03a736b8011a4e55960b9356b8c7431c" member_type: VOTER last_known_addr { host: "127.10.196.129" port: 45711 } attrs { replace: true } } peers { permanent_uuid: "243c4b124b6745fba882e46b877a979d" member_type: VOTER last_known_addr { host: "127.10.196.130" port: 44445 } } peers { permanent_uuid: "a20bf95095b14f009bcdaf4abae5817e" member_type: VOTER last_known_addr { host: "127.10.196.131" port: 38127 } } peers { permanent_uuid: "0c61c615a9e94bb88223ab6a987f45d2" member_type: NON_VOTER last_known_addr { host: "127.10.196.132" port: 45831 } attrs { promote: true } } }
I20260713 09:02:40.705701 12021 catalog_manager.cc:5697] T ae10697843d743428af7dd266f4a87ac P 243c4b124b6745fba882e46b877a979d reported cstate change: config changed from index -1 to 2, NON_VOTER 0c61c615a9e94bb88223ab6a987f45d2 (127.10.196.132) added. New cstate: current_term: 1 leader_uuid: "a20bf95095b14f009bcdaf4abae5817e" committed_config { opid_index: 2 OBSOLETE_local: false peers { permanent_uuid: "03a736b8011a4e55960b9356b8c7431c" member_type: VOTER last_known_addr { host: "127.10.196.129" port: 45711 } attrs { replace: true } } peers { permanent_uuid: "243c4b124b6745fba882e46b877a979d" member_type: VOTER last_known_addr { host: "127.10.196.130" port: 44445 } } peers { permanent_uuid: "a20bf95095b14f009bcdaf4abae5817e" member_type: VOTER last_known_addr { host: "127.10.196.131" port: 38127 } } peers { permanent_uuid: "0c61c615a9e94bb88223ab6a987f45d2" member_type: NON_VOTER last_known_addr { host: "127.10.196.132" port: 45831 } attrs { promote: true } } }
I20260713 09:02:40.708909 12126 consensus_queue.cc:237] T b2c69b7901964fe4a2a0fefcf469de1f P 03a736b8011a4e55960b9356b8c7431c [LEADER]: Queue going to LEADER mode. State: All replicated index: 0, Majority replicated index: 1, Committed index: 1, Last appended: 1.1, Last appended by leader: 0, Current term: 1, Majority size: 2, State: 0, Mode: LEADER, active raft config: opid_index: 2 OBSOLETE_local: false peers { permanent_uuid: "03a736b8011a4e55960b9356b8c7431c" member_type: VOTER last_known_addr { host: "127.10.196.129" port: 45711 } } peers { permanent_uuid: "243c4b124b6745fba882e46b877a979d" member_type: VOTER last_known_addr { host: "127.10.196.130" port: 44445 } attrs { replace: true } } peers { permanent_uuid: "a20bf95095b14f009bcdaf4abae5817e" member_type: VOTER last_known_addr { host: "127.10.196.131" port: 38127 } } peers { permanent_uuid: "0c61c615a9e94bb88223ab6a987f45d2" member_type: NON_VOTER last_known_addr { host: "127.10.196.132" port: 45831 } attrs { promote: true } }
W20260713 09:02:40.715816 12092 consensus_peers.cc:597] T b2c69b7901964fe4a2a0fefcf469de1f P 03a736b8011a4e55960b9356b8c7431c -> Peer 0c61c615a9e94bb88223ab6a987f45d2 (127.10.196.132:45831): Couldn't send request to peer 0c61c615a9e94bb88223ab6a987f45d2. Error code: TABLET_NOT_FOUND (6). Status: Not found: Tablet not found: b2c69b7901964fe4a2a0fefcf469de1f. This is attempt 1: this message will repeat every 5th retry.
I20260713 09:02:40.716777 12196 raft_consensus.cc:1275] T b2c69b7901964fe4a2a0fefcf469de1f P 243c4b124b6745fba882e46b877a979d [term 1 FOLLOWER]: Refusing update from remote peer 03a736b8011a4e55960b9356b8c7431c: Log matching property violated. Preceding OpId in replica: term: 1 index: 1. Preceding OpId from leader: term: 1 index: 2. (index mismatch)
I20260713 09:02:40.716890 12271 raft_consensus.cc:1275] T b2c69b7901964fe4a2a0fefcf469de1f P a20bf95095b14f009bcdaf4abae5817e [term 1 FOLLOWER]: Refusing update from remote peer 03a736b8011a4e55960b9356b8c7431c: Log matching property violated. Preceding OpId in replica: term: 1 index: 1. Preceding OpId from leader: term: 1 index: 2. (index mismatch)
I20260713 09:02:40.718017 12646 consensus_queue.cc:1048] T b2c69b7901964fe4a2a0fefcf469de1f P 03a736b8011a4e55960b9356b8c7431c [LEADER]: Connected to new peer: Peer: permanent_uuid: "243c4b124b6745fba882e46b877a979d" member_type: VOTER last_known_addr { host: "127.10.196.130" port: 44445 } attrs { replace: true }, Status: LMP_MISMATCH, Last received: 0.0, Next index: 2, Last known committed idx: 1, Time since last communication: 0.000s
I20260713 09:02:40.720005 12646 consensus_queue.cc:1048] T b2c69b7901964fe4a2a0fefcf469de1f P 03a736b8011a4e55960b9356b8c7431c [LEADER]: Connected to new peer: Peer: permanent_uuid: "a20bf95095b14f009bcdaf4abae5817e" member_type: VOTER last_known_addr { host: "127.10.196.131" port: 38127 }, Status: LMP_MISMATCH, Last received: 0.0, Next index: 2, Last known committed idx: 1, Time since last communication: 0.000s
I20260713 09:02:40.727005 12646 raft_consensus.cc:2955] T b2c69b7901964fe4a2a0fefcf469de1f P 03a736b8011a4e55960b9356b8c7431c [term 1 LEADER]: Committing config change with OpId 1.2: config changed from index -1 to 2, NON_VOTER 0c61c615a9e94bb88223ab6a987f45d2 (127.10.196.132) added. New config: { opid_index: 2 OBSOLETE_local: false peers { permanent_uuid: "03a736b8011a4e55960b9356b8c7431c" member_type: VOTER last_known_addr { host: "127.10.196.129" port: 45711 } } peers { permanent_uuid: "243c4b124b6745fba882e46b877a979d" member_type: VOTER last_known_addr { host: "127.10.196.130" port: 44445 } attrs { replace: true } } peers { permanent_uuid: "a20bf95095b14f009bcdaf4abae5817e" member_type: VOTER last_known_addr { host: "127.10.196.131" port: 38127 } } peers { permanent_uuid: "0c61c615a9e94bb88223ab6a987f45d2" member_type: NON_VOTER last_known_addr { host: "127.10.196.132" port: 45831 } attrs { promote: true } } }
I20260713 09:02:40.734995 12196 raft_consensus.cc:2955] T b2c69b7901964fe4a2a0fefcf469de1f P 243c4b124b6745fba882e46b877a979d [term 1 FOLLOWER]: Committing config change with OpId 1.2: config changed from index -1 to 2, NON_VOTER 0c61c615a9e94bb88223ab6a987f45d2 (127.10.196.132) added. New config: { opid_index: 2 OBSOLETE_local: false peers { permanent_uuid: "03a736b8011a4e55960b9356b8c7431c" member_type: VOTER last_known_addr { host: "127.10.196.129" port: 45711 } } peers { permanent_uuid: "243c4b124b6745fba882e46b877a979d" member_type: VOTER last_known_addr { host: "127.10.196.130" port: 44445 } attrs { replace: true } } peers { permanent_uuid: "a20bf95095b14f009bcdaf4abae5817e" member_type: VOTER last_known_addr { host: "127.10.196.131" port: 38127 } } peers { permanent_uuid: "0c61c615a9e94bb88223ab6a987f45d2" member_type: NON_VOTER last_known_addr { host: "127.10.196.132" port: 45831 } attrs { promote: true } } }
I20260713 09:02:40.739490 12024 catalog_manager.cc:5697] T b2c69b7901964fe4a2a0fefcf469de1f P 03a736b8011a4e55960b9356b8c7431c reported cstate change: config changed from index -1 to 2, NON_VOTER 0c61c615a9e94bb88223ab6a987f45d2 (127.10.196.132) added. New cstate: current_term: 1 leader_uuid: "03a736b8011a4e55960b9356b8c7431c" committed_config { opid_index: 2 OBSOLETE_local: false peers { permanent_uuid: "03a736b8011a4e55960b9356b8c7431c" member_type: VOTER last_known_addr { host: "127.10.196.129" port: 45711 } health_report { overall_health: HEALTHY } } peers { permanent_uuid: "243c4b124b6745fba882e46b877a979d" member_type: VOTER last_known_addr { host: "127.10.196.130" port: 44445 } attrs { replace: true } health_report { overall_health: HEALTHY } } peers { permanent_uuid: "a20bf95095b14f009bcdaf4abae5817e" member_type: VOTER last_known_addr { host: "127.10.196.131" port: 38127 } health_report { overall_health: HEALTHY } } peers { permanent_uuid: "0c61c615a9e94bb88223ab6a987f45d2" member_type: NON_VOTER last_known_addr { host: "127.10.196.132" port: 45831 } attrs { promote: true } health_report { overall_health: UNKNOWN } } }
I20260713 09:02:40.741465 12271 raft_consensus.cc:2955] T b2c69b7901964fe4a2a0fefcf469de1f P a20bf95095b14f009bcdaf4abae5817e [term 1 FOLLOWER]: Committing config change with OpId 1.2: config changed from index -1 to 2, NON_VOTER 0c61c615a9e94bb88223ab6a987f45d2 (127.10.196.132) added. New config: { opid_index: 2 OBSOLETE_local: false peers { permanent_uuid: "03a736b8011a4e55960b9356b8c7431c" member_type: VOTER last_known_addr { host: "127.10.196.129" port: 45711 } } peers { permanent_uuid: "243c4b124b6745fba882e46b877a979d" member_type: VOTER last_known_addr { host: "127.10.196.130" port: 44445 } attrs { replace: true } } peers { permanent_uuid: "a20bf95095b14f009bcdaf4abae5817e" member_type: VOTER last_known_addr { host: "127.10.196.131" port: 38127 } } peers { permanent_uuid: "0c61c615a9e94bb88223ab6a987f45d2" member_type: NON_VOTER last_known_addr { host: "127.10.196.132" port: 45831 } attrs { promote: true } } }
I20260713 09:02:41.047026 12675 ts_tablet_manager.cc:933] T 3f0b7ee890ed466ba4a393110c1a780b P 0c61c615a9e94bb88223ab6a987f45d2: Initiating tablet copy from peer 243c4b124b6745fba882e46b877a979d (127.10.196.130:44445)
I20260713 09:02:41.048689 12675 tablet_copy_client.cc:323] T 3f0b7ee890ed466ba4a393110c1a780b P 0c61c615a9e94bb88223ab6a987f45d2: tablet copy: Beginning tablet copy session from remote peer at address 127.10.196.130:44445
I20260713 09:02:41.050194 12211 tablet_copy_service.cc:140] P 243c4b124b6745fba882e46b877a979d: Received BeginTabletCopySession request for tablet 3f0b7ee890ed466ba4a393110c1a780b from peer 0c61c615a9e94bb88223ab6a987f45d2 ({username='slave'} at 127.0.0.1:59300)
I20260713 09:02:41.050594 12211 tablet_copy_service.cc:161] P 243c4b124b6745fba882e46b877a979d: Beginning new tablet copy session on tablet 3f0b7ee890ed466ba4a393110c1a780b from peer 0c61c615a9e94bb88223ab6a987f45d2 at {username='slave'} at 127.0.0.1:59300: session id = 0c61c615a9e94bb88223ab6a987f45d2-3f0b7ee890ed466ba4a393110c1a780b
I20260713 09:02:41.055332 12211 tablet_copy_source_session.cc:215] T 3f0b7ee890ed466ba4a393110c1a780b P 243c4b124b6745fba882e46b877a979d: Tablet Copy: opened 0 blocks and 1 log segments
I20260713 09:02:41.057576 12675 data_dirs.cc:400] Could only allocate 1 dirs of requested 3 for tablet 3f0b7ee890ed466ba4a393110c1a780b. 1 dirs total, 0 dirs full, 0 dirs failed
I20260713 09:02:41.068030 12675 tablet_copy_client.cc:806] T 3f0b7ee890ed466ba4a393110c1a780b P 0c61c615a9e94bb88223ab6a987f45d2: tablet copy: Starting download of 0 data blocks...
I20260713 09:02:41.068464 12675 tablet_copy_client.cc:670] T 3f0b7ee890ed466ba4a393110c1a780b P 0c61c615a9e94bb88223ab6a987f45d2: tablet copy: Starting download of 1 WAL segments...
I20260713 09:02:41.071286 12675 tablet_copy_client.cc:538] T 3f0b7ee890ed466ba4a393110c1a780b P 0c61c615a9e94bb88223ab6a987f45d2: tablet copy: Tablet Copy complete. Replacing tablet superblock.
I20260713 09:02:41.077271 12675 tablet_bootstrap.cc:492] T 3f0b7ee890ed466ba4a393110c1a780b P 0c61c615a9e94bb88223ab6a987f45d2: Bootstrap starting.
I20260713 09:02:41.091667 12675 tablet_bootstrap.cc:492] T 3f0b7ee890ed466ba4a393110c1a780b P 0c61c615a9e94bb88223ab6a987f45d2: Bootstrap replayed 1/1 log segments. Stats: ops{read=2 overwritten=0 applied=2 ignored=0} inserts{seen=0 ignored=0} mutations{seen=0 ignored=0} orphaned_commits=0. Pending: 0 replicates
I20260713 09:02:41.092264 12675 tablet_bootstrap.cc:492] T 3f0b7ee890ed466ba4a393110c1a780b P 0c61c615a9e94bb88223ab6a987f45d2: Bootstrap complete.
I20260713 09:02:41.092711 12675 ts_tablet_manager.cc:1403] T 3f0b7ee890ed466ba4a393110c1a780b P 0c61c615a9e94bb88223ab6a987f45d2: Time spent bootstrapping tablet: real 0.016s	user 0.011s	sys 0.004s
I20260713 09:02:41.094596 12675 raft_consensus.cc:359] T 3f0b7ee890ed466ba4a393110c1a780b P 0c61c615a9e94bb88223ab6a987f45d2 [term 1 LEARNER]: Replica starting. Triggering 0 pending ops. Active config: opid_index: 2 OBSOLETE_local: false peers { permanent_uuid: "03a736b8011a4e55960b9356b8c7431c" member_type: VOTER last_known_addr { host: "127.10.196.129" port: 45711 } } peers { permanent_uuid: "243c4b124b6745fba882e46b877a979d" member_type: VOTER last_known_addr { host: "127.10.196.130" port: 44445 } } peers { permanent_uuid: "a20bf95095b14f009bcdaf4abae5817e" member_type: VOTER last_known_addr { host: "127.10.196.131" port: 38127 } attrs { replace: true } } peers { permanent_uuid: "0c61c615a9e94bb88223ab6a987f45d2" member_type: NON_VOTER last_known_addr { host: "127.10.196.132" port: 45831 } attrs { promote: true } }
I20260713 09:02:41.095134 12675 raft_consensus.cc:740] T 3f0b7ee890ed466ba4a393110c1a780b P 0c61c615a9e94bb88223ab6a987f45d2 [term 1 LEARNER]: Becoming Follower/Learner. State: Replica: 0c61c615a9e94bb88223ab6a987f45d2, State: Initialized, Role: LEARNER
I20260713 09:02:41.095563 12675 consensus_queue.cc:260] T 3f0b7ee890ed466ba4a393110c1a780b P 0c61c615a9e94bb88223ab6a987f45d2 [NON_LEADER]: Queue going to NON_LEADER mode. State: All replicated index: 0, Majority replicated index: 0, Committed index: 2, Last appended: 1.2, Last appended by leader: 2, Current term: 0, Majority size: -1, State: 0, Mode: NON_LEADER, active raft config: opid_index: 2 OBSOLETE_local: false peers { permanent_uuid: "03a736b8011a4e55960b9356b8c7431c" member_type: VOTER last_known_addr { host: "127.10.196.129" port: 45711 } } peers { permanent_uuid: "243c4b124b6745fba882e46b877a979d" member_type: VOTER last_known_addr { host: "127.10.196.130" port: 44445 } } peers { permanent_uuid: "a20bf95095b14f009bcdaf4abae5817e" member_type: VOTER last_known_addr { host: "127.10.196.131" port: 38127 } attrs { replace: true } } peers { permanent_uuid: "0c61c615a9e94bb88223ab6a987f45d2" member_type: NON_VOTER last_known_addr { host: "127.10.196.132" port: 45831 } attrs { promote: true } }
I20260713 09:02:41.097990 12675 ts_tablet_manager.cc:1434] T 3f0b7ee890ed466ba4a393110c1a780b P 0c61c615a9e94bb88223ab6a987f45d2: Time spent starting tablet: real 0.005s	user 0.005s	sys 0.000s
I20260713 09:02:41.100441 12211 tablet_copy_service.cc:342] P 243c4b124b6745fba882e46b877a979d: Request end of tablet copy session 0c61c615a9e94bb88223ab6a987f45d2-3f0b7ee890ed466ba4a393110c1a780b received from {username='slave'} at 127.0.0.1:59300
