I20260713 09:02:34.423400 12275 raft_consensus.cc:2468] T 3f0b7ee890ed466ba4a393110c1a780b P a20bf95095b14f009bcdaf4abae5817e [term 0 FOLLOWER]: Leader pre-election vote request: Granting yes vote for candidate 243c4b124b6745fba882e46b877a979d in term 0.
I20260713 09:02:34.423854 12314 tablet_bootstrap.cc:654] T 74ad85341915459eb54fda6d17189cb9 P 243c4b124b6745fba882e46b877a979d: Neither blocks nor log segments found. Creating new log.
I20260713 09:02:34.424508 12166 leader_election.cc:304] T 3f0b7ee890ed466ba4a393110c1a780b P 243c4b124b6745fba882e46b877a979d [CANDIDATE]: Term 1 pre-election: Election decided. Result: candidate won. Election summary: received 3 responses out of 3 voters: 2 yes votes; 1 no votes. yes voters: 243c4b124b6745fba882e46b877a979d, a20bf95095b14f009bcdaf4abae5817e; no voters: 03a736b8011a4e55960b9356b8c7431c
I20260713 09:02:34.425486 12318 raft_consensus.cc:2804] T 3f0b7ee890ed466ba4a393110c1a780b P 243c4b124b6745fba882e46b877a979d [term 0 FOLLOWER]: Leader pre-election won for term 1
I20260713 09:02:34.425817 12318 raft_consensus.cc:493] T 3f0b7ee890ed466ba4a393110c1a780b P 243c4b124b6745fba882e46b877a979d [term 0 FOLLOWER]: Starting leader election (no leader contacted us within the election timeout)
I20260713 09:02:34.426146 12318 raft_consensus.cc:3060] T 3f0b7ee890ed466ba4a393110c1a780b P 243c4b124b6745fba882e46b877a979d [term 0 FOLLOWER]: Advancing to term 1
I20260713 09:02:34.429344 12314 tablet_bootstrap.cc:492] T 74ad85341915459eb54fda6d17189cb9 P 243c4b124b6745fba882e46b877a979d: No bootstrap required, opened a new log
I20260713 09:02:34.429880 12314 ts_tablet_manager.cc:1403] T 74ad85341915459eb54fda6d17189cb9 P 243c4b124b6745fba882e46b877a979d: Time spent bootstrapping tablet: real 0.018s	user 0.011s	sys 0.000s
I20260713 09:02:34.431828 12318 raft_consensus.cc:515] T 3f0b7ee890ed466ba4a393110c1a780b P 243c4b124b6745fba882e46b877a979d [term 1 FOLLOWER]: Starting leader election with config: opid_index: -1 OBSOLETE_local: false peers { permanent_uuid: "03a736b8011a4e55960b9356b8c7431c" member_type: VOTER last_known_addr { host: "127.10.196.129" port: 45711 } } peers { permanent_uuid: "243c4b124b6745fba882e46b877a979d" member_type: VOTER last_known_addr { host: "127.10.196.130" port: 44445 } } peers { permanent_uuid: "a20bf95095b14f009bcdaf4abae5817e" member_type: VOTER last_known_addr { host: "127.10.196.131" port: 38127 } }
I20260713 09:02:34.432682 12314 raft_consensus.cc:359] T 74ad85341915459eb54fda6d17189cb9 P 243c4b124b6745fba882e46b877a979d [term 0 FOLLOWER]: Replica starting. Triggering 0 pending ops. Active config: opid_index: -1 OBSOLETE_local: false peers { permanent_uuid: "03a736b8011a4e55960b9356b8c7431c" member_type: VOTER last_known_addr { host: "127.10.196.129" port: 45711 } } peers { permanent_uuid: "243c4b124b6745fba882e46b877a979d" member_type: VOTER last_known_addr { host: "127.10.196.130" port: 44445 } } peers { permanent_uuid: "a20bf95095b14f009bcdaf4abae5817e" member_type: VOTER last_known_addr { host: "127.10.196.131" port: 38127 } }
I20260713 09:02:34.433346 12316 tablet_bootstrap.cc:492] T 32cc6cb575244cdb83a8dd4132e80bc9 P a20bf95095b14f009bcdaf4abae5817e: No bootstrap required, opened a new log
I20260713 09:02:34.433367 12314 raft_consensus.cc:385] T 74ad85341915459eb54fda6d17189cb9 P 243c4b124b6745fba882e46b877a979d [term 0 FOLLOWER]: Consensus starting up: Expiring failure detector timer to make a prompt election more likely
I20260713 09:02:34.433864 12314 raft_consensus.cc:740] T 74ad85341915459eb54fda6d17189cb9 P 243c4b124b6745fba882e46b877a979d [term 0 FOLLOWER]: Becoming Follower/Learner. State: Replica: 243c4b124b6745fba882e46b877a979d, State: Initialized, Role: FOLLOWER
I20260713 09:02:34.433992 12316 ts_tablet_manager.cc:1403] T 32cc6cb575244cdb83a8dd4132e80bc9 P a20bf95095b14f009bcdaf4abae5817e: Time spent bootstrapping tablet: real 0.018s	user 0.013s	sys 0.003s
I20260713 09:02:34.434422 12126 tablet_service.cc:1917] Received RequestConsensusVote() RPC: tablet_id: "3f0b7ee890ed466ba4a393110c1a780b" candidate_uuid: "243c4b124b6745fba882e46b877a979d" candidate_term: 1 candidate_status { last_received { term: 0 index: 0 } } ignore_live_leader: false dest_uuid: "03a736b8011a4e55960b9356b8c7431c"
I20260713 09:02:34.434607 12314 consensus_queue.cc:260] T 74ad85341915459eb54fda6d17189cb9 P 243c4b124b6745fba882e46b877a979d [NON_LEADER]: Queue going to NON_LEADER mode. State: All replicated index: 0, Majority replicated index: 0, Committed index: 0, Last appended: 0.0, Last appended by leader: 0, Current term: 0, Majority size: -1, State: 0, Mode: NON_LEADER, active raft config: opid_index: -1 OBSOLETE_local: false peers { permanent_uuid: "03a736b8011a4e55960b9356b8c7431c" member_type: VOTER last_known_addr { host: "127.10.196.129" port: 45711 } } peers { permanent_uuid: "243c4b124b6745fba882e46b877a979d" member_type: VOTER last_known_addr { host: "127.10.196.130" port: 44445 } } peers { permanent_uuid: "a20bf95095b14f009bcdaf4abae5817e" member_type: VOTER last_known_addr { host: "127.10.196.131" port: 38127 } }
I20260713 09:02:34.436794 12316 raft_consensus.cc:359] T 32cc6cb575244cdb83a8dd4132e80bc9 P a20bf95095b14f009bcdaf4abae5817e [term 0 FOLLOWER]: Replica starting. Triggering 0 pending ops. Active config: opid_index: -1 OBSOLETE_local: false peers { permanent_uuid: "03a736b8011a4e55960b9356b8c7431c" member_type: VOTER last_known_addr { host: "127.10.196.129" port: 45711 } } peers { permanent_uuid: "243c4b124b6745fba882e46b877a979d" member_type: VOTER last_known_addr { host: "127.10.196.130" port: 44445 } } peers { permanent_uuid: "a20bf95095b14f009bcdaf4abae5817e" member_type: VOTER last_known_addr { host: "127.10.196.131" port: 38127 } }
W20260713 09:02:34.437428 12166 leader_election.cc:343] T 3f0b7ee890ed466ba4a393110c1a780b P 243c4b124b6745fba882e46b877a979d [CANDIDATE]: Term 1 election: Tablet error from VoteRequest() call to peer 03a736b8011a4e55960b9356b8c7431c (127.10.196.129:45711): Illegal state: must be running to vote when last-logged opid is not known
I20260713 09:02:34.437551 12316 raft_consensus.cc:385] T 32cc6cb575244cdb83a8dd4132e80bc9 P a20bf95095b14f009bcdaf4abae5817e [term 0 FOLLOWER]: Consensus starting up: Expiring failure detector timer to make a prompt election more likely
I20260713 09:02:34.438019 12316 raft_consensus.cc:740] T 32cc6cb575244cdb83a8dd4132e80bc9 P a20bf95095b14f009bcdaf4abae5817e [term 0 FOLLOWER]: Becoming Follower/Learner. State: Replica: a20bf95095b14f009bcdaf4abae5817e, State: Initialized, Role: FOLLOWER
I20260713 09:02:34.438338 12318 leader_election.cc:290] T 3f0b7ee890ed466ba4a393110c1a780b P 243c4b124b6745fba882e46b877a979d [CANDIDATE]: Term 1 election: Requested vote from peers 03a736b8011a4e55960b9356b8c7431c (127.10.196.129:45711), a20bf95095b14f009bcdaf4abae5817e (127.10.196.131:38127)
I20260713 09:02:34.438791 12316 consensus_queue.cc:260] T 32cc6cb575244cdb83a8dd4132e80bc9 P a20bf95095b14f009bcdaf4abae5817e [NON_LEADER]: Queue going to NON_LEADER mode. State: All replicated index: 0, Majority replicated index: 0, Committed index: 0, Last appended: 0.0, Last appended by leader: 0, Current term: 0, Majority size: -1, State: 0, Mode: NON_LEADER, active raft config: opid_index: -1 OBSOLETE_local: false peers { permanent_uuid: "03a736b8011a4e55960b9356b8c7431c" member_type: VOTER last_known_addr { host: "127.10.196.129" port: 45711 } } peers { permanent_uuid: "243c4b124b6745fba882e46b877a979d" member_type: VOTER last_known_addr { host: "127.10.196.130" port: 44445 } } peers { permanent_uuid: "a20bf95095b14f009bcdaf4abae5817e" member_type: VOTER last_known_addr { host: "127.10.196.131" port: 38127 } }
I20260713 09:02:34.439342 12275 tablet_service.cc:1917] Received RequestConsensusVote() RPC: tablet_id: "3f0b7ee890ed466ba4a393110c1a780b" candidate_uuid: "243c4b124b6745fba882e46b877a979d" candidate_term: 1 candidate_status { last_received { term: 0 index: 0 } } ignore_live_leader: false dest_uuid: "a20bf95095b14f009bcdaf4abae5817e"
I20260713 09:02:34.439868 12275 raft_consensus.cc:3060] T 3f0b7ee890ed466ba4a393110c1a780b P a20bf95095b14f009bcdaf4abae5817e [term 0 FOLLOWER]: Advancing to term 1
I20260713 09:02:34.437732 12315 ts_tablet_manager.cc:1434] T 32cc6cb575244cdb83a8dd4132e80bc9 P 03a736b8011a4e55960b9356b8c7431c: Time spent starting tablet: real 0.026s	user 0.004s	sys 0.000s
I20260713 09:02:34.443830 12314 ts_tablet_manager.cc:1434] T 74ad85341915459eb54fda6d17189cb9 P 243c4b124b6745fba882e46b877a979d: Time spent starting tablet: real 0.014s	user 0.010s	sys 0.003s
I20260713 09:02:34.444897 12314 tablet_bootstrap.cc:492] T 27d445d7e3454e4dbf7fbfcaca0789e2 P 243c4b124b6745fba882e46b877a979d: Bootstrap starting.
I20260713 09:02:34.446317 12275 raft_consensus.cc:2468] T 3f0b7ee890ed466ba4a393110c1a780b P a20bf95095b14f009bcdaf4abae5817e [term 1 FOLLOWER]: Leader election vote request: Granting yes vote for candidate 243c4b124b6745fba882e46b877a979d in term 1.
I20260713 09:02:34.447331 12166 leader_election.cc:304] T 3f0b7ee890ed466ba4a393110c1a780b P 243c4b124b6745fba882e46b877a979d [CANDIDATE]: Term 1 election: Election decided. Result: candidate won. Election summary: received 3 responses out of 3 voters: 2 yes votes; 1 no votes. yes voters: 243c4b124b6745fba882e46b877a979d, a20bf95095b14f009bcdaf4abae5817e; no voters: 03a736b8011a4e55960b9356b8c7431c
I20260713 09:02:34.448206 12338 raft_consensus.cc:2804] T 3f0b7ee890ed466ba4a393110c1a780b P 243c4b124b6745fba882e46b877a979d [term 1 FOLLOWER]: Leader election won for term 1
I20260713 09:02:34.448688 12338 raft_consensus.cc:697] T 3f0b7ee890ed466ba4a393110c1a780b P 243c4b124b6745fba882e46b877a979d [term 1 LEADER]: Becoming Leader. State: Replica: 243c4b124b6745fba882e46b877a979d, State: Running, Role: LEADER
I20260713 09:02:34.449268 12316 ts_tablet_manager.cc:1434] T 32cc6cb575244cdb83a8dd4132e80bc9 P a20bf95095b14f009bcdaf4abae5817e: Time spent starting tablet: real 0.015s	user 0.006s	sys 0.000s
I20260713 09:02:34.449484 12338 consensus_queue.cc:237] T 3f0b7ee890ed466ba4a393110c1a780b P 243c4b124b6745fba882e46b877a979d [LEADER]: Queue going to LEADER mode. State: All replicated index: 0, Majority replicated index: 0, Committed index: 0, Last appended: 0.0, Last appended by leader: 0, Current term: 1, Majority size: 2, State: 0, Mode: LEADER, active raft config: opid_index: -1 OBSOLETE_local: false peers { permanent_uuid: "03a736b8011a4e55960b9356b8c7431c" member_type: VOTER last_known_addr { host: "127.10.196.129" port: 45711 } } peers { permanent_uuid: "243c4b124b6745fba882e46b877a979d" member_type: VOTER last_known_addr { host: "127.10.196.130" port: 44445 } } peers { permanent_uuid: "a20bf95095b14f009bcdaf4abae5817e" member_type: VOTER last_known_addr { host: "127.10.196.131" port: 38127 } }
I20260713 09:02:34.450105 12316 tablet_bootstrap.cc:492] T 93dfa826b0bb4ead92cde16b9e8d5080 P a20bf95095b14f009bcdaf4abae5817e: Bootstrap starting.
I20260713 09:02:34.450301 12315 tablet_bootstrap.cc:492] T 3f0b7ee890ed466ba4a393110c1a780b P 03a736b8011a4e55960b9356b8c7431c: Bootstrap starting.
I20260713 09:02:34.455905 12316 tablet_bootstrap.cc:654] T 93dfa826b0bb4ead92cde16b9e8d5080 P a20bf95095b14f009bcdaf4abae5817e: Neither blocks nor log segments found. Creating new log.
I20260713 09:02:34.458745 12315 tablet_bootstrap.cc:654] T 3f0b7ee890ed466ba4a393110c1a780b P 03a736b8011a4e55960b9356b8c7431c: Neither blocks nor log segments found. Creating new log.
I20260713 09:02:34.460726 12314 tablet_bootstrap.cc:654] T 27d445d7e3454e4dbf7fbfcaca0789e2 P 243c4b124b6745fba882e46b877a979d: Neither blocks nor log segments found. Creating new log.
I20260713 09:02:34.461519 12021 catalog_manager.cc:5697] T 3f0b7ee890ed466ba4a393110c1a780b P 243c4b124b6745fba882e46b877a979d reported cstate change: term changed from 0 to 1, leader changed from <none> to 243c4b124b6745fba882e46b877a979d (127.10.196.130). New cstate: current_term: 1 leader_uuid: "243c4b124b6745fba882e46b877a979d" committed_config { opid_index: -1 OBSOLETE_local: false peers { permanent_uuid: "03a736b8011a4e55960b9356b8c7431c" member_type: VOTER last_known_addr { host: "127.10.196.129" port: 45711 } health_report { overall_health: UNKNOWN } } peers { permanent_uuid: "243c4b124b6745fba882e46b877a979d" member_type: VOTER last_known_addr { host: "127.10.196.130" port: 44445 } health_report { overall_health: HEALTHY } } peers { permanent_uuid: "a20bf95095b14f009bcdaf4abae5817e" member_type: VOTER last_known_addr { host: "127.10.196.131" port: 38127 } health_report { overall_health: UNKNOWN } } }
I20260713 09:02:34.463599 12316 tablet_bootstrap.cc:492] T 93dfa826b0bb4ead92cde16b9e8d5080 P a20bf95095b14f009bcdaf4abae5817e: No bootstrap required, opened a new log
I20260713 09:02:34.463971 12315 tablet_bootstrap.cc:492] T 3f0b7ee890ed466ba4a393110c1a780b P 03a736b8011a4e55960b9356b8c7431c: No bootstrap required, opened a new log
I20260713 09:02:34.464056 12316 ts_tablet_manager.cc:1403] T 93dfa826b0bb4ead92cde16b9e8d5080 P a20bf95095b14f009bcdaf4abae5817e: Time spent bootstrapping tablet: real 0.014s	user 0.005s	sys 0.005s
I20260713 09:02:34.464479 12315 ts_tablet_manager.cc:1403] T 3f0b7ee890ed466ba4a393110c1a780b P 03a736b8011a4e55960b9356b8c7431c: Time spent bootstrapping tablet: real 0.014s	user 0.011s	sys 0.000s
I20260713 09:02:34.466885 12316 raft_consensus.cc:359] T 93dfa826b0bb4ead92cde16b9e8d5080 P a20bf95095b14f009bcdaf4abae5817e [term 0 FOLLOWER]: Replica starting. Triggering 0 pending ops. Active config: opid_index: -1 OBSOLETE_local: false peers { permanent_uuid: "03a736b8011a4e55960b9356b8c7431c" member_type: VOTER last_known_addr { host: "127.10.196.129" port: 45711 } } peers { permanent_uuid: "243c4b124b6745fba882e46b877a979d" member_type: VOTER last_known_addr { host: "127.10.196.130" port: 44445 } } peers { permanent_uuid: "a20bf95095b14f009bcdaf4abae5817e" member_type: VOTER last_known_addr { host: "127.10.196.131" port: 38127 } }
I20260713 09:02:34.467660 12316 raft_consensus.cc:385] T 93dfa826b0bb4ead92cde16b9e8d5080 P a20bf95095b14f009bcdaf4abae5817e [term 0 FOLLOWER]: Consensus starting up: Expiring failure detector timer to make a prompt election more likely
I20260713 09:02:34.467892 12316 raft_consensus.cc:740] T 93dfa826b0bb4ead92cde16b9e8d5080 P a20bf95095b14f009bcdaf4abae5817e [term 0 FOLLOWER]: Becoming Follower/Learner. State: Replica: a20bf95095b14f009bcdaf4abae5817e, State: Initialized, Role: FOLLOWER
I20260713 09:02:34.468516 12316 consensus_queue.cc:260] T 93dfa826b0bb4ead92cde16b9e8d5080 P a20bf95095b14f009bcdaf4abae5817e [NON_LEADER]: Queue going to NON_LEADER mode. State: All replicated index: 0, Majority replicated index: 0, Committed index: 0, Last appended: 0.0, Last appended by leader: 0, Current term: 0, Majority size: -1, State: 0, Mode: NON_LEADER, active raft config: opid_index: -1 OBSOLETE_local: false peers { permanent_uuid: "03a736b8011a4e55960b9356b8c7431c" member_type: VOTER last_known_addr { host: "127.10.196.129" port: 45711 } } peers { permanent_uuid: "243c4b124b6745fba882e46b877a979d" member_type: VOTER last_known_addr { host: "127.10.196.130" port: 44445 } } peers { permanent_uuid: "a20bf95095b14f009bcdaf4abae5817e" member_type: VOTER last_known_addr { host: "127.10.196.131" port: 38127 } }
I20260713 09:02:34.470368 12316 ts_tablet_manager.cc:1434] T 93dfa826b0bb4ead92cde16b9e8d5080 P a20bf95095b14f009bcdaf4abae5817e: Time spent starting tablet: real 0.006s	user 0.004s	sys 0.000s
I20260713 09:02:34.471268 12316 tablet_bootstrap.cc:492] T b6d53235523e4a9f890ff333ab04f9a9 P a20bf95095b14f009bcdaf4abae5817e: Bootstrap starting.
I20260713 09:02:34.466965 12315 raft_consensus.cc:359] T 3f0b7ee890ed466ba4a393110c1a780b P 03a736b8011a4e55960b9356b8c7431c [term 0 FOLLOWER]: Replica starting. Triggering 0 pending ops. Active config: opid_index: -1 OBSOLETE_local: false peers { permanent_uuid: "03a736b8011a4e55960b9356b8c7431c" member_type: VOTER last_known_addr { host: "127.10.196.129" port: 45711 } } peers { permanent_uuid: "243c4b124b6745fba882e46b877a979d" member_type: VOTER last_known_addr { host: "127.10.196.130" port: 44445 } } peers { permanent_uuid: "a20bf95095b14f009bcdaf4abae5817e" member_type: VOTER last_known_addr { host: "127.10.196.131" port: 38127 } }
I20260713 09:02:34.476228 12315 raft_consensus.cc:385] T 3f0b7ee890ed466ba4a393110c1a780b P 03a736b8011a4e55960b9356b8c7431c [term 0 FOLLOWER]: Consensus starting up: Expiring failure detector timer to make a prompt election more likely
I20260713 09:02:34.476557 12315 raft_consensus.cc:740] T 3f0b7ee890ed466ba4a393110c1a780b P 03a736b8011a4e55960b9356b8c7431c [term 0 FOLLOWER]: Becoming Follower/Learner. State: Replica: 03a736b8011a4e55960b9356b8c7431c, State: Initialized, Role: FOLLOWER
I20260713 09:02:34.477210 12315 consensus_queue.cc:260] T 3f0b7ee890ed466ba4a393110c1a780b P 03a736b8011a4e55960b9356b8c7431c [NON_LEADER]: Queue going to NON_LEADER mode. State: All replicated index: 0, Majority replicated index: 0, Committed index: 0, Last appended: 0.0, Last appended by leader: 0, Current term: 0, Majority size: -1, State: 0, Mode: NON_LEADER, active raft config: opid_index: -1 OBSOLETE_local: false peers { permanent_uuid: "03a736b8011a4e55960b9356b8c7431c" member_type: VOTER last_known_addr { host: "127.10.196.129" port: 45711 } } peers { permanent_uuid: "243c4b124b6745fba882e46b877a979d" member_type: VOTER last_known_addr { host: "127.10.196.130" port: 44445 } } peers { permanent_uuid: "a20bf95095b14f009bcdaf4abae5817e" member_type: VOTER last_known_addr { host: "127.10.196.131" port: 38127 } }
I20260713 09:02:34.479185 12315 ts_tablet_manager.cc:1434] T 3f0b7ee890ed466ba4a393110c1a780b P 03a736b8011a4e55960b9356b8c7431c: Time spent starting tablet: real 0.014s	user 0.005s	sys 0.000s
I20260713 09:02:34.479877 12315 tablet_bootstrap.cc:492] T b6d53235523e4a9f890ff333ab04f9a9 P 03a736b8011a4e55960b9356b8c7431c: Bootstrap starting.
I20260713 09:02:34.481127 12316 tablet_bootstrap.cc:654] T b6d53235523e4a9f890ff333ab04f9a9 P a20bf95095b14f009bcdaf4abae5817e: Neither blocks nor log segments found. Creating new log.
I20260713 09:02:34.483848 12338 raft_consensus.cc:493] T 000d4d3941064cc296bd4272e4d0cacc P 243c4b124b6745fba882e46b877a979d [term 0 FOLLOWER]: Starting pre-election (no leader contacted us within the election timeout)
I20260713 09:02:34.484344 12338 raft_consensus.cc:515] T 000d4d3941064cc296bd4272e4d0cacc P 243c4b124b6745fba882e46b877a979d [term 0 FOLLOWER]: Starting pre-election with config: opid_index: -1 OBSOLETE_local: false peers { permanent_uuid: "03a736b8011a4e55960b9356b8c7431c" member_type: VOTER last_known_addr { host: "127.10.196.129" port: 45711 } } peers { permanent_uuid: "243c4b124b6745fba882e46b877a979d" member_type: VOTER last_known_addr { host: "127.10.196.130" port: 44445 } } peers { permanent_uuid: "a20bf95095b14f009bcdaf4abae5817e" member_type: VOTER last_known_addr { host: "127.10.196.131" port: 38127 } }
I20260713 09:02:34.485456 12315 tablet_bootstrap.cc:654] T b6d53235523e4a9f890ff333ab04f9a9 P 03a736b8011a4e55960b9356b8c7431c: Neither blocks nor log segments found. Creating new log.
I20260713 09:02:34.486325 12338 leader_election.cc:290] T 000d4d3941064cc296bd4272e4d0cacc P 243c4b124b6745fba882e46b877a979d [CANDIDATE]: Term 1 pre-election: Requested pre-vote from peers 03a736b8011a4e55960b9356b8c7431c (127.10.196.129:45711), a20bf95095b14f009bcdaf4abae5817e (127.10.196.131:38127)
I20260713 09:02:34.488524 12126 tablet_service.cc:1917] Received RequestConsensusVote() RPC: tablet_id: "000d4d3941064cc296bd4272e4d0cacc" candidate_uuid: "243c4b124b6745fba882e46b877a979d" candidate_term: 1 candidate_status { last_received { term: 0 index: 0 } } ignore_live_leader: false dest_uuid: "03a736b8011a4e55960b9356b8c7431c" is_pre_election: true
I20260713 09:02:34.489104 12126 raft_consensus.cc:2468] T 000d4d3941064cc296bd4272e4d0cacc P 03a736b8011a4e55960b9356b8c7431c [term 0 FOLLOWER]: Leader pre-election vote request: Granting yes vote for candidate 243c4b124b6745fba882e46b877a979d in term 0.
I20260713 09:02:34.489955 12275 tablet_service.cc:1917] Received RequestConsensusVote() RPC: tablet_id: "000d4d3941064cc296bd4272e4d0cacc" candidate_uuid: "243c4b124b6745fba882e46b877a979d" candidate_term: 1 candidate_status { last_received { term: 0 index: 0 } } ignore_live_leader: false dest_uuid: "a20bf95095b14f009bcdaf4abae5817e" is_pre_election: true
W20260713 09:02:34.491488 12166 leader_election.cc:343] T 000d4d3941064cc296bd4272e4d0cacc P 243c4b124b6745fba882e46b877a979d [CANDIDATE]: Term 1 pre-election: Tablet error from VoteRequest() call to peer a20bf95095b14f009bcdaf4abae5817e (127.10.196.131:38127): Illegal state: must be running to vote when last-logged opid is not known
I20260713 09:02:34.492120 12166 leader_election.cc:304] T 000d4d3941064cc296bd4272e4d0cacc P 243c4b124b6745fba882e46b877a979d [CANDIDATE]: Term 1 pre-election: Election decided. Result: candidate won. Election summary: received 3 responses out of 3 voters: 2 yes votes; 1 no votes. yes voters: 03a736b8011a4e55960b9356b8c7431c, 243c4b124b6745fba882e46b877a979d; no voters: a20bf95095b14f009bcdaf4abae5817e
I20260713 09:02:34.492944 12323 raft_consensus.cc:493] T f52f21a6a98143629145626d9cbb2d56 P 03a736b8011a4e55960b9356b8c7431c [term 0 FOLLOWER]: Starting pre-election (no leader contacted us within the election timeout)
I20260713 09:02:34.493127 12338 raft_consensus.cc:2804] T 000d4d3941064cc296bd4272e4d0cacc P 243c4b124b6745fba882e46b877a979d [term 0 FOLLOWER]: Leader pre-election won for term 1
I20260713 09:02:34.493578 12338 raft_consensus.cc:493] T 000d4d3941064cc296bd4272e4d0cacc P 243c4b124b6745fba882e46b877a979d [term 0 FOLLOWER]: Starting leader election (no leader contacted us within the election timeout)
I20260713 09:02:34.493376 12323 raft_consensus.cc:515] T f52f21a6a98143629145626d9cbb2d56 P 03a736b8011a4e55960b9356b8c7431c [term 0 FOLLOWER]: Starting pre-election with config: opid_index: -1 OBSOLETE_local: false peers { permanent_uuid: "243c4b124b6745fba882e46b877a979d" member_type: VOTER last_known_addr { host: "127.10.196.130" port: 44445 } } peers { permanent_uuid: "03a736b8011a4e55960b9356b8c7431c" member_type: VOTER last_known_addr { host: "127.10.196.129" port: 45711 } } peers { permanent_uuid: "a20bf95095b14f009bcdaf4abae5817e" member_type: VOTER last_known_addr { host: "127.10.196.131" port: 38127 } }
I20260713 09:02:34.493981 12338 raft_consensus.cc:3060] T 000d4d3941064cc296bd4272e4d0cacc P 243c4b124b6745fba882e46b877a979d [term 0 FOLLOWER]: Advancing to term 1
I20260713 09:02:34.497174 12318 raft_consensus.cc:493] T b6d53235523e4a9f890ff333ab04f9a9 P 243c4b124b6745fba882e46b877a979d [term 0 FOLLOWER]: Starting pre-election (no leader contacted us within the election timeout)
I20260713 09:02:34.497648 12318 raft_consensus.cc:515] T b6d53235523e4a9f890ff333ab04f9a9 P 243c4b124b6745fba882e46b877a979d [term 0 FOLLOWER]: Starting pre-election with config: opid_index: -1 OBSOLETE_local: false peers { permanent_uuid: "03a736b8011a4e55960b9356b8c7431c" member_type: VOTER last_known_addr { host: "127.10.196.129" port: 45711 } } peers { permanent_uuid: "243c4b124b6745fba882e46b877a979d" member_type: VOTER last_known_addr { host: "127.10.196.130" port: 44445 } } peers { permanent_uuid: "a20bf95095b14f009bcdaf4abae5817e" member_type: VOTER last_known_addr { host: "127.10.196.131" port: 38127 } }
I20260713 09:02:34.499873 12318 leader_election.cc:290] T b6d53235523e4a9f890ff333ab04f9a9 P 243c4b124b6745fba882e46b877a979d [CANDIDATE]: Term 1 pre-election: Requested pre-vote from peers 03a736b8011a4e55960b9356b8c7431c (127.10.196.129:45711), a20bf95095b14f009bcdaf4abae5817e (127.10.196.131:38127)
I20260713 09:02:34.499675 12323 leader_election.cc:290] T f52f21a6a98143629145626d9cbb2d56 P 03a736b8011a4e55960b9356b8c7431c [CANDIDATE]: Term 1 pre-election: Requested pre-vote from peers 243c4b124b6745fba882e46b877a979d (127.10.196.130:44445), a20bf95095b14f009bcdaf4abae5817e (127.10.196.131:38127)
I20260713 09:02:34.501561 12275 tablet_service.cc:1917] Received RequestConsensusVote() RPC: tablet_id: "b6d53235523e4a9f890ff333ab04f9a9" candidate_uuid: "243c4b124b6745fba882e46b877a979d" candidate_term: 1 candidate_status { last_received { term: 0 index: 0 } } ignore_live_leader: false dest_uuid: "a20bf95095b14f009bcdaf4abae5817e" is_pre_election: true
I20260713 09:02:34.500188 12126 tablet_service.cc:1917] Received RequestConsensusVote() RPC: tablet_id: "b6d53235523e4a9f890ff333ab04f9a9" candidate_uuid: "243c4b124b6745fba882e46b877a979d" candidate_term: 1 candidate_status { last_received { term: 0 index: 0 } } ignore_live_leader: false dest_uuid: "03a736b8011a4e55960b9356b8c7431c" is_pre_election: true
W20260713 09:02:34.503649 12166 leader_election.cc:343] T b6d53235523e4a9f890ff333ab04f9a9 P 243c4b124b6745fba882e46b877a979d [CANDIDATE]: Term 1 pre-election: Tablet error from VoteRequest() call to peer 03a736b8011a4e55960b9356b8c7431c (127.10.196.129:45711): Illegal state: must be running to vote when last-logged opid is not known
W20260713 09:02:34.504400 12166 leader_election.cc:343] T b6d53235523e4a9f890ff333ab04f9a9 P 243c4b124b6745fba882e46b877a979d [CANDIDATE]: Term 1 pre-election: Tablet error from VoteRequest() call to peer a20bf95095b14f009bcdaf4abae5817e (127.10.196.131:38127): Illegal state: must be running to vote when last-logged opid is not known
I20260713 09:02:34.504853 12166 leader_election.cc:304] T b6d53235523e4a9f890ff333ab04f9a9 P 243c4b124b6745fba882e46b877a979d [CANDIDATE]: Term 1 pre-election: Election decided. Result: candidate lost. Election summary: received 3 responses out of 3 voters: 1 yes votes; 2 no votes. yes voters: 243c4b124b6745fba882e46b877a979d; no voters: 03a736b8011a4e55960b9356b8c7431c, a20bf95095b14f009bcdaf4abae5817e
I20260713 09:02:34.505599 12318 raft_consensus.cc:2749] T b6d53235523e4a9f890ff333ab04f9a9 P 243c4b124b6745fba882e46b877a979d [term 0 FOLLOWER]: Leader pre-election lost for term 1. Reason: could not achieve majority
I20260713 09:02:34.509505 12315 tablet_bootstrap.cc:492] T b6d53235523e4a9f890ff333ab04f9a9 P 03a736b8011a4e55960b9356b8c7431c: No bootstrap required, opened a new log
I20260713 09:02:34.510035 12315 ts_tablet_manager.cc:1403] T b6d53235523e4a9f890ff333ab04f9a9 P 03a736b8011a4e55960b9356b8c7431c: Time spent bootstrapping tablet: real 0.030s	user 0.011s	sys 0.009s
I20260713 09:02:34.510200 12314 tablet_bootstrap.cc:492] T 27d445d7e3454e4dbf7fbfcaca0789e2 P 243c4b124b6745fba882e46b877a979d: No bootstrap required, opened a new log
I20260713 09:02:34.510679 12314 ts_tablet_manager.cc:1403] T 27d445d7e3454e4dbf7fbfcaca0789e2 P 243c4b124b6745fba882e46b877a979d: Time spent bootstrapping tablet: real 0.066s	user 0.022s	sys 0.008s
I20260713 09:02:34.511179 12338 raft_consensus.cc:515] T 000d4d3941064cc296bd4272e4d0cacc P 243c4b124b6745fba882e46b877a979d [term 1 FOLLOWER]: Starting leader election with config: opid_index: -1 OBSOLETE_local: false peers { permanent_uuid: "03a736b8011a4e55960b9356b8c7431c" member_type: VOTER last_known_addr { host: "127.10.196.129" port: 45711 } } peers { permanent_uuid: "243c4b124b6745fba882e46b877a979d" member_type: VOTER last_known_addr { host: "127.10.196.130" port: 44445 } } peers { permanent_uuid: "a20bf95095b14f009bcdaf4abae5817e" member_type: VOTER last_known_addr { host: "127.10.196.131" port: 38127 } }
I20260713 09:02:34.513008 12315 raft_consensus.cc:359] T b6d53235523e4a9f890ff333ab04f9a9 P 03a736b8011a4e55960b9356b8c7431c [term 0 FOLLOWER]: Replica starting. Triggering 0 pending ops. Active config: opid_index: -1 OBSOLETE_local: false peers { permanent_uuid: "03a736b8011a4e55960b9356b8c7431c" member_type: VOTER last_known_addr { host: "127.10.196.129" port: 45711 } } peers { permanent_uuid: "243c4b124b6745fba882e46b877a979d" member_type: VOTER last_known_addr { host: "127.10.196.130" port: 44445 } } peers { permanent_uuid: "a20bf95095b14f009bcdaf4abae5817e" member_type: VOTER last_known_addr { host: "127.10.196.131" port: 38127 } }
I20260713 09:02:34.521947 12315 raft_consensus.cc:385] T b6d53235523e4a9f890ff333ab04f9a9 P 03a736b8011a4e55960b9356b8c7431c [term 0 FOLLOWER]: Consensus starting up: Expiring failure detector timer to make a prompt election more likely
I20260713 09:02:34.522307 12315 raft_consensus.cc:740] T b6d53235523e4a9f890ff333ab04f9a9 P 03a736b8011a4e55960b9356b8c7431c [term 0 FOLLOWER]: Becoming Follower/Learner. State: Replica: 03a736b8011a4e55960b9356b8c7431c, State: Initialized, Role: FOLLOWER
I20260713 09:02:34.514631 12126 tablet_service.cc:1917] Received RequestConsensusVote() RPC: tablet_id: "000d4d3941064cc296bd4272e4d0cacc" candidate_uuid: "243c4b124b6745fba882e46b877a979d" candidate_term: 1 candidate_status { last_received { term: 0 index: 0 } } ignore_live_leader: false dest_uuid: "03a736b8011a4e55960b9356b8c7431c"
I20260713 09:02:34.524546 12126 raft_consensus.cc:3060] T 000d4d3941064cc296bd4272e4d0cacc P 03a736b8011a4e55960b9356b8c7431c [term 0 FOLLOWER]: Advancing to term 1
I20260713 09:02:34.524713 12315 consensus_queue.cc:260] T b6d53235523e4a9f890ff333ab04f9a9 P 03a736b8011a4e55960b9356b8c7431c [NON_LEADER]: Queue going to NON_LEADER mode. State: All replicated index: 0, Majority replicated index: 0, Committed index: 0, Last appended: 0.0, Last appended by leader: 0, Current term: 0, Majority size: -1, State: 0, Mode: NON_LEADER, active raft config: opid_index: -1 OBSOLETE_local: false peers { permanent_uuid: "03a736b8011a4e55960b9356b8c7431c" member_type: VOTER last_known_addr { host: "127.10.196.129" port: 45711 } } peers { permanent_uuid: "243c4b124b6745fba882e46b877a979d" member_type: VOTER last_known_addr { host: "127.10.196.130" port: 44445 } } peers { permanent_uuid: "a20bf95095b14f009bcdaf4abae5817e" member_type: VOTER last_known_addr { host: "127.10.196.131" port: 38127 } }
I20260713 09:02:34.528294 12315 ts_tablet_manager.cc:1434] T b6d53235523e4a9f890ff333ab04f9a9 P 03a736b8011a4e55960b9356b8c7431c: Time spent starting tablet: real 0.018s	user 0.006s	sys 0.002s
I20260713 09:02:34.529102 12315 tablet_bootstrap.cc:492] T 01f54f36172a4d0192cd21d11dfd535f P 03a736b8011a4e55960b9356b8c7431c: Bootstrap starting.
I20260713 09:02:34.516273 12275 tablet_service.cc:1917] Received RequestConsensusVote() RPC: tablet_id: "000d4d3941064cc296bd4272e4d0cacc" candidate_uuid: "243c4b124b6745fba882e46b877a979d" candidate_term: 1 candidate_status { last_received { term: 0 index: 0 } } ignore_live_leader: false dest_uuid: "a20bf95095b14f009bcdaf4abae5817e"
I20260713 09:02:34.516731 12338 leader_election.cc:290] T 000d4d3941064cc296bd4272e4d0cacc P 243c4b124b6745fba882e46b877a979d [CANDIDATE]: Term 1 election: Requested vote from peers 03a736b8011a4e55960b9356b8c7431c (127.10.196.129:45711), a20bf95095b14f009bcdaf4abae5817e (127.10.196.131:38127)
I20260713 09:02:34.519264 12316 tablet_bootstrap.cc:492] T b6d53235523e4a9f890ff333ab04f9a9 P a20bf95095b14f009bcdaf4abae5817e: No bootstrap required, opened a new log
I20260713 09:02:34.530478 12274 tablet_service.cc:1917] Received RequestConsensusVote() RPC: tablet_id: "f52f21a6a98143629145626d9cbb2d56" candidate_uuid: "03a736b8011a4e55960b9356b8c7431c" candidate_term: 1 candidate_status { last_received { term: 0 index: 0 } } ignore_live_leader: false dest_uuid: "a20bf95095b14f009bcdaf4abae5817e" is_pre_election: true
I20260713 09:02:34.530814 12316 ts_tablet_manager.cc:1403] T b6d53235523e4a9f890ff333ab04f9a9 P a20bf95095b14f009bcdaf4abae5817e: Time spent bootstrapping tablet: real 0.060s	user 0.012s	sys 0.018s
W20260713 09:02:34.531064 12166 leader_election.cc:343] T 000d4d3941064cc296bd4272e4d0cacc P 243c4b124b6745fba882e46b877a979d [CANDIDATE]: Term 1 election: Tablet error from VoteRequest() call to peer a20bf95095b14f009bcdaf4abae5817e (127.10.196.131:38127): Illegal state: must be running to vote when last-logged opid is not known
I20260713 09:02:34.531193 12274 raft_consensus.cc:2468] T f52f21a6a98143629145626d9cbb2d56 P a20bf95095b14f009bcdaf4abae5817e [term 0 FOLLOWER]: Leader pre-election vote request: Granting yes vote for candidate 03a736b8011a4e55960b9356b8c7431c in term 0.
I20260713 09:02:34.532555 12091 leader_election.cc:304] T f52f21a6a98143629145626d9cbb2d56 P 03a736b8011a4e55960b9356b8c7431c [CANDIDATE]: Term 1 pre-election: Election decided. Result: candidate won. Election summary: received 2 responses out of 3 voters: 2 yes votes; 0 no votes. yes voters: 03a736b8011a4e55960b9356b8c7431c, a20bf95095b14f009bcdaf4abae5817e; no voters: 
I20260713 09:02:34.533082 12126 raft_consensus.cc:2468] T 000d4d3941064cc296bd4272e4d0cacc P 03a736b8011a4e55960b9356b8c7431c [term 1 FOLLOWER]: Leader election vote request: Granting yes vote for candidate 243c4b124b6745fba882e46b877a979d in term 1.
I20260713 09:02:34.522166 12201 tablet_service.cc:1917] Received RequestConsensusVote() RPC: tablet_id: "f52f21a6a98143629145626d9cbb2d56" candidate_uuid: "03a736b8011a4e55960b9356b8c7431c" candidate_term: 1 candidate_status { last_received { term: 0 index: 0 } } ignore_live_leader: false dest_uuid: "243c4b124b6745fba882e46b877a979d" is_pre_election: true
I20260713 09:02:34.514526 12323 raft_consensus.cc:493] T 32cc6cb575244cdb83a8dd4132e80bc9 P 03a736b8011a4e55960b9356b8c7431c [term 0 FOLLOWER]: Starting pre-election (no leader contacted us within the election timeout)
I20260713 09:02:34.533552 12316 raft_consensus.cc:359] T b6d53235523e4a9f890ff333ab04f9a9 P a20bf95095b14f009bcdaf4abae5817e [term 0 FOLLOWER]: Replica starting. Triggering 0 pending ops. Active config: opid_index: -1 OBSOLETE_local: false peers { permanent_uuid: "03a736b8011a4e55960b9356b8c7431c" member_type: VOTER last_known_addr { host: "127.10.196.129" port: 45711 } } peers { permanent_uuid: "243c4b124b6745fba882e46b877a979d" member_type: VOTER last_known_addr { host: "127.10.196.130" port: 44445 } } peers { permanent_uuid: "a20bf95095b14f009bcdaf4abae5817e" member_type: VOTER last_known_addr { host: "127.10.196.131" port: 38127 } }
I20260713 09:02:34.534130 12166 leader_election.cc:304] T 000d4d3941064cc296bd4272e4d0cacc P 243c4b124b6745fba882e46b877a979d [CANDIDATE]: Term 1 election: Election decided. Result: candidate won. Election summary: received 3 responses out of 3 voters: 2 yes votes; 1 no votes. yes voters: 03a736b8011a4e55960b9356b8c7431c, 243c4b124b6745fba882e46b877a979d; no voters: a20bf95095b14f009bcdaf4abae5817e
I20260713 09:02:34.534241 12316 raft_consensus.cc:385] T b6d53235523e4a9f890ff333ab04f9a9 P a20bf95095b14f009bcdaf4abae5817e [term 0 FOLLOWER]: Consensus starting up: Expiring failure detector timer to make a prompt election more likely
I20260713 09:02:34.534219 12323 raft_consensus.cc:515] T 32cc6cb575244cdb83a8dd4132e80bc9 P 03a736b8011a4e55960b9356b8c7431c [term 0 FOLLOWER]: Starting pre-election with config: opid_index: -1 OBSOLETE_local: false peers { permanent_uuid: "03a736b8011a4e55960b9356b8c7431c" member_type: VOTER last_known_addr { host: "127.10.196.129" port: 45711 } } peers { permanent_uuid: "243c4b124b6745fba882e46b877a979d" member_type: VOTER last_known_addr { host: "127.10.196.130" port: 44445 } } peers { permanent_uuid: "a20bf95095b14f009bcdaf4abae5817e" member_type: VOTER last_known_addr { host: "127.10.196.131" port: 38127 } }
I20260713 09:02:34.534682 12316 raft_consensus.cc:740] T b6d53235523e4a9f890ff333ab04f9a9 P a20bf95095b14f009bcdaf4abae5817e [term 0 FOLLOWER]: Becoming Follower/Learner. State: Replica: a20bf95095b14f009bcdaf4abae5817e, State: Initialized, Role: FOLLOWER
I20260713 09:02:34.535131 12338 raft_consensus.cc:2804] T 000d4d3941064cc296bd4272e4d0cacc P 243c4b124b6745fba882e46b877a979d [term 1 FOLLOWER]: Leader election won for term 1
I20260713 09:02:34.535585 12338 raft_consensus.cc:697] T 000d4d3941064cc296bd4272e4d0cacc P 243c4b124b6745fba882e46b877a979d [term 1 LEADER]: Becoming Leader. State: Replica: 243c4b124b6745fba882e46b877a979d, State: Running, Role: LEADER
I20260713 09:02:34.536267 12323 leader_election.cc:290] T 32cc6cb575244cdb83a8dd4132e80bc9 P 03a736b8011a4e55960b9356b8c7431c [CANDIDATE]: Term 1 pre-election: Requested pre-vote from peers 243c4b124b6745fba882e46b877a979d (127.10.196.130:44445), a20bf95095b14f009bcdaf4abae5817e (127.10.196.131:38127)
I20260713 09:02:34.535477 12316 consensus_queue.cc:260] T b6d53235523e4a9f890ff333ab04f9a9 P a20bf95095b14f009bcdaf4abae5817e [NON_LEADER]: Queue going to NON_LEADER mode. State: All replicated index: 0, Majority replicated index: 0, Committed index: 0, Last appended: 0.0, Last appended by leader: 0, Current term: 0, Majority size: -1, State: 0, Mode: NON_LEADER, active raft config: opid_index: -1 OBSOLETE_local: false peers { permanent_uuid: "03a736b8011a4e55960b9356b8c7431c" member_type: VOTER last_known_addr { host: "127.10.196.129" port: 45711 } } peers { permanent_uuid: "243c4b124b6745fba882e46b877a979d" member_type: VOTER last_known_addr { host: "127.10.196.130" port: 44445 } } peers { permanent_uuid: "a20bf95095b14f009bcdaf4abae5817e" member_type: VOTER last_known_addr { host: "127.10.196.131" port: 38127 } }
I20260713 09:02:34.536350 12338 consensus_queue.cc:237] T 000d4d3941064cc296bd4272e4d0cacc P 243c4b124b6745fba882e46b877a979d [LEADER]: Queue going to LEADER mode. State: All replicated index: 0, Majority replicated index: 0, Committed index: 0, Last appended: 0.0, Last appended by leader: 0, Current term: 1, Majority size: 2, State: 0, Mode: LEADER, active raft config: opid_index: -1 OBSOLETE_local: false peers { permanent_uuid: "03a736b8011a4e55960b9356b8c7431c" member_type: VOTER last_known_addr { host: "127.10.196.129" port: 45711 } } peers { permanent_uuid: "243c4b124b6745fba882e46b877a979d" member_type: VOTER last_known_addr { host: "127.10.196.130" port: 44445 } } peers { permanent_uuid: "a20bf95095b14f009bcdaf4abae5817e" member_type: VOTER last_known_addr { host: "127.10.196.131" port: 38127 } }
I20260713 09:02:34.537463 12315 tablet_bootstrap.cc:654] T 01f54f36172a4d0192cd21d11dfd535f P 03a736b8011a4e55960b9356b8c7431c: Neither blocks nor log segments found. Creating new log.
W20260713 09:02:34.538555 12089 leader_election.cc:343] T f52f21a6a98143629145626d9cbb2d56 P 03a736b8011a4e55960b9356b8c7431c [CANDIDATE]: Term 1 pre-election: Tablet error from VoteRequest() call to peer 243c4b124b6745fba882e46b877a979d (127.10.196.130:44445): Illegal state: must be running to vote when last-logged opid is not known
I20260713 09:02:34.539652 12201 tablet_service.cc:1917] Received RequestConsensusVote() RPC: tablet_id: "32cc6cb575244cdb83a8dd4132e80bc9" candidate_uuid: "03a736b8011a4e55960b9356b8c7431c" candidate_term: 1 candidate_status { last_received { term: 0 index: 0 } } ignore_live_leader: false dest_uuid: "243c4b124b6745fba882e46b877a979d" is_pre_election: true
I20260713 09:02:34.540256 12201 raft_consensus.cc:2468] T 32cc6cb575244cdb83a8dd4132e80bc9 P 243c4b124b6745fba882e46b877a979d [term 0 FOLLOWER]: Leader pre-election vote request: Granting yes vote for candidate 03a736b8011a4e55960b9356b8c7431c in term 0.
I20260713 09:02:34.541483 12089 leader_election.cc:304] T 32cc6cb575244cdb83a8dd4132e80bc9 P 03a736b8011a4e55960b9356b8c7431c [CANDIDATE]: Term 1 pre-election: Election decided. Result: candidate won. Election summary: received 2 responses out of 3 voters: 2 yes votes; 0 no votes. yes voters: 03a736b8011a4e55960b9356b8c7431c, 243c4b124b6745fba882e46b877a979d; no voters: 
I20260713 09:02:34.545132 12316 ts_tablet_manager.cc:1434] T b6d53235523e4a9f890ff333ab04f9a9 P a20bf95095b14f009bcdaf4abae5817e: Time spent starting tablet: real 0.014s	user 0.006s	sys 0.000s
I20260713 09:02:34.545403 12274 tablet_service.cc:1917] Received RequestConsensusVote() RPC: tablet_id: "32cc6cb575244cdb83a8dd4132e80bc9" candidate_uuid: "03a736b8011a4e55960b9356b8c7431c" candidate_term: 1 candidate_status { last_received { term: 0 index: 0 } } ignore_live_leader: false dest_uuid: "a20bf95095b14f009bcdaf4abae5817e" is_pre_election: true
I20260713 09:02:34.546026 12274 raft_consensus.cc:2468] T 32cc6cb575244cdb83a8dd4132e80bc9 P a20bf95095b14f009bcdaf4abae5817e [term 0 FOLLOWER]: Leader pre-election vote request: Granting yes vote for candidate 03a736b8011a4e55960b9356b8c7431c in term 0.
I20260713 09:02:34.513315 12314 raft_consensus.cc:359] T 27d445d7e3454e4dbf7fbfcaca0789e2 P 243c4b124b6745fba882e46b877a979d [term 0 FOLLOWER]: Replica starting. Triggering 0 pending ops. Active config: opid_index: -1 OBSOLETE_local: false peers { permanent_uuid: "03a736b8011a4e55960b9356b8c7431c" member_type: VOTER last_known_addr { host: "127.10.196.129" port: 45711 } } peers { permanent_uuid: "243c4b124b6745fba882e46b877a979d" member_type: VOTER last_known_addr { host: "127.10.196.130" port: 44445 } } peers { permanent_uuid: "a20bf95095b14f009bcdaf4abae5817e" member_type: VOTER last_known_addr { host: "127.10.196.131" port: 38127 } }
I20260713 09:02:34.547642 12314 raft_consensus.cc:385] T 27d445d7e3454e4dbf7fbfcaca0789e2 P 243c4b124b6745fba882e46b877a979d [term 0 FOLLOWER]: Consensus starting up: Expiring failure detector timer to make a prompt election more likely
I20260713 09:02:34.547950 12314 raft_consensus.cc:740] T 27d445d7e3454e4dbf7fbfcaca0789e2 P 243c4b124b6745fba882e46b877a979d [term 0 FOLLOWER]: Becoming Follower/Learner. State: Replica: 243c4b124b6745fba882e46b877a979d, State: Initialized, Role: FOLLOWER
I20260713 09:02:34.536829 12323 raft_consensus.cc:2804] T f52f21a6a98143629145626d9cbb2d56 P 03a736b8011a4e55960b9356b8c7431c [term 0 FOLLOWER]: Leader pre-election won for term 1
I20260713 09:02:34.548746 12323 raft_consensus.cc:493] T f52f21a6a98143629145626d9cbb2d56 P 03a736b8011a4e55960b9356b8c7431c [term 0 FOLLOWER]: Starting leader election (no leader contacted us within the election timeout)
I20260713 09:02:34.549108 12323 raft_consensus.cc:3060] T f52f21a6a98143629145626d9cbb2d56 P 03a736b8011a4e55960b9356b8c7431c [term 0 FOLLOWER]: Advancing to term 1
I20260713 09:02:34.552752 12316 tablet_bootstrap.cc:492] T 27d445d7e3454e4dbf7fbfcaca0789e2 P a20bf95095b14f009bcdaf4abae5817e: Bootstrap starting.
I20260713 09:02:34.553495 12314 consensus_queue.cc:260] T 27d445d7e3454e4dbf7fbfcaca0789e2 P 243c4b124b6745fba882e46b877a979d [NON_LEADER]: Queue going to NON_LEADER mode. State: All replicated index: 0, Majority replicated index: 0, Committed index: 0, Last appended: 0.0, Last appended by leader: 0, Current term: 0, Majority size: -1, State: 0, Mode: NON_LEADER, active raft config: opid_index: -1 OBSOLETE_local: false peers { permanent_uuid: "03a736b8011a4e55960b9356b8c7431c" member_type: VOTER last_known_addr { host: "127.10.196.129" port: 45711 } } peers { permanent_uuid: "243c4b124b6745fba882e46b877a979d" member_type: VOTER last_known_addr { host: "127.10.196.130" port: 44445 } } peers { permanent_uuid: "a20bf95095b14f009bcdaf4abae5817e" member_type: VOTER last_known_addr { host: "127.10.196.131" port: 38127 } }
I20260713 09:02:34.559623 12314 ts_tablet_manager.cc:1434] T 27d445d7e3454e4dbf7fbfcaca0789e2 P 243c4b124b6745fba882e46b877a979d: Time spent starting tablet: real 0.049s	user 0.003s	sys 0.004s
I20260713 09:02:34.560654 12314 tablet_bootstrap.cc:492] T d85a98967c0742ad8a222cbd1e15d7c9 P 243c4b124b6745fba882e46b877a979d: Bootstrap starting.
I20260713 09:02:34.562389 12316 tablet_bootstrap.cc:654] T 27d445d7e3454e4dbf7fbfcaca0789e2 P a20bf95095b14f009bcdaf4abae5817e: Neither blocks nor log segments found. Creating new log.
I20260713 09:02:34.565326 12323 raft_consensus.cc:515] T f52f21a6a98143629145626d9cbb2d56 P 03a736b8011a4e55960b9356b8c7431c [term 1 FOLLOWER]: Starting leader election with config: opid_index: -1 OBSOLETE_local: false peers { permanent_uuid: "243c4b124b6745fba882e46b877a979d" member_type: VOTER last_known_addr { host: "127.10.196.130" port: 44445 } } peers { permanent_uuid: "03a736b8011a4e55960b9356b8c7431c" member_type: VOTER last_known_addr { host: "127.10.196.129" port: 45711 } } peers { permanent_uuid: "a20bf95095b14f009bcdaf4abae5817e" member_type: VOTER last_known_addr { host: "127.10.196.131" port: 38127 } }
I20260713 09:02:34.565647 12022 catalog_manager.cc:5697] T 000d4d3941064cc296bd4272e4d0cacc P 243c4b124b6745fba882e46b877a979d reported cstate change: term changed from 0 to 1, leader changed from <none> to 243c4b124b6745fba882e46b877a979d (127.10.196.130). New cstate: current_term: 1 leader_uuid: "243c4b124b6745fba882e46b877a979d" committed_config { opid_index: -1 OBSOLETE_local: false peers { permanent_uuid: "03a736b8011a4e55960b9356b8c7431c" member_type: VOTER last_known_addr { host: "127.10.196.129" port: 45711 } health_report { overall_health: UNKNOWN } } peers { permanent_uuid: "243c4b124b6745fba882e46b877a979d" member_type: VOTER last_known_addr { host: "127.10.196.130" port: 44445 } health_report { overall_health: HEALTHY } } peers { permanent_uuid: "a20bf95095b14f009bcdaf4abae5817e" member_type: VOTER last_known_addr { host: "127.10.196.131" port: 38127 } health_report { overall_health: UNKNOWN } } }
I20260713 09:02:34.568063 12201 tablet_service.cc:1917] Received RequestConsensusVote() RPC: tablet_id: "f52f21a6a98143629145626d9cbb2d56" candidate_uuid: "03a736b8011a4e55960b9356b8c7431c" candidate_term: 1 candidate_status { last_received { term: 0 index: 0 } } ignore_live_leader: false dest_uuid: "243c4b124b6745fba882e46b877a979d"
W20260713 09:02:34.569417 12089 leader_election.cc:343] T f52f21a6a98143629145626d9cbb2d56 P 03a736b8011a4e55960b9356b8c7431c [CANDIDATE]: Term 1 election: Tablet error from VoteRequest() call to peer 243c4b124b6745fba882e46b877a979d (127.10.196.130:44445): Illegal state: must be running to vote when last-logged opid is not known
I20260713 09:02:34.573447 12316 tablet_bootstrap.cc:492] T 27d445d7e3454e4dbf7fbfcaca0789e2 P a20bf95095b14f009bcdaf4abae5817e: No bootstrap required, opened a new log
I20260713 09:02:34.573949 12316 ts_tablet_manager.cc:1403] T 27d445d7e3454e4dbf7fbfcaca0789e2 P a20bf95095b14f009bcdaf4abae5817e: Time spent bootstrapping tablet: real 0.021s	user 0.006s	sys 0.011s
I20260713 09:02:34.575553 12314 tablet_bootstrap.cc:654] T d85a98967c0742ad8a222cbd1e15d7c9 P 243c4b124b6745fba882e46b877a979d: Neither blocks nor log segments found. Creating new log.
I20260713 09:02:34.576611 12316 raft_consensus.cc:359] T 27d445d7e3454e4dbf7fbfcaca0789e2 P a20bf95095b14f009bcdaf4abae5817e [term 0 FOLLOWER]: Replica starting. Triggering 0 pending ops. Active config: opid_index: -1 OBSOLETE_local: false peers { permanent_uuid: "03a736b8011a4e55960b9356b8c7431c" member_type: VOTER last_known_addr { host: "127.10.196.129" port: 45711 } } peers { permanent_uuid: "243c4b124b6745fba882e46b877a979d" member_type: VOTER last_known_addr { host: "127.10.196.130" port: 44445 } } peers { permanent_uuid: "a20bf95095b14f009bcdaf4abae5817e" member_type: VOTER last_known_addr { host: "127.10.196.131" port: 38127 } }
I20260713 09:02:34.577411 12316 raft_consensus.cc:385] T 27d445d7e3454e4dbf7fbfcaca0789e2 P a20bf95095b14f009bcdaf4abae5817e [term 0 FOLLOWER]: Consensus starting up: Expiring failure detector timer to make a prompt election more likely
I20260713 09:02:34.577714 12316 raft_consensus.cc:740] T 27d445d7e3454e4dbf7fbfcaca0789e2 P a20bf95095b14f009bcdaf4abae5817e [term 0 FOLLOWER]: Becoming Follower/Learner. State: Replica: a20bf95095b14f009bcdaf4abae5817e, State: Initialized, Role: FOLLOWER
I20260713 09:02:34.578253 12274 tablet_service.cc:1917] Received RequestConsensusVote() RPC: tablet_id: "f52f21a6a98143629145626d9cbb2d56" candidate_uuid: "03a736b8011a4e55960b9356b8c7431c" candidate_term: 1 candidate_status { last_received { term: 0 index: 0 } } ignore_live_leader: false dest_uuid: "a20bf95095b14f009bcdaf4abae5817e"
I20260713 09:02:34.578821 12274 raft_consensus.cc:3060] T f52f21a6a98143629145626d9cbb2d56 P a20bf95095b14f009bcdaf4abae5817e [term 0 FOLLOWER]: Advancing to term 1
I20260713 09:02:34.578470 12316 consensus_queue.cc:260] T 27d445d7e3454e4dbf7fbfcaca0789e2 P a20bf95095b14f009bcdaf4abae5817e [NON_LEADER]: Queue going to NON_LEADER mode. State: All replicated index: 0, Majority replicated index: 0, Committed index: 0, Last appended: 0.0, Last appended by leader: 0, Current term: 0, Majority size: -1, State: 0, Mode: NON_LEADER, active raft config: opid_index: -1 OBSOLETE_local: false peers { permanent_uuid: "03a736b8011a4e55960b9356b8c7431c" member_type: VOTER last_known_addr { host: "127.10.196.129" port: 45711 } } peers { permanent_uuid: "243c4b124b6745fba882e46b877a979d" member_type: VOTER last_known_addr { host: "127.10.196.130" port: 44445 } } peers { permanent_uuid: "a20bf95095b14f009bcdaf4abae5817e" member_type: VOTER last_known_addr { host: "127.10.196.131" port: 38127 } }
I20260713 09:02:34.583338 12316 ts_tablet_manager.cc:1434] T 27d445d7e3454e4dbf7fbfcaca0789e2 P a20bf95095b14f009bcdaf4abae5817e: Time spent starting tablet: real 0.009s	user 0.005s	sys 0.000s
I20260713 09:02:34.579939 12355 raft_consensus.cc:493] T 9dfa5922c4e5486aaf4a99dc918a9651 P 03a736b8011a4e55960b9356b8c7431c [term 0 FOLLOWER]: Starting pre-election (no leader contacted us within the election timeout)
I20260713 09:02:34.587909 12338 raft_consensus.cc:493] T 27d445d7e3454e4dbf7fbfcaca0789e2 P 243c4b124b6745fba882e46b877a979d [term 0 FOLLOWER]: Starting pre-election (no leader contacted us within the election timeout)
I20260713 09:02:34.595212 12338 raft_consensus.cc:515] T 27d445d7e3454e4dbf7fbfcaca0789e2 P 243c4b124b6745fba882e46b877a979d [term 0 FOLLOWER]: Starting pre-election with config: opid_index: -1 OBSOLETE_local: false peers { permanent_uuid: "03a736b8011a4e55960b9356b8c7431c" member_type: VOTER last_known_addr { host: "127.10.196.129" port: 45711 } } peers { permanent_uuid: "243c4b124b6745fba882e46b877a979d" member_type: VOTER last_known_addr { host: "127.10.196.130" port: 44445 } } peers { permanent_uuid: "a20bf95095b14f009bcdaf4abae5817e" member_type: VOTER last_known_addr { host: "127.10.196.131" port: 38127 } }
I20260713 09:02:34.595778 12315 tablet_bootstrap.cc:492] T 01f54f36172a4d0192cd21d11dfd535f P 03a736b8011a4e55960b9356b8c7431c: No bootstrap required, opened a new log
