I20260713 09:02:33.926326  6920 leader_election.cc:304] T 96c8e136b52a491b96caa19475fbe7a4 P 49a2e0a257fa4da093b10bc12a9d8432 [CANDIDATE]: Term 1 election: Election decided. Result: candidate won. Election summary: received 3 responses out of 3 voters: 2 yes votes; 1 no votes. yes voters: 30aaed069e3a47968e291daa275d6916, 49a2e0a257fa4da093b10bc12a9d8432; no voters: 46f40b481c8b49219a53e77efb85b91a
I20260713 09:02:33.926407  7069 leader_election.cc:304] T 09f16b4f421f460bbfc8e086a4da1cd4 P 46f40b481c8b49219a53e77efb85b91a [CANDIDATE]: Term 1 pre-election: Election decided. Result: candidate won. Election summary: received 3 responses out of 3 voters: 2 yes votes; 1 no votes. yes voters: 30aaed069e3a47968e291daa275d6916, 46f40b481c8b49219a53e77efb85b91a; no voters: 49a2e0a257fa4da093b10bc12a9d8432
W20260713 09:02:33.927695  6920 leader_election.cc:343] T 2e5c13fdd33844208933fdb6f013eb35 P 49a2e0a257fa4da093b10bc12a9d8432 [CANDIDATE]: Term 1 pre-election: Tablet error from VoteRequest() call to peer 30aaed069e3a47968e291daa275d6916 (127.5.182.66:38641): Illegal state: must be running to vote when last-logged opid is not known
I20260713 09:02:33.928288  6920 leader_election.cc:304] T 2e5c13fdd33844208933fdb6f013eb35 P 49a2e0a257fa4da093b10bc12a9d8432 [CANDIDATE]: Term 1 pre-election: Election decided. Result: candidate lost. Election summary: received 3 responses out of 3 voters: 1 yes votes; 2 no votes. yes voters: 49a2e0a257fa4da093b10bc12a9d8432; no voters: 30aaed069e3a47968e291daa275d6916, 46f40b481c8b49219a53e77efb85b91a
I20260713 09:02:33.911695  7149 tablet_bootstrap.cc:492] T 65c0e0d8939d4d0baf2bc54bfa22ab1c P 30aaed069e3a47968e291daa275d6916: No bootstrap required, opened a new log
I20260713 09:02:33.929998  7149 ts_tablet_manager.cc:1403] T 65c0e0d8939d4d0baf2bc54bfa22ab1c P 30aaed069e3a47968e291daa275d6916: Time spent bootstrapping tablet: real 0.119s	user 0.020s	sys 0.033s
I20260713 09:02:33.933871  7152 raft_consensus.cc:2804] T 96c8e136b52a491b96caa19475fbe7a4 P 49a2e0a257fa4da093b10bc12a9d8432 [term 1 FOLLOWER]: Leader election won for term 1
I20260713 09:02:33.936565  7149 raft_consensus.cc:359] T 65c0e0d8939d4d0baf2bc54bfa22ab1c P 30aaed069e3a47968e291daa275d6916 [term 0 FOLLOWER]: Replica starting. Triggering 0 pending ops. Active config: opid_index: -1 OBSOLETE_local: false peers { permanent_uuid: "49a2e0a257fa4da093b10bc12a9d8432" member_type: VOTER last_known_addr { host: "127.5.182.65" port: 34027 } } peers { permanent_uuid: "46f40b481c8b49219a53e77efb85b91a" member_type: VOTER last_known_addr { host: "127.5.182.67" port: 44427 } } peers { permanent_uuid: "30aaed069e3a47968e291daa275d6916" member_type: VOTER last_known_addr { host: "127.5.182.66" port: 38641 } }
I20260713 09:02:33.940001  7149 raft_consensus.cc:385] T 65c0e0d8939d4d0baf2bc54bfa22ab1c P 30aaed069e3a47968e291daa275d6916 [term 0 FOLLOWER]: Consensus starting up: Expiring failure detector timer to make a prompt election more likely
I20260713 09:02:33.941603  7149 raft_consensus.cc:740] T 65c0e0d8939d4d0baf2bc54bfa22ab1c P 30aaed069e3a47968e291daa275d6916 [term 0 FOLLOWER]: Becoming Follower/Learner. State: Replica: 30aaed069e3a47968e291daa275d6916, State: Initialized, Role: FOLLOWER
I20260713 09:02:33.943837  7149 consensus_queue.cc:260] T 65c0e0d8939d4d0baf2bc54bfa22ab1c P 30aaed069e3a47968e291daa275d6916 [NON_LEADER]: Queue going to NON_LEADER mode. State: All replicated index: 0, Majority replicated index: 0, Committed index: 0, Last appended: 0.0, Last appended by leader: 0, Current term: 0, Majority size: -1, State: 0, Mode: NON_LEADER, active raft config: opid_index: -1 OBSOLETE_local: false peers { permanent_uuid: "49a2e0a257fa4da093b10bc12a9d8432" member_type: VOTER last_known_addr { host: "127.5.182.65" port: 34027 } } peers { permanent_uuid: "46f40b481c8b49219a53e77efb85b91a" member_type: VOTER last_known_addr { host: "127.5.182.67" port: 44427 } } peers { permanent_uuid: "30aaed069e3a47968e291daa275d6916" member_type: VOTER last_known_addr { host: "127.5.182.66" port: 38641 } }
I20260713 09:02:33.939232  7146 ts_tablet_manager.cc:1403] T a81902e47d66450dab9feee5622a19d7 P 46f40b481c8b49219a53e77efb85b91a: Time spent bootstrapping tablet: real 0.122s	user 0.023s	sys 0.003s
I20260713 09:02:33.950282  6957 tablet_service.cc:1917] Received RequestConsensusVote() RPC: tablet_id: "09f16b4f421f460bbfc8e086a4da1cd4" candidate_uuid: "30aaed069e3a47968e291daa275d6916" candidate_term: 1 candidate_status { last_received { term: 0 index: 0 } } ignore_live_leader: false dest_uuid: "49a2e0a257fa4da093b10bc12a9d8432" is_pre_election: true
I20260713 09:02:33.953567  7146 raft_consensus.cc:359] T a81902e47d66450dab9feee5622a19d7 P 46f40b481c8b49219a53e77efb85b91a [term 0 FOLLOWER]: Replica starting. Triggering 0 pending ops. Active config: opid_index: -1 OBSOLETE_local: false peers { permanent_uuid: "49a2e0a257fa4da093b10bc12a9d8432" member_type: VOTER last_known_addr { host: "127.5.182.65" port: 34027 } } peers { permanent_uuid: "30aaed069e3a47968e291daa275d6916" member_type: VOTER last_known_addr { host: "127.5.182.66" port: 38641 } } peers { permanent_uuid: "46f40b481c8b49219a53e77efb85b91a" member_type: VOTER last_known_addr { host: "127.5.182.67" port: 44427 } }
I20260713 09:02:33.946235  7106 tablet_service.cc:1917] Received RequestConsensusVote() RPC: tablet_id: "09f16b4f421f460bbfc8e086a4da1cd4" candidate_uuid: "30aaed069e3a47968e291daa275d6916" candidate_term: 1 candidate_status { last_received { term: 0 index: 0 } } ignore_live_leader: false dest_uuid: "46f40b481c8b49219a53e77efb85b91a" is_pre_election: true
I20260713 09:02:33.949323  6956 tablet_service.cc:1917] Received RequestConsensusVote() RPC: tablet_id: "1e5651e5e344499289e2eea4d3ca165c" candidate_uuid: "30aaed069e3a47968e291daa275d6916" candidate_term: 1 candidate_status { last_received { term: 0 index: 0 } } ignore_live_leader: false dest_uuid: "49a2e0a257fa4da093b10bc12a9d8432" is_pre_election: true
I20260713 09:02:33.960362  7146 raft_consensus.cc:385] T a81902e47d66450dab9feee5622a19d7 P 46f40b481c8b49219a53e77efb85b91a [term 0 FOLLOWER]: Consensus starting up: Expiring failure detector timer to make a prompt election more likely
I20260713 09:02:33.960716  7146 raft_consensus.cc:740] T a81902e47d66450dab9feee5622a19d7 P 46f40b481c8b49219a53e77efb85b91a [term 0 FOLLOWER]: Becoming Follower/Learner. State: Replica: 46f40b481c8b49219a53e77efb85b91a, State: Initialized, Role: FOLLOWER
I20260713 09:02:33.945159  7105 tablet_service.cc:1917] Received RequestConsensusVote() RPC: tablet_id: "1e5651e5e344499289e2eea4d3ca165c" candidate_uuid: "30aaed069e3a47968e291daa275d6916" candidate_term: 1 candidate_status { last_received { term: 0 index: 0 } } ignore_live_leader: false dest_uuid: "46f40b481c8b49219a53e77efb85b91a" is_pre_election: true
I20260713 09:02:33.955842  7152 raft_consensus.cc:697] T 96c8e136b52a491b96caa19475fbe7a4 P 49a2e0a257fa4da093b10bc12a9d8432 [term 1 LEADER]: Becoming Leader. State: Replica: 49a2e0a257fa4da093b10bc12a9d8432, State: Running, Role: LEADER
I20260713 09:02:33.961930  7152 consensus_queue.cc:237] T 96c8e136b52a491b96caa19475fbe7a4 P 49a2e0a257fa4da093b10bc12a9d8432 [LEADER]: Queue going to LEADER mode. State: All replicated index: 0, Majority replicated index: 0, Committed index: 0, Last appended: 0.0, Last appended by leader: 0, Current term: 1, Majority size: 2, State: 0, Mode: LEADER, active raft config: opid_index: -1 OBSOLETE_local: false peers { permanent_uuid: "49a2e0a257fa4da093b10bc12a9d8432" member_type: VOTER last_known_addr { host: "127.5.182.65" port: 34027 } } peers { permanent_uuid: "30aaed069e3a47968e291daa275d6916" member_type: VOTER last_known_addr { host: "127.5.182.66" port: 38641 } } peers { permanent_uuid: "46f40b481c8b49219a53e77efb85b91a" member_type: VOTER last_known_addr { host: "127.5.182.67" port: 44427 } }
W20260713 09:02:33.962164  6995 leader_election.cc:343] T 1e5651e5e344499289e2eea4d3ca165c P 30aaed069e3a47968e291daa275d6916 [CANDIDATE]: Term 1 pre-election: Tablet error from VoteRequest() call to peer 46f40b481c8b49219a53e77efb85b91a (127.5.182.67:44427): Illegal state: must be running to vote when last-logged opid is not known
I20260713 09:02:33.939798  7153 raft_consensus.cc:515] T 65c0e0d8939d4d0baf2bc54bfa22ab1c P 46f40b481c8b49219a53e77efb85b91a [term 1 FOLLOWER]: Starting leader election with config: opid_index: -1 OBSOLETE_local: false peers { permanent_uuid: "49a2e0a257fa4da093b10bc12a9d8432" member_type: VOTER last_known_addr { host: "127.5.182.65" port: 34027 } } peers { permanent_uuid: "46f40b481c8b49219a53e77efb85b91a" member_type: VOTER last_known_addr { host: "127.5.182.67" port: 44427 } } peers { permanent_uuid: "30aaed069e3a47968e291daa275d6916" member_type: VOTER last_known_addr { host: "127.5.182.66" port: 38641 } }
I20260713 09:02:33.962016  7146 consensus_queue.cc:260] T a81902e47d66450dab9feee5622a19d7 P 46f40b481c8b49219a53e77efb85b91a [NON_LEADER]: Queue going to NON_LEADER mode. State: All replicated index: 0, Majority replicated index: 0, Committed index: 0, Last appended: 0.0, Last appended by leader: 0, Current term: 0, Majority size: -1, State: 0, Mode: NON_LEADER, active raft config: opid_index: -1 OBSOLETE_local: false peers { permanent_uuid: "49a2e0a257fa4da093b10bc12a9d8432" member_type: VOTER last_known_addr { host: "127.5.182.65" port: 34027 } } peers { permanent_uuid: "30aaed069e3a47968e291daa275d6916" member_type: VOTER last_known_addr { host: "127.5.182.66" port: 38641 } } peers { permanent_uuid: "46f40b481c8b49219a53e77efb85b91a" member_type: VOTER last_known_addr { host: "127.5.182.67" port: 44427 } }
W20260713 09:02:33.957432  6997 leader_election.cc:343] T 09f16b4f421f460bbfc8e086a4da1cd4 P 30aaed069e3a47968e291daa275d6916 [CANDIDATE]: Term 1 pre-election: Tablet error from VoteRequest() call to peer 49a2e0a257fa4da093b10bc12a9d8432 (127.5.182.65:34027): Illegal state: must be running to vote when last-logged opid is not known
I20260713 09:02:33.958451  7179 raft_consensus.cc:2804] T 09f16b4f421f460bbfc8e086a4da1cd4 P 46f40b481c8b49219a53e77efb85b91a [term 0 FOLLOWER]: Leader pre-election won for term 1
W20260713 09:02:33.964473  6997 leader_election.cc:343] T 1e5651e5e344499289e2eea4d3ca165c P 30aaed069e3a47968e291daa275d6916 [CANDIDATE]: Term 1 pre-election: Tablet error from VoteRequest() call to peer 49a2e0a257fa4da093b10bc12a9d8432 (127.5.182.65:34027): Illegal state: must be running to vote when last-logged opid is not known
I20260713 09:02:33.965046  6997 leader_election.cc:304] T 1e5651e5e344499289e2eea4d3ca165c P 30aaed069e3a47968e291daa275d6916 [CANDIDATE]: Term 1 pre-election: Election decided. Result: candidate lost. Election summary: received 3 responses out of 3 voters: 1 yes votes; 2 no votes. yes voters: 30aaed069e3a47968e291daa275d6916; no voters: 46f40b481c8b49219a53e77efb85b91a, 49a2e0a257fa4da093b10bc12a9d8432
I20260713 09:02:33.965173  7153 leader_election.cc:290] T 65c0e0d8939d4d0baf2bc54bfa22ab1c P 46f40b481c8b49219a53e77efb85b91a [CANDIDATE]: Term 1 election: Requested vote from peers 49a2e0a257fa4da093b10bc12a9d8432 (127.5.182.65:34027), 30aaed069e3a47968e291daa275d6916 (127.5.182.66:38641)
I20260713 09:02:33.960002  7147 tablet_bootstrap.cc:492] T 1e5651e5e344499289e2eea4d3ca165c P 49a2e0a257fa4da093b10bc12a9d8432: No bootstrap required, opened a new log
I20260713 09:02:33.965867  7154 raft_consensus.cc:2749] T 1e5651e5e344499289e2eea4d3ca165c P 30aaed069e3a47968e291daa275d6916 [term 0 FOLLOWER]: Leader pre-election lost for term 1. Reason: could not achieve majority
I20260713 09:02:33.948414  7180 raft_consensus.cc:2749] T 2e5c13fdd33844208933fdb6f013eb35 P 49a2e0a257fa4da093b10bc12a9d8432 [term 0 FOLLOWER]: Leader pre-election lost for term 1. Reason: could not achieve majority
I20260713 09:02:33.964421  7106 raft_consensus.cc:2468] T 09f16b4f421f460bbfc8e086a4da1cd4 P 46f40b481c8b49219a53e77efb85b91a [term 0 FOLLOWER]: Leader pre-election vote request: Granting yes vote for candidate 30aaed069e3a47968e291daa275d6916 in term 0.
I20260713 09:02:33.966339  7147 ts_tablet_manager.cc:1403] T 1e5651e5e344499289e2eea4d3ca165c P 49a2e0a257fa4da093b10bc12a9d8432: Time spent bootstrapping tablet: real 0.051s	user 0.029s	sys 0.015s
I20260713 09:02:33.966949  6956 tablet_service.cc:1917] Received RequestConsensusVote() RPC: tablet_id: "65c0e0d8939d4d0baf2bc54bfa22ab1c" candidate_uuid: "46f40b481c8b49219a53e77efb85b91a" candidate_term: 1 candidate_status { last_received { term: 0 index: 0 } } ignore_live_leader: false dest_uuid: "49a2e0a257fa4da093b10bc12a9d8432"
I20260713 09:02:33.967671  6956 raft_consensus.cc:3060] T 65c0e0d8939d4d0baf2bc54bfa22ab1c P 49a2e0a257fa4da093b10bc12a9d8432 [term 0 FOLLOWER]: Advancing to term 1
I20260713 09:02:33.968667  7031 tablet_service.cc:1917] Received RequestConsensusVote() RPC: tablet_id: "65c0e0d8939d4d0baf2bc54bfa22ab1c" candidate_uuid: "46f40b481c8b49219a53e77efb85b91a" candidate_term: 1 candidate_status { last_received { term: 0 index: 0 } } ignore_live_leader: false dest_uuid: "30aaed069e3a47968e291daa275d6916"
I20260713 09:02:33.969199  7031 raft_consensus.cc:3060] T 65c0e0d8939d4d0baf2bc54bfa22ab1c P 30aaed069e3a47968e291daa275d6916 [term 0 FOLLOWER]: Advancing to term 1
I20260713 09:02:33.969852  7147 raft_consensus.cc:359] T 1e5651e5e344499289e2eea4d3ca165c P 49a2e0a257fa4da093b10bc12a9d8432 [term 0 FOLLOWER]: Replica starting. Triggering 0 pending ops. Active config: opid_index: -1 OBSOLETE_local: false peers { permanent_uuid: "49a2e0a257fa4da093b10bc12a9d8432" member_type: VOTER last_known_addr { host: "127.5.182.65" port: 34027 } } peers { permanent_uuid: "30aaed069e3a47968e291daa275d6916" member_type: VOTER last_known_addr { host: "127.5.182.66" port: 38641 } } peers { permanent_uuid: "46f40b481c8b49219a53e77efb85b91a" member_type: VOTER last_known_addr { host: "127.5.182.67" port: 44427 } }
I20260713 09:02:33.970284  6995 leader_election.cc:304] T 09f16b4f421f460bbfc8e086a4da1cd4 P 30aaed069e3a47968e291daa275d6916 [CANDIDATE]: Term 1 pre-election: Election decided. Result: candidate won. Election summary: received 3 responses out of 3 voters: 2 yes votes; 1 no votes. yes voters: 30aaed069e3a47968e291daa275d6916, 46f40b481c8b49219a53e77efb85b91a; no voters: 49a2e0a257fa4da093b10bc12a9d8432
I20260713 09:02:33.971340  7176 raft_consensus.cc:493] T a81902e47d66450dab9feee5622a19d7 P 30aaed069e3a47968e291daa275d6916 [term 0 FOLLOWER]: Starting pre-election (no leader contacted us within the election timeout)
I20260713 09:02:33.971692  7154 raft_consensus.cc:2804] T 09f16b4f421f460bbfc8e086a4da1cd4 P 30aaed069e3a47968e291daa275d6916 [term 0 FOLLOWER]: Leader pre-election won for term 1
I20260713 09:02:33.958660  7149 ts_tablet_manager.cc:1434] T 65c0e0d8939d4d0baf2bc54bfa22ab1c P 30aaed069e3a47968e291daa275d6916: Time spent starting tablet: real 0.028s	user 0.009s	sys 0.000s
I20260713 09:02:33.972101  7154 raft_consensus.cc:493] T 09f16b4f421f460bbfc8e086a4da1cd4 P 30aaed069e3a47968e291daa275d6916 [term 0 FOLLOWER]: Starting leader election (no leader contacted us within the election timeout)
I20260713 09:02:33.971848  7176 raft_consensus.cc:515] T a81902e47d66450dab9feee5622a19d7 P 30aaed069e3a47968e291daa275d6916 [term 0 FOLLOWER]: Starting pre-election with config: opid_index: -1 OBSOLETE_local: false peers { permanent_uuid: "49a2e0a257fa4da093b10bc12a9d8432" member_type: VOTER last_known_addr { host: "127.5.182.65" port: 34027 } } peers { permanent_uuid: "30aaed069e3a47968e291daa275d6916" member_type: VOTER last_known_addr { host: "127.5.182.66" port: 38641 } } peers { permanent_uuid: "46f40b481c8b49219a53e77efb85b91a" member_type: VOTER last_known_addr { host: "127.5.182.67" port: 44427 } }
I20260713 09:02:33.972550  7154 raft_consensus.cc:3060] T 09f16b4f421f460bbfc8e086a4da1cd4 P 30aaed069e3a47968e291daa275d6916 [term 0 FOLLOWER]: Advancing to term 1
I20260713 09:02:33.973384  7149 tablet_bootstrap.cc:492] T 4343fd1219784a3b80da2540753df9a5 P 30aaed069e3a47968e291daa275d6916: Bootstrap starting.
I20260713 09:02:33.974479  7176 leader_election.cc:290] T a81902e47d66450dab9feee5622a19d7 P 30aaed069e3a47968e291daa275d6916 [CANDIDATE]: Term 1 pre-election: Requested pre-vote from peers 49a2e0a257fa4da093b10bc12a9d8432 (127.5.182.65:34027), 46f40b481c8b49219a53e77efb85b91a (127.5.182.67:44427)
I20260713 09:02:33.975935  7179 raft_consensus.cc:493] T 09f16b4f421f460bbfc8e086a4da1cd4 P 46f40b481c8b49219a53e77efb85b91a [term 0 FOLLOWER]: Starting leader election (no leader contacted us within the election timeout)
I20260713 09:02:33.976022  6957 tablet_service.cc:1917] Received RequestConsensusVote() RPC: tablet_id: "a81902e47d66450dab9feee5622a19d7" candidate_uuid: "30aaed069e3a47968e291daa275d6916" candidate_term: 1 candidate_status { last_received { term: 0 index: 0 } } ignore_live_leader: false dest_uuid: "49a2e0a257fa4da093b10bc12a9d8432" is_pre_election: true
I20260713 09:02:33.976280  7106 tablet_service.cc:1917] Received RequestConsensusVote() RPC: tablet_id: "a81902e47d66450dab9feee5622a19d7" candidate_uuid: "30aaed069e3a47968e291daa275d6916" candidate_term: 1 candidate_status { last_received { term: 0 index: 0 } } ignore_live_leader: false dest_uuid: "46f40b481c8b49219a53e77efb85b91a" is_pre_election: true
I20260713 09:02:33.977003  7106 raft_consensus.cc:2468] T a81902e47d66450dab9feee5622a19d7 P 46f40b481c8b49219a53e77efb85b91a [term 0 FOLLOWER]: Leader pre-election vote request: Granting yes vote for candidate 30aaed069e3a47968e291daa275d6916 in term 0.
I20260713 09:02:33.976477  7179 raft_consensus.cc:3060] T 09f16b4f421f460bbfc8e086a4da1cd4 P 46f40b481c8b49219a53e77efb85b91a [term 0 FOLLOWER]: Advancing to term 1
I20260713 09:02:33.977300  7031 raft_consensus.cc:2468] T 65c0e0d8939d4d0baf2bc54bfa22ab1c P 30aaed069e3a47968e291daa275d6916 [term 1 FOLLOWER]: Leader election vote request: Granting yes vote for candidate 46f40b481c8b49219a53e77efb85b91a in term 1.
I20260713 09:02:33.978407  6995 leader_election.cc:304] T a81902e47d66450dab9feee5622a19d7 P 30aaed069e3a47968e291daa275d6916 [CANDIDATE]: Term 1 pre-election: Election decided. Result: candidate won. Election summary: received 2 responses out of 3 voters: 2 yes votes; 0 no votes. yes voters: 30aaed069e3a47968e291daa275d6916, 46f40b481c8b49219a53e77efb85b91a; no voters: 
I20260713 09:02:33.979513  7176 raft_consensus.cc:2804] T a81902e47d66450dab9feee5622a19d7 P 30aaed069e3a47968e291daa275d6916 [term 0 FOLLOWER]: Leader pre-election won for term 1
I20260713 09:02:33.979954  7176 raft_consensus.cc:493] T a81902e47d66450dab9feee5622a19d7 P 30aaed069e3a47968e291daa275d6916 [term 0 FOLLOWER]: Starting leader election (no leader contacted us within the election timeout)
I20260713 09:02:33.982582  7182 raft_consensus.cc:493] T 4343fd1219784a3b80da2540753df9a5 P 46f40b481c8b49219a53e77efb85b91a [term 0 FOLLOWER]: Starting pre-election (no leader contacted us within the election timeout)
I20260713 09:02:33.982960  7069 leader_election.cc:304] T 65c0e0d8939d4d0baf2bc54bfa22ab1c P 46f40b481c8b49219a53e77efb85b91a [CANDIDATE]: Term 1 election: Election decided. Result: candidate won. Election summary: received 2 responses out of 3 voters: 2 yes votes; 0 no votes. yes voters: 30aaed069e3a47968e291daa275d6916, 46f40b481c8b49219a53e77efb85b91a; no voters: 
I20260713 09:02:33.983238  7182 raft_consensus.cc:515] T 4343fd1219784a3b80da2540753df9a5 P 46f40b481c8b49219a53e77efb85b91a [term 0 FOLLOWER]: Starting pre-election with config: opid_index: -1 OBSOLETE_local: false peers { permanent_uuid: "49a2e0a257fa4da093b10bc12a9d8432" member_type: VOTER last_known_addr { host: "127.5.182.65" port: 34027 } } peers { permanent_uuid: "30aaed069e3a47968e291daa275d6916" member_type: VOTER last_known_addr { host: "127.5.182.66" port: 38641 } } peers { permanent_uuid: "46f40b481c8b49219a53e77efb85b91a" member_type: VOTER last_known_addr { host: "127.5.182.67" port: 44427 } }
W20260713 09:02:33.984076  6997 leader_election.cc:343] T a81902e47d66450dab9feee5622a19d7 P 30aaed069e3a47968e291daa275d6916 [CANDIDATE]: Term 1 pre-election: Tablet error from VoteRequest() call to peer 49a2e0a257fa4da093b10bc12a9d8432 (127.5.182.65:34027): Illegal state: must be running to vote when last-logged opid is not known
I20260713 09:02:33.980487  7176 raft_consensus.cc:3060] T a81902e47d66450dab9feee5622a19d7 P 30aaed069e3a47968e291daa275d6916 [term 0 FOLLOWER]: Advancing to term 1
I20260713 09:02:33.986517  6957 tablet_service.cc:1917] Received RequestConsensusVote() RPC: tablet_id: "4343fd1219784a3b80da2540753df9a5" candidate_uuid: "46f40b481c8b49219a53e77efb85b91a" candidate_term: 1 candidate_status { last_received { term: 0 index: 0 } } ignore_live_leader: false dest_uuid: "49a2e0a257fa4da093b10bc12a9d8432" is_pre_election: true
W20260713 09:02:33.987977  7071 leader_election.cc:343] T 4343fd1219784a3b80da2540753df9a5 P 46f40b481c8b49219a53e77efb85b91a [CANDIDATE]: Term 1 pre-election: Tablet error from VoteRequest() call to peer 49a2e0a257fa4da093b10bc12a9d8432 (127.5.182.65:34027): Illegal state: must be running to vote when last-logged opid is not known
I20260713 09:02:33.988778  7180 raft_consensus.cc:493] T 86855a7def4a416fa3b0e43369a873c2 P 49a2e0a257fa4da093b10bc12a9d8432 [term 0 FOLLOWER]: Starting pre-election (no leader contacted us within the election timeout)
I20260713 09:02:33.989359  7180 raft_consensus.cc:515] T 86855a7def4a416fa3b0e43369a873c2 P 49a2e0a257fa4da093b10bc12a9d8432 [term 0 FOLLOWER]: Starting pre-election with config: opid_index: -1 OBSOLETE_local: false peers { permanent_uuid: "49a2e0a257fa4da093b10bc12a9d8432" member_type: VOTER last_known_addr { host: "127.5.182.65" port: 34027 } } peers { permanent_uuid: "30aaed069e3a47968e291daa275d6916" member_type: VOTER last_known_addr { host: "127.5.182.66" port: 38641 } } peers { permanent_uuid: "46f40b481c8b49219a53e77efb85b91a" member_type: VOTER last_known_addr { host: "127.5.182.67" port: 44427 } }
I20260713 09:02:33.990022  7154 raft_consensus.cc:515] T 09f16b4f421f460bbfc8e086a4da1cd4 P 30aaed069e3a47968e291daa275d6916 [term 1 FOLLOWER]: Starting leader election with config: opid_index: -1 OBSOLETE_local: false peers { permanent_uuid: "49a2e0a257fa4da093b10bc12a9d8432" member_type: VOTER last_known_addr { host: "127.5.182.65" port: 34027 } } peers { permanent_uuid: "30aaed069e3a47968e291daa275d6916" member_type: VOTER last_known_addr { host: "127.5.182.66" port: 38641 } } peers { permanent_uuid: "46f40b481c8b49219a53e77efb85b91a" member_type: VOTER last_known_addr { host: "127.5.182.67" port: 44427 } }
I20260713 09:02:33.993501  7146 ts_tablet_manager.cc:1434] T a81902e47d66450dab9feee5622a19d7 P 46f40b481c8b49219a53e77efb85b91a: Time spent starting tablet: real 0.043s	user 0.007s	sys 0.002s
I20260713 09:02:33.993863  7153 raft_consensus.cc:2804] T 65c0e0d8939d4d0baf2bc54bfa22ab1c P 46f40b481c8b49219a53e77efb85b91a [term 1 FOLLOWER]: Leader election won for term 1
I20260713 09:02:33.994323  7149 tablet_bootstrap.cc:654] T 4343fd1219784a3b80da2540753df9a5 P 30aaed069e3a47968e291daa275d6916: Neither blocks nor log segments found. Creating new log.
I20260713 09:02:33.994666  7146 tablet_bootstrap.cc:492] T 792a20f6f0234bf6a460f25c02fb9b0c P 46f40b481c8b49219a53e77efb85b91a: Bootstrap starting.
I20260713 09:02:33.994832  6957 tablet_service.cc:1917] Received RequestConsensusVote() RPC: tablet_id: "09f16b4f421f460bbfc8e086a4da1cd4" candidate_uuid: "30aaed069e3a47968e291daa275d6916" candidate_term: 1 candidate_status { last_received { term: 0 index: 0 } } ignore_live_leader: false dest_uuid: "49a2e0a257fa4da093b10bc12a9d8432"
I20260713 09:02:33.995707  6956 raft_consensus.cc:2468] T 65c0e0d8939d4d0baf2bc54bfa22ab1c P 49a2e0a257fa4da093b10bc12a9d8432 [term 1 FOLLOWER]: Leader election vote request: Granting yes vote for candidate 46f40b481c8b49219a53e77efb85b91a in term 1.
I20260713 09:02:33.970557  7147 raft_consensus.cc:385] T 1e5651e5e344499289e2eea4d3ca165c P 49a2e0a257fa4da093b10bc12a9d8432 [term 0 FOLLOWER]: Consensus starting up: Expiring failure detector timer to make a prompt election more likely
I20260713 09:02:33.997865  7147 raft_consensus.cc:740] T 1e5651e5e344499289e2eea4d3ca165c P 49a2e0a257fa4da093b10bc12a9d8432 [term 0 FOLLOWER]: Becoming Follower/Learner. State: Replica: 49a2e0a257fa4da093b10bc12a9d8432, State: Initialized, Role: FOLLOWER
I20260713 09:02:33.999675  7106 tablet_service.cc:1917] Received RequestConsensusVote() RPC: tablet_id: "86855a7def4a416fa3b0e43369a873c2" candidate_uuid: "49a2e0a257fa4da093b10bc12a9d8432" candidate_term: 1 candidate_status { last_received { term: 0 index: 0 } } ignore_live_leader: false dest_uuid: "46f40b481c8b49219a53e77efb85b91a" is_pre_election: true
W20260713 09:02:34.001083  6920 leader_election.cc:343] T 86855a7def4a416fa3b0e43369a873c2 P 49a2e0a257fa4da093b10bc12a9d8432 [CANDIDATE]: Term 1 pre-election: Tablet error from VoteRequest() call to peer 46f40b481c8b49219a53e77efb85b91a (127.5.182.67:44427): Illegal state: must be running to vote when last-logged opid is not known
I20260713 09:02:33.993161  7176 raft_consensus.cc:515] T a81902e47d66450dab9feee5622a19d7 P 30aaed069e3a47968e291daa275d6916 [term 1 FOLLOWER]: Starting leader election with config: opid_index: -1 OBSOLETE_local: false peers { permanent_uuid: "49a2e0a257fa4da093b10bc12a9d8432" member_type: VOTER last_known_addr { host: "127.5.182.65" port: 34027 } } peers { permanent_uuid: "30aaed069e3a47968e291daa275d6916" member_type: VOTER last_known_addr { host: "127.5.182.66" port: 38641 } } peers { permanent_uuid: "46f40b481c8b49219a53e77efb85b91a" member_type: VOTER last_known_addr { host: "127.5.182.67" port: 44427 } }
I20260713 09:02:33.999115  7147 consensus_queue.cc:260] T 1e5651e5e344499289e2eea4d3ca165c P 49a2e0a257fa4da093b10bc12a9d8432 [NON_LEADER]: Queue going to NON_LEADER mode. State: All replicated index: 0, Majority replicated index: 0, Committed index: 0, Last appended: 0.0, Last appended by leader: 0, Current term: 0, Majority size: -1, State: 0, Mode: NON_LEADER, active raft config: opid_index: -1 OBSOLETE_local: false peers { permanent_uuid: "49a2e0a257fa4da093b10bc12a9d8432" member_type: VOTER last_known_addr { host: "127.5.182.65" port: 34027 } } peers { permanent_uuid: "30aaed069e3a47968e291daa275d6916" member_type: VOTER last_known_addr { host: "127.5.182.66" port: 38641 } } peers { permanent_uuid: "46f40b481c8b49219a53e77efb85b91a" member_type: VOTER last_known_addr { host: "127.5.182.67" port: 44427 } }
I20260713 09:02:33.997552  7031 tablet_service.cc:1917] Received RequestConsensusVote() RPC: tablet_id: "86855a7def4a416fa3b0e43369a873c2" candidate_uuid: "49a2e0a257fa4da093b10bc12a9d8432" candidate_term: 1 candidate_status { last_received { term: 0 index: 0 } } ignore_live_leader: false dest_uuid: "30aaed069e3a47968e291daa275d6916" is_pre_election: true
I20260713 09:02:34.002221  7105 tablet_service.cc:1917] Received RequestConsensusVote() RPC: tablet_id: "09f16b4f421f460bbfc8e086a4da1cd4" candidate_uuid: "30aaed069e3a47968e291daa275d6916" candidate_term: 1 candidate_status { last_received { term: 0 index: 0 } } ignore_live_leader: false dest_uuid: "46f40b481c8b49219a53e77efb85b91a"
I20260713 09:02:34.003580  7153 raft_consensus.cc:697] T 65c0e0d8939d4d0baf2bc54bfa22ab1c P 46f40b481c8b49219a53e77efb85b91a [term 1 LEADER]: Becoming Leader. State: Replica: 46f40b481c8b49219a53e77efb85b91a, State: Running, Role: LEADER
I20260713 09:02:34.003842  7147 ts_tablet_manager.cc:1434] T 1e5651e5e344499289e2eea4d3ca165c P 49a2e0a257fa4da093b10bc12a9d8432: Time spent starting tablet: real 0.037s	user 0.001s	sys 0.005s
I20260713 09:02:34.003592  7180 leader_election.cc:290] T 86855a7def4a416fa3b0e43369a873c2 P 49a2e0a257fa4da093b10bc12a9d8432 [CANDIDATE]: Term 1 pre-election: Requested pre-vote from peers 30aaed069e3a47968e291daa275d6916 (127.5.182.66:38641), 46f40b481c8b49219a53e77efb85b91a (127.5.182.67:44427)
W20260713 09:02:34.003021  6997 leader_election.cc:343] T 09f16b4f421f460bbfc8e086a4da1cd4 P 30aaed069e3a47968e291daa275d6916 [CANDIDATE]: Term 1 election: Tablet error from VoteRequest() call to peer 49a2e0a257fa4da093b10bc12a9d8432 (127.5.182.65:34027): Illegal state: must be running to vote when last-logged opid is not known
I20260713 09:02:34.005187  7154 leader_election.cc:290] T 09f16b4f421f460bbfc8e086a4da1cd4 P 30aaed069e3a47968e291daa275d6916 [CANDIDATE]: Term 1 election: Requested vote from peers 49a2e0a257fa4da093b10bc12a9d8432 (127.5.182.65:34027), 46f40b481c8b49219a53e77efb85b91a (127.5.182.67:44427)
I20260713 09:02:34.004922  7147 tablet_bootstrap.cc:492] T a81902e47d66450dab9feee5622a19d7 P 49a2e0a257fa4da093b10bc12a9d8432: Bootstrap starting.
I20260713 09:02:34.008958  7106 tablet_service.cc:1917] Received RequestConsensusVote() RPC: tablet_id: "a81902e47d66450dab9feee5622a19d7" candidate_uuid: "30aaed069e3a47968e291daa275d6916" candidate_term: 1 candidate_status { last_received { term: 0 index: 0 } } ignore_live_leader: false dest_uuid: "46f40b481c8b49219a53e77efb85b91a"
I20260713 09:02:34.008803  7182 leader_election.cc:290] T 4343fd1219784a3b80da2540753df9a5 P 46f40b481c8b49219a53e77efb85b91a [CANDIDATE]: Term 1 pre-election: Requested pre-vote from peers 49a2e0a257fa4da093b10bc12a9d8432 (127.5.182.65:34027), 30aaed069e3a47968e291daa275d6916 (127.5.182.66:38641)
I20260713 09:02:34.009639  7106 raft_consensus.cc:3060] T a81902e47d66450dab9feee5622a19d7 P 46f40b481c8b49219a53e77efb85b91a [term 0 FOLLOWER]: Advancing to term 1
I20260713 09:02:34.010113  7031 tablet_service.cc:1917] Received RequestConsensusVote() RPC: tablet_id: "4343fd1219784a3b80da2540753df9a5" candidate_uuid: "46f40b481c8b49219a53e77efb85b91a" candidate_term: 1 candidate_status { last_received { term: 0 index: 0 } } ignore_live_leader: false dest_uuid: "30aaed069e3a47968e291daa275d6916" is_pre_election: true
W20260713 09:02:34.011382  7069 leader_election.cc:343] T 4343fd1219784a3b80da2540753df9a5 P 46f40b481c8b49219a53e77efb85b91a [CANDIDATE]: Term 1 pre-election: Tablet error from VoteRequest() call to peer 30aaed069e3a47968e291daa275d6916 (127.5.182.66:38641): Illegal state: must be running to vote when last-logged opid is not known
I20260713 09:02:34.011852  7069 leader_election.cc:304] T 4343fd1219784a3b80da2540753df9a5 P 46f40b481c8b49219a53e77efb85b91a [CANDIDATE]: Term 1 pre-election: Election decided. Result: candidate lost. Election summary: received 3 responses out of 3 voters: 1 yes votes; 2 no votes. yes voters: 46f40b481c8b49219a53e77efb85b91a; no voters: 30aaed069e3a47968e291daa275d6916, 49a2e0a257fa4da093b10bc12a9d8432
I20260713 09:02:33.985584  7179 raft_consensus.cc:515] T 09f16b4f421f460bbfc8e086a4da1cd4 P 46f40b481c8b49219a53e77efb85b91a [term 1 FOLLOWER]: Starting leader election with config: opid_index: -1 OBSOLETE_local: false peers { permanent_uuid: "49a2e0a257fa4da093b10bc12a9d8432" member_type: VOTER last_known_addr { host: "127.5.182.65" port: 34027 } } peers { permanent_uuid: "30aaed069e3a47968e291daa275d6916" member_type: VOTER last_known_addr { host: "127.5.182.66" port: 38641 } } peers { permanent_uuid: "46f40b481c8b49219a53e77efb85b91a" member_type: VOTER last_known_addr { host: "127.5.182.67" port: 44427 } }
W20260713 09:02:34.005841  6920 leader_election.cc:343] T 86855a7def4a416fa3b0e43369a873c2 P 49a2e0a257fa4da093b10bc12a9d8432 [CANDIDATE]: Term 1 pre-election: Tablet error from VoteRequest() call to peer 30aaed069e3a47968e291daa275d6916 (127.5.182.66:38641): Illegal state: must be running to vote when last-logged opid is not known
I20260713 09:02:34.013938  6920 leader_election.cc:304] T 86855a7def4a416fa3b0e43369a873c2 P 49a2e0a257fa4da093b10bc12a9d8432 [CANDIDATE]: Term 1 pre-election: Election decided. Result: candidate lost. Election summary: received 3 responses out of 3 voters: 1 yes votes; 2 no votes. yes voters: 49a2e0a257fa4da093b10bc12a9d8432; no voters: 30aaed069e3a47968e291daa275d6916, 46f40b481c8b49219a53e77efb85b91a
I20260713 09:02:34.005312  7153 consensus_queue.cc:237] T 65c0e0d8939d4d0baf2bc54bfa22ab1c P 46f40b481c8b49219a53e77efb85b91a [LEADER]: Queue going to LEADER mode. State: All replicated index: 0, Majority replicated index: 0, Committed index: 0, Last appended: 0.0, Last appended by leader: 0, Current term: 1, Majority size: 2, State: 0, Mode: LEADER, active raft config: opid_index: -1 OBSOLETE_local: false peers { permanent_uuid: "49a2e0a257fa4da093b10bc12a9d8432" member_type: VOTER last_known_addr { host: "127.5.182.65" port: 34027 } } peers { permanent_uuid: "46f40b481c8b49219a53e77efb85b91a" member_type: VOTER last_known_addr { host: "127.5.182.67" port: 44427 } } peers { permanent_uuid: "30aaed069e3a47968e291daa275d6916" member_type: VOTER last_known_addr { host: "127.5.182.66" port: 38641 } }
I20260713 09:02:34.015765  6956 tablet_service.cc:1917] Received RequestConsensusVote() RPC: tablet_id: "a81902e47d66450dab9feee5622a19d7" candidate_uuid: "30aaed069e3a47968e291daa275d6916" candidate_term: 1 candidate_status { last_received { term: 0 index: 0 } } ignore_live_leader: false dest_uuid: "49a2e0a257fa4da093b10bc12a9d8432"
W20260713 09:02:34.017215  6997 leader_election.cc:343] T a81902e47d66450dab9feee5622a19d7 P 30aaed069e3a47968e291daa275d6916 [CANDIDATE]: Term 1 election: Tablet error from VoteRequest() call to peer 49a2e0a257fa4da093b10bc12a9d8432 (127.5.182.65:34027): Illegal state: must be running to vote when last-logged opid is not known
I20260713 09:02:34.018496  7105 raft_consensus.cc:2393] T 09f16b4f421f460bbfc8e086a4da1cd4 P 46f40b481c8b49219a53e77efb85b91a [term 1 FOLLOWER]: Leader election vote request: Denying vote to candidate 30aaed069e3a47968e291daa275d6916 in current term 1: Already voted for candidate 46f40b481c8b49219a53e77efb85b91a in this term.
I20260713 09:02:34.019038  7176 leader_election.cc:290] T a81902e47d66450dab9feee5622a19d7 P 30aaed069e3a47968e291daa275d6916 [CANDIDATE]: Term 1 election: Requested vote from peers 49a2e0a257fa4da093b10bc12a9d8432 (127.5.182.65:34027), 46f40b481c8b49219a53e77efb85b91a (127.5.182.67:44427)
I20260713 09:02:34.021514  7146 tablet_bootstrap.cc:654] T 792a20f6f0234bf6a460f25c02fb9b0c P 46f40b481c8b49219a53e77efb85b91a: Neither blocks nor log segments found. Creating new log.
I20260713 09:02:34.021680  6995 leader_election.cc:304] T 09f16b4f421f460bbfc8e086a4da1cd4 P 30aaed069e3a47968e291daa275d6916 [CANDIDATE]: Term 1 election: Election decided. Result: candidate lost. Election summary: received 3 responses out of 3 voters: 1 yes votes; 2 no votes. yes voters: 30aaed069e3a47968e291daa275d6916; no voters: 46f40b481c8b49219a53e77efb85b91a, 49a2e0a257fa4da093b10bc12a9d8432
I20260713 09:02:34.022785  7176 raft_consensus.cc:2749] T 09f16b4f421f460bbfc8e086a4da1cd4 P 30aaed069e3a47968e291daa275d6916 [term 1 FOLLOWER]: Leader election lost for term 1. Reason: could not achieve majority
I20260713 09:02:34.023262  7180 raft_consensus.cc:2749] T 86855a7def4a416fa3b0e43369a873c2 P 49a2e0a257fa4da093b10bc12a9d8432 [term 0 FOLLOWER]: Leader pre-election lost for term 1. Reason: could not achieve majority
I20260713 09:02:34.025875  7182 raft_consensus.cc:2749] T 4343fd1219784a3b80da2540753df9a5 P 46f40b481c8b49219a53e77efb85b91a [term 0 FOLLOWER]: Leader pre-election lost for term 1. Reason: could not achieve majority
I20260713 09:02:34.026466  7106 raft_consensus.cc:2468] T a81902e47d66450dab9feee5622a19d7 P 46f40b481c8b49219a53e77efb85b91a [term 1 FOLLOWER]: Leader election vote request: Granting yes vote for candidate 30aaed069e3a47968e291daa275d6916 in term 1.
I20260713 09:02:34.027053  7147 tablet_bootstrap.cc:654] T a81902e47d66450dab9feee5622a19d7 P 49a2e0a257fa4da093b10bc12a9d8432: Neither blocks nor log segments found. Creating new log.
I20260713 09:02:34.027767  6995 leader_election.cc:304] T a81902e47d66450dab9feee5622a19d7 P 30aaed069e3a47968e291daa275d6916 [CANDIDATE]: Term 1 election: Election decided. Result: candidate won. Election summary: received 3 responses out of 3 voters: 2 yes votes; 1 no votes. yes voters: 30aaed069e3a47968e291daa275d6916, 46f40b481c8b49219a53e77efb85b91a; no voters: 49a2e0a257fa4da093b10bc12a9d8432
I20260713 09:02:34.028726  7180 raft_consensus.cc:493] T ee64cfe8b1e3480eb840da709c134417 P 49a2e0a257fa4da093b10bc12a9d8432 [term 0 FOLLOWER]: Starting pre-election (no leader contacted us within the election timeout)
I20260713 09:02:34.029006  7176 raft_consensus.cc:2804] T a81902e47d66450dab9feee5622a19d7 P 30aaed069e3a47968e291daa275d6916 [term 1 FOLLOWER]: Leader election won for term 1
I20260713 09:02:34.029533  7180 raft_consensus.cc:515] T ee64cfe8b1e3480eb840da709c134417 P 49a2e0a257fa4da093b10bc12a9d8432 [term 0 FOLLOWER]: Starting pre-election with config: opid_index: -1 OBSOLETE_local: false peers { permanent_uuid: "49a2e0a257fa4da093b10bc12a9d8432" member_type: VOTER last_known_addr { host: "127.5.182.65" port: 34027 } } peers { permanent_uuid: "30aaed069e3a47968e291daa275d6916" member_type: VOTER last_known_addr { host: "127.5.182.66" port: 38641 } } peers { permanent_uuid: "46f40b481c8b49219a53e77efb85b91a" member_type: VOTER last_known_addr { host: "127.5.182.67" port: 44427 } }
I20260713 09:02:34.032552  7180 leader_election.cc:290] T ee64cfe8b1e3480eb840da709c134417 P 49a2e0a257fa4da093b10bc12a9d8432 [CANDIDATE]: Term 1 pre-election: Requested pre-vote from peers 30aaed069e3a47968e291daa275d6916 (127.5.182.66:38641), 46f40b481c8b49219a53e77efb85b91a (127.5.182.67:44427)
I20260713 09:02:34.029567  7176 raft_consensus.cc:697] T a81902e47d66450dab9feee5622a19d7 P 30aaed069e3a47968e291daa275d6916 [term 1 LEADER]: Becoming Leader. State: Replica: 30aaed069e3a47968e291daa275d6916, State: Running, Role: LEADER
I20260713 09:02:34.036636  7176 consensus_queue.cc:237] T a81902e47d66450dab9feee5622a19d7 P 30aaed069e3a47968e291daa275d6916 [LEADER]: Queue going to LEADER mode. State: All replicated index: 0, Majority replicated index: 0, Committed index: 0, Last appended: 0.0, Last appended by leader: 0, Current term: 1, Majority size: 2, State: 0, Mode: LEADER, active raft config: opid_index: -1 OBSOLETE_local: false peers { permanent_uuid: "49a2e0a257fa4da093b10bc12a9d8432" member_type: VOTER last_known_addr { host: "127.5.182.65" port: 34027 } } peers { permanent_uuid: "30aaed069e3a47968e291daa275d6916" member_type: VOTER last_known_addr { host: "127.5.182.66" port: 38641 } } peers { permanent_uuid: "46f40b481c8b49219a53e77efb85b91a" member_type: VOTER last_known_addr { host: "127.5.182.67" port: 44427 } }
I20260713 09:02:34.033953  7031 tablet_service.cc:1917] Received RequestConsensusVote() RPC: tablet_id: "ee64cfe8b1e3480eb840da709c134417" candidate_uuid: "49a2e0a257fa4da093b10bc12a9d8432" candidate_term: 1 candidate_status { last_received { term: 0 index: 0 } } ignore_live_leader: false dest_uuid: "30aaed069e3a47968e291daa275d6916" is_pre_election: true
W20260713 09:02:34.039484  6920 leader_election.cc:343] T ee64cfe8b1e3480eb840da709c134417 P 49a2e0a257fa4da093b10bc12a9d8432 [CANDIDATE]: Term 1 pre-election: Tablet error from VoteRequest() call to peer 30aaed069e3a47968e291daa275d6916 (127.5.182.66:38641): Illegal state: must be running to vote when last-logged opid is not known
I20260713 09:02:34.040059  6956 tablet_service.cc:1917] Received RequestConsensusVote() RPC: tablet_id: "09f16b4f421f460bbfc8e086a4da1cd4" candidate_uuid: "46f40b481c8b49219a53e77efb85b91a" candidate_term: 1 candidate_status { last_received { term: 0 index: 0 } } ignore_live_leader: false dest_uuid: "49a2e0a257fa4da093b10bc12a9d8432"
I20260713 09:02:34.040967  7147 tablet_bootstrap.cc:492] T a81902e47d66450dab9feee5622a19d7 P 49a2e0a257fa4da093b10bc12a9d8432: No bootstrap required, opened a new log
W20260713 09:02:34.041635  7071 leader_election.cc:343] T 09f16b4f421f460bbfc8e086a4da1cd4 P 46f40b481c8b49219a53e77efb85b91a [CANDIDATE]: Term 1 election: Tablet error from VoteRequest() call to peer 49a2e0a257fa4da093b10bc12a9d8432 (127.5.182.65:34027): Illegal state: must be running to vote when last-logged opid is not known
I20260713 09:02:34.041110  6854 catalog_manager.cc:5697] T 96c8e136b52a491b96caa19475fbe7a4 P 49a2e0a257fa4da093b10bc12a9d8432 reported cstate change: term changed from 0 to 1, leader changed from <none> to 49a2e0a257fa4da093b10bc12a9d8432 (127.5.182.65). New cstate: current_term: 1 leader_uuid: "49a2e0a257fa4da093b10bc12a9d8432" committed_config { opid_index: -1 OBSOLETE_local: false peers { permanent_uuid: "49a2e0a257fa4da093b10bc12a9d8432" member_type: VOTER last_known_addr { host: "127.5.182.65" port: 34027 } health_report { overall_health: HEALTHY } } peers { permanent_uuid: "30aaed069e3a47968e291daa275d6916" member_type: VOTER last_known_addr { host: "127.5.182.66" port: 38641 } health_report { overall_health: UNKNOWN } } peers { permanent_uuid: "46f40b481c8b49219a53e77efb85b91a" member_type: VOTER last_known_addr { host: "127.5.182.67" port: 44427 } health_report { overall_health: UNKNOWN } } }
I20260713 09:02:34.042930  7179 leader_election.cc:290] T 09f16b4f421f460bbfc8e086a4da1cd4 P 46f40b481c8b49219a53e77efb85b91a [CANDIDATE]: Term 1 election: Requested vote from peers 49a2e0a257fa4da093b10bc12a9d8432 (127.5.182.65:34027), 30aaed069e3a47968e291daa275d6916 (127.5.182.66:38641)
I20260713 09:02:34.044274  7146 tablet_bootstrap.cc:492] T 792a20f6f0234bf6a460f25c02fb9b0c P 46f40b481c8b49219a53e77efb85b91a: No bootstrap required, opened a new log
I20260713 09:02:34.044106  7031 tablet_service.cc:1917] Received RequestConsensusVote() RPC: tablet_id: "09f16b4f421f460bbfc8e086a4da1cd4" candidate_uuid: "46f40b481c8b49219a53e77efb85b91a" candidate_term: 1 candidate_status { last_received { term: 0 index: 0 } } ignore_live_leader: false dest_uuid: "30aaed069e3a47968e291daa275d6916"
I20260713 09:02:34.034579  7106 tablet_service.cc:1917] Received RequestConsensusVote() RPC: tablet_id: "ee64cfe8b1e3480eb840da709c134417" candidate_uuid: "49a2e0a257fa4da093b10bc12a9d8432" candidate_term: 1 candidate_status { last_received { term: 0 index: 0 } } ignore_live_leader: false dest_uuid: "46f40b481c8b49219a53e77efb85b91a" is_pre_election: true
I20260713 09:02:34.044806  7146 ts_tablet_manager.cc:1403] T 792a20f6f0234bf6a460f25c02fb9b0c P 46f40b481c8b49219a53e77efb85b91a: Time spent bootstrapping tablet: real 0.050s	user 0.011s	sys 0.002s
I20260713 09:02:34.045006  7031 raft_consensus.cc:2393] T 09f16b4f421f460bbfc8e086a4da1cd4 P 30aaed069e3a47968e291daa275d6916 [term 1 FOLLOWER]: Leader election vote request: Denying vote to candidate 46f40b481c8b49219a53e77efb85b91a in current term 1: Already voted for candidate 30aaed069e3a47968e291daa275d6916 in this term.
I20260713 09:02:34.045204  7106 raft_consensus.cc:2468] T ee64cfe8b1e3480eb840da709c134417 P 46f40b481c8b49219a53e77efb85b91a [term 0 FOLLOWER]: Leader pre-election vote request: Granting yes vote for candidate 49a2e0a257fa4da093b10bc12a9d8432 in term 0.
I20260713 09:02:34.046271  7069 leader_election.cc:304] T 09f16b4f421f460bbfc8e086a4da1cd4 P 46f40b481c8b49219a53e77efb85b91a [CANDIDATE]: Term 1 election: Election decided. Result: candidate lost. Election summary: received 3 responses out of 3 voters: 1 yes votes; 2 no votes. yes voters: 46f40b481c8b49219a53e77efb85b91a; no voters: 30aaed069e3a47968e291daa275d6916, 49a2e0a257fa4da093b10bc12a9d8432
I20260713 09:02:34.046458  6920 leader_election.cc:304] T ee64cfe8b1e3480eb840da709c134417 P 49a2e0a257fa4da093b10bc12a9d8432 [CANDIDATE]: Term 1 pre-election: Election decided. Result: candidate won. Election summary: received 3 responses out of 3 voters: 2 yes votes; 1 no votes. yes voters: 46f40b481c8b49219a53e77efb85b91a, 49a2e0a257fa4da093b10bc12a9d8432; no voters: 30aaed069e3a47968e291daa275d6916
I20260713 09:02:34.047343  7180 raft_consensus.cc:2804] T ee64cfe8b1e3480eb840da709c134417 P 49a2e0a257fa4da093b10bc12a9d8432 [term 0 FOLLOWER]: Leader pre-election won for term 1
I20260713 09:02:34.047425  7179 raft_consensus.cc:2749] T 09f16b4f421f460bbfc8e086a4da1cd4 P 46f40b481c8b49219a53e77efb85b91a [term 1 FOLLOWER]: Leader election lost for term 1. Reason: could not achieve majority
I20260713 09:02:34.047915  7180 raft_consensus.cc:493] T ee64cfe8b1e3480eb840da709c134417 P 49a2e0a257fa4da093b10bc12a9d8432 [term 0 FOLLOWER]: Starting leader election (no leader contacted us within the election timeout)
I20260713 09:02:34.048014  7146 raft_consensus.cc:359] T 792a20f6f0234bf6a460f25c02fb9b0c P 46f40b481c8b49219a53e77efb85b91a [term 0 FOLLOWER]: Replica starting. Triggering 0 pending ops. Active config: opid_index: -1 OBSOLETE_local: false peers { permanent_uuid: "49a2e0a257fa4da093b10bc12a9d8432" member_type: VOTER last_known_addr { host: "127.5.182.65" port: 34027 } } peers { permanent_uuid: "30aaed069e3a47968e291daa275d6916" member_type: VOTER last_known_addr { host: "127.5.182.66" port: 38641 } } peers { permanent_uuid: "46f40b481c8b49219a53e77efb85b91a" member_type: VOTER last_known_addr { host: "127.5.182.67" port: 44427 } }
I20260713 09:02:34.048619  7180 raft_consensus.cc:3060] T ee64cfe8b1e3480eb840da709c134417 P 49a2e0a257fa4da093b10bc12a9d8432 [term 0 FOLLOWER]: Advancing to term 1
I20260713 09:02:34.048933  7146 raft_consensus.cc:385] T 792a20f6f0234bf6a460f25c02fb9b0c P 46f40b481c8b49219a53e77efb85b91a [term 0 FOLLOWER]: Consensus starting up: Expiring failure detector timer to make a prompt election more likely
I20260713 09:02:34.041752  7147 ts_tablet_manager.cc:1403] T a81902e47d66450dab9feee5622a19d7 P 49a2e0a257fa4da093b10bc12a9d8432: Time spent bootstrapping tablet: real 0.037s	user 0.015s	sys 0.000s
I20260713 09:02:34.052664  7147 raft_consensus.cc:359] T a81902e47d66450dab9feee5622a19d7 P 49a2e0a257fa4da093b10bc12a9d8432 [term 0 FOLLOWER]: Replica starting. Triggering 0 pending ops. Active config: opid_index: -1 OBSOLETE_local: false peers { permanent_uuid: "49a2e0a257fa4da093b10bc12a9d8432" member_type: VOTER last_known_addr { host: "127.5.182.65" port: 34027 } } peers { permanent_uuid: "30aaed069e3a47968e291daa275d6916" member_type: VOTER last_known_addr { host: "127.5.182.66" port: 38641 } } peers { permanent_uuid: "46f40b481c8b49219a53e77efb85b91a" member_type: VOTER last_known_addr { host: "127.5.182.67" port: 44427 } }
I20260713 09:02:34.053403  7147 raft_consensus.cc:385] T a81902e47d66450dab9feee5622a19d7 P 49a2e0a257fa4da093b10bc12a9d8432 [term 0 FOLLOWER]: Consensus starting up: Expiring failure detector timer to make a prompt election more likely
I20260713 09:02:34.053807  7147 raft_consensus.cc:740] T a81902e47d66450dab9feee5622a19d7 P 49a2e0a257fa4da093b10bc12a9d8432 [term 0 FOLLOWER]: Becoming Follower/Learner. State: Replica: 49a2e0a257fa4da093b10bc12a9d8432, State: Initialized, Role: FOLLOWER
I20260713 09:02:34.054606  7147 consensus_queue.cc:260] T a81902e47d66450dab9feee5622a19d7 P 49a2e0a257fa4da093b10bc12a9d8432 [NON_LEADER]: Queue going to NON_LEADER mode. State: All replicated index: 0, Majority replicated index: 0, Committed index: 0, Last appended: 0.0, Last appended by leader: 0, Current term: 0, Majority size: -1, State: 0, Mode: NON_LEADER, active raft config: opid_index: -1 OBSOLETE_local: false peers { permanent_uuid: "49a2e0a257fa4da093b10bc12a9d8432" member_type: VOTER last_known_addr { host: "127.5.182.65" port: 34027 } } peers { permanent_uuid: "30aaed069e3a47968e291daa275d6916" member_type: VOTER last_known_addr { host: "127.5.182.66" port: 38641 } } peers { permanent_uuid: "46f40b481c8b49219a53e77efb85b91a" member_type: VOTER last_known_addr { host: "127.5.182.67" port: 44427 } }
I20260713 09:02:34.055785  6855 catalog_manager.cc:5697] T 65c0e0d8939d4d0baf2bc54bfa22ab1c P 46f40b481c8b49219a53e77efb85b91a reported cstate change: term changed from 0 to 1, leader changed from <none> to 46f40b481c8b49219a53e77efb85b91a (127.5.182.67). New cstate: current_term: 1 leader_uuid: "46f40b481c8b49219a53e77efb85b91a" committed_config { opid_index: -1 OBSOLETE_local: false peers { permanent_uuid: "49a2e0a257fa4da093b10bc12a9d8432" member_type: VOTER last_known_addr { host: "127.5.182.65" port: 34027 } health_report { overall_health: UNKNOWN } } peers { permanent_uuid: "46f40b481c8b49219a53e77efb85b91a" member_type: VOTER last_known_addr { host: "127.5.182.67" port: 44427 } health_report { overall_health: HEALTHY } } peers { permanent_uuid: "30aaed069e3a47968e291daa275d6916" member_type: VOTER last_known_addr { host: "127.5.182.66" port: 38641 } health_report { overall_health: UNKNOWN } } }
I20260713 09:02:34.061214  7147 ts_tablet_manager.cc:1434] T a81902e47d66450dab9feee5622a19d7 P 49a2e0a257fa4da093b10bc12a9d8432: Time spent starting tablet: real 0.011s	user 0.007s	sys 0.000s
I20260713 09:02:34.062665  7147 tablet_bootstrap.cc:492] T 4343fd1219784a3b80da2540753df9a5 P 49a2e0a257fa4da093b10bc12a9d8432: Bootstrap starting.
I20260713 09:02:34.049441  7146 raft_consensus.cc:740] T 792a20f6f0234bf6a460f25c02fb9b0c P 46f40b481c8b49219a53e77efb85b91a [term 0 FOLLOWER]: Becoming Follower/Learner. State: Replica: 46f40b481c8b49219a53e77efb85b91a, State: Initialized, Role: FOLLOWER
I20260713 09:02:34.067821  7146 consensus_queue.cc:260] T 792a20f6f0234bf6a460f25c02fb9b0c P 46f40b481c8b49219a53e77efb85b91a [NON_LEADER]: Queue going to NON_LEADER mode. State: All replicated index: 0, Majority replicated index: 0, Committed index: 0, Last appended: 0.0, Last appended by leader: 0, Current term: 0, Majority size: -1, State: 0, Mode: NON_LEADER, active raft config: opid_index: -1 OBSOLETE_local: false peers { permanent_uuid: "49a2e0a257fa4da093b10bc12a9d8432" member_type: VOTER last_known_addr { host: "127.5.182.65" port: 34027 } } peers { permanent_uuid: "30aaed069e3a47968e291daa275d6916" member_type: VOTER last_known_addr { host: "127.5.182.66" port: 38641 } } peers { permanent_uuid: "46f40b481c8b49219a53e77efb85b91a" member_type: VOTER last_known_addr { host: "127.5.182.67" port: 44427 } }
I20260713 09:02:34.071404  7146 ts_tablet_manager.cc:1434] T 792a20f6f0234bf6a460f25c02fb9b0c P 46f40b481c8b49219a53e77efb85b91a: Time spent starting tablet: real 0.026s	user 0.009s	sys 0.000s
