I20260713 09:02:34.677296 12479 raft_consensus.cc:2955] T 0362e9e8ec64478da4f7eea873aed555 P 110c23d9b71b44afae6bdbbbfa9f022c [term 1 FOLLOWER]: Committing config change with OpId 1.4: config changed from index 3 to 4, VOTER c379c9f9ac5c4420b2e88d6e58bd3e94 (127.10.247.130) evicted. New config: { opid_index: 4 OBSOLETE_local: false peers { permanent_uuid: "aaf52f2924ab420ba88231d6f95e19ee" member_type: VOTER last_known_addr { host: "127.10.247.129" port: 34217 } } peers { permanent_uuid: "110c23d9b71b44afae6bdbbbfa9f022c" member_type: VOTER last_known_addr { host: "127.10.247.131" port: 46783 } } peers { permanent_uuid: "7600764003654d47998c69021e625fdd" member_type: VOTER last_known_addr { host: "127.10.247.132" port: 42351 } attrs { promote: false } } }
I20260713 09:02:34.674669 12895 raft_consensus.cc:2955] T 0362e9e8ec64478da4f7eea873aed555 P aaf52f2924ab420ba88231d6f95e19ee [term 1 LEADER]: Committing config change with OpId 1.4: config changed from index 3 to 4, VOTER c379c9f9ac5c4420b2e88d6e58bd3e94 (127.10.247.130) evicted. New config: { opid_index: 4 OBSOLETE_local: false peers { permanent_uuid: "aaf52f2924ab420ba88231d6f95e19ee" member_type: VOTER last_known_addr { host: "127.10.247.129" port: 34217 } } peers { permanent_uuid: "110c23d9b71b44afae6bdbbbfa9f022c" member_type: VOTER last_known_addr { host: "127.10.247.131" port: 46783 } } peers { permanent_uuid: "7600764003654d47998c69021e625fdd" member_type: VOTER last_known_addr { host: "127.10.247.132" port: 42351 } attrs { promote: false } } }
I20260713 09:02:34.692137 12228 catalog_manager.cc:5697] T 0362e9e8ec64478da4f7eea873aed555 P 110c23d9b71b44afae6bdbbbfa9f022c reported cstate change: config changed from index 3 to 4, VOTER c379c9f9ac5c4420b2e88d6e58bd3e94 (127.10.247.130) evicted. New cstate: current_term: 1 leader_uuid: "aaf52f2924ab420ba88231d6f95e19ee" committed_config { opid_index: 4 OBSOLETE_local: false peers { permanent_uuid: "aaf52f2924ab420ba88231d6f95e19ee" member_type: VOTER last_known_addr { host: "127.10.247.129" port: 34217 } } peers { permanent_uuid: "110c23d9b71b44afae6bdbbbfa9f022c" member_type: VOTER last_known_addr { host: "127.10.247.131" port: 46783 } } peers { permanent_uuid: "7600764003654d47998c69021e625fdd" member_type: VOTER last_known_addr { host: "127.10.247.132" port: 42351 } attrs { promote: false } } }
I20260713 09:02:34.699401 12212 catalog_manager.cc:5210] ChangeConfig:REMOVE_PEER RPC for tablet 0362e9e8ec64478da4f7eea873aed555 with cas_config_opid_index 3: ChangeConfig:REMOVE_PEER succeeded (attempt 1)
I20260713 09:02:34.706137 12387 tablet_service.cc:1558] Processing DeleteTablet for tablet 0362e9e8ec64478da4f7eea873aed555 with delete_type TABLET_DATA_TOMBSTONED (TS c379c9f9ac5c4420b2e88d6e58bd3e94 not found in new config with opid_index 4) from {username='slave'} at 127.0.0.1:35082
I20260713 09:02:34.706959 12911 tablet_replica.cc:333] T 0362e9e8ec64478da4f7eea873aed555 P c379c9f9ac5c4420b2e88d6e58bd3e94: stopping tablet replica
I20260713 09:02:34.707832 12911 raft_consensus.cc:2243] T 0362e9e8ec64478da4f7eea873aed555 P c379c9f9ac5c4420b2e88d6e58bd3e94 [term 1 FOLLOWER]: Raft consensus shutting down.
I20260713 09:02:34.708281 12911 raft_consensus.cc:2272] T 0362e9e8ec64478da4f7eea873aed555 P c379c9f9ac5c4420b2e88d6e58bd3e94 [term 1 FOLLOWER]: Raft consensus is shut down!
I20260713 09:02:34.711766 12911 ts_tablet_manager.cc:1916] T 0362e9e8ec64478da4f7eea873aed555 P c379c9f9ac5c4420b2e88d6e58bd3e94: Deleting tablet data with delete state TABLET_DATA_TOMBSTONED
I20260713 09:02:34.721849 12911 ts_tablet_manager.cc:1929] T 0362e9e8ec64478da4f7eea873aed555 P c379c9f9ac5c4420b2e88d6e58bd3e94: tablet deleted with delete type TABLET_DATA_TOMBSTONED: last-logged OpId 1.3
I20260713 09:02:34.722234 12911 log.cc:1199] T 0362e9e8ec64478da4f7eea873aed555 P c379c9f9ac5c4420b2e88d6e58bd3e94: Deleting WAL directory at /tmp/dist-test-taskoULAtO/test-tmp/auto_leader_rebalancer-test.0.LeaderRebalancerTest.AddTserver.1783933322537348-11230-0/minicluster-data/ts-1-root/wals/0362e9e8ec64478da4f7eea873aed555
I20260713 09:02:34.723784 12213 catalog_manager.cc:5028] TS c379c9f9ac5c4420b2e88d6e58bd3e94 (127.10.247.130:46675): tablet 0362e9e8ec64478da4f7eea873aed555 (table test-workload [id=3319157940144d9993e291bedacef48f]) successfully deleted
I20260713 09:02:35.733533 12404 consensus_queue.cc:237] T f3200d4df78e4924a26207aeec704414 P c379c9f9ac5c4420b2e88d6e58bd3e94 [LEADER]: Queue going to LEADER mode. State: All replicated index: 0, Majority replicated index: 1, Committed index: 1, Last appended: 1.1, Last appended by leader: 0, Current term: 1, Majority size: 2, State: 0, Mode: LEADER, active raft config: opid_index: 2 OBSOLETE_local: false peers { permanent_uuid: "aaf52f2924ab420ba88231d6f95e19ee" member_type: VOTER last_known_addr { host: "127.10.247.129" port: 34217 } } peers { permanent_uuid: "c379c9f9ac5c4420b2e88d6e58bd3e94" member_type: VOTER last_known_addr { host: "127.10.247.130" port: 46675 } } peers { permanent_uuid: "110c23d9b71b44afae6bdbbbfa9f022c" member_type: VOTER last_known_addr { host: "127.10.247.131" port: 46783 } attrs { replace: true } } peers { permanent_uuid: "7600764003654d47998c69021e625fdd" member_type: NON_VOTER last_known_addr { host: "127.10.247.132" port: 42351 } attrs { promote: true } }
I20260713 09:02:35.741793 12476 raft_consensus.cc:1275] T f3200d4df78e4924a26207aeec704414 P 110c23d9b71b44afae6bdbbbfa9f022c [term 1 FOLLOWER]: Refusing update from remote peer c379c9f9ac5c4420b2e88d6e58bd3e94: Log matching property violated. Preceding OpId in replica: term: 1 index: 1. Preceding OpId from leader: term: 1 index: 2. (index mismatch)
I20260713 09:02:35.743003 12329 raft_consensus.cc:1275] T f3200d4df78e4924a26207aeec704414 P aaf52f2924ab420ba88231d6f95e19ee [term 1 FOLLOWER]: Refusing update from remote peer c379c9f9ac5c4420b2e88d6e58bd3e94: Log matching property violated. Preceding OpId in replica: term: 1 index: 1. Preceding OpId from leader: term: 1 index: 2. (index mismatch)
I20260713 09:02:35.744182 12906 consensus_queue.cc:1048] T f3200d4df78e4924a26207aeec704414 P c379c9f9ac5c4420b2e88d6e58bd3e94 [LEADER]: Connected to new peer: Peer: permanent_uuid: "aaf52f2924ab420ba88231d6f95e19ee" member_type: VOTER last_known_addr { host: "127.10.247.129" port: 34217 }, Status: LMP_MISMATCH, Last received: 0.0, Next index: 2, Last known committed idx: 1, Time since last communication: 0.000s
I20260713 09:02:35.745009 12926 consensus_queue.cc:1048] T f3200d4df78e4924a26207aeec704414 P c379c9f9ac5c4420b2e88d6e58bd3e94 [LEADER]: Connected to new peer: Peer: permanent_uuid: "110c23d9b71b44afae6bdbbbfa9f022c" member_type: VOTER last_known_addr { host: "127.10.247.131" port: 46783 } attrs { replace: true }, Status: LMP_MISMATCH, Last received: 0.0, Next index: 2, Last known committed idx: 1, Time since last communication: 0.000s
W20260713 09:02:35.745777 12371 consensus_peers.cc:597] T f3200d4df78e4924a26207aeec704414 P c379c9f9ac5c4420b2e88d6e58bd3e94 -> Peer 7600764003654d47998c69021e625fdd (127.10.247.132:42351): Couldn't send request to peer 7600764003654d47998c69021e625fdd. Error code: TABLET_NOT_FOUND (6). Status: Not found: Tablet not found: f3200d4df78e4924a26207aeec704414. This is attempt 1: this message will repeat every 5th retry.
I20260713 09:02:35.752436 12927 raft_consensus.cc:2955] T f3200d4df78e4924a26207aeec704414 P c379c9f9ac5c4420b2e88d6e58bd3e94 [term 1 LEADER]: Committing config change with OpId 1.2: config changed from index -1 to 2, NON_VOTER 7600764003654d47998c69021e625fdd (127.10.247.132) added. New config: { opid_index: 2 OBSOLETE_local: false peers { permanent_uuid: "aaf52f2924ab420ba88231d6f95e19ee" member_type: VOTER last_known_addr { host: "127.10.247.129" port: 34217 } } peers { permanent_uuid: "c379c9f9ac5c4420b2e88d6e58bd3e94" member_type: VOTER last_known_addr { host: "127.10.247.130" port: 46675 } } peers { permanent_uuid: "110c23d9b71b44afae6bdbbbfa9f022c" member_type: VOTER last_known_addr { host: "127.10.247.131" port: 46783 } attrs { replace: true } } peers { permanent_uuid: "7600764003654d47998c69021e625fdd" member_type: NON_VOTER last_known_addr { host: "127.10.247.132" port: 42351 } attrs { promote: true } } }
I20260713 09:02:35.754179 12476 raft_consensus.cc:2955] T f3200d4df78e4924a26207aeec704414 P 110c23d9b71b44afae6bdbbbfa9f022c [term 1 FOLLOWER]: Committing config change with OpId 1.2: config changed from index -1 to 2, NON_VOTER 7600764003654d47998c69021e625fdd (127.10.247.132) added. New config: { opid_index: 2 OBSOLETE_local: false peers { permanent_uuid: "aaf52f2924ab420ba88231d6f95e19ee" member_type: VOTER last_known_addr { host: "127.10.247.129" port: 34217 } } peers { permanent_uuid: "c379c9f9ac5c4420b2e88d6e58bd3e94" member_type: VOTER last_known_addr { host: "127.10.247.130" port: 46675 } } peers { permanent_uuid: "110c23d9b71b44afae6bdbbbfa9f022c" member_type: VOTER last_known_addr { host: "127.10.247.131" port: 46783 } attrs { replace: true } } peers { permanent_uuid: "7600764003654d47998c69021e625fdd" member_type: NON_VOTER last_known_addr { host: "127.10.247.132" port: 42351 } attrs { promote: true } } }
I20260713 09:02:35.753973 12329 raft_consensus.cc:2955] T f3200d4df78e4924a26207aeec704414 P aaf52f2924ab420ba88231d6f95e19ee [term 1 FOLLOWER]: Committing config change with OpId 1.2: config changed from index -1 to 2, NON_VOTER 7600764003654d47998c69021e625fdd (127.10.247.132) added. New config: { opid_index: 2 OBSOLETE_local: false peers { permanent_uuid: "aaf52f2924ab420ba88231d6f95e19ee" member_type: VOTER last_known_addr { host: "127.10.247.129" port: 34217 } } peers { permanent_uuid: "c379c9f9ac5c4420b2e88d6e58bd3e94" member_type: VOTER last_known_addr { host: "127.10.247.130" port: 46675 } } peers { permanent_uuid: "110c23d9b71b44afae6bdbbbfa9f022c" member_type: VOTER last_known_addr { host: "127.10.247.131" port: 46783 } attrs { replace: true } } peers { permanent_uuid: "7600764003654d47998c69021e625fdd" member_type: NON_VOTER last_known_addr { host: "127.10.247.132" port: 42351 } attrs { promote: true } } }
I20260713 09:02:35.766739 12225 catalog_manager.cc:5697] T f3200d4df78e4924a26207aeec704414 P 110c23d9b71b44afae6bdbbbfa9f022c reported cstate change: config changed from index -1 to 2, NON_VOTER 7600764003654d47998c69021e625fdd (127.10.247.132) added. New cstate: current_term: 1 leader_uuid: "c379c9f9ac5c4420b2e88d6e58bd3e94" committed_config { opid_index: 2 OBSOLETE_local: false peers { permanent_uuid: "aaf52f2924ab420ba88231d6f95e19ee" member_type: VOTER last_known_addr { host: "127.10.247.129" port: 34217 } } peers { permanent_uuid: "c379c9f9ac5c4420b2e88d6e58bd3e94" member_type: VOTER last_known_addr { host: "127.10.247.130" port: 46675 } } peers { permanent_uuid: "110c23d9b71b44afae6bdbbbfa9f022c" member_type: VOTER last_known_addr { host: "127.10.247.131" port: 46783 } attrs { replace: true } } peers { permanent_uuid: "7600764003654d47998c69021e625fdd" member_type: NON_VOTER last_known_addr { host: "127.10.247.132" port: 42351 } attrs { promote: true } } }
I20260713 09:02:35.768559 12476 consensus_queue.cc:237] T 2acf802c78344b60941ced8df02801a1 P 110c23d9b71b44afae6bdbbbfa9f022c [LEADER]: Queue going to LEADER mode. State: All replicated index: 0, Majority replicated index: 1, Committed index: 1, Last appended: 1.1, Last appended by leader: 0, Current term: 1, Majority size: 2, State: 0, Mode: LEADER, active raft config: opid_index: 2 OBSOLETE_local: false peers { permanent_uuid: "aaf52f2924ab420ba88231d6f95e19ee" member_type: VOTER last_known_addr { host: "127.10.247.129" port: 34217 } } peers { permanent_uuid: "c379c9f9ac5c4420b2e88d6e58bd3e94" member_type: VOTER last_known_addr { host: "127.10.247.130" port: 46675 } attrs { replace: true } } peers { permanent_uuid: "110c23d9b71b44afae6bdbbbfa9f022c" member_type: VOTER last_known_addr { host: "127.10.247.131" port: 46783 } } peers { permanent_uuid: "7600764003654d47998c69021e625fdd" member_type: NON_VOTER last_known_addr { host: "127.10.247.132" port: 42351 } attrs { promote: true } }
I20260713 09:02:35.775123 12329 raft_consensus.cc:1275] T 2acf802c78344b60941ced8df02801a1 P aaf52f2924ab420ba88231d6f95e19ee [term 1 FOLLOWER]: Refusing update from remote peer 110c23d9b71b44afae6bdbbbfa9f022c: Log matching property violated. Preceding OpId in replica: term: 1 index: 1. Preceding OpId from leader: term: 1 index: 2. (index mismatch)
I20260713 09:02:35.775231 12404 raft_consensus.cc:1275] T 2acf802c78344b60941ced8df02801a1 P c379c9f9ac5c4420b2e88d6e58bd3e94 [term 1 FOLLOWER]: Refusing update from remote peer 110c23d9b71b44afae6bdbbbfa9f022c: Log matching property violated. Preceding OpId in replica: term: 1 index: 1. Preceding OpId from leader: term: 1 index: 2. (index mismatch)
I20260713 09:02:35.776629 12924 consensus_queue.cc:1048] T 2acf802c78344b60941ced8df02801a1 P 110c23d9b71b44afae6bdbbbfa9f022c [LEADER]: Connected to new peer: Peer: permanent_uuid: "aaf52f2924ab420ba88231d6f95e19ee" member_type: VOTER last_known_addr { host: "127.10.247.129" port: 34217 }, Status: LMP_MISMATCH, Last received: 0.0, Next index: 2, Last known committed idx: 1, Time since last communication: 0.000s
W20260713 09:02:35.777822 12445 consensus_peers.cc:597] T 2acf802c78344b60941ced8df02801a1 P 110c23d9b71b44afae6bdbbbfa9f022c -> Peer 7600764003654d47998c69021e625fdd (127.10.247.132:42351): Couldn't send request to peer 7600764003654d47998c69021e625fdd. Error code: TABLET_NOT_FOUND (6). Status: Not found: Tablet not found: 2acf802c78344b60941ced8df02801a1. This is attempt 1: this message will repeat every 5th retry.
I20260713 09:02:35.779306 12923 consensus_queue.cc:1048] T 2acf802c78344b60941ced8df02801a1 P 110c23d9b71b44afae6bdbbbfa9f022c [LEADER]: Connected to new peer: Peer: permanent_uuid: "c379c9f9ac5c4420b2e88d6e58bd3e94" member_type: VOTER last_known_addr { host: "127.10.247.130" port: 46675 } attrs { replace: true }, Status: LMP_MISMATCH, Last received: 0.0, Next index: 2, Last known committed idx: 1, Time since last communication: 0.000s
I20260713 09:02:35.793984 12871 raft_consensus.cc:2955] T 2acf802c78344b60941ced8df02801a1 P 110c23d9b71b44afae6bdbbbfa9f022c [term 1 LEADER]: Committing config change with OpId 1.2: config changed from index -1 to 2, NON_VOTER 7600764003654d47998c69021e625fdd (127.10.247.132) added. New config: { opid_index: 2 OBSOLETE_local: false peers { permanent_uuid: "aaf52f2924ab420ba88231d6f95e19ee" member_type: VOTER last_known_addr { host: "127.10.247.129" port: 34217 } } peers { permanent_uuid: "c379c9f9ac5c4420b2e88d6e58bd3e94" member_type: VOTER last_known_addr { host: "127.10.247.130" port: 46675 } attrs { replace: true } } peers { permanent_uuid: "110c23d9b71b44afae6bdbbbfa9f022c" member_type: VOTER last_known_addr { host: "127.10.247.131" port: 46783 } } peers { permanent_uuid: "7600764003654d47998c69021e625fdd" member_type: NON_VOTER last_known_addr { host: "127.10.247.132" port: 42351 } attrs { promote: true } } }
I20260713 09:02:35.796066 12329 raft_consensus.cc:2955] T 2acf802c78344b60941ced8df02801a1 P aaf52f2924ab420ba88231d6f95e19ee [term 1 FOLLOWER]: Committing config change with OpId 1.2: config changed from index -1 to 2, NON_VOTER 7600764003654d47998c69021e625fdd (127.10.247.132) added. New config: { opid_index: 2 OBSOLETE_local: false peers { permanent_uuid: "aaf52f2924ab420ba88231d6f95e19ee" member_type: VOTER last_known_addr { host: "127.10.247.129" port: 34217 } } peers { permanent_uuid: "c379c9f9ac5c4420b2e88d6e58bd3e94" member_type: VOTER last_known_addr { host: "127.10.247.130" port: 46675 } attrs { replace: true } } peers { permanent_uuid: "110c23d9b71b44afae6bdbbbfa9f022c" member_type: VOTER last_known_addr { host: "127.10.247.131" port: 46783 } } peers { permanent_uuid: "7600764003654d47998c69021e625fdd" member_type: NON_VOTER last_known_addr { host: "127.10.247.132" port: 42351 } attrs { promote: true } } }
I20260713 09:02:35.797318 12404 raft_consensus.cc:2955] T 2acf802c78344b60941ced8df02801a1 P c379c9f9ac5c4420b2e88d6e58bd3e94 [term 1 FOLLOWER]: Committing config change with OpId 1.2: config changed from index -1 to 2, NON_VOTER 7600764003654d47998c69021e625fdd (127.10.247.132) added. New config: { opid_index: 2 OBSOLETE_local: false peers { permanent_uuid: "aaf52f2924ab420ba88231d6f95e19ee" member_type: VOTER last_known_addr { host: "127.10.247.129" port: 34217 } } peers { permanent_uuid: "c379c9f9ac5c4420b2e88d6e58bd3e94" member_type: VOTER last_known_addr { host: "127.10.247.130" port: 46675 } attrs { replace: true } } peers { permanent_uuid: "110c23d9b71b44afae6bdbbbfa9f022c" member_type: VOTER last_known_addr { host: "127.10.247.131" port: 46783 } } peers { permanent_uuid: "7600764003654d47998c69021e625fdd" member_type: NON_VOTER last_known_addr { host: "127.10.247.132" port: 42351 } attrs { promote: true } } }
I20260713 09:02:35.808923 12476 consensus_queue.cc:237] T 1c0d2b60cf7f47248360481bdfe52bbb P 110c23d9b71b44afae6bdbbbfa9f022c [LEADER]: Queue going to LEADER mode. State: All replicated index: 0, Majority replicated index: 1, Committed index: 1, Last appended: 1.1, Last appended by leader: 0, Current term: 1, Majority size: 2, State: 0, Mode: LEADER, active raft config: opid_index: 2 OBSOLETE_local: false peers { permanent_uuid: "aaf52f2924ab420ba88231d6f95e19ee" member_type: VOTER last_known_addr { host: "127.10.247.129" port: 34217 } attrs { replace: true } } peers { permanent_uuid: "c379c9f9ac5c4420b2e88d6e58bd3e94" member_type: VOTER last_known_addr { host: "127.10.247.130" port: 46675 } } peers { permanent_uuid: "110c23d9b71b44afae6bdbbbfa9f022c" member_type: VOTER last_known_addr { host: "127.10.247.131" port: 46783 } } peers { permanent_uuid: "7600764003654d47998c69021e625fdd" member_type: NON_VOTER last_known_addr { host: "127.10.247.132" port: 42351 } attrs { promote: true } }
I20260713 09:02:35.814424 12226 catalog_manager.cc:5697] T 2acf802c78344b60941ced8df02801a1 P 110c23d9b71b44afae6bdbbbfa9f022c reported cstate change: config changed from index -1 to 2, NON_VOTER 7600764003654d47998c69021e625fdd (127.10.247.132) added. New cstate: current_term: 1 leader_uuid: "110c23d9b71b44afae6bdbbbfa9f022c" committed_config { opid_index: 2 OBSOLETE_local: false peers { permanent_uuid: "aaf52f2924ab420ba88231d6f95e19ee" member_type: VOTER last_known_addr { host: "127.10.247.129" port: 34217 } health_report { overall_health: HEALTHY } } peers { permanent_uuid: "c379c9f9ac5c4420b2e88d6e58bd3e94" member_type: VOTER last_known_addr { host: "127.10.247.130" port: 46675 } attrs { replace: true } health_report { overall_health: HEALTHY } } peers { permanent_uuid: "110c23d9b71b44afae6bdbbbfa9f022c" member_type: VOTER last_known_addr { host: "127.10.247.131" port: 46783 } health_report { overall_health: HEALTHY } } peers { permanent_uuid: "7600764003654d47998c69021e625fdd" member_type: NON_VOTER last_known_addr { host: "127.10.247.132" port: 42351 } attrs { promote: true } health_report { overall_health: UNKNOWN } } }
W20260713 09:02:35.817725 12445 consensus_peers.cc:597] T 1c0d2b60cf7f47248360481bdfe52bbb P 110c23d9b71b44afae6bdbbbfa9f022c -> Peer 7600764003654d47998c69021e625fdd (127.10.247.132:42351): Couldn't send request to peer 7600764003654d47998c69021e625fdd. Error code: TABLET_NOT_FOUND (6). Status: Not found: Tablet not found: 1c0d2b60cf7f47248360481bdfe52bbb. This is attempt 1: this message will repeat every 5th retry.
I20260713 09:02:35.818419 12404 raft_consensus.cc:1275] T 1c0d2b60cf7f47248360481bdfe52bbb P c379c9f9ac5c4420b2e88d6e58bd3e94 [term 1 FOLLOWER]: Refusing update from remote peer 110c23d9b71b44afae6bdbbbfa9f022c: Log matching property violated. Preceding OpId in replica: term: 1 index: 1. Preceding OpId from leader: term: 1 index: 2. (index mismatch)
I20260713 09:02:35.818958 12329 raft_consensus.cc:1275] T 1c0d2b60cf7f47248360481bdfe52bbb P aaf52f2924ab420ba88231d6f95e19ee [term 1 FOLLOWER]: Refusing update from remote peer 110c23d9b71b44afae6bdbbbfa9f022c: Log matching property violated. Preceding OpId in replica: term: 1 index: 1. Preceding OpId from leader: term: 1 index: 2. (index mismatch)
I20260713 09:02:35.819499 12923 consensus_queue.cc:1048] T 1c0d2b60cf7f47248360481bdfe52bbb P 110c23d9b71b44afae6bdbbbfa9f022c [LEADER]: Connected to new peer: Peer: permanent_uuid: "c379c9f9ac5c4420b2e88d6e58bd3e94" member_type: VOTER last_known_addr { host: "127.10.247.130" port: 46675 }, Status: LMP_MISMATCH, Last received: 0.0, Next index: 2, Last known committed idx: 1, Time since last communication: 0.000s
I20260713 09:02:35.820233 12924 consensus_queue.cc:1048] T 1c0d2b60cf7f47248360481bdfe52bbb P 110c23d9b71b44afae6bdbbbfa9f022c [LEADER]: Connected to new peer: Peer: permanent_uuid: "aaf52f2924ab420ba88231d6f95e19ee" member_type: VOTER last_known_addr { host: "127.10.247.129" port: 34217 } attrs { replace: true }, Status: LMP_MISMATCH, Last received: 0.0, Next index: 2, Last known committed idx: 1, Time since last communication: 0.000s
I20260713 09:02:35.831310 12924 raft_consensus.cc:2955] T 1c0d2b60cf7f47248360481bdfe52bbb P 110c23d9b71b44afae6bdbbbfa9f022c [term 1 LEADER]: Committing config change with OpId 1.2: config changed from index -1 to 2, NON_VOTER 7600764003654d47998c69021e625fdd (127.10.247.132) added. New config: { opid_index: 2 OBSOLETE_local: false peers { permanent_uuid: "aaf52f2924ab420ba88231d6f95e19ee" member_type: VOTER last_known_addr { host: "127.10.247.129" port: 34217 } attrs { replace: true } } peers { permanent_uuid: "c379c9f9ac5c4420b2e88d6e58bd3e94" member_type: VOTER last_known_addr { host: "127.10.247.130" port: 46675 } } peers { permanent_uuid: "110c23d9b71b44afae6bdbbbfa9f022c" member_type: VOTER last_known_addr { host: "127.10.247.131" port: 46783 } } peers { permanent_uuid: "7600764003654d47998c69021e625fdd" member_type: NON_VOTER last_known_addr { host: "127.10.247.132" port: 42351 } attrs { promote: true } } }
I20260713 09:02:35.833936 12327 raft_consensus.cc:2955] T 1c0d2b60cf7f47248360481bdfe52bbb P aaf52f2924ab420ba88231d6f95e19ee [term 1 FOLLOWER]: Committing config change with OpId 1.2: config changed from index -1 to 2, NON_VOTER 7600764003654d47998c69021e625fdd (127.10.247.132) added. New config: { opid_index: 2 OBSOLETE_local: false peers { permanent_uuid: "aaf52f2924ab420ba88231d6f95e19ee" member_type: VOTER last_known_addr { host: "127.10.247.129" port: 34217 } attrs { replace: true } } peers { permanent_uuid: "c379c9f9ac5c4420b2e88d6e58bd3e94" member_type: VOTER last_known_addr { host: "127.10.247.130" port: 46675 } } peers { permanent_uuid: "110c23d9b71b44afae6bdbbbfa9f022c" member_type: VOTER last_known_addr { host: "127.10.247.131" port: 46783 } } peers { permanent_uuid: "7600764003654d47998c69021e625fdd" member_type: NON_VOTER last_known_addr { host: "127.10.247.132" port: 42351 } attrs { promote: true } } }
I20260713 09:02:35.834002 12404 raft_consensus.cc:2955] T 1c0d2b60cf7f47248360481bdfe52bbb P c379c9f9ac5c4420b2e88d6e58bd3e94 [term 1 FOLLOWER]: Committing config change with OpId 1.2: config changed from index -1 to 2, NON_VOTER 7600764003654d47998c69021e625fdd (127.10.247.132) added. New config: { opid_index: 2 OBSOLETE_local: false peers { permanent_uuid: "aaf52f2924ab420ba88231d6f95e19ee" member_type: VOTER last_known_addr { host: "127.10.247.129" port: 34217 } attrs { replace: true } } peers { permanent_uuid: "c379c9f9ac5c4420b2e88d6e58bd3e94" member_type: VOTER last_known_addr { host: "127.10.247.130" port: 46675 } } peers { permanent_uuid: "110c23d9b71b44afae6bdbbbfa9f022c" member_type: VOTER last_known_addr { host: "127.10.247.131" port: 46783 } } peers { permanent_uuid: "7600764003654d47998c69021e625fdd" member_type: NON_VOTER last_known_addr { host: "127.10.247.132" port: 42351 } attrs { promote: true } } }
I20260713 09:02:35.845047 12404 consensus_queue.cc:237] T c65b27dc49d84a62b9d6a4b319df3002 P c379c9f9ac5c4420b2e88d6e58bd3e94 [LEADER]: Queue going to LEADER mode. State: All replicated index: 0, Majority replicated index: 1, Committed index: 1, Last appended: 1.1, Last appended by leader: 0, Current term: 1, Majority size: 2, State: 0, Mode: LEADER, active raft config: opid_index: 2 OBSOLETE_local: false peers { permanent_uuid: "aaf52f2924ab420ba88231d6f95e19ee" member_type: VOTER last_known_addr { host: "127.10.247.129" port: 34217 } } peers { permanent_uuid: "c379c9f9ac5c4420b2e88d6e58bd3e94" member_type: VOTER last_known_addr { host: "127.10.247.130" port: 46675 } } peers { permanent_uuid: "110c23d9b71b44afae6bdbbbfa9f022c" member_type: VOTER last_known_addr { host: "127.10.247.131" port: 46783 } attrs { replace: true } } peers { permanent_uuid: "7600764003654d47998c69021e625fdd" member_type: NON_VOTER last_known_addr { host: "127.10.247.132" port: 42351 } attrs { promote: true } }
I20260713 09:02:35.848085 12226 catalog_manager.cc:5697] T 1c0d2b60cf7f47248360481bdfe52bbb P 110c23d9b71b44afae6bdbbbfa9f022c reported cstate change: config changed from index -1 to 2, NON_VOTER 7600764003654d47998c69021e625fdd (127.10.247.132) added. New cstate: current_term: 1 leader_uuid: "110c23d9b71b44afae6bdbbbfa9f022c" committed_config { opid_index: 2 OBSOLETE_local: false peers { permanent_uuid: "aaf52f2924ab420ba88231d6f95e19ee" member_type: VOTER last_known_addr { host: "127.10.247.129" port: 34217 } attrs { replace: true } health_report { overall_health: HEALTHY } } peers { permanent_uuid: "c379c9f9ac5c4420b2e88d6e58bd3e94" member_type: VOTER last_known_addr { host: "127.10.247.130" port: 46675 } health_report { overall_health: HEALTHY } } peers { permanent_uuid: "110c23d9b71b44afae6bdbbbfa9f022c" member_type: VOTER last_known_addr { host: "127.10.247.131" port: 46783 } health_report { overall_health: HEALTHY } } peers { permanent_uuid: "7600764003654d47998c69021e625fdd" member_type: NON_VOTER last_known_addr { host: "127.10.247.132" port: 42351 } attrs { promote: true } health_report { overall_health: UNKNOWN } } }
W20260713 09:02:35.854898 12371 consensus_peers.cc:597] T c65b27dc49d84a62b9d6a4b319df3002 P c379c9f9ac5c4420b2e88d6e58bd3e94 -> Peer 7600764003654d47998c69021e625fdd (127.10.247.132:42351): Couldn't send request to peer 7600764003654d47998c69021e625fdd. Error code: TABLET_NOT_FOUND (6). Status: Not found: Tablet not found: c65b27dc49d84a62b9d6a4b319df3002. This is attempt 1: this message will repeat every 5th retry.
I20260713 09:02:35.854910 12327 raft_consensus.cc:1275] T c65b27dc49d84a62b9d6a4b319df3002 P aaf52f2924ab420ba88231d6f95e19ee [term 1 FOLLOWER]: Refusing update from remote peer c379c9f9ac5c4420b2e88d6e58bd3e94: Log matching property violated. Preceding OpId in replica: term: 1 index: 1. Preceding OpId from leader: term: 1 index: 2. (index mismatch)
I20260713 09:02:35.855492 12476 raft_consensus.cc:1275] T c65b27dc49d84a62b9d6a4b319df3002 P 110c23d9b71b44afae6bdbbbfa9f022c [term 1 FOLLOWER]: Refusing update from remote peer c379c9f9ac5c4420b2e88d6e58bd3e94: Log matching property violated. Preceding OpId in replica: term: 1 index: 1. Preceding OpId from leader: term: 1 index: 2. (index mismatch)
I20260713 09:02:35.856444 12926 consensus_queue.cc:1048] T c65b27dc49d84a62b9d6a4b319df3002 P c379c9f9ac5c4420b2e88d6e58bd3e94 [LEADER]: Connected to new peer: Peer: permanent_uuid: "aaf52f2924ab420ba88231d6f95e19ee" member_type: VOTER last_known_addr { host: "127.10.247.129" port: 34217 }, Status: LMP_MISMATCH, Last received: 0.0, Next index: 2, Last known committed idx: 1, Time since last communication: 0.000s
I20260713 09:02:35.857784 12906 consensus_queue.cc:1048] T c65b27dc49d84a62b9d6a4b319df3002 P c379c9f9ac5c4420b2e88d6e58bd3e94 [LEADER]: Connected to new peer: Peer: permanent_uuid: "110c23d9b71b44afae6bdbbbfa9f022c" member_type: VOTER last_known_addr { host: "127.10.247.131" port: 46783 } attrs { replace: true }, Status: LMP_MISMATCH, Last received: 0.0, Next index: 2, Last known committed idx: 1, Time since last communication: 0.000s
I20260713 09:02:35.868395 12927 raft_consensus.cc:2955] T c65b27dc49d84a62b9d6a4b319df3002 P c379c9f9ac5c4420b2e88d6e58bd3e94 [term 1 LEADER]: Committing config change with OpId 1.2: config changed from index -1 to 2, NON_VOTER 7600764003654d47998c69021e625fdd (127.10.247.132) added. New config: { opid_index: 2 OBSOLETE_local: false peers { permanent_uuid: "aaf52f2924ab420ba88231d6f95e19ee" member_type: VOTER last_known_addr { host: "127.10.247.129" port: 34217 } } peers { permanent_uuid: "c379c9f9ac5c4420b2e88d6e58bd3e94" member_type: VOTER last_known_addr { host: "127.10.247.130" port: 46675 } } peers { permanent_uuid: "110c23d9b71b44afae6bdbbbfa9f022c" member_type: VOTER last_known_addr { host: "127.10.247.131" port: 46783 } attrs { replace: true } } peers { permanent_uuid: "7600764003654d47998c69021e625fdd" member_type: NON_VOTER last_known_addr { host: "127.10.247.132" port: 42351 } attrs { promote: true } } }
I20260713 09:02:35.869944 12476 raft_consensus.cc:2955] T c65b27dc49d84a62b9d6a4b319df3002 P 110c23d9b71b44afae6bdbbbfa9f022c [term 1 FOLLOWER]: Committing config change with OpId 1.2: config changed from index -1 to 2, NON_VOTER 7600764003654d47998c69021e625fdd (127.10.247.132) added. New config: { opid_index: 2 OBSOLETE_local: false peers { permanent_uuid: "aaf52f2924ab420ba88231d6f95e19ee" member_type: VOTER last_known_addr { host: "127.10.247.129" port: 34217 } } peers { permanent_uuid: "c379c9f9ac5c4420b2e88d6e58bd3e94" member_type: VOTER last_known_addr { host: "127.10.247.130" port: 46675 } } peers { permanent_uuid: "110c23d9b71b44afae6bdbbbfa9f022c" member_type: VOTER last_known_addr { host: "127.10.247.131" port: 46783 } attrs { replace: true } } peers { permanent_uuid: "7600764003654d47998c69021e625fdd" member_type: NON_VOTER last_known_addr { host: "127.10.247.132" port: 42351 } attrs { promote: true } } }
I20260713 09:02:35.870249 12327 raft_consensus.cc:2955] T c65b27dc49d84a62b9d6a4b319df3002 P aaf52f2924ab420ba88231d6f95e19ee [term 1 FOLLOWER]: Committing config change with OpId 1.2: config changed from index -1 to 2, NON_VOTER 7600764003654d47998c69021e625fdd (127.10.247.132) added. New config: { opid_index: 2 OBSOLETE_local: false peers { permanent_uuid: "aaf52f2924ab420ba88231d6f95e19ee" member_type: VOTER last_known_addr { host: "127.10.247.129" port: 34217 } } peers { permanent_uuid: "c379c9f9ac5c4420b2e88d6e58bd3e94" member_type: VOTER last_known_addr { host: "127.10.247.130" port: 46675 } } peers { permanent_uuid: "110c23d9b71b44afae6bdbbbfa9f022c" member_type: VOTER last_known_addr { host: "127.10.247.131" port: 46783 } attrs { replace: true } } peers { permanent_uuid: "7600764003654d47998c69021e625fdd" member_type: NON_VOTER last_known_addr { host: "127.10.247.132" port: 42351 } attrs { promote: true } } }
I20260713 09:02:35.883606 12225 catalog_manager.cc:5697] T c65b27dc49d84a62b9d6a4b319df3002 P 110c23d9b71b44afae6bdbbbfa9f022c reported cstate change: config changed from index -1 to 2, NON_VOTER 7600764003654d47998c69021e625fdd (127.10.247.132) added. New cstate: current_term: 1 leader_uuid: "c379c9f9ac5c4420b2e88d6e58bd3e94" committed_config { opid_index: 2 OBSOLETE_local: false peers { permanent_uuid: "aaf52f2924ab420ba88231d6f95e19ee" member_type: VOTER last_known_addr { host: "127.10.247.129" port: 34217 } } peers { permanent_uuid: "c379c9f9ac5c4420b2e88d6e58bd3e94" member_type: VOTER last_known_addr { host: "127.10.247.130" port: 46675 } } peers { permanent_uuid: "110c23d9b71b44afae6bdbbbfa9f022c" member_type: VOTER last_known_addr { host: "127.10.247.131" port: 46783 } attrs { replace: true } } peers { permanent_uuid: "7600764003654d47998c69021e625fdd" member_type: NON_VOTER last_known_addr { host: "127.10.247.132" port: 42351 } attrs { promote: true } } }
I20260713 09:02:36.120226 12943 ts_tablet_manager.cc:933] T f3200d4df78e4924a26207aeec704414 P 7600764003654d47998c69021e625fdd: Initiating tablet copy from peer c379c9f9ac5c4420b2e88d6e58bd3e94 (127.10.247.130:46675)
I20260713 09:02:36.121977 12943 tablet_copy_client.cc:323] T f3200d4df78e4924a26207aeec704414 P 7600764003654d47998c69021e625fdd: tablet copy: Beginning tablet copy session from remote peer at address 127.10.247.130:46675
I20260713 09:02:36.123723 12415 tablet_copy_service.cc:140] P c379c9f9ac5c4420b2e88d6e58bd3e94: Received BeginTabletCopySession request for tablet f3200d4df78e4924a26207aeec704414 from peer 7600764003654d47998c69021e625fdd ({username='slave'} at 127.0.0.1:39494)
I20260713 09:02:36.124161 12415 tablet_copy_service.cc:161] P c379c9f9ac5c4420b2e88d6e58bd3e94: Beginning new tablet copy session on tablet f3200d4df78e4924a26207aeec704414 from peer 7600764003654d47998c69021e625fdd at {username='slave'} at 127.0.0.1:39494: session id = 7600764003654d47998c69021e625fdd-f3200d4df78e4924a26207aeec704414
I20260713 09:02:36.129084 12415 tablet_copy_source_session.cc:215] T f3200d4df78e4924a26207aeec704414 P c379c9f9ac5c4420b2e88d6e58bd3e94: Tablet Copy: opened 0 blocks and 1 log segments
I20260713 09:02:36.131788 12943 data_dirs.cc:400] Could only allocate 1 dirs of requested 3 for tablet f3200d4df78e4924a26207aeec704414. 1 dirs total, 0 dirs full, 0 dirs failed
I20260713 09:02:36.145323 12943 tablet_copy_client.cc:806] T f3200d4df78e4924a26207aeec704414 P 7600764003654d47998c69021e625fdd: tablet copy: Starting download of 0 data blocks...
I20260713 09:02:36.145967 12943 tablet_copy_client.cc:670] T f3200d4df78e4924a26207aeec704414 P 7600764003654d47998c69021e625fdd: tablet copy: Starting download of 1 WAL segments...
I20260713 09:02:36.149693 12943 tablet_copy_client.cc:538] T f3200d4df78e4924a26207aeec704414 P 7600764003654d47998c69021e625fdd: tablet copy: Tablet Copy complete. Replacing tablet superblock.
I20260713 09:02:36.156863 12943 tablet_bootstrap.cc:492] T f3200d4df78e4924a26207aeec704414 P 7600764003654d47998c69021e625fdd: Bootstrap starting.
I20260713 09:02:36.160997 12945 ts_tablet_manager.cc:933] T 2acf802c78344b60941ced8df02801a1 P 7600764003654d47998c69021e625fdd: Initiating tablet copy from peer 110c23d9b71b44afae6bdbbbfa9f022c (127.10.247.131:46783)
I20260713 09:02:36.163125 12945 tablet_copy_client.cc:323] T 2acf802c78344b60941ced8df02801a1 P 7600764003654d47998c69021e625fdd: tablet copy: Beginning tablet copy session from remote peer at address 127.10.247.131:46783
I20260713 09:02:36.164984 12489 tablet_copy_service.cc:140] P 110c23d9b71b44afae6bdbbbfa9f022c: Received BeginTabletCopySession request for tablet 2acf802c78344b60941ced8df02801a1 from peer 7600764003654d47998c69021e625fdd ({username='slave'} at 127.0.0.1:49940)
I20260713 09:02:36.165557 12489 tablet_copy_service.cc:161] P 110c23d9b71b44afae6bdbbbfa9f022c: Beginning new tablet copy session on tablet 2acf802c78344b60941ced8df02801a1 from peer 7600764003654d47998c69021e625fdd at {username='slave'} at 127.0.0.1:49940: session id = 7600764003654d47998c69021e625fdd-2acf802c78344b60941ced8df02801a1
I20260713 09:02:36.172560 12489 tablet_copy_source_session.cc:215] T 2acf802c78344b60941ced8df02801a1 P 110c23d9b71b44afae6bdbbbfa9f022c: Tablet Copy: opened 0 blocks and 1 log segments
I20260713 09:02:36.175807 12945 data_dirs.cc:400] Could only allocate 1 dirs of requested 3 for tablet 2acf802c78344b60941ced8df02801a1. 1 dirs total, 0 dirs full, 0 dirs failed
I20260713 09:02:36.176245 12943 tablet_bootstrap.cc:492] T f3200d4df78e4924a26207aeec704414 P 7600764003654d47998c69021e625fdd: Bootstrap replayed 1/1 log segments. Stats: ops{read=2 overwritten=0 applied=2 ignored=0} inserts{seen=0 ignored=0} mutations{seen=0 ignored=0} orphaned_commits=0. Pending: 0 replicates
I20260713 09:02:36.177088 12943 tablet_bootstrap.cc:492] T f3200d4df78e4924a26207aeec704414 P 7600764003654d47998c69021e625fdd: Bootstrap complete.
I20260713 09:02:36.177659 12943 ts_tablet_manager.cc:1403] T f3200d4df78e4924a26207aeec704414 P 7600764003654d47998c69021e625fdd: Time spent bootstrapping tablet: real 0.021s	user 0.015s	sys 0.008s
I20260713 09:02:36.180583 12943 raft_consensus.cc:359] T f3200d4df78e4924a26207aeec704414 P 7600764003654d47998c69021e625fdd [term 1 LEARNER]: Replica starting. Triggering 0 pending ops. Active config: opid_index: 2 OBSOLETE_local: false peers { permanent_uuid: "aaf52f2924ab420ba88231d6f95e19ee" member_type: VOTER last_known_addr { host: "127.10.247.129" port: 34217 } } peers { permanent_uuid: "c379c9f9ac5c4420b2e88d6e58bd3e94" member_type: VOTER last_known_addr { host: "127.10.247.130" port: 46675 } } peers { permanent_uuid: "110c23d9b71b44afae6bdbbbfa9f022c" member_type: VOTER last_known_addr { host: "127.10.247.131" port: 46783 } attrs { replace: true } } peers { permanent_uuid: "7600764003654d47998c69021e625fdd" member_type: NON_VOTER last_known_addr { host: "127.10.247.132" port: 42351 } attrs { promote: true } }
I20260713 09:02:36.181228 12943 raft_consensus.cc:740] T f3200d4df78e4924a26207aeec704414 P 7600764003654d47998c69021e625fdd [term 1 LEARNER]: Becoming Follower/Learner. State: Replica: 7600764003654d47998c69021e625fdd, State: Initialized, Role: LEARNER
I20260713 09:02:36.181833 12943 consensus_queue.cc:260] T f3200d4df78e4924a26207aeec704414 P 7600764003654d47998c69021e625fdd [NON_LEADER]: Queue going to NON_LEADER mode. State: All replicated index: 0, Majority replicated index: 0, Committed index: 2, Last appended: 1.2, Last appended by leader: 2, Current term: 0, Majority size: -1, State: 0, Mode: NON_LEADER, active raft config: opid_index: 2 OBSOLETE_local: false peers { permanent_uuid: "aaf52f2924ab420ba88231d6f95e19ee" member_type: VOTER last_known_addr { host: "127.10.247.129" port: 34217 } } peers { permanent_uuid: "c379c9f9ac5c4420b2e88d6e58bd3e94" member_type: VOTER last_known_addr { host: "127.10.247.130" port: 46675 } } peers { permanent_uuid: "110c23d9b71b44afae6bdbbbfa9f022c" member_type: VOTER last_known_addr { host: "127.10.247.131" port: 46783 } attrs { replace: true } } peers { permanent_uuid: "7600764003654d47998c69021e625fdd" member_type: NON_VOTER last_known_addr { host: "127.10.247.132" port: 42351 } attrs { promote: true } }
I20260713 09:02:36.184892 12943 ts_tablet_manager.cc:1434] T f3200d4df78e4924a26207aeec704414 P 7600764003654d47998c69021e625fdd: Time spent starting tablet: real 0.007s	user 0.005s	sys 0.001s
I20260713 09:02:36.186872 12415 tablet_copy_service.cc:342] P c379c9f9ac5c4420b2e88d6e58bd3e94: Request end of tablet copy session 7600764003654d47998c69021e625fdd-f3200d4df78e4924a26207aeec704414 received from {username='slave'} at 127.0.0.1:39494
I20260713 09:02:36.187366 12415 tablet_copy_service.cc:434] P c379c9f9ac5c4420b2e88d6e58bd3e94: ending tablet copy session 7600764003654d47998c69021e625fdd-f3200d4df78e4924a26207aeec704414 on tablet f3200d4df78e4924a26207aeec704414 with peer 7600764003654d47998c69021e625fdd
I20260713 09:02:36.195235 12945 tablet_copy_client.cc:806] T 2acf802c78344b60941ced8df02801a1 P 7600764003654d47998c69021e625fdd: tablet copy: Starting download of 0 data blocks...
I20260713 09:02:36.196249 12945 tablet_copy_client.cc:670] T 2acf802c78344b60941ced8df02801a1 P 7600764003654d47998c69021e625fdd: tablet copy: Starting download of 1 WAL segments...
I20260713 09:02:36.200464 12945 tablet_copy_client.cc:538] T 2acf802c78344b60941ced8df02801a1 P 7600764003654d47998c69021e625fdd: tablet copy: Tablet Copy complete. Replacing tablet superblock.
I20260713 09:02:36.209793 12945 tablet_bootstrap.cc:492] T 2acf802c78344b60941ced8df02801a1 P 7600764003654d47998c69021e625fdd: Bootstrap starting.
I20260713 09:02:36.230675 12945 tablet_bootstrap.cc:492] T 2acf802c78344b60941ced8df02801a1 P 7600764003654d47998c69021e625fdd: Bootstrap replayed 1/1 log segments. Stats: ops{read=2 overwritten=0 applied=2 ignored=0} inserts{seen=0 ignored=0} mutations{seen=0 ignored=0} orphaned_commits=0. Pending: 0 replicates
I20260713 09:02:36.231331 12945 tablet_bootstrap.cc:492] T 2acf802c78344b60941ced8df02801a1 P 7600764003654d47998c69021e625fdd: Bootstrap complete.
I20260713 09:02:36.231845 12945 ts_tablet_manager.cc:1403] T 2acf802c78344b60941ced8df02801a1 P 7600764003654d47998c69021e625fdd: Time spent bootstrapping tablet: real 0.022s	user 0.014s	sys 0.005s
I20260713 09:02:36.233935 12945 raft_consensus.cc:359] T 2acf802c78344b60941ced8df02801a1 P 7600764003654d47998c69021e625fdd [term 1 LEARNER]: Replica starting. Triggering 0 pending ops. Active config: opid_index: 2 OBSOLETE_local: false peers { permanent_uuid: "aaf52f2924ab420ba88231d6f95e19ee" member_type: VOTER last_known_addr { host: "127.10.247.129" port: 34217 } } peers { permanent_uuid: "c379c9f9ac5c4420b2e88d6e58bd3e94" member_type: VOTER last_known_addr { host: "127.10.247.130" port: 46675 } attrs { replace: true } } peers { permanent_uuid: "110c23d9b71b44afae6bdbbbfa9f022c" member_type: VOTER last_known_addr { host: "127.10.247.131" port: 46783 } } peers { permanent_uuid: "7600764003654d47998c69021e625fdd" member_type: NON_VOTER last_known_addr { host: "127.10.247.132" port: 42351 } attrs { promote: true } }
I20260713 09:02:36.234499 12945 raft_consensus.cc:740] T 2acf802c78344b60941ced8df02801a1 P 7600764003654d47998c69021e625fdd [term 1 LEARNER]: Becoming Follower/Learner. State: Replica: 7600764003654d47998c69021e625fdd, State: Initialized, Role: LEARNER
I20260713 09:02:36.235000 12945 consensus_queue.cc:260] T 2acf802c78344b60941ced8df02801a1 P 7600764003654d47998c69021e625fdd [NON_LEADER]: Queue going to NON_LEADER mode. State: All replicated index: 0, Majority replicated index: 0, Committed index: 2, Last appended: 1.2, Last appended by leader: 2, Current term: 0, Majority size: -1, State: 0, Mode: NON_LEADER, active raft config: opid_index: 2 OBSOLETE_local: false peers { permanent_uuid: "aaf52f2924ab420ba88231d6f95e19ee" member_type: VOTER last_known_addr { host: "127.10.247.129" port: 34217 } } peers { permanent_uuid: "c379c9f9ac5c4420b2e88d6e58bd3e94" member_type: VOTER last_known_addr { host: "127.10.247.130" port: 46675 } attrs { replace: true } } peers { permanent_uuid: "110c23d9b71b44afae6bdbbbfa9f022c" member_type: VOTER last_known_addr { host: "127.10.247.131" port: 46783 } } peers { permanent_uuid: "7600764003654d47998c69021e625fdd" member_type: NON_VOTER last_known_addr { host: "127.10.247.132" port: 42351 } attrs { promote: true } }
I20260713 09:02:36.239805 12945 ts_tablet_manager.cc:1434] T 2acf802c78344b60941ced8df02801a1 P 7600764003654d47998c69021e625fdd: Time spent starting tablet: real 0.008s	user 0.006s	sys 0.000s
I20260713 09:02:36.241397 12489 tablet_copy_service.cc:342] P 110c23d9b71b44afae6bdbbbfa9f022c: Request end of tablet copy session 7600764003654d47998c69021e625fdd-2acf802c78344b60941ced8df02801a1 received from {username='slave'} at 127.0.0.1:49940
I20260713 09:02:36.241889 12489 tablet_copy_service.cc:434] P 110c23d9b71b44afae6bdbbbfa9f022c: ending tablet copy session 7600764003654d47998c69021e625fdd-2acf802c78344b60941ced8df02801a1 on tablet 2acf802c78344b60941ced8df02801a1 with peer 7600764003654d47998c69021e625fdd
I20260713 09:02:36.283403 12945 ts_tablet_manager.cc:933] T 1c0d2b60cf7f47248360481bdfe52bbb P 7600764003654d47998c69021e625fdd: Initiating tablet copy from peer 110c23d9b71b44afae6bdbbbfa9f022c (127.10.247.131:46783)
I20260713 09:02:36.285099 12945 tablet_copy_client.cc:323] T 1c0d2b60cf7f47248360481bdfe52bbb P 7600764003654d47998c69021e625fdd: tablet copy: Beginning tablet copy session from remote peer at address 127.10.247.131:46783
I20260713 09:02:36.286701 12489 tablet_copy_service.cc:140] P 110c23d9b71b44afae6bdbbbfa9f022c: Received BeginTabletCopySession request for tablet 1c0d2b60cf7f47248360481bdfe52bbb from peer 7600764003654d47998c69021e625fdd ({username='slave'} at 127.0.0.1:49940)
I20260713 09:02:36.287245 12489 tablet_copy_service.cc:161] P 110c23d9b71b44afae6bdbbbfa9f022c: Beginning new tablet copy session on tablet 1c0d2b60cf7f47248360481bdfe52bbb from peer 7600764003654d47998c69021e625fdd at {username='slave'} at 127.0.0.1:49940: session id = 7600764003654d47998c69021e625fdd-1c0d2b60cf7f47248360481bdfe52bbb
I20260713 09:02:36.295003 12489 tablet_copy_source_session.cc:215] T 1c0d2b60cf7f47248360481bdfe52bbb P 110c23d9b71b44afae6bdbbbfa9f022c: Tablet Copy: opened 0 blocks and 1 log segments
I20260713 09:02:36.298214 12945 data_dirs.cc:400] Could only allocate 1 dirs of requested 3 for tablet 1c0d2b60cf7f47248360481bdfe52bbb. 1 dirs total, 0 dirs full, 0 dirs failed
I20260713 09:02:36.310279 12945 tablet_copy_client.cc:806] T 1c0d2b60cf7f47248360481bdfe52bbb P 7600764003654d47998c69021e625fdd: tablet copy: Starting download of 0 data blocks...
I20260713 09:02:36.310912 12945 tablet_copy_client.cc:670] T 1c0d2b60cf7f47248360481bdfe52bbb P 7600764003654d47998c69021e625fdd: tablet copy: Starting download of 1 WAL segments...
I20260713 09:02:36.314392 12945 tablet_copy_client.cc:538] T 1c0d2b60cf7f47248360481bdfe52bbb P 7600764003654d47998c69021e625fdd: tablet copy: Tablet Copy complete. Replacing tablet superblock.
I20260713 09:02:36.321089 12945 tablet_bootstrap.cc:492] T 1c0d2b60cf7f47248360481bdfe52bbb P 7600764003654d47998c69021e625fdd: Bootstrap starting.
I20260713 09:02:36.338850 12945 tablet_bootstrap.cc:492] T 1c0d2b60cf7f47248360481bdfe52bbb P 7600764003654d47998c69021e625fdd: Bootstrap replayed 1/1 log segments. Stats: ops{read=2 overwritten=0 applied=2 ignored=0} inserts{seen=0 ignored=0} mutations{seen=0 ignored=0} orphaned_commits=0. Pending: 0 replicates
I20260713 09:02:36.339718 12945 tablet_bootstrap.cc:492] T 1c0d2b60cf7f47248360481bdfe52bbb P 7600764003654d47998c69021e625fdd: Bootstrap complete.
I20260713 09:02:36.340230 12945 ts_tablet_manager.cc:1403] T 1c0d2b60cf7f47248360481bdfe52bbb P 7600764003654d47998c69021e625fdd: Time spent bootstrapping tablet: real 0.019s	user 0.016s	sys 0.003s
I20260713 09:02:36.342353 12945 raft_consensus.cc:359] T 1c0d2b60cf7f47248360481bdfe52bbb P 7600764003654d47998c69021e625fdd [term 1 LEARNER]: Replica starting. Triggering 0 pending ops. Active config: opid_index: 2 OBSOLETE_local: false peers { permanent_uuid: "aaf52f2924ab420ba88231d6f95e19ee" member_type: VOTER last_known_addr { host: "127.10.247.129" port: 34217 } attrs { replace: true } } peers { permanent_uuid: "c379c9f9ac5c4420b2e88d6e58bd3e94" member_type: VOTER last_known_addr { host: "127.10.247.130" port: 46675 } } peers { permanent_uuid: "110c23d9b71b44afae6bdbbbfa9f022c" member_type: VOTER last_known_addr { host: "127.10.247.131" port: 46783 } } peers { permanent_uuid: "7600764003654d47998c69021e625fdd" member_type: NON_VOTER last_known_addr { host: "127.10.247.132" port: 42351 } attrs { promote: true } }
I20260713 09:02:36.342948 12945 raft_consensus.cc:740] T 1c0d2b60cf7f47248360481bdfe52bbb P 7600764003654d47998c69021e625fdd [term 1 LEARNER]: Becoming Follower/Learner. State: Replica: 7600764003654d47998c69021e625fdd, State: Initialized, Role: LEARNER
I20260713 09:02:36.343416 12945 consensus_queue.cc:260] T 1c0d2b60cf7f47248360481bdfe52bbb P 7600764003654d47998c69021e625fdd [NON_LEADER]: Queue going to NON_LEADER mode. State: All replicated index: 0, Majority replicated index: 0, Committed index: 2, Last appended: 1.2, Last appended by leader: 2, Current term: 0, Majority size: -1, State: 0, Mode: NON_LEADER, active raft config: opid_index: 2 OBSOLETE_local: false peers { permanent_uuid: "aaf52f2924ab420ba88231d6f95e19ee" member_type: VOTER last_known_addr { host: "127.10.247.129" port: 34217 } attrs { replace: true } } peers { permanent_uuid: "c379c9f9ac5c4420b2e88d6e58bd3e94" member_type: VOTER last_known_addr { host: "127.10.247.130" port: 46675 } } peers { permanent_uuid: "110c23d9b71b44afae6bdbbbfa9f022c" member_type: VOTER last_known_addr { host: "127.10.247.131" port: 46783 } } peers { permanent_uuid: "7600764003654d47998c69021e625fdd" member_type: NON_VOTER last_known_addr { host: "127.10.247.132" port: 42351 } attrs { promote: true } }
I20260713 09:02:36.345132 12945 ts_tablet_manager.cc:1434] T 1c0d2b60cf7f47248360481bdfe52bbb P 7600764003654d47998c69021e625fdd: Time spent starting tablet: real 0.005s	user 0.004s	sys 0.000s
I20260713 09:02:36.347393 12489 tablet_copy_service.cc:342] P 110c23d9b71b44afae6bdbbbfa9f022c: Request end of tablet copy session 7600764003654d47998c69021e625fdd-1c0d2b60cf7f47248360481bdfe52bbb received from {username='slave'} at 127.0.0.1:49940
I20260713 09:02:36.347795 12489 tablet_copy_service.cc:434] P 110c23d9b71b44afae6bdbbbfa9f022c: ending tablet copy session 7600764003654d47998c69021e625fdd-1c0d2b60cf7f47248360481bdfe52bbb on tablet 1c0d2b60cf7f47248360481bdfe52bbb with peer 7600764003654d47998c69021e625fdd
I20260713 09:02:36.413972 12945 ts_tablet_manager.cc:933] T c65b27dc49d84a62b9d6a4b319df3002 P 7600764003654d47998c69021e625fdd: Initiating tablet copy from peer c379c9f9ac5c4420b2e88d6e58bd3e94 (127.10.247.130:46675)
I20260713 09:02:36.416460 12945 tablet_copy_client.cc:323] T c65b27dc49d84a62b9d6a4b319df3002 P 7600764003654d47998c69021e625fdd: tablet copy: Beginning tablet copy session from remote peer at address 127.10.247.130:46675
I20260713 09:02:36.417953 12415 tablet_copy_service.cc:140] P c379c9f9ac5c4420b2e88d6e58bd3e94: Received BeginTabletCopySession request for tablet c65b27dc49d84a62b9d6a4b319df3002 from peer 7600764003654d47998c69021e625fdd ({username='slave'} at 127.0.0.1:39494)
I20260713 09:02:36.418469 12415 tablet_copy_service.cc:161] P c379c9f9ac5c4420b2e88d6e58bd3e94: Beginning new tablet copy session on tablet c65b27dc49d84a62b9d6a4b319df3002 from peer 7600764003654d47998c69021e625fdd at {username='slave'} at 127.0.0.1:39494: session id = 7600764003654d47998c69021e625fdd-c65b27dc49d84a62b9d6a4b319df3002
I20260713 09:02:36.423309 12415 tablet_copy_source_session.cc:215] T c65b27dc49d84a62b9d6a4b319df3002 P c379c9f9ac5c4420b2e88d6e58bd3e94: Tablet Copy: opened 0 blocks and 1 log segments
I20260713 09:02:36.426017 12945 data_dirs.cc:400] Could only allocate 1 dirs of requested 3 for tablet c65b27dc49d84a62b9d6a4b319df3002. 1 dirs total, 0 dirs full, 0 dirs failed
I20260713 09:02:36.436498 12945 tablet_copy_client.cc:806] T c65b27dc49d84a62b9d6a4b319df3002 P 7600764003654d47998c69021e625fdd: tablet copy: Starting download of 0 data blocks...
