I20260713 09:01:59.748718  5869 raft_consensus.cc:2468] T 05e0861ac2604754bed582f1edf23704 P 13bd0e22a7d0409cbcc47aaee6ada633 [term 0 FOLLOWER]: Leader pre-election vote request: Granting yes vote for candidate 63eb0d7dfcec4523b08cc1499c447eb0 in term 0.
I20260713 09:01:59.750262  5982 leader_election.cc:304] T 05e0861ac2604754bed582f1edf23704 P 63eb0d7dfcec4523b08cc1499c447eb0 [CANDIDATE]: Term 1 pre-election: Election decided. Result: candidate won. Election summary: received 2 responses out of 3 voters: 2 yes votes; 0 no votes. yes voters: 13bd0e22a7d0409cbcc47aaee6ada633, 63eb0d7dfcec4523b08cc1499c447eb0; no voters: 
I20260713 09:01:59.750957  6070 raft_consensus.cc:2804] T 05e0861ac2604754bed582f1edf23704 P 63eb0d7dfcec4523b08cc1499c447eb0 [term 0 FOLLOWER]: Leader pre-election won for term 1
I20260713 09:01:59.751293  6070 raft_consensus.cc:493] T 05e0861ac2604754bed582f1edf23704 P 63eb0d7dfcec4523b08cc1499c447eb0 [term 0 FOLLOWER]: Starting leader election (no leader contacted us within the election timeout)
I20260713 09:01:59.751603  6070 raft_consensus.cc:3060] T 05e0861ac2604754bed582f1edf23704 P 63eb0d7dfcec4523b08cc1499c447eb0 [term 0 FOLLOWER]: Advancing to term 1
I20260713 09:01:59.751682  5944 tablet_service.cc:1917] Received RequestConsensusVote() RPC: tablet_id: "05e0861ac2604754bed582f1edf23704" candidate_uuid: "63eb0d7dfcec4523b08cc1499c447eb0" candidate_term: 1 candidate_status { last_received { term: 0 index: 0 } } ignore_live_leader: false dest_uuid: "ee43af61c1484a5e8a0f6d44ffd28e7c" is_pre_election: true
I20260713 09:01:59.752471  5944 raft_consensus.cc:2468] T 05e0861ac2604754bed582f1edf23704 P ee43af61c1484a5e8a0f6d44ffd28e7c [term 0 FOLLOWER]: Leader pre-election vote request: Granting yes vote for candidate 63eb0d7dfcec4523b08cc1499c447eb0 in term 0.
I20260713 09:01:59.758116  6070 raft_consensus.cc:515] T 05e0861ac2604754bed582f1edf23704 P 63eb0d7dfcec4523b08cc1499c447eb0 [term 1 FOLLOWER]: Starting leader election with config: opid_index: -1 OBSOLETE_local: false peers { permanent_uuid: "13bd0e22a7d0409cbcc47aaee6ada633" member_type: VOTER last_known_addr { host: "127.5.153.129" port: 33089 } } peers { permanent_uuid: "ee43af61c1484a5e8a0f6d44ffd28e7c" member_type: VOTER last_known_addr { host: "127.5.153.130" port: 39859 } } peers { permanent_uuid: "63eb0d7dfcec4523b08cc1499c447eb0" member_type: VOTER last_known_addr { host: "127.5.153.131" port: 41243 } }
I20260713 09:01:59.760039  6070 leader_election.cc:290] T 05e0861ac2604754bed582f1edf23704 P 63eb0d7dfcec4523b08cc1499c447eb0 [CANDIDATE]: Term 1 election: Requested vote from peers 13bd0e22a7d0409cbcc47aaee6ada633 (127.5.153.129:33089), ee43af61c1484a5e8a0f6d44ffd28e7c (127.5.153.130:39859)
I20260713 09:01:59.761884  5944 tablet_service.cc:1917] Received RequestConsensusVote() RPC: tablet_id: "05e0861ac2604754bed582f1edf23704" candidate_uuid: "63eb0d7dfcec4523b08cc1499c447eb0" candidate_term: 1 candidate_status { last_received { term: 0 index: 0 } } ignore_live_leader: false dest_uuid: "ee43af61c1484a5e8a0f6d44ffd28e7c"
I20260713 09:01:59.762455  5944 raft_consensus.cc:3060] T 05e0861ac2604754bed582f1edf23704 P ee43af61c1484a5e8a0f6d44ffd28e7c [term 0 FOLLOWER]: Advancing to term 1
I20260713 09:01:59.764865  5869 tablet_service.cc:1917] Received RequestConsensusVote() RPC: tablet_id: "05e0861ac2604754bed582f1edf23704" candidate_uuid: "63eb0d7dfcec4523b08cc1499c447eb0" candidate_term: 1 candidate_status { last_received { term: 0 index: 0 } } ignore_live_leader: false dest_uuid: "13bd0e22a7d0409cbcc47aaee6ada633"
I20260713 09:01:59.765441  5869 raft_consensus.cc:3060] T 05e0861ac2604754bed582f1edf23704 P 13bd0e22a7d0409cbcc47aaee6ada633 [term 0 FOLLOWER]: Advancing to term 1
I20260713 09:01:59.775707  5944 raft_consensus.cc:2468] T 05e0861ac2604754bed582f1edf23704 P ee43af61c1484a5e8a0f6d44ffd28e7c [term 1 FOLLOWER]: Leader election vote request: Granting yes vote for candidate 63eb0d7dfcec4523b08cc1499c447eb0 in term 1.
I20260713 09:01:59.780628  5983 leader_election.cc:304] T 05e0861ac2604754bed582f1edf23704 P 63eb0d7dfcec4523b08cc1499c447eb0 [CANDIDATE]: Term 1 election: Election decided. Result: candidate won. Election summary: received 2 responses out of 3 voters: 2 yes votes; 0 no votes. yes voters: 63eb0d7dfcec4523b08cc1499c447eb0, ee43af61c1484a5e8a0f6d44ffd28e7c; no voters: 
I20260713 09:01:59.781451  6070 raft_consensus.cc:2804] T 05e0861ac2604754bed582f1edf23704 P 63eb0d7dfcec4523b08cc1499c447eb0 [term 1 FOLLOWER]: Leader election won for term 1
I20260713 09:01:59.781992  6070 raft_consensus.cc:697] T 05e0861ac2604754bed582f1edf23704 P 63eb0d7dfcec4523b08cc1499c447eb0 [term 1 LEADER]: Becoming Leader. State: Replica: 63eb0d7dfcec4523b08cc1499c447eb0, State: Running, Role: LEADER
I20260713 09:01:59.782928  6070 consensus_queue.cc:237] T 05e0861ac2604754bed582f1edf23704 P 63eb0d7dfcec4523b08cc1499c447eb0 [LEADER]: Queue going to LEADER mode. State: All replicated index: 0, Majority replicated index: 0, Committed index: 0, Last appended: 0.0, Last appended by leader: 0, Current term: 1, Majority size: 2, State: 0, Mode: LEADER, active raft config: opid_index: -1 OBSOLETE_local: false peers { permanent_uuid: "13bd0e22a7d0409cbcc47aaee6ada633" member_type: VOTER last_known_addr { host: "127.5.153.129" port: 33089 } } peers { permanent_uuid: "ee43af61c1484a5e8a0f6d44ffd28e7c" member_type: VOTER last_known_addr { host: "127.5.153.130" port: 39859 } } peers { permanent_uuid: "63eb0d7dfcec4523b08cc1499c447eb0" member_type: VOTER last_known_addr { host: "127.5.153.131" port: 41243 } }
I20260713 09:01:59.781528  5869 raft_consensus.cc:2468] T 05e0861ac2604754bed582f1edf23704 P 13bd0e22a7d0409cbcc47aaee6ada633 [term 1 FOLLOWER]: Leader election vote request: Granting yes vote for candidate 63eb0d7dfcec4523b08cc1499c447eb0 in term 1.
I20260713 09:01:59.785578  6018 raft_consensus.cc:3060] T da791aa7c29b4aa98a6a50d67f849d2f P 63eb0d7dfcec4523b08cc1499c447eb0 [term 0 FOLLOWER]: Advancing to term 1
I20260713 09:01:59.790807  6066 consensus_queue.cc:1048] T ad79db30d94543e2a2f0c31d549f2440 P ee43af61c1484a5e8a0f6d44ffd28e7c [LEADER]: Connected to new peer: Peer: permanent_uuid: "13bd0e22a7d0409cbcc47aaee6ada633" member_type: VOTER last_known_addr { host: "127.5.153.129" port: 33089 }, Status: LMP_MISMATCH, Last received: 0.0, Next index: 1, Last known committed idx: 0, Time since last communication: 0.000s
I20260713 09:01:59.794675  6066 consensus_queue.cc:1048] T da791aa7c29b4aa98a6a50d67f849d2f P ee43af61c1484a5e8a0f6d44ffd28e7c [LEADER]: Connected to new peer: Peer: permanent_uuid: "63eb0d7dfcec4523b08cc1499c447eb0" member_type: VOTER last_known_addr { host: "127.5.153.131" port: 41243 }, Status: LMP_MISMATCH, Last received: 0.0, Next index: 1, Last known committed idx: 0, Time since last communication: 0.000s
I20260713 09:01:59.805220  5765 catalog_manager.cc:5697] T 05e0861ac2604754bed582f1edf23704 P 63eb0d7dfcec4523b08cc1499c447eb0 reported cstate change: term changed from 0 to 1, leader changed from <none> to 63eb0d7dfcec4523b08cc1499c447eb0 (127.5.153.131). New cstate: current_term: 1 leader_uuid: "63eb0d7dfcec4523b08cc1499c447eb0" committed_config { opid_index: -1 OBSOLETE_local: false peers { permanent_uuid: "13bd0e22a7d0409cbcc47aaee6ada633" member_type: VOTER last_known_addr { host: "127.5.153.129" port: 33089 } health_report { overall_health: UNKNOWN } } peers { permanent_uuid: "ee43af61c1484a5e8a0f6d44ffd28e7c" member_type: VOTER last_known_addr { host: "127.5.153.130" port: 39859 } health_report { overall_health: UNKNOWN } } peers { permanent_uuid: "63eb0d7dfcec4523b08cc1499c447eb0" member_type: VOTER last_known_addr { host: "127.5.153.131" port: 41243 } health_report { overall_health: HEALTHY } } }
I20260713 09:01:59.813016  6090 consensus_queue.cc:1048] T da791aa7c29b4aa98a6a50d67f849d2f P ee43af61c1484a5e8a0f6d44ffd28e7c [LEADER]: Connected to new peer: Peer: permanent_uuid: "13bd0e22a7d0409cbcc47aaee6ada633" member_type: VOTER last_known_addr { host: "127.5.153.129" port: 33089 }, Status: LMP_MISMATCH, Last received: 0.0, Next index: 1, Last known committed idx: 0, Time since last communication: 0.000s
I20260713 09:01:59.873070  6070 consensus_queue.cc:1048] T 04733ae56f854c65bfa552b9a1981eda P 63eb0d7dfcec4523b08cc1499c447eb0 [LEADER]: Connected to new peer: Peer: permanent_uuid: "ee43af61c1484a5e8a0f6d44ffd28e7c" member_type: VOTER last_known_addr { host: "127.5.153.130" port: 39859 }, Status: LMP_MISMATCH, Last received: 0.0, Next index: 1, Last known committed idx: 0, Time since last communication: 0.000s
I20260713 09:01:59.881789  5944 tablet_service.cc:2072] Received LeaderStepDown RPC: tablet_id: "6436bd223373410993b1e044612d8943"
dest_uuid: "ee43af61c1484a5e8a0f6d44ffd28e7c"
mode: GRACEFUL
new_leader_uuid: "13bd0e22a7d0409cbcc47aaee6ada633"
 from {username='slave'} at 127.0.0.1:48684
I20260713 09:01:59.882309  5944 raft_consensus.cc:606] T 6436bd223373410993b1e044612d8943 P ee43af61c1484a5e8a0f6d44ffd28e7c [term 1 LEADER]: Received request to transfer leadership to TS 13bd0e22a7d0409cbcc47aaee6ada633
I20260713 09:01:59.891686  5944 tablet_service.cc:2072] Received LeaderStepDown RPC: tablet_id: "da791aa7c29b4aa98a6a50d67f849d2f"
dest_uuid: "ee43af61c1484a5e8a0f6d44ffd28e7c"
mode: GRACEFUL
new_leader_uuid: "13bd0e22a7d0409cbcc47aaee6ada633"
 from {username='slave'} at 127.0.0.1:48684
I20260713 09:01:59.892221  5944 raft_consensus.cc:606] T da791aa7c29b4aa98a6a50d67f849d2f P ee43af61c1484a5e8a0f6d44ffd28e7c [term 1 LEADER]: Received request to transfer leadership to TS 13bd0e22a7d0409cbcc47aaee6ada633
I20260713 09:01:59.895145  6087 consensus_queue.cc:1048] T 04733ae56f854c65bfa552b9a1981eda P 63eb0d7dfcec4523b08cc1499c447eb0 [LEADER]: Connected to new peer: Peer: permanent_uuid: "13bd0e22a7d0409cbcc47aaee6ada633" member_type: VOTER last_known_addr { host: "127.5.153.129" port: 33089 }, Status: LMP_MISMATCH, Last received: 0.0, Next index: 1, Last known committed idx: 0, Time since last communication: 0.000s
I20260713 09:01:59.913517  6017 tablet_service.cc:2072] Received LeaderStepDown RPC: tablet_id: "04733ae56f854c65bfa552b9a1981eda"
dest_uuid: "63eb0d7dfcec4523b08cc1499c447eb0"
mode: GRACEFUL
new_leader_uuid: "13bd0e22a7d0409cbcc47aaee6ada633"
 from {username='slave'} at 127.0.0.1:58338
I20260713 09:01:59.914072  6017 raft_consensus.cc:606] T 04733ae56f854c65bfa552b9a1981eda P 63eb0d7dfcec4523b08cc1499c447eb0 [term 1 LEADER]: Received request to transfer leadership to TS 13bd0e22a7d0409cbcc47aaee6ada633
I20260713 09:01:59.915197  6103 consensus_queue.cc:1048] T e06d2118eb27437293bf484987297bb1 P 13bd0e22a7d0409cbcc47aaee6ada633 [LEADER]: Connected to new peer: Peer: permanent_uuid: "63eb0d7dfcec4523b08cc1499c447eb0" member_type: VOTER last_known_addr { host: "127.5.153.131" port: 41243 }, Status: LMP_MISMATCH, Last received: 0.0, Next index: 1, Last known committed idx: 0, Time since last communication: 0.000s
I20260713 09:01:59.929550  6103 consensus_queue.cc:1048] T e06d2118eb27437293bf484987297bb1 P 13bd0e22a7d0409cbcc47aaee6ada633 [LEADER]: Connected to new peer: Peer: permanent_uuid: "ee43af61c1484a5e8a0f6d44ffd28e7c" member_type: VOTER last_known_addr { host: "127.5.153.130" port: 39859 }, Status: LMP_MISMATCH, Last received: 0.0, Next index: 1, Last known committed idx: 0, Time since last communication: 0.000s
I20260713 09:01:59.937669  5868 tablet_service.cc:2072] Received LeaderStepDown RPC: tablet_id: "588fe397b327477987ca5fb3bf9dc507"
dest_uuid: "13bd0e22a7d0409cbcc47aaee6ada633"
mode: GRACEFUL
new_leader_uuid: "ee43af61c1484a5e8a0f6d44ffd28e7c"
 from {username='slave'} at 127.0.0.1:42286
I20260713 09:01:59.938295  5868 raft_consensus.cc:606] T 588fe397b327477987ca5fb3bf9dc507 P 13bd0e22a7d0409cbcc47aaee6ada633 [term 1 LEADER]: Received request to transfer leadership to TS ee43af61c1484a5e8a0f6d44ffd28e7c
I20260713 09:01:59.946592  6090 consensus_queue.cc:1048] T 6436bd223373410993b1e044612d8943 P ee43af61c1484a5e8a0f6d44ffd28e7c [LEADER]: Connected to new peer: Peer: permanent_uuid: "63eb0d7dfcec4523b08cc1499c447eb0" member_type: VOTER last_known_addr { host: "127.5.153.131" port: 41243 }, Status: LMP_MISMATCH, Last received: 0.0, Next index: 1, Last known committed idx: 0, Time since last communication: 0.000s
I20260713 09:01:59.947952  6017 tablet_service.cc:2072] Received LeaderStepDown RPC: tablet_id: "7f102008911f49b18c6e64024a43fb11"
dest_uuid: "63eb0d7dfcec4523b08cc1499c447eb0"
mode: GRACEFUL
new_leader_uuid: "ee43af61c1484a5e8a0f6d44ffd28e7c"
 from {username='slave'} at 127.0.0.1:58338
I20260713 09:01:59.948509  6017 raft_consensus.cc:606] T 7f102008911f49b18c6e64024a43fb11 P 63eb0d7dfcec4523b08cc1499c447eb0 [term 1 LEADER]: Received request to transfer leadership to TS ee43af61c1484a5e8a0f6d44ffd28e7c
I20260713 09:01:59.966142  6090 consensus_queue.cc:1048] T 6436bd223373410993b1e044612d8943 P ee43af61c1484a5e8a0f6d44ffd28e7c [LEADER]: Connected to new peer: Peer: permanent_uuid: "13bd0e22a7d0409cbcc47aaee6ada633" member_type: VOTER last_known_addr { host: "127.5.153.129" port: 33089 }, Status: LMP_MISMATCH, Last received: 0.0, Next index: 1, Last known committed idx: 0, Time since last communication: 0.000s
I20260713 09:01:59.976825  6137 raft_consensus.cc:993] T 6436bd223373410993b1e044612d8943 P ee43af61c1484a5e8a0f6d44ffd28e7c: : Instructing follower 13bd0e22a7d0409cbcc47aaee6ada633 to start an election
I20260713 09:01:59.977355  6093 raft_consensus.cc:1081] T 6436bd223373410993b1e044612d8943 P ee43af61c1484a5e8a0f6d44ffd28e7c [term 1 LEADER]: Signalling peer 13bd0e22a7d0409cbcc47aaee6ada633 to start an election
I20260713 09:01:59.978731  5868 tablet_service.cc:2044] Received Run Leader Election RPC: tablet_id: "6436bd223373410993b1e044612d8943"
dest_uuid: "13bd0e22a7d0409cbcc47aaee6ada633"
 from {username='slave'} at 127.0.0.1:42266
I20260713 09:01:59.979244  5868 raft_consensus.cc:493] T 6436bd223373410993b1e044612d8943 P 13bd0e22a7d0409cbcc47aaee6ada633 [term 1 FOLLOWER]: Starting forced leader election (received explicit request)
I20260713 09:01:59.979588  5868 raft_consensus.cc:3060] T 6436bd223373410993b1e044612d8943 P 13bd0e22a7d0409cbcc47aaee6ada633 [term 1 FOLLOWER]: Advancing to term 2
I20260713 09:01:59.983842  5868 raft_consensus.cc:515] T 6436bd223373410993b1e044612d8943 P 13bd0e22a7d0409cbcc47aaee6ada633 [term 2 FOLLOWER]: Starting forced leader election with config: opid_index: -1 OBSOLETE_local: false peers { permanent_uuid: "13bd0e22a7d0409cbcc47aaee6ada633" member_type: VOTER last_known_addr { host: "127.5.153.129" port: 33089 } } peers { permanent_uuid: "63eb0d7dfcec4523b08cc1499c447eb0" member_type: VOTER last_known_addr { host: "127.5.153.131" port: 41243 } } peers { permanent_uuid: "ee43af61c1484a5e8a0f6d44ffd28e7c" member_type: VOTER last_known_addr { host: "127.5.153.130" port: 39859 } }
I20260713 09:01:59.985689  5868 leader_election.cc:290] T 6436bd223373410993b1e044612d8943 P 13bd0e22a7d0409cbcc47aaee6ada633 [CANDIDATE]: Term 2 election: Requested vote from peers 63eb0d7dfcec4523b08cc1499c447eb0 (127.5.153.131:41243), ee43af61c1484a5e8a0f6d44ffd28e7c (127.5.153.130:39859)
I20260713 09:01:59.986289  6018 tablet_service.cc:1917] Received RequestConsensusVote() RPC: tablet_id: "6436bd223373410993b1e044612d8943" candidate_uuid: "13bd0e22a7d0409cbcc47aaee6ada633" candidate_term: 2 candidate_status { last_received { term: 1 index: 1 } } ignore_live_leader: true dest_uuid: "63eb0d7dfcec4523b08cc1499c447eb0"
I20260713 09:01:59.986829  6018 raft_consensus.cc:3060] T 6436bd223373410993b1e044612d8943 P 63eb0d7dfcec4523b08cc1499c447eb0 [term 1 FOLLOWER]: Advancing to term 2
I20260713 09:01:59.987164  5943 tablet_service.cc:1917] Received RequestConsensusVote() RPC: tablet_id: "6436bd223373410993b1e044612d8943" candidate_uuid: "13bd0e22a7d0409cbcc47aaee6ada633" candidate_term: 2 candidate_status { last_received { term: 1 index: 1 } } ignore_live_leader: true dest_uuid: "ee43af61c1484a5e8a0f6d44ffd28e7c"
I20260713 09:01:59.987689  5943 raft_consensus.cc:3055] T 6436bd223373410993b1e044612d8943 P ee43af61c1484a5e8a0f6d44ffd28e7c [term 1 LEADER]: Stepping down as leader of term 1
I20260713 09:01:59.987984  5943 raft_consensus.cc:740] T 6436bd223373410993b1e044612d8943 P ee43af61c1484a5e8a0f6d44ffd28e7c [term 1 LEADER]: Becoming Follower/Learner. State: Replica: ee43af61c1484a5e8a0f6d44ffd28e7c, State: Running, Role: LEADER
I20260713 09:01:59.988719  5943 consensus_queue.cc:260] T 6436bd223373410993b1e044612d8943 P ee43af61c1484a5e8a0f6d44ffd28e7c [NON_LEADER]: Queue going to NON_LEADER mode. State: All replicated index: 0, Majority replicated index: 1, Committed index: 1, Last appended: 1.1, Last appended by leader: 1, Current term: 1, Majority size: -1, State: 0, Mode: NON_LEADER, active raft config: opid_index: -1 OBSOLETE_local: false peers { permanent_uuid: "13bd0e22a7d0409cbcc47aaee6ada633" member_type: VOTER last_known_addr { host: "127.5.153.129" port: 33089 } } peers { permanent_uuid: "63eb0d7dfcec4523b08cc1499c447eb0" member_type: VOTER last_known_addr { host: "127.5.153.131" port: 41243 } } peers { permanent_uuid: "ee43af61c1484a5e8a0f6d44ffd28e7c" member_type: VOTER last_known_addr { host: "127.5.153.130" port: 39859 } }
I20260713 09:01:59.990037  5943 raft_consensus.cc:3060] T 6436bd223373410993b1e044612d8943 P ee43af61c1484a5e8a0f6d44ffd28e7c [term 1 FOLLOWER]: Advancing to term 2
I20260713 09:01:59.993777  6018 raft_consensus.cc:2468] T 6436bd223373410993b1e044612d8943 P 63eb0d7dfcec4523b08cc1499c447eb0 [term 2 FOLLOWER]: Leader election vote request: Granting yes vote for candidate 13bd0e22a7d0409cbcc47aaee6ada633 in term 2.
I20260713 09:01:59.994565  5943 raft_consensus.cc:2468] T 6436bd223373410993b1e044612d8943 P ee43af61c1484a5e8a0f6d44ffd28e7c [term 2 FOLLOWER]: Leader election vote request: Granting yes vote for candidate 13bd0e22a7d0409cbcc47aaee6ada633 in term 2.
I20260713 09:01:59.994910  5832 leader_election.cc:304] T 6436bd223373410993b1e044612d8943 P 13bd0e22a7d0409cbcc47aaee6ada633 [CANDIDATE]: Term 2 election: Election decided. Result: candidate won. Election summary: received 2 responses out of 3 voters: 2 yes votes; 0 no votes. yes voters: 13bd0e22a7d0409cbcc47aaee6ada633, 63eb0d7dfcec4523b08cc1499c447eb0; no voters: 
I20260713 09:01:59.995728  6103 raft_consensus.cc:2804] T 6436bd223373410993b1e044612d8943 P 13bd0e22a7d0409cbcc47aaee6ada633 [term 2 FOLLOWER]: Leader election won for term 2
I20260713 09:01:59.996176  6103 raft_consensus.cc:697] T 6436bd223373410993b1e044612d8943 P 13bd0e22a7d0409cbcc47aaee6ada633 [term 2 LEADER]: Becoming Leader. State: Replica: 13bd0e22a7d0409cbcc47aaee6ada633, State: Running, Role: LEADER
I20260713 09:01:59.996956  6103 consensus_queue.cc:237] T 6436bd223373410993b1e044612d8943 P 13bd0e22a7d0409cbcc47aaee6ada633 [LEADER]: Queue going to LEADER mode. State: All replicated index: 0, Majority replicated index: 1, Committed index: 1, Last appended: 1.1, Last appended by leader: 1, Current term: 2, Majority size: 2, State: 0, Mode: LEADER, active raft config: opid_index: -1 OBSOLETE_local: false peers { permanent_uuid: "13bd0e22a7d0409cbcc47aaee6ada633" member_type: VOTER last_known_addr { host: "127.5.153.129" port: 33089 } } peers { permanent_uuid: "63eb0d7dfcec4523b08cc1499c447eb0" member_type: VOTER last_known_addr { host: "127.5.153.131" port: 41243 } } peers { permanent_uuid: "ee43af61c1484a5e8a0f6d44ffd28e7c" member_type: VOTER last_known_addr { host: "127.5.153.130" port: 39859 } }
I20260713 09:02:00.001906  6103 consensus_queue.cc:1048] T 588fe397b327477987ca5fb3bf9dc507 P 13bd0e22a7d0409cbcc47aaee6ada633 [LEADER]: Connected to new peer: Peer: permanent_uuid: "63eb0d7dfcec4523b08cc1499c447eb0" member_type: VOTER last_known_addr { host: "127.5.153.131" port: 41243 }, Status: LMP_MISMATCH, Last received: 0.0, Next index: 1, Last known committed idx: 0, Time since last communication: 0.000s
I20260713 09:02:00.013352  6093 consensus_queue.cc:1048] T 7a1c32b6d27c4a5db2205cc97d9adf91 P ee43af61c1484a5e8a0f6d44ffd28e7c [LEADER]: Connected to new peer: Peer: permanent_uuid: "63eb0d7dfcec4523b08cc1499c447eb0" member_type: VOTER last_known_addr { host: "127.5.153.131" port: 41243 }, Status: LMP_MISMATCH, Last received: 0.0, Next index: 1, Last known committed idx: 0, Time since last communication: 0.001s
I20260713 09:02:00.013005  5766 catalog_manager.cc:5697] T 6436bd223373410993b1e044612d8943 P 13bd0e22a7d0409cbcc47aaee6ada633 reported cstate change: term changed from 1 to 2, leader changed from ee43af61c1484a5e8a0f6d44ffd28e7c (127.5.153.130) to 13bd0e22a7d0409cbcc47aaee6ada633 (127.5.153.129). New cstate: current_term: 2 leader_uuid: "13bd0e22a7d0409cbcc47aaee6ada633" committed_config { opid_index: -1 OBSOLETE_local: false peers { permanent_uuid: "13bd0e22a7d0409cbcc47aaee6ada633" member_type: VOTER last_known_addr { host: "127.5.153.129" port: 33089 } health_report { overall_health: HEALTHY } } peers { permanent_uuid: "63eb0d7dfcec4523b08cc1499c447eb0" member_type: VOTER last_known_addr { host: "127.5.153.131" port: 41243 } health_report { overall_health: UNKNOWN } } peers { permanent_uuid: "ee43af61c1484a5e8a0f6d44ffd28e7c" member_type: VOTER last_known_addr { host: "127.5.153.130" port: 39859 } health_report { overall_health: UNKNOWN } } }
I20260713 09:02:00.026805  5943 raft_consensus.cc:3060] T 588fe397b327477987ca5fb3bf9dc507 P ee43af61c1484a5e8a0f6d44ffd28e7c [term 0 FOLLOWER]: Advancing to term 1
I20260713 09:02:00.035846  6090 consensus_queue.cc:1048] T 7a1c32b6d27c4a5db2205cc97d9adf91 P ee43af61c1484a5e8a0f6d44ffd28e7c [LEADER]: Connected to new peer: Peer: permanent_uuid: "13bd0e22a7d0409cbcc47aaee6ada633" member_type: VOTER last_known_addr { host: "127.5.153.129" port: 33089 }, Status: LMP_MISMATCH, Last received: 0.0, Next index: 1, Last known committed idx: 0, Time since last communication: 0.000s
I20260713 09:02:00.036324  6067 consensus_queue.cc:1048] T 588fe397b327477987ca5fb3bf9dc507 P 13bd0e22a7d0409cbcc47aaee6ada633 [LEADER]: Connected to new peer: Peer: permanent_uuid: "ee43af61c1484a5e8a0f6d44ffd28e7c" member_type: VOTER last_known_addr { host: "127.5.153.130" port: 39859 }, Status: LMP_MISMATCH, Last received: 0.0, Next index: 1, Last known committed idx: 0, Time since last communication: 0.000s
I20260713 09:02:00.054190  6067 raft_consensus.cc:993] T 588fe397b327477987ca5fb3bf9dc507 P 13bd0e22a7d0409cbcc47aaee6ada633: : Instructing follower ee43af61c1484a5e8a0f6d44ffd28e7c to start an election
I20260713 09:02:00.054663  6067 raft_consensus.cc:1081] T 588fe397b327477987ca5fb3bf9dc507 P 13bd0e22a7d0409cbcc47aaee6ada633 [term 1 LEADER]: Signalling peer ee43af61c1484a5e8a0f6d44ffd28e7c to start an election
I20260713 09:02:00.056196  5943 tablet_service.cc:2044] Received Run Leader Election RPC: tablet_id: "588fe397b327477987ca5fb3bf9dc507"
dest_uuid: "ee43af61c1484a5e8a0f6d44ffd28e7c"
 from {username='slave'} at 127.0.0.1:48678
I20260713 09:02:00.058697  5943 raft_consensus.cc:493] T 588fe397b327477987ca5fb3bf9dc507 P ee43af61c1484a5e8a0f6d44ffd28e7c [term 1 FOLLOWER]: Starting forced leader election (received explicit request)
I20260713 09:02:00.059091  5943 raft_consensus.cc:3060] T 588fe397b327477987ca5fb3bf9dc507 P ee43af61c1484a5e8a0f6d44ffd28e7c [term 1 FOLLOWER]: Advancing to term 2
I20260713 09:02:00.065250  5943 raft_consensus.cc:515] T 588fe397b327477987ca5fb3bf9dc507 P ee43af61c1484a5e8a0f6d44ffd28e7c [term 2 FOLLOWER]: Starting forced leader election with config: opid_index: -1 OBSOLETE_local: false peers { permanent_uuid: "13bd0e22a7d0409cbcc47aaee6ada633" member_type: VOTER last_known_addr { host: "127.5.153.129" port: 33089 } } peers { permanent_uuid: "ee43af61c1484a5e8a0f6d44ffd28e7c" member_type: VOTER last_known_addr { host: "127.5.153.130" port: 39859 } } peers { permanent_uuid: "63eb0d7dfcec4523b08cc1499c447eb0" member_type: VOTER last_known_addr { host: "127.5.153.131" port: 41243 } }
I20260713 09:02:00.067044  5943 leader_election.cc:290] T 588fe397b327477987ca5fb3bf9dc507 P ee43af61c1484a5e8a0f6d44ffd28e7c [CANDIDATE]: Term 2 election: Requested vote from peers 13bd0e22a7d0409cbcc47aaee6ada633 (127.5.153.129:33089), 63eb0d7dfcec4523b08cc1499c447eb0 (127.5.153.131:41243)
I20260713 09:02:00.068001  6017 tablet_service.cc:1917] Received RequestConsensusVote() RPC: tablet_id: "588fe397b327477987ca5fb3bf9dc507" candidate_uuid: "ee43af61c1484a5e8a0f6d44ffd28e7c" candidate_term: 2 candidate_status { last_received { term: 1 index: 1 } } ignore_live_leader: true dest_uuid: "63eb0d7dfcec4523b08cc1499c447eb0"
I20260713 09:02:00.068356  5868 tablet_service.cc:1917] Received RequestConsensusVote() RPC: tablet_id: "588fe397b327477987ca5fb3bf9dc507" candidate_uuid: "ee43af61c1484a5e8a0f6d44ffd28e7c" candidate_term: 2 candidate_status { last_received { term: 1 index: 1 } } ignore_live_leader: true dest_uuid: "13bd0e22a7d0409cbcc47aaee6ada633"
I20260713 09:02:00.068830  6017 raft_consensus.cc:3060] T 588fe397b327477987ca5fb3bf9dc507 P 63eb0d7dfcec4523b08cc1499c447eb0 [term 1 FOLLOWER]: Advancing to term 2
I20260713 09:02:00.069875  5868 raft_consensus.cc:3055] T 588fe397b327477987ca5fb3bf9dc507 P 13bd0e22a7d0409cbcc47aaee6ada633 [term 1 LEADER]: Stepping down as leader of term 1
I20260713 09:02:00.070200  5868 raft_consensus.cc:740] T 588fe397b327477987ca5fb3bf9dc507 P 13bd0e22a7d0409cbcc47aaee6ada633 [term 1 LEADER]: Becoming Follower/Learner. State: Replica: 13bd0e22a7d0409cbcc47aaee6ada633, State: Running, Role: LEADER
I20260713 09:02:00.071065  5868 consensus_queue.cc:260] T 588fe397b327477987ca5fb3bf9dc507 P 13bd0e22a7d0409cbcc47aaee6ada633 [NON_LEADER]: Queue going to NON_LEADER mode. State: All replicated index: 0, Majority replicated index: 1, Committed index: 1, Last appended: 1.1, Last appended by leader: 1, Current term: 1, Majority size: -1, State: 0, Mode: NON_LEADER, active raft config: opid_index: -1 OBSOLETE_local: false peers { permanent_uuid: "13bd0e22a7d0409cbcc47aaee6ada633" member_type: VOTER last_known_addr { host: "127.5.153.129" port: 33089 } } peers { permanent_uuid: "ee43af61c1484a5e8a0f6d44ffd28e7c" member_type: VOTER last_known_addr { host: "127.5.153.130" port: 39859 } } peers { permanent_uuid: "63eb0d7dfcec4523b08cc1499c447eb0" member_type: VOTER last_known_addr { host: "127.5.153.131" port: 41243 } }
I20260713 09:02:00.072309  5868 raft_consensus.cc:3060] T 588fe397b327477987ca5fb3bf9dc507 P 13bd0e22a7d0409cbcc47aaee6ada633 [term 1 FOLLOWER]: Advancing to term 2
I20260713 09:02:00.075651  6017 raft_consensus.cc:2468] T 588fe397b327477987ca5fb3bf9dc507 P 63eb0d7dfcec4523b08cc1499c447eb0 [term 2 FOLLOWER]: Leader election vote request: Granting yes vote for candidate ee43af61c1484a5e8a0f6d44ffd28e7c in term 2.
I20260713 09:02:00.076638  5907 leader_election.cc:304] T 588fe397b327477987ca5fb3bf9dc507 P ee43af61c1484a5e8a0f6d44ffd28e7c [CANDIDATE]: Term 2 election: Election decided. Result: candidate won. Election summary: received 2 responses out of 3 voters: 2 yes votes; 0 no votes. yes voters: 63eb0d7dfcec4523b08cc1499c447eb0, ee43af61c1484a5e8a0f6d44ffd28e7c; no voters: 
I20260713 09:02:00.077411  6090 raft_consensus.cc:2804] T 588fe397b327477987ca5fb3bf9dc507 P ee43af61c1484a5e8a0f6d44ffd28e7c [term 2 FOLLOWER]: Leader election won for term 2
I20260713 09:02:00.077857  6090 raft_consensus.cc:697] T 588fe397b327477987ca5fb3bf9dc507 P ee43af61c1484a5e8a0f6d44ffd28e7c [term 2 LEADER]: Becoming Leader. State: Replica: ee43af61c1484a5e8a0f6d44ffd28e7c, State: Running, Role: LEADER
I20260713 09:02:00.078178  5868 raft_consensus.cc:2468] T 588fe397b327477987ca5fb3bf9dc507 P 13bd0e22a7d0409cbcc47aaee6ada633 [term 2 FOLLOWER]: Leader election vote request: Granting yes vote for candidate ee43af61c1484a5e8a0f6d44ffd28e7c in term 2.
I20260713 09:02:00.078593  6090 consensus_queue.cc:237] T 588fe397b327477987ca5fb3bf9dc507 P ee43af61c1484a5e8a0f6d44ffd28e7c [LEADER]: Queue going to LEADER mode. State: All replicated index: 0, Majority replicated index: 1, Committed index: 1, Last appended: 1.1, Last appended by leader: 1, Current term: 2, Majority size: 2, State: 0, Mode: LEADER, active raft config: opid_index: -1 OBSOLETE_local: false peers { permanent_uuid: "13bd0e22a7d0409cbcc47aaee6ada633" member_type: VOTER last_known_addr { host: "127.5.153.129" port: 33089 } } peers { permanent_uuid: "ee43af61c1484a5e8a0f6d44ffd28e7c" member_type: VOTER last_known_addr { host: "127.5.153.130" port: 39859 } } peers { permanent_uuid: "63eb0d7dfcec4523b08cc1499c447eb0" member_type: VOTER last_known_addr { host: "127.5.153.131" port: 41243 } }
I20260713 09:02:00.085227  5765 catalog_manager.cc:5697] T 588fe397b327477987ca5fb3bf9dc507 P ee43af61c1484a5e8a0f6d44ffd28e7c reported cstate change: term changed from 1 to 2, leader changed from 13bd0e22a7d0409cbcc47aaee6ada633 (127.5.153.129) to ee43af61c1484a5e8a0f6d44ffd28e7c (127.5.153.130). New cstate: current_term: 2 leader_uuid: "ee43af61c1484a5e8a0f6d44ffd28e7c" committed_config { opid_index: -1 OBSOLETE_local: false peers { permanent_uuid: "13bd0e22a7d0409cbcc47aaee6ada633" member_type: VOTER last_known_addr { host: "127.5.153.129" port: 33089 } health_report { overall_health: UNKNOWN } } peers { permanent_uuid: "ee43af61c1484a5e8a0f6d44ffd28e7c" member_type: VOTER last_known_addr { host: "127.5.153.130" port: 39859 } health_report { overall_health: HEALTHY } } peers { permanent_uuid: "63eb0d7dfcec4523b08cc1499c447eb0" member_type: VOTER last_known_addr { host: "127.5.153.131" port: 41243 } health_report { overall_health: UNKNOWN } } }
I20260713 09:02:00.259447  6137 raft_consensus.cc:993] T da791aa7c29b4aa98a6a50d67f849d2f P ee43af61c1484a5e8a0f6d44ffd28e7c: : Instructing follower 13bd0e22a7d0409cbcc47aaee6ada633 to start an election
I20260713 09:02:00.259931  6090 raft_consensus.cc:1081] T da791aa7c29b4aa98a6a50d67f849d2f P ee43af61c1484a5e8a0f6d44ffd28e7c [term 1 LEADER]: Signalling peer 13bd0e22a7d0409cbcc47aaee6ada633 to start an election
I20260713 09:02:00.261543  5868 tablet_service.cc:2044] Received Run Leader Election RPC: tablet_id: "da791aa7c29b4aa98a6a50d67f849d2f"
dest_uuid: "13bd0e22a7d0409cbcc47aaee6ada633"
 from {username='slave'} at 127.0.0.1:42266
I20260713 09:02:00.262042  5868 raft_consensus.cc:493] T da791aa7c29b4aa98a6a50d67f849d2f P 13bd0e22a7d0409cbcc47aaee6ada633 [term 1 FOLLOWER]: Starting forced leader election (received explicit request)
I20260713 09:02:00.262312  5868 raft_consensus.cc:3060] T da791aa7c29b4aa98a6a50d67f849d2f P 13bd0e22a7d0409cbcc47aaee6ada633 [term 1 FOLLOWER]: Advancing to term 2
I20260713 09:02:00.267107  5868 raft_consensus.cc:515] T da791aa7c29b4aa98a6a50d67f849d2f P 13bd0e22a7d0409cbcc47aaee6ada633 [term 2 FOLLOWER]: Starting forced leader election with config: opid_index: -1 OBSOLETE_local: false peers { permanent_uuid: "13bd0e22a7d0409cbcc47aaee6ada633" member_type: VOTER last_known_addr { host: "127.5.153.129" port: 33089 } } peers { permanent_uuid: "ee43af61c1484a5e8a0f6d44ffd28e7c" member_type: VOTER last_known_addr { host: "127.5.153.130" port: 39859 } } peers { permanent_uuid: "63eb0d7dfcec4523b08cc1499c447eb0" member_type: VOTER last_known_addr { host: "127.5.153.131" port: 41243 } }
I20260713 09:02:00.268863  5868 leader_election.cc:290] T da791aa7c29b4aa98a6a50d67f849d2f P 13bd0e22a7d0409cbcc47aaee6ada633 [CANDIDATE]: Term 2 election: Requested vote from peers ee43af61c1484a5e8a0f6d44ffd28e7c (127.5.153.130:39859), 63eb0d7dfcec4523b08cc1499c447eb0 (127.5.153.131:41243)
I20260713 09:02:00.269439  5943 tablet_service.cc:1917] Received RequestConsensusVote() RPC: tablet_id: "da791aa7c29b4aa98a6a50d67f849d2f" candidate_uuid: "13bd0e22a7d0409cbcc47aaee6ada633" candidate_term: 2 candidate_status { last_received { term: 1 index: 1 } } ignore_live_leader: true dest_uuid: "ee43af61c1484a5e8a0f6d44ffd28e7c"
I20260713 09:02:00.269860  6017 tablet_service.cc:1917] Received RequestConsensusVote() RPC: tablet_id: "da791aa7c29b4aa98a6a50d67f849d2f" candidate_uuid: "13bd0e22a7d0409cbcc47aaee6ada633" candidate_term: 2 candidate_status { last_received { term: 1 index: 1 } } ignore_live_leader: true dest_uuid: "63eb0d7dfcec4523b08cc1499c447eb0"
I20260713 09:02:00.269972  5943 raft_consensus.cc:3055] T da791aa7c29b4aa98a6a50d67f849d2f P ee43af61c1484a5e8a0f6d44ffd28e7c [term 1 LEADER]: Stepping down as leader of term 1
I20260713 09:02:00.270398  5943 raft_consensus.cc:740] T da791aa7c29b4aa98a6a50d67f849d2f P ee43af61c1484a5e8a0f6d44ffd28e7c [term 1 LEADER]: Becoming Follower/Learner. State: Replica: ee43af61c1484a5e8a0f6d44ffd28e7c, State: Running, Role: LEADER
I20260713 09:02:00.270403  6017 raft_consensus.cc:3060] T da791aa7c29b4aa98a6a50d67f849d2f P 63eb0d7dfcec4523b08cc1499c447eb0 [term 1 FOLLOWER]: Advancing to term 2
I20260713 09:02:00.271232  5943 consensus_queue.cc:260] T da791aa7c29b4aa98a6a50d67f849d2f P ee43af61c1484a5e8a0f6d44ffd28e7c [NON_LEADER]: Queue going to NON_LEADER mode. State: All replicated index: 0, Majority replicated index: 1, Committed index: 1, Last appended: 1.1, Last appended by leader: 1, Current term: 1, Majority size: -1, State: 0, Mode: NON_LEADER, active raft config: opid_index: -1 OBSOLETE_local: false peers { permanent_uuid: "13bd0e22a7d0409cbcc47aaee6ada633" member_type: VOTER last_known_addr { host: "127.5.153.129" port: 33089 } } peers { permanent_uuid: "ee43af61c1484a5e8a0f6d44ffd28e7c" member_type: VOTER last_known_addr { host: "127.5.153.130" port: 39859 } } peers { permanent_uuid: "63eb0d7dfcec4523b08cc1499c447eb0" member_type: VOTER last_known_addr { host: "127.5.153.131" port: 41243 } }
I20260713 09:02:00.272341  5943 raft_consensus.cc:3060] T da791aa7c29b4aa98a6a50d67f849d2f P ee43af61c1484a5e8a0f6d44ffd28e7c [term 1 FOLLOWER]: Advancing to term 2
I20260713 09:02:00.276477  6017 raft_consensus.cc:2468] T da791aa7c29b4aa98a6a50d67f849d2f P 63eb0d7dfcec4523b08cc1499c447eb0 [term 2 FOLLOWER]: Leader election vote request: Granting yes vote for candidate 13bd0e22a7d0409cbcc47aaee6ada633 in term 2.
I20260713 09:02:00.277588  5832 leader_election.cc:304] T da791aa7c29b4aa98a6a50d67f849d2f P 13bd0e22a7d0409cbcc47aaee6ada633 [CANDIDATE]: Term 2 election: Election decided. Result: candidate won. Election summary: received 2 responses out of 3 voters: 2 yes votes; 0 no votes. yes voters: 13bd0e22a7d0409cbcc47aaee6ada633, 63eb0d7dfcec4523b08cc1499c447eb0; no voters: 
I20260713 09:02:00.278087  5943 raft_consensus.cc:2468] T da791aa7c29b4aa98a6a50d67f849d2f P ee43af61c1484a5e8a0f6d44ffd28e7c [term 2 FOLLOWER]: Leader election vote request: Granting yes vote for candidate 13bd0e22a7d0409cbcc47aaee6ada633 in term 2.
I20260713 09:02:00.278282  6067 raft_consensus.cc:2804] T da791aa7c29b4aa98a6a50d67f849d2f P 13bd0e22a7d0409cbcc47aaee6ada633 [term 2 FOLLOWER]: Leader election won for term 2
I20260713 09:02:00.278719  6067 raft_consensus.cc:697] T da791aa7c29b4aa98a6a50d67f849d2f P 13bd0e22a7d0409cbcc47aaee6ada633 [term 2 LEADER]: Becoming Leader. State: Replica: 13bd0e22a7d0409cbcc47aaee6ada633, State: Running, Role: LEADER
I20260713 09:02:00.279466  6067 consensus_queue.cc:237] T da791aa7c29b4aa98a6a50d67f849d2f P 13bd0e22a7d0409cbcc47aaee6ada633 [LEADER]: Queue going to LEADER mode. State: All replicated index: 0, Majority replicated index: 1, Committed index: 1, Last appended: 1.1, Last appended by leader: 1, Current term: 2, Majority size: 2, State: 0, Mode: LEADER, active raft config: opid_index: -1 OBSOLETE_local: false peers { permanent_uuid: "13bd0e22a7d0409cbcc47aaee6ada633" member_type: VOTER last_known_addr { host: "127.5.153.129" port: 33089 } } peers { permanent_uuid: "ee43af61c1484a5e8a0f6d44ffd28e7c" member_type: VOTER last_known_addr { host: "127.5.153.130" port: 39859 } } peers { permanent_uuid: "63eb0d7dfcec4523b08cc1499c447eb0" member_type: VOTER last_known_addr { host: "127.5.153.131" port: 41243 } }
I20260713 09:02:00.281396  6087 consensus_queue.cc:1048] T 05e0861ac2604754bed582f1edf23704 P 63eb0d7dfcec4523b08cc1499c447eb0 [LEADER]: Connected to new peer: Peer: permanent_uuid: "13bd0e22a7d0409cbcc47aaee6ada633" member_type: VOTER last_known_addr { host: "127.5.153.129" port: 33089 }, Status: LMP_MISMATCH, Last received: 0.0, Next index: 1, Last known committed idx: 0, Time since last communication: 0.001s
I20260713 09:02:00.286814  5765 catalog_manager.cc:5697] T da791aa7c29b4aa98a6a50d67f849d2f P 13bd0e22a7d0409cbcc47aaee6ada633 reported cstate change: term changed from 1 to 2, leader changed from ee43af61c1484a5e8a0f6d44ffd28e7c (127.5.153.130) to 13bd0e22a7d0409cbcc47aaee6ada633 (127.5.153.129). New cstate: current_term: 2 leader_uuid: "13bd0e22a7d0409cbcc47aaee6ada633" committed_config { opid_index: -1 OBSOLETE_local: false peers { permanent_uuid: "13bd0e22a7d0409cbcc47aaee6ada633" member_type: VOTER last_known_addr { host: "127.5.153.129" port: 33089 } health_report { overall_health: HEALTHY } } peers { permanent_uuid: "ee43af61c1484a5e8a0f6d44ffd28e7c" member_type: VOTER last_known_addr { host: "127.5.153.130" port: 39859 } health_report { overall_health: UNKNOWN } } peers { permanent_uuid: "63eb0d7dfcec4523b08cc1499c447eb0" member_type: VOTER last_known_addr { host: "127.5.153.131" port: 41243 } health_report { overall_health: UNKNOWN } } }
I20260713 09:02:00.294838  6070 consensus_queue.cc:1048] T 05e0861ac2604754bed582f1edf23704 P 63eb0d7dfcec4523b08cc1499c447eb0 [LEADER]: Connected to new peer: Peer: permanent_uuid: "ee43af61c1484a5e8a0f6d44ffd28e7c" member_type: VOTER last_known_addr { host: "127.5.153.130" port: 39859 }, Status: LMP_MISMATCH, Last received: 0.0, Next index: 1, Last known committed idx: 0, Time since last communication: 0.000s
I20260713 09:02:00.331590  6145 raft_consensus.cc:993] T 7f102008911f49b18c6e64024a43fb11 P 63eb0d7dfcec4523b08cc1499c447eb0: : Instructing follower ee43af61c1484a5e8a0f6d44ffd28e7c to start an election
I20260713 09:02:00.331974  6087 raft_consensus.cc:1081] T 7f102008911f49b18c6e64024a43fb11 P 63eb0d7dfcec4523b08cc1499c447eb0 [term 1 LEADER]: Signalling peer ee43af61c1484a5e8a0f6d44ffd28e7c to start an election
I20260713 09:02:00.333253  5943 tablet_service.cc:2044] Received Run Leader Election RPC: tablet_id: "7f102008911f49b18c6e64024a43fb11"
dest_uuid: "ee43af61c1484a5e8a0f6d44ffd28e7c"
 from {username='slave'} at 127.0.0.1:48666
I20260713 09:02:00.333782  5943 raft_consensus.cc:493] T 7f102008911f49b18c6e64024a43fb11 P ee43af61c1484a5e8a0f6d44ffd28e7c [term 1 FOLLOWER]: Starting forced leader election (received explicit request)
I20260713 09:02:00.334077  5943 raft_consensus.cc:3060] T 7f102008911f49b18c6e64024a43fb11 P ee43af61c1484a5e8a0f6d44ffd28e7c [term 1 FOLLOWER]: Advancing to term 2
I20260713 09:02:00.338080  5943 raft_consensus.cc:515] T 7f102008911f49b18c6e64024a43fb11 P ee43af61c1484a5e8a0f6d44ffd28e7c [term 2 FOLLOWER]: Starting forced leader election with config: opid_index: -1 OBSOLETE_local: false peers { permanent_uuid: "13bd0e22a7d0409cbcc47aaee6ada633" member_type: VOTER last_known_addr { host: "127.5.153.129" port: 33089 } } peers { permanent_uuid: "ee43af61c1484a5e8a0f6d44ffd28e7c" member_type: VOTER last_known_addr { host: "127.5.153.130" port: 39859 } } peers { permanent_uuid: "63eb0d7dfcec4523b08cc1499c447eb0" member_type: VOTER last_known_addr { host: "127.5.153.131" port: 41243 } }
I20260713 09:02:00.339414  5943 leader_election.cc:290] T 7f102008911f49b18c6e64024a43fb11 P ee43af61c1484a5e8a0f6d44ffd28e7c [CANDIDATE]: Term 2 election: Requested vote from peers 13bd0e22a7d0409cbcc47aaee6ada633 (127.5.153.129:33089), 63eb0d7dfcec4523b08cc1499c447eb0 (127.5.153.131:41243)
I20260713 09:02:00.340144  5868 tablet_service.cc:1917] Received RequestConsensusVote() RPC: tablet_id: "7f102008911f49b18c6e64024a43fb11" candidate_uuid: "ee43af61c1484a5e8a0f6d44ffd28e7c" candidate_term: 2 candidate_status { last_received { term: 1 index: 1 } } ignore_live_leader: true dest_uuid: "13bd0e22a7d0409cbcc47aaee6ada633"
I20260713 09:02:00.340590  6017 tablet_service.cc:1917] Received RequestConsensusVote() RPC: tablet_id: "7f102008911f49b18c6e64024a43fb11" candidate_uuid: "ee43af61c1484a5e8a0f6d44ffd28e7c" candidate_term: 2 candidate_status { last_received { term: 1 index: 1 } } ignore_live_leader: true dest_uuid: "63eb0d7dfcec4523b08cc1499c447eb0"
I20260713 09:02:00.340660  5868 raft_consensus.cc:3060] T 7f102008911f49b18c6e64024a43fb11 P 13bd0e22a7d0409cbcc47aaee6ada633 [term 1 FOLLOWER]: Advancing to term 2
I20260713 09:02:00.341096  6017 raft_consensus.cc:3055] T 7f102008911f49b18c6e64024a43fb11 P 63eb0d7dfcec4523b08cc1499c447eb0 [term 1 LEADER]: Stepping down as leader of term 1
I20260713 09:02:00.341362  6017 raft_consensus.cc:740] T 7f102008911f49b18c6e64024a43fb11 P 63eb0d7dfcec4523b08cc1499c447eb0 [term 1 LEADER]: Becoming Follower/Learner. State: Replica: 63eb0d7dfcec4523b08cc1499c447eb0, State: Running, Role: LEADER
I20260713 09:02:00.341939  6017 consensus_queue.cc:260] T 7f102008911f49b18c6e64024a43fb11 P 63eb0d7dfcec4523b08cc1499c447eb0 [NON_LEADER]: Queue going to NON_LEADER mode. State: All replicated index: 0, Majority replicated index: 1, Committed index: 1, Last appended: 1.1, Last appended by leader: 1, Current term: 1, Majority size: -1, State: 0, Mode: NON_LEADER, active raft config: opid_index: -1 OBSOLETE_local: false peers { permanent_uuid: "13bd0e22a7d0409cbcc47aaee6ada633" member_type: VOTER last_known_addr { host: "127.5.153.129" port: 33089 } } peers { permanent_uuid: "ee43af61c1484a5e8a0f6d44ffd28e7c" member_type: VOTER last_known_addr { host: "127.5.153.130" port: 39859 } } peers { permanent_uuid: "63eb0d7dfcec4523b08cc1499c447eb0" member_type: VOTER last_known_addr { host: "127.5.153.131" port: 41243 } }
I20260713 09:02:00.342713  6017 raft_consensus.cc:3060] T 7f102008911f49b18c6e64024a43fb11 P 63eb0d7dfcec4523b08cc1499c447eb0 [term 1 FOLLOWER]: Advancing to term 2
I20260713 09:02:00.347385  5868 raft_consensus.cc:2468] T 7f102008911f49b18c6e64024a43fb11 P 13bd0e22a7d0409cbcc47aaee6ada633 [term 2 FOLLOWER]: Leader election vote request: Granting yes vote for candidate ee43af61c1484a5e8a0f6d44ffd28e7c in term 2.
I20260713 09:02:00.348762  5908 leader_election.cc:304] T 7f102008911f49b18c6e64024a43fb11 P ee43af61c1484a5e8a0f6d44ffd28e7c [CANDIDATE]: Term 2 election: Election decided. Result: candidate won. Election summary: received 2 responses out of 3 voters: 2 yes votes; 0 no votes. yes voters: 13bd0e22a7d0409cbcc47aaee6ada633, ee43af61c1484a5e8a0f6d44ffd28e7c; no voters: 
I20260713 09:02:00.349457  6090 raft_consensus.cc:2804] T 7f102008911f49b18c6e64024a43fb11 P ee43af61c1484a5e8a0f6d44ffd28e7c [term 2 FOLLOWER]: Leader election won for term 2
I20260713 09:02:00.349874  6090 raft_consensus.cc:697] T 7f102008911f49b18c6e64024a43fb11 P ee43af61c1484a5e8a0f6d44ffd28e7c [term 2 LEADER]: Becoming Leader. State: Replica: ee43af61c1484a5e8a0f6d44ffd28e7c, State: Running, Role: LEADER
I20260713 09:02:00.350589  6090 consensus_queue.cc:237] T 7f102008911f49b18c6e64024a43fb11 P ee43af61c1484a5e8a0f6d44ffd28e7c [LEADER]: Queue going to LEADER mode. State: All replicated index: 0, Majority replicated index: 1, Committed index: 1, Last appended: 1.1, Last appended by leader: 1, Current term: 2, Majority size: 2, State: 0, Mode: LEADER, active raft config: opid_index: -1 OBSOLETE_local: false peers { permanent_uuid: "13bd0e22a7d0409cbcc47aaee6ada633" member_type: VOTER last_known_addr { host: "127.5.153.129" port: 33089 } } peers { permanent_uuid: "ee43af61c1484a5e8a0f6d44ffd28e7c" member_type: VOTER last_known_addr { host: "127.5.153.130" port: 39859 } } peers { permanent_uuid: "63eb0d7dfcec4523b08cc1499c447eb0" member_type: VOTER last_known_addr { host: "127.5.153.131" port: 41243 } }
I20260713 09:02:00.351411  6088 raft_consensus.cc:993] T 04733ae56f854c65bfa552b9a1981eda P 63eb0d7dfcec4523b08cc1499c447eb0: : Instructing follower 13bd0e22a7d0409cbcc47aaee6ada633 to start an election
I20260713 09:02:00.351784  6088 raft_consensus.cc:1081] T 04733ae56f854c65bfa552b9a1981eda P 63eb0d7dfcec4523b08cc1499c447eb0 [term 1 LEADER]: Signalling peer 13bd0e22a7d0409cbcc47aaee6ada633 to start an election
I20260713 09:02:00.353323  5869 tablet_service.cc:2044] Received Run Leader Election RPC: tablet_id: "04733ae56f854c65bfa552b9a1981eda"
dest_uuid: "13bd0e22a7d0409cbcc47aaee6ada633"
 from {username='slave'} at 127.0.0.1:42280
I20260713 09:02:00.353812  5869 raft_consensus.cc:493] T 04733ae56f854c65bfa552b9a1981eda P 13bd0e22a7d0409cbcc47aaee6ada633 [term 1 FOLLOWER]: Starting forced leader election (received explicit request)
I20260713 09:02:00.354138  5869 raft_consensus.cc:3060] T 04733ae56f854c65bfa552b9a1981eda P 13bd0e22a7d0409cbcc47aaee6ada633 [term 1 FOLLOWER]: Advancing to term 2
I20260713 09:02:00.354223  6017 raft_consensus.cc:2468] T 7f102008911f49b18c6e64024a43fb11 P 63eb0d7dfcec4523b08cc1499c447eb0 [term 2 FOLLOWER]: Leader election vote request: Granting yes vote for candidate ee43af61c1484a5e8a0f6d44ffd28e7c in term 2.
I20260713 09:02:00.358207  5766 catalog_manager.cc:5697] T 7f102008911f49b18c6e64024a43fb11 P ee43af61c1484a5e8a0f6d44ffd28e7c reported cstate change: term changed from 1 to 2, leader changed from 63eb0d7dfcec4523b08cc1499c447eb0 (127.5.153.131) to ee43af61c1484a5e8a0f6d44ffd28e7c (127.5.153.130). New cstate: current_term: 2 leader_uuid: "ee43af61c1484a5e8a0f6d44ffd28e7c" committed_config { opid_index: -1 OBSOLETE_local: false peers { permanent_uuid: "13bd0e22a7d0409cbcc47aaee6ada633" member_type: VOTER last_known_addr { host: "127.5.153.129" port: 33089 } health_report { overall_health: UNKNOWN } } peers { permanent_uuid: "ee43af61c1484a5e8a0f6d44ffd28e7c" member_type: VOTER last_known_addr { host: "127.5.153.130" port: 39859 } health_report { overall_health: HEALTHY } } peers { permanent_uuid: "63eb0d7dfcec4523b08cc1499c447eb0" member_type: VOTER last_known_addr { host: "127.5.153.131" port: 41243 } health_report { overall_health: UNKNOWN } } }
I20260713 09:02:00.359299  5869 raft_consensus.cc:515] T 04733ae56f854c65bfa552b9a1981eda P 13bd0e22a7d0409cbcc47aaee6ada633 [term 2 FOLLOWER]: Starting forced leader election with config: opid_index: -1 OBSOLETE_local: false peers { permanent_uuid: "13bd0e22a7d0409cbcc47aaee6ada633" member_type: VOTER last_known_addr { host: "127.5.153.129" port: 33089 } } peers { permanent_uuid: "ee43af61c1484a5e8a0f6d44ffd28e7c" member_type: VOTER last_known_addr { host: "127.5.153.130" port: 39859 } } peers { permanent_uuid: "63eb0d7dfcec4523b08cc1499c447eb0" member_type: VOTER last_known_addr { host: "127.5.153.131" port: 41243 } }
I20260713 09:02:00.361454  5943 tablet_service.cc:1917] Received RequestConsensusVote() RPC: tablet_id: "04733ae56f854c65bfa552b9a1981eda" candidate_uuid: "13bd0e22a7d0409cbcc47aaee6ada633" candidate_term: 2 candidate_status { last_received { term: 1 index: 1 } } ignore_live_leader: true dest_uuid: "ee43af61c1484a5e8a0f6d44ffd28e7c"
I20260713 09:02:00.361950  5943 raft_consensus.cc:3060] T 04733ae56f854c65bfa552b9a1981eda P ee43af61c1484a5e8a0f6d44ffd28e7c [term 1 FOLLOWER]: Advancing to term 2
I20260713 09:02:00.362015  5869 leader_election.cc:290] T 04733ae56f854c65bfa552b9a1981eda P 13bd0e22a7d0409cbcc47aaee6ada633 [CANDIDATE]: Term 2 election: Requested vote from peers ee43af61c1484a5e8a0f6d44ffd28e7c (127.5.153.130:39859), 63eb0d7dfcec4523b08cc1499c447eb0 (127.5.153.131:41243)
I20260713 09:02:00.363045  6017 tablet_service.cc:1917] Received RequestConsensusVote() RPC: tablet_id: "04733ae56f854c65bfa552b9a1981eda" candidate_uuid: "13bd0e22a7d0409cbcc47aaee6ada633" candidate_term: 2 candidate_status { last_received { term: 1 index: 1 } } ignore_live_leader: true dest_uuid: "63eb0d7dfcec4523b08cc1499c447eb0"
I20260713 09:02:00.363538  6017 raft_consensus.cc:3055] T 04733ae56f854c65bfa552b9a1981eda P 63eb0d7dfcec4523b08cc1499c447eb0 [term 1 LEADER]: Stepping down as leader of term 1
I20260713 09:02:00.364023  6017 raft_consensus.cc:740] T 04733ae56f854c65bfa552b9a1981eda P 63eb0d7dfcec4523b08cc1499c447eb0 [term 1 LEADER]: Becoming Follower/Learner. State: Replica: 63eb0d7dfcec4523b08cc1499c447eb0, State: Running, Role: LEADER
I20260713 09:02:00.364965  6017 consensus_queue.cc:260] T 04733ae56f854c65bfa552b9a1981eda P 63eb0d7dfcec4523b08cc1499c447eb0 [NON_LEADER]: Queue going to NON_LEADER mode. State: All replicated index: 0, Majority replicated index: 1, Committed index: 1, Last appended: 1.1, Last appended by leader: 1, Current term: 1, Majority size: -1, State: 0, Mode: NON_LEADER, active raft config: opid_index: -1 OBSOLETE_local: false peers { permanent_uuid: "13bd0e22a7d0409cbcc47aaee6ada633" member_type: VOTER last_known_addr { host: "127.5.153.129" port: 33089 } } peers { permanent_uuid: "ee43af61c1484a5e8a0f6d44ffd28e7c" member_type: VOTER last_known_addr { host: "127.5.153.130" port: 39859 } } peers { permanent_uuid: "63eb0d7dfcec4523b08cc1499c447eb0" member_type: VOTER last_known_addr { host: "127.5.153.131" port: 41243 } }
I20260713 09:02:00.366052  6017 raft_consensus.cc:3060] T 04733ae56f854c65bfa552b9a1981eda P 63eb0d7dfcec4523b08cc1499c447eb0 [term 1 FOLLOWER]: Advancing to term 2
I20260713 09:02:00.368259  5943 raft_consensus.cc:2468] T 04733ae56f854c65bfa552b9a1981eda P ee43af61c1484a5e8a0f6d44ffd28e7c [term 2 FOLLOWER]: Leader election vote request: Granting yes vote for candidate 13bd0e22a7d0409cbcc47aaee6ada633 in term 2.
I20260713 09:02:00.369212  5834 leader_election.cc:304] T 04733ae56f854c65bfa552b9a1981eda P 13bd0e22a7d0409cbcc47aaee6ada633 [CANDIDATE]: Term 2 election: Election decided. Result: candidate won. Election summary: received 2 responses out of 3 voters: 2 yes votes; 0 no votes. yes voters: 13bd0e22a7d0409cbcc47aaee6ada633, ee43af61c1484a5e8a0f6d44ffd28e7c; no voters: 
I20260713 09:02:00.369927  6067 raft_consensus.cc:2804] T 04733ae56f854c65bfa552b9a1981eda P 13bd0e22a7d0409cbcc47aaee6ada633 [term 2 FOLLOWER]: Leader election won for term 2
