I20260713 09:02:21.368220 12639 raft_consensus.cc:2955] T 102f426e53ac425a88b1ed6ba507bed2 P 2add1a6d561441109d13cf39051b68c7 [term 1 FOLLOWER]: Committing config change with OpId 1.3: config changed from index 2 to 3, 2add1a6d561441109d13cf39051b68c7 (127.10.220.132) changed from NON_VOTER to VOTER. New config: { opid_index: 3 OBSOLETE_local: false peers { permanent_uuid: "8aeae6a2662349128be58b4753d05c5e" member_type: VOTER last_known_addr { host: "127.10.220.129" port: 42337 } attrs { replace: true } } peers { permanent_uuid: "08bdb00d6b604803a1a4776be019972d" member_type: VOTER last_known_addr { host: "127.10.220.130" port: 41343 } } peers { permanent_uuid: "41309c2638554fccbbf8ec6e13f12479" member_type: VOTER last_known_addr { host: "127.10.220.131" port: 35643 } } peers { permanent_uuid: "2add1a6d561441109d13cf39051b68c7" member_type: VOTER last_known_addr { host: "127.10.220.132" port: 44197 } attrs { promote: false } } }
I20260713 09:02:21.381462 12378 raft_consensus.cc:2955] T 102f426e53ac425a88b1ed6ba507bed2 P 41309c2638554fccbbf8ec6e13f12479 [term 1 FOLLOWER]: Committing config change with OpId 1.3: config changed from index 2 to 3, 2add1a6d561441109d13cf39051b68c7 (127.10.220.132) changed from NON_VOTER to VOTER. New config: { opid_index: 3 OBSOLETE_local: false peers { permanent_uuid: "8aeae6a2662349128be58b4753d05c5e" member_type: VOTER last_known_addr { host: "127.10.220.129" port: 42337 } attrs { replace: true } } peers { permanent_uuid: "08bdb00d6b604803a1a4776be019972d" member_type: VOTER last_known_addr { host: "127.10.220.130" port: 41343 } } peers { permanent_uuid: "41309c2638554fccbbf8ec6e13f12479" member_type: VOTER last_known_addr { host: "127.10.220.131" port: 35643 } } peers { permanent_uuid: "2add1a6d561441109d13cf39051b68c7" member_type: VOTER last_known_addr { host: "127.10.220.132" port: 44197 } attrs { promote: false } } }
I20260713 09:02:21.404338 12227 raft_consensus.cc:2955] T 102f426e53ac425a88b1ed6ba507bed2 P 8aeae6a2662349128be58b4753d05c5e [term 1 FOLLOWER]: Committing config change with OpId 1.3: config changed from index 2 to 3, 2add1a6d561441109d13cf39051b68c7 (127.10.220.132) changed from NON_VOTER to VOTER. New config: { opid_index: 3 OBSOLETE_local: false peers { permanent_uuid: "8aeae6a2662349128be58b4753d05c5e" member_type: VOTER last_known_addr { host: "127.10.220.129" port: 42337 } attrs { replace: true } } peers { permanent_uuid: "08bdb00d6b604803a1a4776be019972d" member_type: VOTER last_known_addr { host: "127.10.220.130" port: 41343 } } peers { permanent_uuid: "41309c2638554fccbbf8ec6e13f12479" member_type: VOTER last_known_addr { host: "127.10.220.131" port: 35643 } } peers { permanent_uuid: "2add1a6d561441109d13cf39051b68c7" member_type: VOTER last_known_addr { host: "127.10.220.132" port: 44197 } attrs { promote: false } } }
I20260713 09:02:21.406200 12376 raft_consensus.cc:1275] T c9e344cdb44d426390b83115df74d3e3 P 41309c2638554fccbbf8ec6e13f12479 [term 1 FOLLOWER]: Refusing update from remote peer 8aeae6a2662349128be58b4753d05c5e: Log matching property violated. Preceding OpId in replica: term: 1 index: 2. Preceding OpId from leader: term: 1 index: 3. (index mismatch)
I20260713 09:02:21.407630 12640 raft_consensus.cc:1275] T c9e344cdb44d426390b83115df74d3e3 P 2add1a6d561441109d13cf39051b68c7 [term 1 LEARNER]: Refusing update from remote peer 8aeae6a2662349128be58b4753d05c5e: Log matching property violated. Preceding OpId in replica: term: 1 index: 2. Preceding OpId from leader: term: 1 index: 3. (index mismatch)
I20260713 09:02:21.408740 12711 consensus_queue.cc:1048] T c9e344cdb44d426390b83115df74d3e3 P 8aeae6a2662349128be58b4753d05c5e [LEADER]: Connected to new peer: Peer: permanent_uuid: "41309c2638554fccbbf8ec6e13f12479" member_type: VOTER last_known_addr { host: "127.10.220.131" port: 35643 }, Status: LMP_MISMATCH, Last received: 0.0, Next index: 3, Last known committed idx: 2, Time since last communication: 0.000s
I20260713 09:02:21.409982 12460 consensus_queue.cc:1048] T c9e344cdb44d426390b83115df74d3e3 P 8aeae6a2662349128be58b4753d05c5e [LEADER]: Connected to new peer: Peer: permanent_uuid: "2add1a6d561441109d13cf39051b68c7" member_type: VOTER last_known_addr { host: "127.10.220.132" port: 44197 } attrs { promote: false }, Status: LMP_MISMATCH, Last received: 0.0, Next index: 3, Last known committed idx: 2, Time since last communication: 0.000s
I20260713 09:02:21.415143 12302 raft_consensus.cc:1275] T c9e344cdb44d426390b83115df74d3e3 P 08bdb00d6b604803a1a4776be019972d [term 1 FOLLOWER]: Refusing update from remote peer 8aeae6a2662349128be58b4753d05c5e: Log matching property violated. Preceding OpId in replica: term: 1 index: 2. Preceding OpId from leader: term: 1 index: 3. (index mismatch)
I20260713 09:02:21.417672 12711 consensus_queue.cc:1048] T c9e344cdb44d426390b83115df74d3e3 P 8aeae6a2662349128be58b4753d05c5e [LEADER]: Connected to new peer: Peer: permanent_uuid: "08bdb00d6b604803a1a4776be019972d" member_type: VOTER last_known_addr { host: "127.10.220.130" port: 41343 } attrs { replace: true }, Status: LMP_MISMATCH, Last received: 0.0, Next index: 3, Last known committed idx: 2, Time since last communication: 0.000s
I20260713 09:02:21.463791 12722 raft_consensus.cc:1064] T c4bad497ed324bcda09daf87ab09fa9c P 41309c2638554fccbbf8ec6e13f12479: attempting to promote NON_VOTER 2add1a6d561441109d13cf39051b68c7 to VOTER
I20260713 09:02:21.469069 12722 consensus_queue.cc:237] T c4bad497ed324bcda09daf87ab09fa9c P 41309c2638554fccbbf8ec6e13f12479 [LEADER]: Queue going to LEADER mode. State: All replicated index: 0, Majority replicated index: 2, Committed index: 2, Last appended: 1.2, Last appended by leader: 0, Current term: 1, Majority size: 3, State: 0, Mode: LEADER, active raft config: opid_index: 3 OBSOLETE_local: false peers { permanent_uuid: "8aeae6a2662349128be58b4753d05c5e" member_type: VOTER last_known_addr { host: "127.10.220.129" port: 42337 } attrs { replace: true } } peers { permanent_uuid: "08bdb00d6b604803a1a4776be019972d" member_type: VOTER last_known_addr { host: "127.10.220.130" port: 41343 } } peers { permanent_uuid: "41309c2638554fccbbf8ec6e13f12479" member_type: VOTER last_known_addr { host: "127.10.220.131" port: 35643 } } peers { permanent_uuid: "2add1a6d561441109d13cf39051b68c7" member_type: VOTER last_known_addr { host: "127.10.220.132" port: 44197 } attrs { promote: false } }
I20260713 09:02:21.486694 12639 raft_consensus.cc:1275] T c4bad497ed324bcda09daf87ab09fa9c P 2add1a6d561441109d13cf39051b68c7 [term 1 LEARNER]: Refusing update from remote peer 41309c2638554fccbbf8ec6e13f12479: Log matching property violated. Preceding OpId in replica: term: 1 index: 2. Preceding OpId from leader: term: 1 index: 3. (index mismatch)
I20260713 09:02:21.488477 12726 consensus_queue.cc:1048] T c4bad497ed324bcda09daf87ab09fa9c P 41309c2638554fccbbf8ec6e13f12479 [LEADER]: Connected to new peer: Peer: permanent_uuid: "2add1a6d561441109d13cf39051b68c7" member_type: VOTER last_known_addr { host: "127.10.220.132" port: 44197 } attrs { promote: false }, Status: LMP_MISMATCH, Last received: 0.0, Next index: 3, Last known committed idx: 2, Time since last communication: 0.001s
I20260713 09:02:21.495947 12304 raft_consensus.cc:1275] T c4bad497ed324bcda09daf87ab09fa9c P 08bdb00d6b604803a1a4776be019972d [term 1 FOLLOWER]: Refusing update from remote peer 41309c2638554fccbbf8ec6e13f12479: Log matching property violated. Preceding OpId in replica: term: 1 index: 2. Preceding OpId from leader: term: 1 index: 3. (index mismatch)
I20260713 09:02:21.499949 12721 consensus_queue.cc:1048] T c4bad497ed324bcda09daf87ab09fa9c P 41309c2638554fccbbf8ec6e13f12479 [LEADER]: Connected to new peer: Peer: permanent_uuid: "08bdb00d6b604803a1a4776be019972d" member_type: VOTER last_known_addr { host: "127.10.220.130" port: 41343 }, Status: LMP_MISMATCH, Last received: 0.0, Next index: 3, Last known committed idx: 2, Time since last communication: 0.002s
I20260713 09:02:21.503036 12227 raft_consensus.cc:1275] T c4bad497ed324bcda09daf87ab09fa9c P 8aeae6a2662349128be58b4753d05c5e [term 1 FOLLOWER]: Refusing update from remote peer 41309c2638554fccbbf8ec6e13f12479: Log matching property violated. Preceding OpId in replica: term: 1 index: 2. Preceding OpId from leader: term: 1 index: 3. (index mismatch)
I20260713 09:02:21.505211 12721 consensus_queue.cc:1048] T c4bad497ed324bcda09daf87ab09fa9c P 41309c2638554fccbbf8ec6e13f12479 [LEADER]: Connected to new peer: Peer: permanent_uuid: "8aeae6a2662349128be58b4753d05c5e" member_type: VOTER last_known_addr { host: "127.10.220.129" port: 42337 } attrs { replace: true }, Status: LMP_MISMATCH, Last received: 0.0, Next index: 3, Last known committed idx: 2, Time since last communication: 0.000s
I20260713 09:02:21.513252 12707 raft_consensus.cc:2955] T c9e344cdb44d426390b83115df74d3e3 P 8aeae6a2662349128be58b4753d05c5e [term 1 LEADER]: Committing config change with OpId 1.3: config changed from index 2 to 3, 2add1a6d561441109d13cf39051b68c7 (127.10.220.132) changed from NON_VOTER to VOTER. New config: { opid_index: 3 OBSOLETE_local: false peers { permanent_uuid: "8aeae6a2662349128be58b4753d05c5e" member_type: VOTER last_known_addr { host: "127.10.220.129" port: 42337 } } peers { permanent_uuid: "08bdb00d6b604803a1a4776be019972d" member_type: VOTER last_known_addr { host: "127.10.220.130" port: 41343 } attrs { replace: true } } peers { permanent_uuid: "41309c2638554fccbbf8ec6e13f12479" member_type: VOTER last_known_addr { host: "127.10.220.131" port: 35643 } } peers { permanent_uuid: "2add1a6d561441109d13cf39051b68c7" member_type: VOTER last_known_addr { host: "127.10.220.132" port: 44197 } attrs { promote: false } } }
I20260713 09:02:21.519766 12639 raft_consensus.cc:2955] T c9e344cdb44d426390b83115df74d3e3 P 2add1a6d561441109d13cf39051b68c7 [term 1 FOLLOWER]: Committing config change with OpId 1.3: config changed from index 2 to 3, 2add1a6d561441109d13cf39051b68c7 (127.10.220.132) changed from NON_VOTER to VOTER. New config: { opid_index: 3 OBSOLETE_local: false peers { permanent_uuid: "8aeae6a2662349128be58b4753d05c5e" member_type: VOTER last_known_addr { host: "127.10.220.129" port: 42337 } } peers { permanent_uuid: "08bdb00d6b604803a1a4776be019972d" member_type: VOTER last_known_addr { host: "127.10.220.130" port: 41343 } attrs { replace: true } } peers { permanent_uuid: "41309c2638554fccbbf8ec6e13f12479" member_type: VOTER last_known_addr { host: "127.10.220.131" port: 35643 } } peers { permanent_uuid: "2add1a6d561441109d13cf39051b68c7" member_type: VOTER last_known_addr { host: "127.10.220.132" port: 44197 } attrs { promote: false } } }
I20260713 09:02:21.524958 12302 raft_consensus.cc:2955] T c9e344cdb44d426390b83115df74d3e3 P 08bdb00d6b604803a1a4776be019972d [term 1 FOLLOWER]: Committing config change with OpId 1.3: config changed from index 2 to 3, 2add1a6d561441109d13cf39051b68c7 (127.10.220.132) changed from NON_VOTER to VOTER. New config: { opid_index: 3 OBSOLETE_local: false peers { permanent_uuid: "8aeae6a2662349128be58b4753d05c5e" member_type: VOTER last_known_addr { host: "127.10.220.129" port: 42337 } } peers { permanent_uuid: "08bdb00d6b604803a1a4776be019972d" member_type: VOTER last_known_addr { host: "127.10.220.130" port: 41343 } attrs { replace: true } } peers { permanent_uuid: "41309c2638554fccbbf8ec6e13f12479" member_type: VOTER last_known_addr { host: "127.10.220.131" port: 35643 } } peers { permanent_uuid: "2add1a6d561441109d13cf39051b68c7" member_type: VOTER last_known_addr { host: "127.10.220.132" port: 44197 } attrs { promote: false } } }
I20260713 09:02:21.535063 12377 raft_consensus.cc:2955] T c9e344cdb44d426390b83115df74d3e3 P 41309c2638554fccbbf8ec6e13f12479 [term 1 FOLLOWER]: Committing config change with OpId 1.3: config changed from index 2 to 3, 2add1a6d561441109d13cf39051b68c7 (127.10.220.132) changed from NON_VOTER to VOTER. New config: { opid_index: 3 OBSOLETE_local: false peers { permanent_uuid: "8aeae6a2662349128be58b4753d05c5e" member_type: VOTER last_known_addr { host: "127.10.220.129" port: 42337 } } peers { permanent_uuid: "08bdb00d6b604803a1a4776be019972d" member_type: VOTER last_known_addr { host: "127.10.220.130" port: 41343 } attrs { replace: true } } peers { permanent_uuid: "41309c2638554fccbbf8ec6e13f12479" member_type: VOTER last_known_addr { host: "127.10.220.131" port: 35643 } } peers { permanent_uuid: "2add1a6d561441109d13cf39051b68c7" member_type: VOTER last_known_addr { host: "127.10.220.132" port: 44197 } attrs { promote: false } } }
I20260713 09:02:21.539309 12726 raft_consensus.cc:2955] T c4bad497ed324bcda09daf87ab09fa9c P 41309c2638554fccbbf8ec6e13f12479 [term 1 LEADER]: Committing config change with OpId 1.3: config changed from index 2 to 3, 2add1a6d561441109d13cf39051b68c7 (127.10.220.132) changed from NON_VOTER to VOTER. New config: { opid_index: 3 OBSOLETE_local: false peers { permanent_uuid: "8aeae6a2662349128be58b4753d05c5e" member_type: VOTER last_known_addr { host: "127.10.220.129" port: 42337 } attrs { replace: true } } peers { permanent_uuid: "08bdb00d6b604803a1a4776be019972d" member_type: VOTER last_known_addr { host: "127.10.220.130" port: 41343 } } peers { permanent_uuid: "41309c2638554fccbbf8ec6e13f12479" member_type: VOTER last_known_addr { host: "127.10.220.131" port: 35643 } } peers { permanent_uuid: "2add1a6d561441109d13cf39051b68c7" member_type: VOTER last_known_addr { host: "127.10.220.132" port: 44197 } attrs { promote: false } } }
I20260713 09:02:21.540892 12229 raft_consensus.cc:2955] T c4bad497ed324bcda09daf87ab09fa9c P 8aeae6a2662349128be58b4753d05c5e [term 1 FOLLOWER]: Committing config change with OpId 1.3: config changed from index 2 to 3, 2add1a6d561441109d13cf39051b68c7 (127.10.220.132) changed from NON_VOTER to VOTER. New config: { opid_index: 3 OBSOLETE_local: false peers { permanent_uuid: "8aeae6a2662349128be58b4753d05c5e" member_type: VOTER last_known_addr { host: "127.10.220.129" port: 42337 } attrs { replace: true } } peers { permanent_uuid: "08bdb00d6b604803a1a4776be019972d" member_type: VOTER last_known_addr { host: "127.10.220.130" port: 41343 } } peers { permanent_uuid: "41309c2638554fccbbf8ec6e13f12479" member_type: VOTER last_known_addr { host: "127.10.220.131" port: 35643 } } peers { permanent_uuid: "2add1a6d561441109d13cf39051b68c7" member_type: VOTER last_known_addr { host: "127.10.220.132" port: 44197 } attrs { promote: false } } }
I20260713 09:02:21.551370 12640 raft_consensus.cc:2955] T c4bad497ed324bcda09daf87ab09fa9c P 2add1a6d561441109d13cf39051b68c7 [term 1 FOLLOWER]: Committing config change with OpId 1.3: config changed from index 2 to 3, 2add1a6d561441109d13cf39051b68c7 (127.10.220.132) changed from NON_VOTER to VOTER. New config: { opid_index: 3 OBSOLETE_local: false peers { permanent_uuid: "8aeae6a2662349128be58b4753d05c5e" member_type: VOTER last_known_addr { host: "127.10.220.129" port: 42337 } attrs { replace: true } } peers { permanent_uuid: "08bdb00d6b604803a1a4776be019972d" member_type: VOTER last_known_addr { host: "127.10.220.130" port: 41343 } } peers { permanent_uuid: "41309c2638554fccbbf8ec6e13f12479" member_type: VOTER last_known_addr { host: "127.10.220.131" port: 35643 } } peers { permanent_uuid: "2add1a6d561441109d13cf39051b68c7" member_type: VOTER last_known_addr { host: "127.10.220.132" port: 44197 } attrs { promote: false } } }
I20260713 09:02:21.577040 12124 catalog_manager.cc:5697] T 102f426e53ac425a88b1ed6ba507bed2 P 41309c2638554fccbbf8ec6e13f12479 reported cstate change: config changed from index 2 to 3, 2add1a6d561441109d13cf39051b68c7 (127.10.220.132) changed from NON_VOTER to VOTER. New cstate: current_term: 1 leader_uuid: "08bdb00d6b604803a1a4776be019972d" committed_config { opid_index: 3 OBSOLETE_local: false peers { permanent_uuid: "8aeae6a2662349128be58b4753d05c5e" member_type: VOTER last_known_addr { host: "127.10.220.129" port: 42337 } attrs { replace: true } } peers { permanent_uuid: "08bdb00d6b604803a1a4776be019972d" member_type: VOTER last_known_addr { host: "127.10.220.130" port: 41343 } } peers { permanent_uuid: "41309c2638554fccbbf8ec6e13f12479" member_type: VOTER last_known_addr { host: "127.10.220.131" port: 35643 } } peers { permanent_uuid: "2add1a6d561441109d13cf39051b68c7" member_type: VOTER last_known_addr { host: "127.10.220.132" port: 44197 } attrs { promote: false } } }
I20260713 09:02:21.577397 12229 consensus_queue.cc:237] T 91b807f3a91e4286ba63706ccba38fe9 P 8aeae6a2662349128be58b4753d05c5e [LEADER]: Queue going to LEADER mode. State: All replicated index: 0, Majority replicated index: 3, Committed index: 3, Last appended: 1.3, Last appended by leader: 0, Current term: 1, Majority size: 2, State: 0, Mode: LEADER, active raft config: opid_index: 4 OBSOLETE_local: false peers { permanent_uuid: "8aeae6a2662349128be58b4753d05c5e" member_type: VOTER last_known_addr { host: "127.10.220.129" port: 42337 } } peers { permanent_uuid: "08bdb00d6b604803a1a4776be019972d" member_type: VOTER last_known_addr { host: "127.10.220.130" port: 41343 } } peers { permanent_uuid: "2add1a6d561441109d13cf39051b68c7" member_type: VOTER last_known_addr { host: "127.10.220.132" port: 44197 } attrs { promote: false } }
I20260713 09:02:21.591634 12302 raft_consensus.cc:1275] T 91b807f3a91e4286ba63706ccba38fe9 P 08bdb00d6b604803a1a4776be019972d [term 1 FOLLOWER]: Refusing update from remote peer 8aeae6a2662349128be58b4753d05c5e: Log matching property violated. Preceding OpId in replica: term: 1 index: 3. Preceding OpId from leader: term: 1 index: 4. (index mismatch)
I20260713 09:02:21.591744 12304 raft_consensus.cc:2955] T c4bad497ed324bcda09daf87ab09fa9c P 08bdb00d6b604803a1a4776be019972d [term 1 FOLLOWER]: Committing config change with OpId 1.3: config changed from index 2 to 3, 2add1a6d561441109d13cf39051b68c7 (127.10.220.132) changed from NON_VOTER to VOTER. New config: { opid_index: 3 OBSOLETE_local: false peers { permanent_uuid: "8aeae6a2662349128be58b4753d05c5e" member_type: VOTER last_known_addr { host: "127.10.220.129" port: 42337 } attrs { replace: true } } peers { permanent_uuid: "08bdb00d6b604803a1a4776be019972d" member_type: VOTER last_known_addr { host: "127.10.220.130" port: 41343 } } peers { permanent_uuid: "41309c2638554fccbbf8ec6e13f12479" member_type: VOTER last_known_addr { host: "127.10.220.131" port: 35643 } } peers { permanent_uuid: "2add1a6d561441109d13cf39051b68c7" member_type: VOTER last_known_addr { host: "127.10.220.132" port: 44197 } attrs { promote: false } } }
I20260713 09:02:21.593303 12725 consensus_queue.cc:1048] T 91b807f3a91e4286ba63706ccba38fe9 P 8aeae6a2662349128be58b4753d05c5e [LEADER]: Connected to new peer: Peer: permanent_uuid: "08bdb00d6b604803a1a4776be019972d" member_type: VOTER last_known_addr { host: "127.10.220.130" port: 41343 }, Status: LMP_MISMATCH, Last received: 0.0, Next index: 4, Last known committed idx: 3, Time since last communication: 0.001s
I20260713 09:02:21.601665 12640 raft_consensus.cc:1275] T 91b807f3a91e4286ba63706ccba38fe9 P 2add1a6d561441109d13cf39051b68c7 [term 1 FOLLOWER]: Refusing update from remote peer 8aeae6a2662349128be58b4753d05c5e: Log matching property violated. Preceding OpId in replica: term: 1 index: 3. Preceding OpId from leader: term: 1 index: 4. (index mismatch)
I20260713 09:02:21.601131 12725 raft_consensus.cc:2955] T 91b807f3a91e4286ba63706ccba38fe9 P 8aeae6a2662349128be58b4753d05c5e [term 1 LEADER]: Committing config change with OpId 1.4: config changed from index 3 to 4, VOTER 41309c2638554fccbbf8ec6e13f12479 (127.10.220.131) evicted. New config: { opid_index: 4 OBSOLETE_local: false peers { permanent_uuid: "8aeae6a2662349128be58b4753d05c5e" member_type: VOTER last_known_addr { host: "127.10.220.129" port: 42337 } } peers { permanent_uuid: "08bdb00d6b604803a1a4776be019972d" member_type: VOTER last_known_addr { host: "127.10.220.130" port: 41343 } } peers { permanent_uuid: "2add1a6d561441109d13cf39051b68c7" member_type: VOTER last_known_addr { host: "127.10.220.132" port: 44197 } attrs { promote: false } } }
I20260713 09:02:21.601972 12126 catalog_manager.cc:5697] T c9e344cdb44d426390b83115df74d3e3 P 2add1a6d561441109d13cf39051b68c7 reported cstate change: config changed from index 2 to 3, 2add1a6d561441109d13cf39051b68c7 (127.10.220.132) changed from NON_VOTER to VOTER. New cstate: current_term: 1 leader_uuid: "8aeae6a2662349128be58b4753d05c5e" committed_config { opid_index: 3 OBSOLETE_local: false peers { permanent_uuid: "8aeae6a2662349128be58b4753d05c5e" member_type: VOTER last_known_addr { host: "127.10.220.129" port: 42337 } } peers { permanent_uuid: "08bdb00d6b604803a1a4776be019972d" member_type: VOTER last_known_addr { host: "127.10.220.130" port: 41343 } attrs { replace: true } } peers { permanent_uuid: "41309c2638554fccbbf8ec6e13f12479" member_type: VOTER last_known_addr { host: "127.10.220.131" port: 35643 } } peers { permanent_uuid: "2add1a6d561441109d13cf39051b68c7" member_type: VOTER last_known_addr { host: "127.10.220.132" port: 44197 } attrs { promote: false } } }
I20260713 09:02:21.604560 12460 consensus_queue.cc:1048] T 91b807f3a91e4286ba63706ccba38fe9 P 8aeae6a2662349128be58b4753d05c5e [LEADER]: Connected to new peer: Peer: permanent_uuid: "2add1a6d561441109d13cf39051b68c7" member_type: VOTER last_known_addr { host: "127.10.220.132" port: 44197 } attrs { promote: false }, Status: LMP_MISMATCH, Last received: 0.0, Next index: 4, Last known committed idx: 3, Time since last communication: 0.000s
I20260713 09:02:21.607472 12304 raft_consensus.cc:2955] T 91b807f3a91e4286ba63706ccba38fe9 P 08bdb00d6b604803a1a4776be019972d [term 1 FOLLOWER]: Committing config change with OpId 1.4: config changed from index 3 to 4, VOTER 41309c2638554fccbbf8ec6e13f12479 (127.10.220.131) evicted. New config: { opid_index: 4 OBSOLETE_local: false peers { permanent_uuid: "8aeae6a2662349128be58b4753d05c5e" member_type: VOTER last_known_addr { host: "127.10.220.129" port: 42337 } } peers { permanent_uuid: "08bdb00d6b604803a1a4776be019972d" member_type: VOTER last_known_addr { host: "127.10.220.130" port: 41343 } } peers { permanent_uuid: "2add1a6d561441109d13cf39051b68c7" member_type: VOTER last_known_addr { host: "127.10.220.132" port: 44197 } attrs { promote: false } } }
I20260713 09:02:21.609882 12640 raft_consensus.cc:2955] T 91b807f3a91e4286ba63706ccba38fe9 P 2add1a6d561441109d13cf39051b68c7 [term 1 FOLLOWER]: Committing config change with OpId 1.4: config changed from index 3 to 4, VOTER 41309c2638554fccbbf8ec6e13f12479 (127.10.220.131) evicted. New config: { opid_index: 4 OBSOLETE_local: false peers { permanent_uuid: "8aeae6a2662349128be58b4753d05c5e" member_type: VOTER last_known_addr { host: "127.10.220.129" port: 42337 } } peers { permanent_uuid: "08bdb00d6b604803a1a4776be019972d" member_type: VOTER last_known_addr { host: "127.10.220.130" port: 41343 } } peers { permanent_uuid: "2add1a6d561441109d13cf39051b68c7" member_type: VOTER last_known_addr { host: "127.10.220.132" port: 44197 } attrs { promote: false } } }
I20260713 09:02:21.619215 12127 catalog_manager.cc:5697] T c4bad497ed324bcda09daf87ab09fa9c P 8aeae6a2662349128be58b4753d05c5e reported cstate change: config changed from index 2 to 3, 2add1a6d561441109d13cf39051b68c7 (127.10.220.132) changed from NON_VOTER to VOTER. New cstate: current_term: 1 leader_uuid: "41309c2638554fccbbf8ec6e13f12479" committed_config { opid_index: 3 OBSOLETE_local: false peers { permanent_uuid: "8aeae6a2662349128be58b4753d05c5e" member_type: VOTER last_known_addr { host: "127.10.220.129" port: 42337 } attrs { replace: true } } peers { permanent_uuid: "08bdb00d6b604803a1a4776be019972d" member_type: VOTER last_known_addr { host: "127.10.220.130" port: 41343 } } peers { permanent_uuid: "41309c2638554fccbbf8ec6e13f12479" member_type: VOTER last_known_addr { host: "127.10.220.131" port: 35643 } } peers { permanent_uuid: "2add1a6d561441109d13cf39051b68c7" member_type: VOTER last_known_addr { host: "127.10.220.132" port: 44197 } attrs { promote: false } } }
I20260713 09:02:21.622321 12111 catalog_manager.cc:5210] ChangeConfig:REMOVE_PEER RPC for tablet 91b807f3a91e4286ba63706ccba38fe9 with cas_config_opid_index 3: ChangeConfig:REMOVE_PEER succeeded (attempt 1)
I20260713 09:02:21.634064 12229 consensus_queue.cc:237] T c9e344cdb44d426390b83115df74d3e3 P 8aeae6a2662349128be58b4753d05c5e [LEADER]: Queue going to LEADER mode. State: All replicated index: 0, Majority replicated index: 3, Committed index: 3, Last appended: 1.3, Last appended by leader: 0, Current term: 1, Majority size: 2, State: 0, Mode: LEADER, active raft config: opid_index: 4 OBSOLETE_local: false peers { permanent_uuid: "8aeae6a2662349128be58b4753d05c5e" member_type: VOTER last_known_addr { host: "127.10.220.129" port: 42337 } } peers { permanent_uuid: "41309c2638554fccbbf8ec6e13f12479" member_type: VOTER last_known_addr { host: "127.10.220.131" port: 35643 } } peers { permanent_uuid: "2add1a6d561441109d13cf39051b68c7" member_type: VOTER last_known_addr { host: "127.10.220.132" port: 44197 } attrs { promote: false } }
I20260713 09:02:21.639540 12304 consensus_queue.cc:237] T 102f426e53ac425a88b1ed6ba507bed2 P 08bdb00d6b604803a1a4776be019972d [LEADER]: Queue going to LEADER mode. State: All replicated index: 0, Majority replicated index: 3, Committed index: 3, Last appended: 1.3, Last appended by leader: 0, Current term: 1, Majority size: 2, State: 0, Mode: LEADER, active raft config: opid_index: 4 OBSOLETE_local: false peers { permanent_uuid: "08bdb00d6b604803a1a4776be019972d" member_type: VOTER last_known_addr { host: "127.10.220.130" port: 41343 } } peers { permanent_uuid: "41309c2638554fccbbf8ec6e13f12479" member_type: VOTER last_known_addr { host: "127.10.220.131" port: 35643 } } peers { permanent_uuid: "2add1a6d561441109d13cf39051b68c7" member_type: VOTER last_known_addr { host: "127.10.220.132" port: 44197 } attrs { promote: false } }
I20260713 09:02:21.641940 12377 raft_consensus.cc:1275] T c9e344cdb44d426390b83115df74d3e3 P 41309c2638554fccbbf8ec6e13f12479 [term 1 FOLLOWER]: Refusing update from remote peer 8aeae6a2662349128be58b4753d05c5e: Log matching property violated. Preceding OpId in replica: term: 1 index: 3. Preceding OpId from leader: term: 1 index: 4. (index mismatch)
I20260713 09:02:21.645352 12725 consensus_queue.cc:1048] T c9e344cdb44d426390b83115df74d3e3 P 8aeae6a2662349128be58b4753d05c5e [LEADER]: Connected to new peer: Peer: permanent_uuid: "41309c2638554fccbbf8ec6e13f12479" member_type: VOTER last_known_addr { host: "127.10.220.131" port: 35643 }, Status: LMP_MISMATCH, Last received: 0.0, Next index: 4, Last known committed idx: 3, Time since last communication: 0.000s
I20260713 09:02:21.646842 12639 raft_consensus.cc:1275] T c9e344cdb44d426390b83115df74d3e3 P 2add1a6d561441109d13cf39051b68c7 [term 1 FOLLOWER]: Refusing update from remote peer 8aeae6a2662349128be58b4753d05c5e: Log matching property violated. Preceding OpId in replica: term: 1 index: 3. Preceding OpId from leader: term: 1 index: 4. (index mismatch)
I20260713 09:02:21.647781 12640 raft_consensus.cc:1275] T 102f426e53ac425a88b1ed6ba507bed2 P 2add1a6d561441109d13cf39051b68c7 [term 1 FOLLOWER]: Refusing update from remote peer 08bdb00d6b604803a1a4776be019972d: Log matching property violated. Preceding OpId in replica: term: 1 index: 3. Preceding OpId from leader: term: 1 index: 4. (index mismatch)
I20260713 09:02:21.649353 12534 consensus_queue.cc:1048] T 102f426e53ac425a88b1ed6ba507bed2 P 08bdb00d6b604803a1a4776be019972d [LEADER]: Connected to new peer: Peer: permanent_uuid: "2add1a6d561441109d13cf39051b68c7" member_type: VOTER last_known_addr { host: "127.10.220.132" port: 44197 } attrs { promote: false }, Status: LMP_MISMATCH, Last received: 0.0, Next index: 4, Last known committed idx: 3, Time since last communication: 0.000s
I20260713 09:02:21.651650 12707 consensus_queue.cc:1048] T c9e344cdb44d426390b83115df74d3e3 P 8aeae6a2662349128be58b4753d05c5e [LEADER]: Connected to new peer: Peer: permanent_uuid: "2add1a6d561441109d13cf39051b68c7" member_type: VOTER last_known_addr { host: "127.10.220.132" port: 44197 } attrs { promote: false }, Status: LMP_MISMATCH, Last received: 0.0, Next index: 4, Last known committed idx: 3, Time since last communication: 0.000s
I20260713 09:02:21.653882 12460 raft_consensus.cc:2955] T c9e344cdb44d426390b83115df74d3e3 P 8aeae6a2662349128be58b4753d05c5e [term 1 LEADER]: Committing config change with OpId 1.4: config changed from index 3 to 4, VOTER 08bdb00d6b604803a1a4776be019972d (127.10.220.130) evicted. New config: { opid_index: 4 OBSOLETE_local: false peers { permanent_uuid: "8aeae6a2662349128be58b4753d05c5e" member_type: VOTER last_known_addr { host: "127.10.220.129" port: 42337 } } peers { permanent_uuid: "41309c2638554fccbbf8ec6e13f12479" member_type: VOTER last_known_addr { host: "127.10.220.131" port: 35643 } } peers { permanent_uuid: "2add1a6d561441109d13cf39051b68c7" member_type: VOTER last_known_addr { host: "127.10.220.132" port: 44197 } attrs { promote: false } } }
I20260713 09:02:21.654202 12126 catalog_manager.cc:5697] T 91b807f3a91e4286ba63706ccba38fe9 P 2add1a6d561441109d13cf39051b68c7 reported cstate change: config changed from index 3 to 4, VOTER 41309c2638554fccbbf8ec6e13f12479 (127.10.220.131) evicted. New cstate: current_term: 1 leader_uuid: "8aeae6a2662349128be58b4753d05c5e" committed_config { opid_index: 4 OBSOLETE_local: false peers { permanent_uuid: "8aeae6a2662349128be58b4753d05c5e" member_type: VOTER last_known_addr { host: "127.10.220.129" port: 42337 } } peers { permanent_uuid: "08bdb00d6b604803a1a4776be019972d" member_type: VOTER last_known_addr { host: "127.10.220.130" port: 41343 } } peers { permanent_uuid: "2add1a6d561441109d13cf39051b68c7" member_type: VOTER last_known_addr { host: "127.10.220.132" port: 44197 } attrs { promote: false } } }
I20260713 09:02:21.655521 12377 raft_consensus.cc:2955] T c9e344cdb44d426390b83115df74d3e3 P 41309c2638554fccbbf8ec6e13f12479 [term 1 FOLLOWER]: Committing config change with OpId 1.4: config changed from index 3 to 4, VOTER 08bdb00d6b604803a1a4776be019972d (127.10.220.130) evicted. New config: { opid_index: 4 OBSOLETE_local: false peers { permanent_uuid: "8aeae6a2662349128be58b4753d05c5e" member_type: VOTER last_known_addr { host: "127.10.220.129" port: 42337 } } peers { permanent_uuid: "41309c2638554fccbbf8ec6e13f12479" member_type: VOTER last_known_addr { host: "127.10.220.131" port: 35643 } } peers { permanent_uuid: "2add1a6d561441109d13cf39051b68c7" member_type: VOTER last_known_addr { host: "127.10.220.132" port: 44197 } attrs { promote: false } } }
I20260713 09:02:21.656606 12376 raft_consensus.cc:1275] T 102f426e53ac425a88b1ed6ba507bed2 P 41309c2638554fccbbf8ec6e13f12479 [term 1 FOLLOWER]: Refusing update from remote peer 08bdb00d6b604803a1a4776be019972d: Log matching property violated. Preceding OpId in replica: term: 1 index: 3. Preceding OpId from leader: term: 1 index: 4. (index mismatch)
I20260713 09:02:21.658159 12534 consensus_queue.cc:1048] T 102f426e53ac425a88b1ed6ba507bed2 P 08bdb00d6b604803a1a4776be019972d [LEADER]: Connected to new peer: Peer: permanent_uuid: "41309c2638554fccbbf8ec6e13f12479" member_type: VOTER last_known_addr { host: "127.10.220.131" port: 35643 }, Status: LMP_MISMATCH, Last received: 0.0, Next index: 4, Last known committed idx: 3, Time since last communication: 0.004s
I20260713 09:02:21.663301 12378 consensus_queue.cc:237] T c4bad497ed324bcda09daf87ab09fa9c P 41309c2638554fccbbf8ec6e13f12479 [LEADER]: Queue going to LEADER mode. State: All replicated index: 0, Majority replicated index: 3, Committed index: 3, Last appended: 1.3, Last appended by leader: 0, Current term: 1, Majority size: 2, State: 0, Mode: LEADER, active raft config: opid_index: 4 OBSOLETE_local: false peers { permanent_uuid: "08bdb00d6b604803a1a4776be019972d" member_type: VOTER last_known_addr { host: "127.10.220.130" port: 41343 } } peers { permanent_uuid: "41309c2638554fccbbf8ec6e13f12479" member_type: VOTER last_known_addr { host: "127.10.220.131" port: 35643 } } peers { permanent_uuid: "2add1a6d561441109d13cf39051b68c7" member_type: VOTER last_known_addr { host: "127.10.220.132" port: 44197 } attrs { promote: false } }
I20260713 09:02:21.663131 12708 raft_consensus.cc:2955] T 102f426e53ac425a88b1ed6ba507bed2 P 08bdb00d6b604803a1a4776be019972d [term 1 LEADER]: Committing config change with OpId 1.4: config changed from index 3 to 4, VOTER 8aeae6a2662349128be58b4753d05c5e (127.10.220.129) evicted. New config: { opid_index: 4 OBSOLETE_local: false peers { permanent_uuid: "08bdb00d6b604803a1a4776be019972d" member_type: VOTER last_known_addr { host: "127.10.220.130" port: 41343 } } peers { permanent_uuid: "41309c2638554fccbbf8ec6e13f12479" member_type: VOTER last_known_addr { host: "127.10.220.131" port: 35643 } } peers { permanent_uuid: "2add1a6d561441109d13cf39051b68c7" member_type: VOTER last_known_addr { host: "127.10.220.132" port: 44197 } attrs { promote: false } } }
I20260713 09:02:21.670213 12639 raft_consensus.cc:2955] T 102f426e53ac425a88b1ed6ba507bed2 P 2add1a6d561441109d13cf39051b68c7 [term 1 FOLLOWER]: Committing config change with OpId 1.4: config changed from index 3 to 4, VOTER 8aeae6a2662349128be58b4753d05c5e (127.10.220.129) evicted. New config: { opid_index: 4 OBSOLETE_local: false peers { permanent_uuid: "08bdb00d6b604803a1a4776be019972d" member_type: VOTER last_known_addr { host: "127.10.220.130" port: 41343 } } peers { permanent_uuid: "41309c2638554fccbbf8ec6e13f12479" member_type: VOTER last_known_addr { host: "127.10.220.131" port: 35643 } } peers { permanent_uuid: "2add1a6d561441109d13cf39051b68c7" member_type: VOTER last_known_addr { host: "127.10.220.132" port: 44197 } attrs { promote: false } } }
I20260713 09:02:21.675109 12638 raft_consensus.cc:1275] T c4bad497ed324bcda09daf87ab09fa9c P 2add1a6d561441109d13cf39051b68c7 [term 1 FOLLOWER]: Refusing update from remote peer 41309c2638554fccbbf8ec6e13f12479: Log matching property violated. Preceding OpId in replica: term: 1 index: 3. Preceding OpId from leader: term: 1 index: 4. (index mismatch)
I20260713 09:02:21.675663 12377 raft_consensus.cc:2955] T 102f426e53ac425a88b1ed6ba507bed2 P 41309c2638554fccbbf8ec6e13f12479 [term 1 FOLLOWER]: Committing config change with OpId 1.4: config changed from index 3 to 4, VOTER 8aeae6a2662349128be58b4753d05c5e (127.10.220.129) evicted. New config: { opid_index: 4 OBSOLETE_local: false peers { permanent_uuid: "08bdb00d6b604803a1a4776be019972d" member_type: VOTER last_known_addr { host: "127.10.220.130" port: 41343 } } peers { permanent_uuid: "41309c2638554fccbbf8ec6e13f12479" member_type: VOTER last_known_addr { host: "127.10.220.131" port: 35643 } } peers { permanent_uuid: "2add1a6d561441109d13cf39051b68c7" member_type: VOTER last_known_addr { host: "127.10.220.132" port: 44197 } attrs { promote: false } } }
I20260713 09:02:21.677223 12726 consensus_queue.cc:1048] T c4bad497ed324bcda09daf87ab09fa9c P 41309c2638554fccbbf8ec6e13f12479 [LEADER]: Connected to new peer: Peer: permanent_uuid: "2add1a6d561441109d13cf39051b68c7" member_type: VOTER last_known_addr { host: "127.10.220.132" port: 44197 } attrs { promote: false }, Status: LMP_MISMATCH, Last received: 0.0, Next index: 4, Last known committed idx: 3, Time since last communication: 0.000s
I20260713 09:02:21.682138 12364 tablet_service.cc:1558] Processing DeleteTablet for tablet 91b807f3a91e4286ba63706ccba38fe9 with delete_type TABLET_DATA_TOMBSTONED (TS 41309c2638554fccbbf8ec6e13f12479 not found in new config with opid_index 4) from {username='slave'} at 127.0.0.1:55474
I20260713 09:02:21.684958 12111 catalog_manager.cc:5210] ChangeConfig:REMOVE_PEER RPC for tablet c9e344cdb44d426390b83115df74d3e3 with cas_config_opid_index 3: ChangeConfig:REMOVE_PEER succeeded (attempt 1)
I20260713 09:02:21.687916 12640 raft_consensus.cc:2955] T c9e344cdb44d426390b83115df74d3e3 P 2add1a6d561441109d13cf39051b68c7 [term 1 FOLLOWER]: Committing config change with OpId 1.4: config changed from index 3 to 4, VOTER 08bdb00d6b604803a1a4776be019972d (127.10.220.130) evicted. New config: { opid_index: 4 OBSOLETE_local: false peers { permanent_uuid: "8aeae6a2662349128be58b4753d05c5e" member_type: VOTER last_known_addr { host: "127.10.220.129" port: 42337 } } peers { permanent_uuid: "41309c2638554fccbbf8ec6e13f12479" member_type: VOTER last_known_addr { host: "127.10.220.131" port: 35643 } } peers { permanent_uuid: "2add1a6d561441109d13cf39051b68c7" member_type: VOTER last_known_addr { host: "127.10.220.132" port: 44197 } attrs { promote: false } } }
I20260713 09:02:21.690738 12722 raft_consensus.cc:2955] T c4bad497ed324bcda09daf87ab09fa9c P 41309c2638554fccbbf8ec6e13f12479 [term 1 LEADER]: Committing config change with OpId 1.4: config changed from index 3 to 4, VOTER 8aeae6a2662349128be58b4753d05c5e (127.10.220.129) evicted. New config: { opid_index: 4 OBSOLETE_local: false peers { permanent_uuid: "08bdb00d6b604803a1a4776be019972d" member_type: VOTER last_known_addr { host: "127.10.220.130" port: 41343 } } peers { permanent_uuid: "41309c2638554fccbbf8ec6e13f12479" member_type: VOTER last_known_addr { host: "127.10.220.131" port: 35643 } } peers { permanent_uuid: "2add1a6d561441109d13cf39051b68c7" member_type: VOTER last_known_addr { host: "127.10.220.132" port: 44197 } attrs { promote: false } } }
I20260713 09:02:21.692727 12638 raft_consensus.cc:2955] T c4bad497ed324bcda09daf87ab09fa9c P 2add1a6d561441109d13cf39051b68c7 [term 1 FOLLOWER]: Committing config change with OpId 1.4: config changed from index 3 to 4, VOTER 8aeae6a2662349128be58b4753d05c5e (127.10.220.129) evicted. New config: { opid_index: 4 OBSOLETE_local: false peers { permanent_uuid: "08bdb00d6b604803a1a4776be019972d" member_type: VOTER last_known_addr { host: "127.10.220.130" port: 41343 } } peers { permanent_uuid: "41309c2638554fccbbf8ec6e13f12479" member_type: VOTER last_known_addr { host: "127.10.220.131" port: 35643 } } peers { permanent_uuid: "2add1a6d561441109d13cf39051b68c7" member_type: VOTER last_known_addr { host: "127.10.220.132" port: 44197 } attrs { promote: false } } }
I20260713 09:02:21.688812 12112 catalog_manager.cc:5210] ChangeConfig:REMOVE_PEER RPC for tablet 102f426e53ac425a88b1ed6ba507bed2 with cas_config_opid_index 3: ChangeConfig:REMOVE_PEER succeeded (attempt 1)
I20260713 09:02:21.699438 12304 raft_consensus.cc:1275] T c4bad497ed324bcda09daf87ab09fa9c P 08bdb00d6b604803a1a4776be019972d [term 1 FOLLOWER]: Refusing update from remote peer 41309c2638554fccbbf8ec6e13f12479: Log matching property violated. Preceding OpId in replica: term: 1 index: 3. Preceding OpId from leader: term: 1 index: 4. (index mismatch)
I20260713 09:02:21.697475 12127 catalog_manager.cc:5697] T 102f426e53ac425a88b1ed6ba507bed2 P 08bdb00d6b604803a1a4776be019972d reported cstate change: config changed from index 3 to 4, VOTER 8aeae6a2662349128be58b4753d05c5e (127.10.220.129) evicted. New cstate: current_term: 1 leader_uuid: "08bdb00d6b604803a1a4776be019972d" committed_config { opid_index: 4 OBSOLETE_local: false peers { permanent_uuid: "08bdb00d6b604803a1a4776be019972d" member_type: VOTER last_known_addr { host: "127.10.220.130" port: 41343 } health_report { overall_health: HEALTHY } } peers { permanent_uuid: "41309c2638554fccbbf8ec6e13f12479" member_type: VOTER last_known_addr { host: "127.10.220.131" port: 35643 } health_report { overall_health: UNKNOWN } } peers { permanent_uuid: "2add1a6d561441109d13cf39051b68c7" member_type: VOTER last_known_addr { host: "127.10.220.132" port: 44197 } attrs { promote: false } health_report { overall_health: HEALTHY } } }
I20260713 09:02:21.700167 12736 tablet_replica.cc:333] T 91b807f3a91e4286ba63706ccba38fe9 P 41309c2638554fccbbf8ec6e13f12479: stopping tablet replica
I20260713 09:02:21.703558 12125 catalog_manager.cc:5697] T c9e344cdb44d426390b83115df74d3e3 P 8aeae6a2662349128be58b4753d05c5e reported cstate change: config changed from index 3 to 4, VOTER 08bdb00d6b604803a1a4776be019972d (127.10.220.130) evicted. New cstate: current_term: 1 leader_uuid: "8aeae6a2662349128be58b4753d05c5e" committed_config { opid_index: 4 OBSOLETE_local: false peers { permanent_uuid: "8aeae6a2662349128be58b4753d05c5e" member_type: VOTER last_known_addr { host: "127.10.220.129" port: 42337 } health_report { overall_health: HEALTHY } } peers { permanent_uuid: "41309c2638554fccbbf8ec6e13f12479" member_type: VOTER last_known_addr { host: "127.10.220.131" port: 35643 } health_report { overall_health: HEALTHY } } peers { permanent_uuid: "2add1a6d561441109d13cf39051b68c7" member_type: VOTER last_known_addr { host: "127.10.220.132" port: 44197 } attrs { promote: false } health_report { overall_health: HEALTHY } } }
I20260713 09:02:21.704291 12736 raft_consensus.cc:2243] T 91b807f3a91e4286ba63706ccba38fe9 P 41309c2638554fccbbf8ec6e13f12479 [term 1 FOLLOWER]: Raft consensus shutting down.
I20260713 09:02:21.711917 12736 raft_consensus.cc:2272] T 91b807f3a91e4286ba63706ccba38fe9 P 41309c2638554fccbbf8ec6e13f12479 [term 1 FOLLOWER]: Raft consensus is shut down!
I20260713 09:02:21.704756 12721 consensus_queue.cc:1048] T c4bad497ed324bcda09daf87ab09fa9c P 41309c2638554fccbbf8ec6e13f12479 [LEADER]: Connected to new peer: Peer: permanent_uuid: "08bdb00d6b604803a1a4776be019972d" member_type: VOTER last_known_addr { host: "127.10.220.130" port: 41343 }, Status: LMP_MISMATCH, Last received: 0.0, Next index: 4, Last known committed idx: 3, Time since last communication: 0.000s
I20260713 09:02:21.707530 12113 catalog_manager.cc:5210] ChangeConfig:REMOVE_PEER RPC for tablet c4bad497ed324bcda09daf87ab09fa9c with cas_config_opid_index 3: ChangeConfig:REMOVE_PEER succeeded (attempt 1)
I20260713 09:02:21.715659 12736 ts_tablet_manager.cc:1916] T 91b807f3a91e4286ba63706ccba38fe9 P 41309c2638554fccbbf8ec6e13f12479: Deleting tablet data with delete state TABLET_DATA_TOMBSTONED
I20260713 09:02:21.716519 12304 raft_consensus.cc:2955] T c4bad497ed324bcda09daf87ab09fa9c P 08bdb00d6b604803a1a4776be019972d [term 1 FOLLOWER]: Committing config change with OpId 1.4: config changed from index 3 to 4, VOTER 8aeae6a2662349128be58b4753d05c5e (127.10.220.129) evicted. New config: { opid_index: 4 OBSOLETE_local: false peers { permanent_uuid: "08bdb00d6b604803a1a4776be019972d" member_type: VOTER last_known_addr { host: "127.10.220.130" port: 41343 } } peers { permanent_uuid: "41309c2638554fccbbf8ec6e13f12479" member_type: VOTER last_known_addr { host: "127.10.220.131" port: 35643 } } peers { permanent_uuid: "2add1a6d561441109d13cf39051b68c7" member_type: VOTER last_known_addr { host: "127.10.220.132" port: 44197 } attrs { promote: false } } }
I20260713 09:02:21.731240 12123 catalog_manager.cc:5697] T c4bad497ed324bcda09daf87ab09fa9c P 41309c2638554fccbbf8ec6e13f12479 reported cstate change: config changed from index 3 to 4, VOTER 8aeae6a2662349128be58b4753d05c5e (127.10.220.129) evicted. New cstate: current_term: 1 leader_uuid: "41309c2638554fccbbf8ec6e13f12479" committed_config { opid_index: 4 OBSOLETE_local: false peers { permanent_uuid: "08bdb00d6b604803a1a4776be019972d" member_type: VOTER last_known_addr { host: "127.10.220.130" port: 41343 } health_report { overall_health: UNKNOWN } } peers { permanent_uuid: "41309c2638554fccbbf8ec6e13f12479" member_type: VOTER last_known_addr { host: "127.10.220.131" port: 35643 } health_report { overall_health: HEALTHY } } peers { permanent_uuid: "2add1a6d561441109d13cf39051b68c7" member_type: VOTER last_known_addr { host: "127.10.220.132" port: 44197 } attrs { promote: false } health_report { overall_health: HEALTHY } } }
I20260713 09:02:21.740736 12210 tablet_service.cc:1558] Processing DeleteTablet for tablet 102f426e53ac425a88b1ed6ba507bed2 with delete_type TABLET_DATA_TOMBSTONED (TS 8aeae6a2662349128be58b4753d05c5e not found in new config with opid_index 4) from {username='slave'} at 127.0.0.1:36472
I20260713 09:02:21.742830 12737 tablet_replica.cc:333] T 102f426e53ac425a88b1ed6ba507bed2 P 8aeae6a2662349128be58b4753d05c5e: stopping tablet replica
I20260713 09:02:21.744355 12736 ts_tablet_manager.cc:1929] T 91b807f3a91e4286ba63706ccba38fe9 P 41309c2638554fccbbf8ec6e13f12479: tablet deleted with delete type TABLET_DATA_TOMBSTONED: last-logged OpId 1.3
I20260713 09:02:21.744815 12736 log.cc:1199] T 91b807f3a91e4286ba63706ccba38fe9 P 41309c2638554fccbbf8ec6e13f12479: Deleting WAL directory at /tmp/dist-test-task3fY_P3/test-tmp/auto_leader_rebalancer-test.0.LeaderRebalancerTest.AddTserver.1783933311918649-11122-0/minicluster-data/ts-2-root/wals/91b807f3a91e4286ba63706ccba38fe9
I20260713 09:02:21.747246 12737 raft_consensus.cc:2243] T 102f426e53ac425a88b1ed6ba507bed2 P 8aeae6a2662349128be58b4753d05c5e [term 1 FOLLOWER]: Raft consensus shutting down.
I20260713 09:02:21.747951 12737 raft_consensus.cc:2272] T 102f426e53ac425a88b1ed6ba507bed2 P 8aeae6a2662349128be58b4753d05c5e [term 1 FOLLOWER]: Raft consensus is shut down!
I20260713 09:02:21.749311 12290 tablet_service.cc:1558] Processing DeleteTablet for tablet c9e344cdb44d426390b83115df74d3e3 with delete_type TABLET_DATA_TOMBSTONED (TS 08bdb00d6b604803a1a4776be019972d not found in new config with opid_index 4) from {username='slave'} at 127.0.0.1:46396
I20260713 09:02:21.746253 12113 catalog_manager.cc:5028] TS 41309c2638554fccbbf8ec6e13f12479 (127.10.220.131:35643): tablet 91b807f3a91e4286ba63706ccba38fe9 (table test-workload [id=1aa73de442f848efa2fdac28556ab9c0]) successfully deleted
I20260713 09:02:21.753005 12210 tablet_service.cc:1558] Processing DeleteTablet for tablet c4bad497ed324bcda09daf87ab09fa9c with delete_type TABLET_DATA_TOMBSTONED (TS 8aeae6a2662349128be58b4753d05c5e not found in new config with opid_index 4) from {username='slave'} at 127.0.0.1:36472
I20260713 09:02:21.753654 12737 ts_tablet_manager.cc:1916] T 102f426e53ac425a88b1ed6ba507bed2 P 8aeae6a2662349128be58b4753d05c5e: Deleting tablet data with delete state TABLET_DATA_TOMBSTONED
I20260713 09:02:21.758010 12738 tablet_replica.cc:333] T c9e344cdb44d426390b83115df74d3e3 P 08bdb00d6b604803a1a4776be019972d: stopping tablet replica
I20260713 09:02:21.759075 12738 raft_consensus.cc:2243] T c9e344cdb44d426390b83115df74d3e3 P 08bdb00d6b604803a1a4776be019972d [term 1 FOLLOWER]: Raft consensus shutting down.
I20260713 09:02:21.759863 12738 raft_consensus.cc:2272] T c9e344cdb44d426390b83115df74d3e3 P 08bdb00d6b604803a1a4776be019972d [term 1 FOLLOWER]: Raft consensus is shut down!
I20260713 09:02:21.762668 12738 ts_tablet_manager.cc:1916] T c9e344cdb44d426390b83115df74d3e3 P 08bdb00d6b604803a1a4776be019972d: Deleting tablet data with delete state TABLET_DATA_TOMBSTONED
I20260713 09:02:21.769299 12737 ts_tablet_manager.cc:1929] T 102f426e53ac425a88b1ed6ba507bed2 P 8aeae6a2662349128be58b4753d05c5e: tablet deleted with delete type TABLET_DATA_TOMBSTONED: last-logged OpId 1.3
I20260713 09:02:21.770777 12737 log.cc:1199] T 102f426e53ac425a88b1ed6ba507bed2 P 8aeae6a2662349128be58b4753d05c5e: Deleting WAL directory at /tmp/dist-test-task3fY_P3/test-tmp/auto_leader_rebalancer-test.0.LeaderRebalancerTest.AddTserver.1783933311918649-11122-0/minicluster-data/ts-0-root/wals/102f426e53ac425a88b1ed6ba507bed2
I20260713 09:02:21.772408 12111 catalog_manager.cc:5028] TS 8aeae6a2662349128be58b4753d05c5e (127.10.220.129:42337): tablet 102f426e53ac425a88b1ed6ba507bed2 (table test-workload [id=1aa73de442f848efa2fdac28556ab9c0]) successfully deleted
I20260713 09:02:21.772383 12737 tablet_replica.cc:333] T c4bad497ed324bcda09daf87ab09fa9c P 8aeae6a2662349128be58b4753d05c5e: stopping tablet replica
I20260713 09:02:21.773909 12737 raft_consensus.cc:2243] T c4bad497ed324bcda09daf87ab09fa9c P 8aeae6a2662349128be58b4753d05c5e [term 1 FOLLOWER]: Raft consensus shutting down.
I20260713 09:02:21.774503 12737 raft_consensus.cc:2272] T c4bad497ed324bcda09daf87ab09fa9c P 8aeae6a2662349128be58b4753d05c5e [term 1 FOLLOWER]: Raft consensus is shut down!
I20260713 09:02:21.776688 12738 ts_tablet_manager.cc:1929] T c9e344cdb44d426390b83115df74d3e3 P 08bdb00d6b604803a1a4776be019972d: tablet deleted with delete type TABLET_DATA_TOMBSTONED: last-logged OpId 1.3
I20260713 09:02:21.777070 12738 log.cc:1199] T c9e344cdb44d426390b83115df74d3e3 P 08bdb00d6b604803a1a4776be019972d: Deleting WAL directory at /tmp/dist-test-task3fY_P3/test-tmp/auto_leader_rebalancer-test.0.LeaderRebalancerTest.AddTserver.1783933311918649-11122-0/minicluster-data/ts-1-root/wals/c9e344cdb44d426390b83115df74d3e3
I20260713 09:02:21.777308 12737 ts_tablet_manager.cc:1916] T c4bad497ed324bcda09daf87ab09fa9c P 8aeae6a2662349128be58b4753d05c5e: Deleting tablet data with delete state TABLET_DATA_TOMBSTONED
I20260713 09:02:21.778563 12112 catalog_manager.cc:5028] TS 08bdb00d6b604803a1a4776be019972d (127.10.220.130:41343): tablet c9e344cdb44d426390b83115df74d3e3 (table test-workload [id=1aa73de442f848efa2fdac28556ab9c0]) successfully deleted
I20260713 09:02:21.786492 12737 ts_tablet_manager.cc:1929] T c4bad497ed324bcda09daf87ab09fa9c P 8aeae6a2662349128be58b4753d05c5e: tablet deleted with delete type TABLET_DATA_TOMBSTONED: last-logged OpId 1.3
I20260713 09:02:21.786811 12737 log.cc:1199] T c4bad497ed324bcda09daf87ab09fa9c P 8aeae6a2662349128be58b4753d05c5e: Deleting WAL directory at /tmp/dist-test-task3fY_P3/test-tmp/auto_leader_rebalancer-test.0.LeaderRebalancerTest.AddTserver.1783933311918649-11122-0/minicluster-data/ts-0-root/wals/c4bad497ed324bcda09daf87ab09fa9c
I20260713 09:02:21.787863 12111 catalog_manager.cc:5028] TS 8aeae6a2662349128be58b4753d05c5e (127.10.220.129:42337): tablet c4bad497ed324bcda09daf87ab09fa9c (table test-workload [id=1aa73de442f848efa2fdac28556ab9c0]) successfully deleted
