W20260713 09:02:02.715811  6499 instance_detector.cc:116] could not retrieve OpenStack instance metadata: Network error: curl error: HTTP response code said error: The requested URL returned error: 404
I20260713 09:02:02.715880  5767 server_base.cc:1061] running on GCE node
I20260713 09:02:02.717145  5767 hybrid_clock.cc:584] initializing the hybrid clock with 'system_unsync' time source
W20260713 09:02:02.717443  5767 system_unsync_time.cc:38] NTP support is disabled. Clock error bounds will not be accurate. This configuration is not suitable for distributed clusters.
I20260713 09:02:02.717676  5767 hybrid_clock.cc:648] HybridClock initialized: now 1783933322717658 us; error 0 us; skew 500 ppm
I20260713 09:02:02.718263  5767 server_base.cc:861] Flag tcmalloc_max_total_thread_cache_bytes is not working since tcmalloc is not enabled.
I20260713 09:02:02.718770  6493 heartbeater.cc:344] Connected to a master server at 127.5.161.254:36091
I20260713 09:02:02.719230  6493 heartbeater.cc:461] Registering TS with master...
I20260713 09:02:02.720144  6493 heartbeater.cc:507] Master 127.5.161.254:36091 requested a full tablet report, sending...
I20260713 09:02:02.720999  5767 webserver.cc:533] Webserver started at http://127.5.161.195:33471/ using document root <none> and password file <none>
I20260713 09:02:02.721503  5767 fs_manager.cc:362] Metadata directory not provided
I20260713 09:02:02.721738  5767 fs_manager.cc:368] Using write-ahead log directory (fs_wal_dir) as metadata directory
I20260713 09:02:02.722015  5767 server_base.cc:909] This appears to be a new deployment of Kudu; creating new FS layout
I20260713 09:02:02.722281  6291 ts_manager.cc:194] Registered new tserver with Master: 8387f875197f4e79a309b14440ffb6a4 (127.5.161.194:43311)
I20260713 09:02:02.723136  5767 fs_manager.cc:1068] Generated new instance metadata in path /tmp/dist-test-taskk7Fik_/test-tmp/auto_leader_rebalancer-test.0.LeaderRebalancerTest.FunctionalTestForNotDivided.1783933309485790-5767-0/minicluster-data/ts-2-root/instance:
uuid: "5330bbb8fedc427a94e82855c49cd833"
format_stamp: "Formatted at 2026-07-13 09:02:02 on dist-test-slave-gpzz"
I20260713 09:02:02.723739  6291 master_service.cc:502] Signed X509 certificate for tserver {username='slave'} at 127.0.0.1:41894
I20260713 09:02:02.727524  5767 fs_manager.cc:696] Time spent creating directory manager: real 0.004s	user 0.004s	sys 0.002s
I20260713 09:02:02.730754  6504 log_block_manager.cc:4127] Time spent loading block containers with low live blocks: real 0.000s	user 0.000s	sys 0.000s
I20260713 09:02:02.731735  5767 fs_manager.cc:730] Time spent opening block manager: real 0.002s	user 0.002s	sys 0.001s
I20260713 09:02:02.732004  5767 fs_manager.cc:647] Opened local filesystem: /tmp/dist-test-taskk7Fik_/test-tmp/auto_leader_rebalancer-test.0.LeaderRebalancerTest.FunctionalTestForNotDivided.1783933309485790-5767-0/minicluster-data/ts-2-root
uuid: "5330bbb8fedc427a94e82855c49cd833"
format_stamp: "Formatted at 2026-07-13 09:02:02 on dist-test-slave-gpzz"
I20260713 09:02:02.732259  5767 fs_report.cc:389] FS layout report
--------------------
wal directory: /tmp/dist-test-taskk7Fik_/test-tmp/auto_leader_rebalancer-test.0.LeaderRebalancerTest.FunctionalTestForNotDivided.1783933309485790-5767-0/minicluster-data/ts-2-root
metadata directory: /tmp/dist-test-taskk7Fik_/test-tmp/auto_leader_rebalancer-test.0.LeaderRebalancerTest.FunctionalTestForNotDivided.1783933309485790-5767-0/minicluster-data/ts-2-root
1 data directories: /tmp/dist-test-taskk7Fik_/test-tmp/auto_leader_rebalancer-test.0.LeaderRebalancerTest.FunctionalTestForNotDivided.1783933309485790-5767-0/minicluster-data/ts-2-root/data
Total live blocks: 0
Total live bytes: 0
Total live bytes (after alignment): 0
Total number of LBM containers: 0 (0 full)
Did not check for missing blocks
Did not check for orphaned blocks
Total full LBM containers with extra space: 0 (0 repaired)
Total full LBM container extra space in bytes: 0 (0 repaired)
Total incomplete LBM containers: 0 (0 repaired)
Total LBM partial records: 0 (0 repaired)
Total corrupted LBM metadata records in RocksDB: 0 (0 repaired)
I20260713 09:02:02.755661  5767 rpc_server.cc:225] running with OpenSSL 1.1.1  11 Sep 2018
I20260713 09:02:02.756932  5767 kserver.cc:163] Server-wide thread pool size limit: 3276
I20260713 09:02:02.758481  5767 txn_system_client.cc:432] TxnSystemClient initialization is disabled...
I20260713 09:02:02.760766  5767 ts_tablet_manager.cc:585] Loaded tablet metadata (0 total tablets, 0 live tablets)
I20260713 09:02:02.760990  5767 ts_tablet_manager.cc:531] Time spent load tablet metadata: real 0.000s	user 0.000s	sys 0.000s
I20260713 09:02:02.761257  5767 ts_tablet_manager.cc:616] Registered 0 tablets
I20260713 09:02:02.761435  5767 ts_tablet_manager.cc:595] Time spent register tablets: real 0.000s	user 0.000s	sys 0.000s
I20260713 09:02:02.803771  5767 rpc_server.cc:307] RPC server started. Bound to: 127.5.161.195:33699
I20260713 09:02:02.803874  6566 acceptor_pool.cc:272] collecting diagnostics on the listening RPC socket 127.5.161.195:33699 every 8 connection(s)
I20260713 09:02:02.817443  6567 heartbeater.cc:344] Connected to a master server at 127.5.161.254:36091
I20260713 09:02:02.817853  6567 heartbeater.cc:461] Registering TS with master...
I20260713 09:02:02.818576  6567 heartbeater.cc:507] Master 127.5.161.254:36091 requested a full tablet report, sending...
I20260713 09:02:02.820591  6291 ts_manager.cc:194] Registered new tserver with Master: 5330bbb8fedc427a94e82855c49cd833 (127.5.161.195:33699)
I20260713 09:02:02.820796  5767 internal_mini_cluster.cc:371] 3 TS(s) registered with all masters after 0.013819758s
I20260713 09:02:02.822522  6291 master_service.cc:502] Signed X509 certificate for tserver {username='slave'} at 127.0.0.1:41896
I20260713 09:02:02.847056  6291 catalog_manager.cc:2283] Servicing CreateTable request from {username='slave'} at 127.0.0.1:41904:
name: "test-workload"
schema {
  columns {
    name: "key"
    type: INT32
    is_key: true
    is_nullable: false
    encoding: AUTO_ENCODING
    compression: DEFAULT_COMPRESSION
    cfile_block_size: 0
    immutable: false
  }
  columns {
    name: "int_val"
    type: INT32
    is_key: false
    is_nullable: false
    encoding: AUTO_ENCODING
    compression: DEFAULT_COMPRESSION
    cfile_block_size: 0
    immutable: false
  }
  columns {
    name: "string_val"
    type: STRING
    is_key: false
    is_nullable: true
    encoding: AUTO_ENCODING
    compression: DEFAULT_COMPRESSION
    cfile_block_size: 0
    immutable: false
  }
}
num_replicas: 3
split_rows_range_bounds {
  rows: "\004\001\000\314\314\314\014\004\001\000\230\231\231\031\004\001\000dff&\004\001\0000333\004\001\000\374\377\377?\004\001\000\310\314\314L\004\001\000\224\231\231Y\004\001\000`fff\004\001\000,33s""\004\001\000\314\314\314\014\004\001\000\230\231\231\031\004\001\000dff&\004\001\0000333\004\001\000\374\377\377?\004\001\000\310\314\314L\004\001\000\224\231\231Y\004\001\000`fff\004\001\000,33s"
  indirect_data: """"
}
partition_schema {
  range_schema {
    columns {
      name: "key"
    }
  }
}
W20260713 09:02:02.850363  6291 catalog_manager.cc:7077] The number of live tablet servers is not enough to re-replicate a tablet replica of the newly created table test-workload in case of a server failure: 4 tablet servers would be needed, 3 are available. Consider bringing up more tablet servers.
I20260713 09:02:02.925004  6383 tablet_service.cc:1511] Processing CreateTablet for tablet 141ab8ec8b7942b180b9c7dea52d0a61 (DEFAULT_TABLE table=test-workload [id=1a4a019d7e8b4ef09802d506741ed0f1]), partition=RANGE (key) PARTITION VALUES < 214748364
I20260713 09:02:02.925243  6382 tablet_service.cc:1511] Processing CreateTablet for tablet 58a3165504e54684aaa26991675b7c53 (DEFAULT_TABLE table=test-workload [id=1a4a019d7e8b4ef09802d506741ed0f1]), partition=RANGE (key) PARTITION 214748364 <= VALUES < 429496728
I20260713 09:02:02.926767  6383 data_dirs.cc:400] Could only allocate 1 dirs of requested 3 for tablet 141ab8ec8b7942b180b9c7dea52d0a61. 1 dirs total, 0 dirs full, 0 dirs failed
I20260713 09:02:02.930251  6382 data_dirs.cc:400] Could only allocate 1 dirs of requested 3 for tablet 58a3165504e54684aaa26991675b7c53. 1 dirs total, 0 dirs full, 0 dirs failed
I20260713 09:02:02.940182  6381 tablet_service.cc:1511] Processing CreateTablet for tablet 98a7e21e1b4d4a1888277bd332571e5a (DEFAULT_TABLE table=test-workload [id=1a4a019d7e8b4ef09802d506741ed0f1]), partition=RANGE (key) PARTITION 429496728 <= VALUES < 644245092
I20260713 09:02:02.942739  6381 data_dirs.cc:400] Could only allocate 1 dirs of requested 3 for tablet 98a7e21e1b4d4a1888277bd332571e5a. 1 dirs total, 0 dirs full, 0 dirs failed
I20260713 09:02:02.947687  6380 tablet_service.cc:1511] Processing CreateTablet for tablet b20c54fd4f16429bb0d6e025acfd7abe (DEFAULT_TABLE table=test-workload [id=1a4a019d7e8b4ef09802d506741ed0f1]), partition=RANGE (key) PARTITION 644245092 <= VALUES < 858993456
I20260713 09:02:02.949142  6380 data_dirs.cc:400] Could only allocate 1 dirs of requested 3 for tablet b20c54fd4f16429bb0d6e025acfd7abe. 1 dirs total, 0 dirs full, 0 dirs failed
I20260713 09:02:02.959352  6379 tablet_service.cc:1511] Processing CreateTablet for tablet 367732d1d3f94f6aa1ece586ceec2aca (DEFAULT_TABLE table=test-workload [id=1a4a019d7e8b4ef09802d506741ed0f1]), partition=RANGE (key) PARTITION 858993456 <= VALUES < 1073741820
I20260713 09:02:02.960740  6379 data_dirs.cc:400] Could only allocate 1 dirs of requested 3 for tablet 367732d1d3f94f6aa1ece586ceec2aca. 1 dirs total, 0 dirs full, 0 dirs failed
I20260713 09:02:02.968281  6378 tablet_service.cc:1511] Processing CreateTablet for tablet d1e97c312cf24b56a933bab94e963ce6 (DEFAULT_TABLE table=test-workload [id=1a4a019d7e8b4ef09802d506741ed0f1]), partition=RANGE (key) PARTITION 1073741820 <= VALUES < 1288490184
I20260713 09:02:02.969722  6378 data_dirs.cc:400] Could only allocate 1 dirs of requested 3 for tablet d1e97c312cf24b56a933bab94e963ce6. 1 dirs total, 0 dirs full, 0 dirs failed
I20260713 09:02:02.974741  6377 tablet_service.cc:1511] Processing CreateTablet for tablet 25f29b3a72814c06b852236b60f60ecb (DEFAULT_TABLE table=test-workload [id=1a4a019d7e8b4ef09802d506741ed0f1]), partition=RANGE (key) PARTITION 1288490184 <= VALUES < 1503238548
I20260713 09:02:02.976110  6377 data_dirs.cc:400] Could only allocate 1 dirs of requested 3 for tablet 25f29b3a72814c06b852236b60f60ecb. 1 dirs total, 0 dirs full, 0 dirs failed
I20260713 09:02:02.978200  6376 tablet_service.cc:1511] Processing CreateTablet for tablet 8f27cf0018db42a68546750a24afda7b (DEFAULT_TABLE table=test-workload [id=1a4a019d7e8b4ef09802d506741ed0f1]), partition=RANGE (key) PARTITION 1503238548 <= VALUES < 1717986912
I20260713 09:02:02.979967  6376 data_dirs.cc:400] Could only allocate 1 dirs of requested 3 for tablet 8f27cf0018db42a68546750a24afda7b. 1 dirs total, 0 dirs full, 0 dirs failed
I20260713 09:02:02.986653  6374 tablet_service.cc:1511] Processing CreateTablet for tablet 91fa78c6d17b4f36a19708626a959196 (DEFAULT_TABLE table=test-workload [id=1a4a019d7e8b4ef09802d506741ed0f1]), partition=RANGE (key) PARTITION 1932735276 <= VALUES
I20260713 09:02:02.988114  6374 data_dirs.cc:400] Could only allocate 1 dirs of requested 3 for tablet 91fa78c6d17b4f36a19708626a959196. 1 dirs total, 0 dirs full, 0 dirs failed
I20260713 09:02:02.987914  6458 tablet_service.cc:1511] Processing CreateTablet for tablet 141ab8ec8b7942b180b9c7dea52d0a61 (DEFAULT_TABLE table=test-workload [id=1a4a019d7e8b4ef09802d506741ed0f1]), partition=RANGE (key) PARTITION VALUES < 214748364
I20260713 09:02:02.989224  6458 data_dirs.cc:400] Could only allocate 1 dirs of requested 3 for tablet 141ab8ec8b7942b180b9c7dea52d0a61. 1 dirs total, 0 dirs full, 0 dirs failed
I20260713 09:02:02.990904  6457 tablet_service.cc:1511] Processing CreateTablet for tablet 58a3165504e54684aaa26991675b7c53 (DEFAULT_TABLE table=test-workload [id=1a4a019d7e8b4ef09802d506741ed0f1]), partition=RANGE (key) PARTITION 214748364 <= VALUES < 429496728
I20260713 09:02:02.992332  6457 data_dirs.cc:400] Could only allocate 1 dirs of requested 3 for tablet 58a3165504e54684aaa26991675b7c53. 1 dirs total, 0 dirs full, 0 dirs failed
I20260713 09:02:02.994896  6375 tablet_service.cc:1511] Processing CreateTablet for tablet 3dbf92942adb4fe19be6c8fa995970aa (DEFAULT_TABLE table=test-workload [id=1a4a019d7e8b4ef09802d506741ed0f1]), partition=RANGE (key) PARTITION 1717986912 <= VALUES < 1932735276
I20260713 09:02:02.996279  6375 data_dirs.cc:400] Could only allocate 1 dirs of requested 3 for tablet 3dbf92942adb4fe19be6c8fa995970aa. 1 dirs total, 0 dirs full, 0 dirs failed
I20260713 09:02:02.998914  6456 tablet_service.cc:1511] Processing CreateTablet for tablet 98a7e21e1b4d4a1888277bd332571e5a (DEFAULT_TABLE table=test-workload [id=1a4a019d7e8b4ef09802d506741ed0f1]), partition=RANGE (key) PARTITION 429496728 <= VALUES < 644245092
I20260713 09:02:03.000572  6456 data_dirs.cc:400] Could only allocate 1 dirs of requested 3 for tablet 98a7e21e1b4d4a1888277bd332571e5a. 1 dirs total, 0 dirs full, 0 dirs failed
I20260713 09:02:03.004273  6455 tablet_service.cc:1511] Processing CreateTablet for tablet b20c54fd4f16429bb0d6e025acfd7abe (DEFAULT_TABLE table=test-workload [id=1a4a019d7e8b4ef09802d506741ed0f1]), partition=RANGE (key) PARTITION 644245092 <= VALUES < 858993456
I20260713 09:02:03.005940  6455 data_dirs.cc:400] Could only allocate 1 dirs of requested 3 for tablet b20c54fd4f16429bb0d6e025acfd7abe. 1 dirs total, 0 dirs full, 0 dirs failed
I20260713 09:02:03.006140  6453 tablet_service.cc:1511] Processing CreateTablet for tablet d1e97c312cf24b56a933bab94e963ce6 (DEFAULT_TABLE table=test-workload [id=1a4a019d7e8b4ef09802d506741ed0f1]), partition=RANGE (key) PARTITION 1073741820 <= VALUES < 1288490184
I20260713 09:02:03.004387  6451 tablet_service.cc:1511] Processing CreateTablet for tablet 8f27cf0018db42a68546750a24afda7b (DEFAULT_TABLE table=test-workload [id=1a4a019d7e8b4ef09802d506741ed0f1]), partition=RANGE (key) PARTITION 1503238548 <= VALUES < 1717986912
I20260713 09:02:03.009605  6450 tablet_service.cc:1511] Processing CreateTablet for tablet 3dbf92942adb4fe19be6c8fa995970aa (DEFAULT_TABLE table=test-workload [id=1a4a019d7e8b4ef09802d506741ed0f1]), partition=RANGE (key) PARTITION 1717986912 <= VALUES < 1932735276
I20260713 09:02:03.011147  6450 data_dirs.cc:400] Could only allocate 1 dirs of requested 3 for tablet 3dbf92942adb4fe19be6c8fa995970aa. 1 dirs total, 0 dirs full, 0 dirs failed
I20260713 09:02:03.014940  6454 tablet_service.cc:1511] Processing CreateTablet for tablet 367732d1d3f94f6aa1ece586ceec2aca (DEFAULT_TABLE table=test-workload [id=1a4a019d7e8b4ef09802d506741ed0f1]), partition=RANGE (key) PARTITION 858993456 <= VALUES < 1073741820
I20260713 09:02:03.016436  6454 data_dirs.cc:400] Could only allocate 1 dirs of requested 3 for tablet 367732d1d3f94f6aa1ece586ceec2aca. 1 dirs total, 0 dirs full, 0 dirs failed
I20260713 09:02:03.017231  6452 tablet_service.cc:1511] Processing CreateTablet for tablet 25f29b3a72814c06b852236b60f60ecb (DEFAULT_TABLE table=test-workload [id=1a4a019d7e8b4ef09802d506741ed0f1]), partition=RANGE (key) PARTITION 1288490184 <= VALUES < 1503238548
I20260713 09:02:03.018718  6452 data_dirs.cc:400] Could only allocate 1 dirs of requested 3 for tablet 25f29b3a72814c06b852236b60f60ecb. 1 dirs total, 0 dirs full, 0 dirs failed
I20260713 09:02:03.022516  6451 data_dirs.cc:400] Could only allocate 1 dirs of requested 3 for tablet 8f27cf0018db42a68546750a24afda7b. 1 dirs total, 0 dirs full, 0 dirs failed
I20260713 09:02:03.023834  6453 data_dirs.cc:400] Could only allocate 1 dirs of requested 3 for tablet d1e97c312cf24b56a933bab94e963ce6. 1 dirs total, 0 dirs full, 0 dirs failed
I20260713 09:02:03.027062  6449 tablet_service.cc:1511] Processing CreateTablet for tablet 91fa78c6d17b4f36a19708626a959196 (DEFAULT_TABLE table=test-workload [id=1a4a019d7e8b4ef09802d506741ed0f1]), partition=RANGE (key) PARTITION 1932735276 <= VALUES
I20260713 09:02:03.028545  6449 data_dirs.cc:400] Could only allocate 1 dirs of requested 3 for tablet 91fa78c6d17b4f36a19708626a959196. 1 dirs total, 0 dirs full, 0 dirs failed
I20260713 09:02:03.034399  6582 tablet_bootstrap.cc:492] T b20c54fd4f16429bb0d6e025acfd7abe P 3c0d1cbb697d4bc0bb73e159c483602b: Bootstrap starting.
I20260713 09:02:03.062829  6532 tablet_service.cc:1511] Processing CreateTablet for tablet 141ab8ec8b7942b180b9c7dea52d0a61 (DEFAULT_TABLE table=test-workload [id=1a4a019d7e8b4ef09802d506741ed0f1]), partition=RANGE (key) PARTITION VALUES < 214748364
I20260713 09:02:03.064183  6532 data_dirs.cc:400] Could only allocate 1 dirs of requested 3 for tablet 141ab8ec8b7942b180b9c7dea52d0a61. 1 dirs total, 0 dirs full, 0 dirs failed
I20260713 09:02:03.092540  6583 tablet_bootstrap.cc:492] T d1e97c312cf24b56a933bab94e963ce6 P 8387f875197f4e79a309b14440ffb6a4: Bootstrap starting.
I20260713 09:02:03.098505  6582 tablet_bootstrap.cc:654] T b20c54fd4f16429bb0d6e025acfd7abe P 3c0d1cbb697d4bc0bb73e159c483602b: Neither blocks nor log segments found. Creating new log.
I20260713 09:02:03.099684  6531 tablet_service.cc:1511] Processing CreateTablet for tablet 58a3165504e54684aaa26991675b7c53 (DEFAULT_TABLE table=test-workload [id=1a4a019d7e8b4ef09802d506741ed0f1]), partition=RANGE (key) PARTITION 214748364 <= VALUES < 429496728
I20260713 09:02:03.100695  6530 tablet_service.cc:1511] Processing CreateTablet for tablet 98a7e21e1b4d4a1888277bd332571e5a (DEFAULT_TABLE table=test-workload [id=1a4a019d7e8b4ef09802d506741ed0f1]), partition=RANGE (key) PARTITION 429496728 <= VALUES < 644245092
I20260713 09:02:03.101245  6531 data_dirs.cc:400] Could only allocate 1 dirs of requested 3 for tablet 58a3165504e54684aaa26991675b7c53. 1 dirs total, 0 dirs full, 0 dirs failed
I20260713 09:02:03.102968  6529 tablet_service.cc:1511] Processing CreateTablet for tablet b20c54fd4f16429bb0d6e025acfd7abe (DEFAULT_TABLE table=test-workload [id=1a4a019d7e8b4ef09802d506741ed0f1]), partition=RANGE (key) PARTITION 644245092 <= VALUES < 858993456
I20260713 09:02:03.103271  6526 tablet_service.cc:1511] Processing CreateTablet for tablet 25f29b3a72814c06b852236b60f60ecb (DEFAULT_TABLE table=test-workload [id=1a4a019d7e8b4ef09802d506741ed0f1]), partition=RANGE (key) PARTITION 1288490184 <= VALUES < 1503238548
I20260713 09:02:03.105105  6528 tablet_service.cc:1511] Processing CreateTablet for tablet 367732d1d3f94f6aa1ece586ceec2aca (DEFAULT_TABLE table=test-workload [id=1a4a019d7e8b4ef09802d506741ed0f1]), partition=RANGE (key) PARTITION 858993456 <= VALUES < 1073741820
I20260713 09:02:03.105901  6525 tablet_service.cc:1511] Processing CreateTablet for tablet 8f27cf0018db42a68546750a24afda7b (DEFAULT_TABLE table=test-workload [id=1a4a019d7e8b4ef09802d506741ed0f1]), partition=RANGE (key) PARTITION 1503238548 <= VALUES < 1717986912
I20260713 09:02:03.107209  6527 tablet_service.cc:1511] Processing CreateTablet for tablet d1e97c312cf24b56a933bab94e963ce6 (DEFAULT_TABLE table=test-workload [id=1a4a019d7e8b4ef09802d506741ed0f1]), partition=RANGE (key) PARTITION 1073741820 <= VALUES < 1288490184
I20260713 09:02:03.108808  6530 data_dirs.cc:400] Could only allocate 1 dirs of requested 3 for tablet 98a7e21e1b4d4a1888277bd332571e5a. 1 dirs total, 0 dirs full, 0 dirs failed
I20260713 09:02:03.109802  6524 tablet_service.cc:1511] Processing CreateTablet for tablet 3dbf92942adb4fe19be6c8fa995970aa (DEFAULT_TABLE table=test-workload [id=1a4a019d7e8b4ef09802d506741ed0f1]), partition=RANGE (key) PARTITION 1717986912 <= VALUES < 1932735276
I20260713 09:02:03.110534  6582 tablet_bootstrap.cc:492] T b20c54fd4f16429bb0d6e025acfd7abe P 3c0d1cbb697d4bc0bb73e159c483602b: No bootstrap required, opened a new log
I20260713 09:02:03.111040  6582 ts_tablet_manager.cc:1403] T b20c54fd4f16429bb0d6e025acfd7abe P 3c0d1cbb697d4bc0bb73e159c483602b: Time spent bootstrapping tablet: real 0.077s	user 0.017s	sys 0.003s
I20260713 09:02:03.112802  6523 tablet_service.cc:1511] Processing CreateTablet for tablet 91fa78c6d17b4f36a19708626a959196 (DEFAULT_TABLE table=test-workload [id=1a4a019d7e8b4ef09802d506741ed0f1]), partition=RANGE (key) PARTITION 1932735276 <= VALUES
I20260713 09:02:03.114734  6524 data_dirs.cc:400] Could only allocate 1 dirs of requested 3 for tablet 3dbf92942adb4fe19be6c8fa995970aa. 1 dirs total, 0 dirs full, 0 dirs failed
I20260713 09:02:03.114363  6582 raft_consensus.cc:359] T b20c54fd4f16429bb0d6e025acfd7abe P 3c0d1cbb697d4bc0bb73e159c483602b [term 0 FOLLOWER]: Replica starting. Triggering 0 pending ops. Active config: opid_index: -1 OBSOLETE_local: false peers { permanent_uuid: "3c0d1cbb697d4bc0bb73e159c483602b" member_type: VOTER last_known_addr { host: "127.5.161.193" port: 43213 } } peers { permanent_uuid: "8387f875197f4e79a309b14440ffb6a4" member_type: VOTER last_known_addr { host: "127.5.161.194" port: 43311 } } peers { permanent_uuid: "5330bbb8fedc427a94e82855c49cd833" member_type: VOTER last_known_addr { host: "127.5.161.195" port: 33699 } }
I20260713 09:02:03.115209  6582 raft_consensus.cc:385] T b20c54fd4f16429bb0d6e025acfd7abe P 3c0d1cbb697d4bc0bb73e159c483602b [term 0 FOLLOWER]: Consensus starting up: Expiring failure detector timer to make a prompt election more likely
I20260713 09:02:03.115573  6582 raft_consensus.cc:740] T b20c54fd4f16429bb0d6e025acfd7abe P 3c0d1cbb697d4bc0bb73e159c483602b [term 0 FOLLOWER]: Becoming Follower/Learner. State: Replica: 3c0d1cbb697d4bc0bb73e159c483602b, State: Initialized, Role: FOLLOWER
I20260713 09:02:03.116685  6582 consensus_queue.cc:260] T b20c54fd4f16429bb0d6e025acfd7abe P 3c0d1cbb697d4bc0bb73e159c483602b [NON_LEADER]: Queue going to NON_LEADER mode. State: All replicated index: 0, Majority replicated index: 0, Committed index: 0, Last appended: 0.0, Last appended by leader: 0, Current term: 0, Majority size: -1, State: 0, Mode: NON_LEADER, active raft config: opid_index: -1 OBSOLETE_local: false peers { permanent_uuid: "3c0d1cbb697d4bc0bb73e159c483602b" member_type: VOTER last_known_addr { host: "127.5.161.193" port: 43213 } } peers { permanent_uuid: "8387f875197f4e79a309b14440ffb6a4" member_type: VOTER last_known_addr { host: "127.5.161.194" port: 43311 } } peers { permanent_uuid: "5330bbb8fedc427a94e82855c49cd833" member_type: VOTER last_known_addr { host: "127.5.161.195" port: 33699 } }
I20260713 09:02:03.118341  6523 data_dirs.cc:400] Could only allocate 1 dirs of requested 3 for tablet 91fa78c6d17b4f36a19708626a959196. 1 dirs total, 0 dirs full, 0 dirs failed
I20260713 09:02:03.122365  6526 data_dirs.cc:400] Could only allocate 1 dirs of requested 3 for tablet 25f29b3a72814c06b852236b60f60ecb. 1 dirs total, 0 dirs full, 0 dirs failed
I20260713 09:02:03.125895  6525 data_dirs.cc:400] Could only allocate 1 dirs of requested 3 for tablet 8f27cf0018db42a68546750a24afda7b. 1 dirs total, 0 dirs full, 0 dirs failed
I20260713 09:02:03.127357  6582 ts_tablet_manager.cc:1434] T b20c54fd4f16429bb0d6e025acfd7abe P 3c0d1cbb697d4bc0bb73e159c483602b: Time spent starting tablet: real 0.016s	user 0.008s	sys 0.006s
I20260713 09:02:03.128239  6418 heartbeater.cc:499] Master 127.5.161.254:36091 was elected leader, sending a full tablet report...
I20260713 09:02:03.128762  6586 tablet_bootstrap.cc:492] T 58a3165504e54684aaa26991675b7c53 P 5330bbb8fedc427a94e82855c49cd833: Bootstrap starting.
I20260713 09:02:03.130455  6527 data_dirs.cc:400] Could only allocate 1 dirs of requested 3 for tablet d1e97c312cf24b56a933bab94e963ce6. 1 dirs total, 0 dirs full, 0 dirs failed
I20260713 09:02:03.133379  6582 tablet_bootstrap.cc:492] T 8f27cf0018db42a68546750a24afda7b P 3c0d1cbb697d4bc0bb73e159c483602b: Bootstrap starting.
I20260713 09:02:03.134351  6529 data_dirs.cc:400] Could only allocate 1 dirs of requested 3 for tablet b20c54fd4f16429bb0d6e025acfd7abe. 1 dirs total, 0 dirs full, 0 dirs failed
I20260713 09:02:03.136451  6586 tablet_bootstrap.cc:654] T 58a3165504e54684aaa26991675b7c53 P 5330bbb8fedc427a94e82855c49cd833: Neither blocks nor log segments found. Creating new log.
I20260713 09:02:03.139533  6528 data_dirs.cc:400] Could only allocate 1 dirs of requested 3 for tablet 367732d1d3f94f6aa1ece586ceec2aca. 1 dirs total, 0 dirs full, 0 dirs failed
I20260713 09:02:03.144258  6582 tablet_bootstrap.cc:654] T 8f27cf0018db42a68546750a24afda7b P 3c0d1cbb697d4bc0bb73e159c483602b: Neither blocks nor log segments found. Creating new log.
I20260713 09:02:03.148885  6586 tablet_bootstrap.cc:492] T 58a3165504e54684aaa26991675b7c53 P 5330bbb8fedc427a94e82855c49cd833: No bootstrap required, opened a new log
I20260713 09:02:03.149524  6586 ts_tablet_manager.cc:1403] T 58a3165504e54684aaa26991675b7c53 P 5330bbb8fedc427a94e82855c49cd833: Time spent bootstrapping tablet: real 0.021s	user 0.012s	sys 0.004s
I20260713 09:02:03.153579  6586 raft_consensus.cc:359] T 58a3165504e54684aaa26991675b7c53 P 5330bbb8fedc427a94e82855c49cd833 [term 0 FOLLOWER]: Replica starting. Triggering 0 pending ops. Active config: opid_index: -1 OBSOLETE_local: false peers { permanent_uuid: "3c0d1cbb697d4bc0bb73e159c483602b" member_type: VOTER last_known_addr { host: "127.5.161.193" port: 43213 } } peers { permanent_uuid: "8387f875197f4e79a309b14440ffb6a4" member_type: VOTER last_known_addr { host: "127.5.161.194" port: 43311 } } peers { permanent_uuid: "5330bbb8fedc427a94e82855c49cd833" member_type: VOTER last_known_addr { host: "127.5.161.195" port: 33699 } }
I20260713 09:02:03.154659  6586 raft_consensus.cc:385] T 58a3165504e54684aaa26991675b7c53 P 5330bbb8fedc427a94e82855c49cd833 [term 0 FOLLOWER]: Consensus starting up: Expiring failure detector timer to make a prompt election more likely
I20260713 09:02:03.155055  6586 raft_consensus.cc:740] T 58a3165504e54684aaa26991675b7c53 P 5330bbb8fedc427a94e82855c49cd833 [term 0 FOLLOWER]: Becoming Follower/Learner. State: Replica: 5330bbb8fedc427a94e82855c49cd833, State: Initialized, Role: FOLLOWER
I20260713 09:02:03.155946  6586 consensus_queue.cc:260] T 58a3165504e54684aaa26991675b7c53 P 5330bbb8fedc427a94e82855c49cd833 [NON_LEADER]: Queue going to NON_LEADER mode. State: All replicated index: 0, Majority replicated index: 0, Committed index: 0, Last appended: 0.0, Last appended by leader: 0, Current term: 0, Majority size: -1, State: 0, Mode: NON_LEADER, active raft config: opid_index: -1 OBSOLETE_local: false peers { permanent_uuid: "3c0d1cbb697d4bc0bb73e159c483602b" member_type: VOTER last_known_addr { host: "127.5.161.193" port: 43213 } } peers { permanent_uuid: "8387f875197f4e79a309b14440ffb6a4" member_type: VOTER last_known_addr { host: "127.5.161.194" port: 43311 } } peers { permanent_uuid: "5330bbb8fedc427a94e82855c49cd833" member_type: VOTER last_known_addr { host: "127.5.161.195" port: 33699 } }
I20260713 09:02:03.163389  6582 tablet_bootstrap.cc:492] T 8f27cf0018db42a68546750a24afda7b P 3c0d1cbb697d4bc0bb73e159c483602b: No bootstrap required, opened a new log
I20260713 09:02:03.163863  6582 ts_tablet_manager.cc:1403] T 8f27cf0018db42a68546750a24afda7b P 3c0d1cbb697d4bc0bb73e159c483602b: Time spent bootstrapping tablet: real 0.031s	user 0.012s	sys 0.007s
I20260713 09:02:03.166467  6582 raft_consensus.cc:359] T 8f27cf0018db42a68546750a24afda7b P 3c0d1cbb697d4bc0bb73e159c483602b [term 0 FOLLOWER]: Replica starting. Triggering 0 pending ops. Active config: opid_index: -1 OBSOLETE_local: false peers { permanent_uuid: "3c0d1cbb697d4bc0bb73e159c483602b" member_type: VOTER last_known_addr { host: "127.5.161.193" port: 43213 } } peers { permanent_uuid: "8387f875197f4e79a309b14440ffb6a4" member_type: VOTER last_known_addr { host: "127.5.161.194" port: 43311 } } peers { permanent_uuid: "5330bbb8fedc427a94e82855c49cd833" member_type: VOTER last_known_addr { host: "127.5.161.195" port: 33699 } }
I20260713 09:02:03.167481  6582 raft_consensus.cc:385] T 8f27cf0018db42a68546750a24afda7b P 3c0d1cbb697d4bc0bb73e159c483602b [term 0 FOLLOWER]: Consensus starting up: Expiring failure detector timer to make a prompt election more likely
I20260713 09:02:03.167855  6582 raft_consensus.cc:740] T 8f27cf0018db42a68546750a24afda7b P 3c0d1cbb697d4bc0bb73e159c483602b [term 0 FOLLOWER]: Becoming Follower/Learner. State: Replica: 3c0d1cbb697d4bc0bb73e159c483602b, State: Initialized, Role: FOLLOWER
I20260713 09:02:03.168773  6582 consensus_queue.cc:260] T 8f27cf0018db42a68546750a24afda7b P 3c0d1cbb697d4bc0bb73e159c483602b [NON_LEADER]: Queue going to NON_LEADER mode. State: All replicated index: 0, Majority replicated index: 0, Committed index: 0, Last appended: 0.0, Last appended by leader: 0, Current term: 0, Majority size: -1, State: 0, Mode: NON_LEADER, active raft config: opid_index: -1 OBSOLETE_local: false peers { permanent_uuid: "3c0d1cbb697d4bc0bb73e159c483602b" member_type: VOTER last_known_addr { host: "127.5.161.193" port: 43213 } } peers { permanent_uuid: "8387f875197f4e79a309b14440ffb6a4" member_type: VOTER last_known_addr { host: "127.5.161.194" port: 43311 } } peers { permanent_uuid: "5330bbb8fedc427a94e82855c49cd833" member_type: VOTER last_known_addr { host: "127.5.161.195" port: 33699 } }
I20260713 09:02:03.171172  6582 ts_tablet_manager.cc:1434] T 8f27cf0018db42a68546750a24afda7b P 3c0d1cbb697d4bc0bb73e159c483602b: Time spent starting tablet: real 0.007s	user 0.007s	sys 0.000s
I20260713 09:02:03.172163  6582 tablet_bootstrap.cc:492] T 98a7e21e1b4d4a1888277bd332571e5a P 3c0d1cbb697d4bc0bb73e159c483602b: Bootstrap starting.
I20260713 09:02:03.179447  6582 tablet_bootstrap.cc:654] T 98a7e21e1b4d4a1888277bd332571e5a P 3c0d1cbb697d4bc0bb73e159c483602b: Neither blocks nor log segments found. Creating new log.
I20260713 09:02:03.179997  6586 ts_tablet_manager.cc:1434] T 58a3165504e54684aaa26991675b7c53 P 5330bbb8fedc427a94e82855c49cd833: Time spent starting tablet: real 0.030s	user 0.007s	sys 0.008s
I20260713 09:02:03.181102  6567 heartbeater.cc:499] Master 127.5.161.254:36091 was elected leader, sending a full tablet report...
I20260713 09:02:03.181536  6586 tablet_bootstrap.cc:492] T 141ab8ec8b7942b180b9c7dea52d0a61 P 5330bbb8fedc427a94e82855c49cd833: Bootstrap starting.
I20260713 09:02:03.196525  6586 tablet_bootstrap.cc:654] T 141ab8ec8b7942b180b9c7dea52d0a61 P 5330bbb8fedc427a94e82855c49cd833: Neither blocks nor log segments found. Creating new log.
I20260713 09:02:03.201411  6589 raft_consensus.cc:493] T 58a3165504e54684aaa26991675b7c53 P 5330bbb8fedc427a94e82855c49cd833 [term 0 FOLLOWER]: Starting pre-election (no leader contacted us within the election timeout)
I20260713 09:02:03.202314  6589 raft_consensus.cc:515] T 58a3165504e54684aaa26991675b7c53 P 5330bbb8fedc427a94e82855c49cd833 [term 0 FOLLOWER]: Starting pre-election with config: opid_index: -1 OBSOLETE_local: false peers { permanent_uuid: "3c0d1cbb697d4bc0bb73e159c483602b" member_type: VOTER last_known_addr { host: "127.5.161.193" port: 43213 } } peers { permanent_uuid: "8387f875197f4e79a309b14440ffb6a4" member_type: VOTER last_known_addr { host: "127.5.161.194" port: 43311 } } peers { permanent_uuid: "5330bbb8fedc427a94e82855c49cd833" member_type: VOTER last_known_addr { host: "127.5.161.195" port: 33699 } }
I20260713 09:02:03.208659  6589 leader_election.cc:290] T 58a3165504e54684aaa26991675b7c53 P 5330bbb8fedc427a94e82855c49cd833 [CANDIDATE]: Term 1 pre-election: Requested pre-vote from peers 3c0d1cbb697d4bc0bb73e159c483602b (127.5.161.193:43213), 8387f875197f4e79a309b14440ffb6a4 (127.5.161.194:43311)
I20260713 09:02:03.261960  6393 tablet_service.cc:1917] Received RequestConsensusVote() RPC: tablet_id: "58a3165504e54684aaa26991675b7c53" candidate_uuid: "5330bbb8fedc427a94e82855c49cd833" candidate_term: 1 candidate_status { last_received { term: 0 index: 0 } } ignore_live_leader: false dest_uuid: "3c0d1cbb697d4bc0bb73e159c483602b" is_pre_election: true
W20260713 09:02:03.264070  6507 leader_election.cc:343] T 58a3165504e54684aaa26991675b7c53 P 5330bbb8fedc427a94e82855c49cd833 [CANDIDATE]: Term 1 pre-election: Tablet error from VoteRequest() call to peer 3c0d1cbb697d4bc0bb73e159c483602b (127.5.161.193:43213): Illegal state: must be running to vote when last-logged opid is not known
I20260713 09:02:03.282769  6585 raft_consensus.cc:493] T 8f27cf0018db42a68546750a24afda7b P 3c0d1cbb697d4bc0bb73e159c483602b [term 0 FOLLOWER]: Starting pre-election (no leader contacted us within the election timeout)
I20260713 09:02:03.283519  6585 raft_consensus.cc:515] T 8f27cf0018db42a68546750a24afda7b P 3c0d1cbb697d4bc0bb73e159c483602b [term 0 FOLLOWER]: Starting pre-election with config: opid_index: -1 OBSOLETE_local: false peers { permanent_uuid: "3c0d1cbb697d4bc0bb73e159c483602b" member_type: VOTER last_known_addr { host: "127.5.161.193" port: 43213 } } peers { permanent_uuid: "8387f875197f4e79a309b14440ffb6a4" member_type: VOTER last_known_addr { host: "127.5.161.194" port: 43311 } } peers { permanent_uuid: "5330bbb8fedc427a94e82855c49cd833" member_type: VOTER last_known_addr { host: "127.5.161.195" port: 33699 } }
I20260713 09:02:03.296733  6585 leader_election.cc:290] T 8f27cf0018db42a68546750a24afda7b P 3c0d1cbb697d4bc0bb73e159c483602b [CANDIDATE]: Term 1 pre-election: Requested pre-vote from peers 8387f875197f4e79a309b14440ffb6a4 (127.5.161.194:43311), 5330bbb8fedc427a94e82855c49cd833 (127.5.161.195:33699)
I20260713 09:02:03.311435  6586 tablet_bootstrap.cc:492] T 141ab8ec8b7942b180b9c7dea52d0a61 P 5330bbb8fedc427a94e82855c49cd833: No bootstrap required, opened a new log
I20260713 09:02:03.314509  6586 ts_tablet_manager.cc:1403] T 141ab8ec8b7942b180b9c7dea52d0a61 P 5330bbb8fedc427a94e82855c49cd833: Time spent bootstrapping tablet: real 0.133s	user 0.025s	sys 0.056s
I20260713 09:02:03.323961  6586 raft_consensus.cc:359] T 141ab8ec8b7942b180b9c7dea52d0a61 P 5330bbb8fedc427a94e82855c49cd833 [term 0 FOLLOWER]: Replica starting. Triggering 0 pending ops. Active config: opid_index: -1 OBSOLETE_local: false peers { permanent_uuid: "8387f875197f4e79a309b14440ffb6a4" member_type: VOTER last_known_addr { host: "127.5.161.194" port: 43311 } } peers { permanent_uuid: "3c0d1cbb697d4bc0bb73e159c483602b" member_type: VOTER last_known_addr { host: "127.5.161.193" port: 43213 } } peers { permanent_uuid: "5330bbb8fedc427a94e82855c49cd833" member_type: VOTER last_known_addr { host: "127.5.161.195" port: 33699 } }
I20260713 09:02:03.330116  6468 tablet_service.cc:1917] Received RequestConsensusVote() RPC: tablet_id: "8f27cf0018db42a68546750a24afda7b" candidate_uuid: "3c0d1cbb697d4bc0bb73e159c483602b" candidate_term: 1 candidate_status { last_received { term: 0 index: 0 } } ignore_live_leader: false dest_uuid: "8387f875197f4e79a309b14440ffb6a4" is_pre_election: true
I20260713 09:02:03.331112  6467 tablet_service.cc:1917] Received RequestConsensusVote() RPC: tablet_id: "58a3165504e54684aaa26991675b7c53" candidate_uuid: "5330bbb8fedc427a94e82855c49cd833" candidate_term: 1 candidate_status { last_received { term: 0 index: 0 } } ignore_live_leader: false dest_uuid: "8387f875197f4e79a309b14440ffb6a4" is_pre_election: true
W20260713 09:02:03.337592  6507 leader_election.cc:343] T 58a3165504e54684aaa26991675b7c53 P 5330bbb8fedc427a94e82855c49cd833 [CANDIDATE]: Term 1 pre-election: Tablet error from VoteRequest() call to peer 8387f875197f4e79a309b14440ffb6a4 (127.5.161.194:43311): Illegal state: must be running to vote when last-logged opid is not known
I20260713 09:02:03.338341  6507 leader_election.cc:304] T 58a3165504e54684aaa26991675b7c53 P 5330bbb8fedc427a94e82855c49cd833 [CANDIDATE]: Term 1 pre-election: Election decided. Result: candidate lost. Election summary: received 3 responses out of 3 voters: 1 yes votes; 2 no votes. yes voters: 5330bbb8fedc427a94e82855c49cd833; no voters: 3c0d1cbb697d4bc0bb73e159c483602b, 8387f875197f4e79a309b14440ffb6a4
I20260713 09:02:03.296775  6583 tablet_bootstrap.cc:654] T d1e97c312cf24b56a933bab94e963ce6 P 8387f875197f4e79a309b14440ffb6a4: Neither blocks nor log segments found. Creating new log.
I20260713 09:02:03.339798  6589 raft_consensus.cc:2749] T 58a3165504e54684aaa26991675b7c53 P 5330bbb8fedc427a94e82855c49cd833 [term 0 FOLLOWER]: Leader pre-election lost for term 1. Reason: could not achieve majority
W20260713 09:02:03.341571  6358 leader_election.cc:343] T 8f27cf0018db42a68546750a24afda7b P 3c0d1cbb697d4bc0bb73e159c483602b [CANDIDATE]: Term 1 pre-election: Tablet error from VoteRequest() call to peer 8387f875197f4e79a309b14440ffb6a4 (127.5.161.194:43311): Illegal state: must be running to vote when last-logged opid is not known
I20260713 09:02:03.342463  6586 raft_consensus.cc:385] T 141ab8ec8b7942b180b9c7dea52d0a61 P 5330bbb8fedc427a94e82855c49cd833 [term 0 FOLLOWER]: Consensus starting up: Expiring failure detector timer to make a prompt election more likely
I20260713 09:02:03.342845  6586 raft_consensus.cc:740] T 141ab8ec8b7942b180b9c7dea52d0a61 P 5330bbb8fedc427a94e82855c49cd833 [term 0 FOLLOWER]: Becoming Follower/Learner. State: Replica: 5330bbb8fedc427a94e82855c49cd833, State: Initialized, Role: FOLLOWER
I20260713 09:02:03.344231  6582 tablet_bootstrap.cc:492] T 98a7e21e1b4d4a1888277bd332571e5a P 3c0d1cbb697d4bc0bb73e159c483602b: No bootstrap required, opened a new log
I20260713 09:02:03.344823  6582 ts_tablet_manager.cc:1403] T 98a7e21e1b4d4a1888277bd332571e5a P 3c0d1cbb697d4bc0bb73e159c483602b: Time spent bootstrapping tablet: real 0.173s	user 0.071s	sys 0.078s
I20260713 09:02:03.345762  6583 tablet_bootstrap.cc:492] T d1e97c312cf24b56a933bab94e963ce6 P 8387f875197f4e79a309b14440ffb6a4: No bootstrap required, opened a new log
I20260713 09:02:03.343815  6586 consensus_queue.cc:260] T 141ab8ec8b7942b180b9c7dea52d0a61 P 5330bbb8fedc427a94e82855c49cd833 [NON_LEADER]: Queue going to NON_LEADER mode. State: All replicated index: 0, Majority replicated index: 0, Committed index: 0, Last appended: 0.0, Last appended by leader: 0, Current term: 0, Majority size: -1, State: 0, Mode: NON_LEADER, active raft config: opid_index: -1 OBSOLETE_local: false peers { permanent_uuid: "8387f875197f4e79a309b14440ffb6a4" member_type: VOTER last_known_addr { host: "127.5.161.194" port: 43311 } } peers { permanent_uuid: "3c0d1cbb697d4bc0bb73e159c483602b" member_type: VOTER last_known_addr { host: "127.5.161.193" port: 43213 } } peers { permanent_uuid: "5330bbb8fedc427a94e82855c49cd833" member_type: VOTER last_known_addr { host: "127.5.161.195" port: 33699 } }
I20260713 09:02:03.346258  6583 ts_tablet_manager.cc:1403] T d1e97c312cf24b56a933bab94e963ce6 P 8387f875197f4e79a309b14440ffb6a4: Time spent bootstrapping tablet: real 0.254s	user 0.005s	sys 0.009s
I20260713 09:02:03.348071  6586 ts_tablet_manager.cc:1434] T 141ab8ec8b7942b180b9c7dea52d0a61 P 5330bbb8fedc427a94e82855c49cd833: Time spent starting tablet: real 0.032s	user 0.007s	sys 0.000s
I20260713 09:02:03.348294  6582 raft_consensus.cc:359] T 98a7e21e1b4d4a1888277bd332571e5a P 3c0d1cbb697d4bc0bb73e159c483602b [term 0 FOLLOWER]: Replica starting. Triggering 0 pending ops. Active config: opid_index: -1 OBSOLETE_local: false peers { permanent_uuid: "3c0d1cbb697d4bc0bb73e159c483602b" member_type: VOTER last_known_addr { host: "127.5.161.193" port: 43213 } } peers { permanent_uuid: "8387f875197f4e79a309b14440ffb6a4" member_type: VOTER last_known_addr { host: "127.5.161.194" port: 43311 } } peers { permanent_uuid: "5330bbb8fedc427a94e82855c49cd833" member_type: VOTER last_known_addr { host: "127.5.161.195" port: 33699 } }
I20260713 09:02:03.349169  6582 raft_consensus.cc:385] T 98a7e21e1b4d4a1888277bd332571e5a P 3c0d1cbb697d4bc0bb73e159c483602b [term 0 FOLLOWER]: Consensus starting up: Expiring failure detector timer to make a prompt election more likely
I20260713 09:02:03.349607  6582 raft_consensus.cc:740] T 98a7e21e1b4d4a1888277bd332571e5a P 3c0d1cbb697d4bc0bb73e159c483602b [term 0 FOLLOWER]: Becoming Follower/Learner. State: Replica: 3c0d1cbb697d4bc0bb73e159c483602b, State: Initialized, Role: FOLLOWER
I20260713 09:02:03.349314  6583 raft_consensus.cc:359] T d1e97c312cf24b56a933bab94e963ce6 P 8387f875197f4e79a309b14440ffb6a4 [term 0 FOLLOWER]: Replica starting. Triggering 0 pending ops. Active config: opid_index: -1 OBSOLETE_local: false peers { permanent_uuid: "3c0d1cbb697d4bc0bb73e159c483602b" member_type: VOTER last_known_addr { host: "127.5.161.193" port: 43213 } } peers { permanent_uuid: "8387f875197f4e79a309b14440ffb6a4" member_type: VOTER last_known_addr { host: "127.5.161.194" port: 43311 } } peers { permanent_uuid: "5330bbb8fedc427a94e82855c49cd833" member_type: VOTER last_known_addr { host: "127.5.161.195" port: 33699 } }
I20260713 09:02:03.350235  6583 raft_consensus.cc:385] T d1e97c312cf24b56a933bab94e963ce6 P 8387f875197f4e79a309b14440ffb6a4 [term 0 FOLLOWER]: Consensus starting up: Expiring failure detector timer to make a prompt election more likely
I20260713 09:02:03.350570  6583 raft_consensus.cc:740] T d1e97c312cf24b56a933bab94e963ce6 P 8387f875197f4e79a309b14440ffb6a4 [term 0 FOLLOWER]: Becoming Follower/Learner. State: Replica: 8387f875197f4e79a309b14440ffb6a4, State: Initialized, Role: FOLLOWER
I20260713 09:02:03.350741  6582 consensus_queue.cc:260] T 98a7e21e1b4d4a1888277bd332571e5a P 3c0d1cbb697d4bc0bb73e159c483602b [NON_LEADER]: Queue going to NON_LEADER mode. State: All replicated index: 0, Majority replicated index: 0, Committed index: 0, Last appended: 0.0, Last appended by leader: 0, Current term: 0, Majority size: -1, State: 0, Mode: NON_LEADER, active raft config: opid_index: -1 OBSOLETE_local: false peers { permanent_uuid: "3c0d1cbb697d4bc0bb73e159c483602b" member_type: VOTER last_known_addr { host: "127.5.161.193" port: 43213 } } peers { permanent_uuid: "8387f875197f4e79a309b14440ffb6a4" member_type: VOTER last_known_addr { host: "127.5.161.194" port: 43311 } } peers { permanent_uuid: "5330bbb8fedc427a94e82855c49cd833" member_type: VOTER last_known_addr { host: "127.5.161.195" port: 33699 } }
I20260713 09:02:03.351558  6583 consensus_queue.cc:260] T d1e97c312cf24b56a933bab94e963ce6 P 8387f875197f4e79a309b14440ffb6a4 [NON_LEADER]: Queue going to NON_LEADER mode. State: All replicated index: 0, Majority replicated index: 0, Committed index: 0, Last appended: 0.0, Last appended by leader: 0, Current term: 0, Majority size: -1, State: 0, Mode: NON_LEADER, active raft config: opid_index: -1 OBSOLETE_local: false peers { permanent_uuid: "3c0d1cbb697d4bc0bb73e159c483602b" member_type: VOTER last_known_addr { host: "127.5.161.193" port: 43213 } } peers { permanent_uuid: "8387f875197f4e79a309b14440ffb6a4" member_type: VOTER last_known_addr { host: "127.5.161.194" port: 43311 } } peers { permanent_uuid: "5330bbb8fedc427a94e82855c49cd833" member_type: VOTER last_known_addr { host: "127.5.161.195" port: 33699 } }
I20260713 09:02:03.353459  6582 ts_tablet_manager.cc:1434] T 98a7e21e1b4d4a1888277bd332571e5a P 3c0d1cbb697d4bc0bb73e159c483602b: Time spent starting tablet: real 0.008s	user 0.007s	sys 0.000s
I20260713 09:02:03.361328  6582 tablet_bootstrap.cc:492] T 141ab8ec8b7942b180b9c7dea52d0a61 P 3c0d1cbb697d4bc0bb73e159c483602b: Bootstrap starting.
I20260713 09:02:03.368484  6542 tablet_service.cc:1917] Received RequestConsensusVote() RPC: tablet_id: "8f27cf0018db42a68546750a24afda7b" candidate_uuid: "3c0d1cbb697d4bc0bb73e159c483602b" candidate_term: 1 candidate_status { last_received { term: 0 index: 0 } } ignore_live_leader: false dest_uuid: "5330bbb8fedc427a94e82855c49cd833" is_pre_election: true
I20260713 09:02:03.369402  6582 tablet_bootstrap.cc:654] T 141ab8ec8b7942b180b9c7dea52d0a61 P 3c0d1cbb697d4bc0bb73e159c483602b: Neither blocks nor log segments found. Creating new log.
W20260713 09:02:03.371093  6356 leader_election.cc:343] T 8f27cf0018db42a68546750a24afda7b P 3c0d1cbb697d4bc0bb73e159c483602b [CANDIDATE]: Term 1 pre-election: Tablet error from VoteRequest() call to peer 5330bbb8fedc427a94e82855c49cd833 (127.5.161.195:33699): Illegal state: must be running to vote when last-logged opid is not known
I20260713 09:02:03.371816  6356 leader_election.cc:304] T 8f27cf0018db42a68546750a24afda7b P 3c0d1cbb697d4bc0bb73e159c483602b [CANDIDATE]: Term 1 pre-election: Election decided. Result: candidate lost. Election summary: received 3 responses out of 3 voters: 1 yes votes; 2 no votes. yes voters: 3c0d1cbb697d4bc0bb73e159c483602b; no voters: 5330bbb8fedc427a94e82855c49cd833, 8387f875197f4e79a309b14440ffb6a4
I20260713 09:02:03.373453  6585 raft_consensus.cc:2749] T 8f27cf0018db42a68546750a24afda7b P 3c0d1cbb697d4bc0bb73e159c483602b [term 0 FOLLOWER]: Leader pre-election lost for term 1. Reason: could not achieve majority
I20260713 09:02:03.375494  6493 heartbeater.cc:499] Master 127.5.161.254:36091 was elected leader, sending a full tablet report...
I20260713 09:02:03.375744  6586 tablet_bootstrap.cc:492] T 8f27cf0018db42a68546750a24afda7b P 5330bbb8fedc427a94e82855c49cd833: Bootstrap starting.
I20260713 09:02:03.375953  6583 ts_tablet_manager.cc:1434] T d1e97c312cf24b56a933bab94e963ce6 P 8387f875197f4e79a309b14440ffb6a4: Time spent starting tablet: real 0.029s	user 0.012s	sys 0.010s
I20260713 09:02:03.377038  6583 tablet_bootstrap.cc:492] T 367732d1d3f94f6aa1ece586ceec2aca P 8387f875197f4e79a309b14440ffb6a4: Bootstrap starting.
I20260713 09:02:03.383800  6586 tablet_bootstrap.cc:654] T 8f27cf0018db42a68546750a24afda7b P 5330bbb8fedc427a94e82855c49cd833: Neither blocks nor log segments found. Creating new log.
I20260713 09:02:03.384935  6583 tablet_bootstrap.cc:654] T 367732d1d3f94f6aa1ece586ceec2aca P 8387f875197f4e79a309b14440ffb6a4: Neither blocks nor log segments found. Creating new log.
I20260713 09:02:03.391925  6590 raft_consensus.cc:493] T 141ab8ec8b7942b180b9c7dea52d0a61 P 5330bbb8fedc427a94e82855c49cd833 [term 0 FOLLOWER]: Starting pre-election (no leader contacted us within the election timeout)
I20260713 09:02:03.392638  6590 raft_consensus.cc:515] T 141ab8ec8b7942b180b9c7dea52d0a61 P 5330bbb8fedc427a94e82855c49cd833 [term 0 FOLLOWER]: Starting pre-election with config: opid_index: -1 OBSOLETE_local: false peers { permanent_uuid: "8387f875197f4e79a309b14440ffb6a4" member_type: VOTER last_known_addr { host: "127.5.161.194" port: 43311 } } peers { permanent_uuid: "3c0d1cbb697d4bc0bb73e159c483602b" member_type: VOTER last_known_addr { host: "127.5.161.193" port: 43213 } } peers { permanent_uuid: "5330bbb8fedc427a94e82855c49cd833" member_type: VOTER last_known_addr { host: "127.5.161.195" port: 33699 } }
I20260713 09:02:03.396205  6467 tablet_service.cc:1917] Received RequestConsensusVote() RPC: tablet_id: "141ab8ec8b7942b180b9c7dea52d0a61" candidate_uuid: "5330bbb8fedc427a94e82855c49cd833" candidate_term: 1 candidate_status { last_received { term: 0 index: 0 } } ignore_live_leader: false dest_uuid: "8387f875197f4e79a309b14440ffb6a4" is_pre_election: true
I20260713 09:02:03.398347  6583 tablet_bootstrap.cc:492] T 367732d1d3f94f6aa1ece586ceec2aca P 8387f875197f4e79a309b14440ffb6a4: No bootstrap required, opened a new log
W20260713 09:02:03.398519  6507 leader_election.cc:343] T 141ab8ec8b7942b180b9c7dea52d0a61 P 5330bbb8fedc427a94e82855c49cd833 [CANDIDATE]: Term 1 pre-election: Tablet error from VoteRequest() call to peer 8387f875197f4e79a309b14440ffb6a4 (127.5.161.194:43311): Illegal state: must be running to vote when last-logged opid is not known
I20260713 09:02:03.399287  6583 ts_tablet_manager.cc:1403] T 367732d1d3f94f6aa1ece586ceec2aca P 8387f875197f4e79a309b14440ffb6a4: Time spent bootstrapping tablet: real 0.023s	user 0.003s	sys 0.017s
I20260713 09:02:03.400617  6586 tablet_bootstrap.cc:492] T 8f27cf0018db42a68546750a24afda7b P 5330bbb8fedc427a94e82855c49cd833: No bootstrap required, opened a new log
I20260713 09:02:03.401146  6586 ts_tablet_manager.cc:1403] T 8f27cf0018db42a68546750a24afda7b P 5330bbb8fedc427a94e82855c49cd833: Time spent bootstrapping tablet: real 0.026s	user 0.010s	sys 0.005s
I20260713 09:02:03.401099  6393 tablet_service.cc:1917] Received RequestConsensusVote() RPC: tablet_id: "141ab8ec8b7942b180b9c7dea52d0a61" candidate_uuid: "5330bbb8fedc427a94e82855c49cd833" candidate_term: 1 candidate_status { last_received { term: 0 index: 0 } } ignore_live_leader: false dest_uuid: "3c0d1cbb697d4bc0bb73e159c483602b" is_pre_election: true
W20260713 09:02:03.402896  6507 leader_election.cc:343] T 141ab8ec8b7942b180b9c7dea52d0a61 P 5330bbb8fedc427a94e82855c49cd833 [CANDIDATE]: Term 1 pre-election: Tablet error from VoteRequest() call to peer 3c0d1cbb697d4bc0bb73e159c483602b (127.5.161.193:43213): Illegal state: must be running to vote when last-logged opid is not known
I20260713 09:02:03.402695  6583 raft_consensus.cc:359] T 367732d1d3f94f6aa1ece586ceec2aca P 8387f875197f4e79a309b14440ffb6a4 [term 0 FOLLOWER]: Replica starting. Triggering 0 pending ops. Active config: opid_index: -1 OBSOLETE_local: false peers { permanent_uuid: "3c0d1cbb697d4bc0bb73e159c483602b" member_type: VOTER last_known_addr { host: "127.5.161.193" port: 43213 } } peers { permanent_uuid: "8387f875197f4e79a309b14440ffb6a4" member_type: VOTER last_known_addr { host: "127.5.161.194" port: 43311 } } peers { permanent_uuid: "5330bbb8fedc427a94e82855c49cd833" member_type: VOTER last_known_addr { host: "127.5.161.195" port: 33699 } }
I20260713 09:02:03.403517  6583 raft_consensus.cc:385] T 367732d1d3f94f6aa1ece586ceec2aca P 8387f875197f4e79a309b14440ffb6a4 [term 0 FOLLOWER]: Consensus starting up: Expiring failure detector timer to make a prompt election more likely
I20260713 09:02:03.403424  6507 leader_election.cc:304] T 141ab8ec8b7942b180b9c7dea52d0a61 P 5330bbb8fedc427a94e82855c49cd833 [CANDIDATE]: Term 1 pre-election: Election decided. Result: candidate lost. Election summary: received 3 responses out of 3 voters: 1 yes votes; 2 no votes. yes voters: 5330bbb8fedc427a94e82855c49cd833; no voters: 3c0d1cbb697d4bc0bb73e159c483602b, 8387f875197f4e79a309b14440ffb6a4
I20260713 09:02:03.403919  6583 raft_consensus.cc:740] T 367732d1d3f94f6aa1ece586ceec2aca P 8387f875197f4e79a309b14440ffb6a4 [term 0 FOLLOWER]: Becoming Follower/Learner. State: Replica: 8387f875197f4e79a309b14440ffb6a4, State: Initialized, Role: FOLLOWER
