I20260713 09:02:07.468607  7158 raft_consensus.cc:385] T 5c3dcb9ce434455c807fefd3d0058b8a P 285716379ac94753a4bf9232c515eaff [term 0 FOLLOWER]: Consensus starting up: Expiring failure detector timer to make a prompt election more likely
I20260713 09:02:07.465517  7155 consensus_queue.cc:260] T ccdd5fced46e48658cfd522bb83b2225 P f00192477d0c482bafb1bbefdc02e91a [NON_LEADER]: Queue going to NON_LEADER mode. State: All replicated index: 0, Majority replicated index: 0, Committed index: 0, Last appended: 0.0, Last appended by leader: 0, Current term: 0, Majority size: -1, State: 0, Mode: NON_LEADER, active raft config: opid_index: -1 OBSOLETE_local: false peers { permanent_uuid: "285716379ac94753a4bf9232c515eaff" member_type: VOTER last_known_addr { host: "127.5.184.1" port: 38387 } } peers { permanent_uuid: "f00192477d0c482bafb1bbefdc02e91a" member_type: VOTER last_known_addr { host: "127.5.184.2" port: 35515 } } peers { permanent_uuid: "4f104b01436443a39174a65072e74203" member_type: VOTER last_known_addr { host: "127.5.184.3" port: 35179 } }
I20260713 09:02:07.469054  7158 raft_consensus.cc:740] T 5c3dcb9ce434455c807fefd3d0058b8a P 285716379ac94753a4bf9232c515eaff [term 0 FOLLOWER]: Becoming Follower/Learner. State: Replica: 285716379ac94753a4bf9232c515eaff, State: Initialized, Role: FOLLOWER
I20260713 09:02:07.475303  7155 ts_tablet_manager.cc:1434] T ccdd5fced46e48658cfd522bb83b2225 P f00192477d0c482bafb1bbefdc02e91a: Time spent starting tablet: real 0.014s	user 0.006s	sys 0.001s
I20260713 09:02:07.474829  7158 consensus_queue.cc:260] T 5c3dcb9ce434455c807fefd3d0058b8a P 285716379ac94753a4bf9232c515eaff [NON_LEADER]: Queue going to NON_LEADER mode. State: All replicated index: 0, Majority replicated index: 0, Committed index: 0, Last appended: 0.0, Last appended by leader: 0, Current term: 0, Majority size: -1, State: 0, Mode: NON_LEADER, active raft config: opid_index: -1 OBSOLETE_local: false peers { permanent_uuid: "285716379ac94753a4bf9232c515eaff" member_type: VOTER last_known_addr { host: "127.5.184.1" port: 38387 } } peers { permanent_uuid: "f00192477d0c482bafb1bbefdc02e91a" member_type: VOTER last_known_addr { host: "127.5.184.2" port: 35515 } } peers { permanent_uuid: "4f104b01436443a39174a65072e74203" member_type: VOTER last_known_addr { host: "127.5.184.3" port: 35179 } }
I20260713 09:02:07.479905  7155 tablet_bootstrap.cc:492] T 027a1751c3eb4031b0030fe42d79c59d P f00192477d0c482bafb1bbefdc02e91a: Bootstrap starting.
I20260713 09:02:07.487092  7155 tablet_bootstrap.cc:654] T 027a1751c3eb4031b0030fe42d79c59d P f00192477d0c482bafb1bbefdc02e91a: Neither blocks nor log segments found. Creating new log.
I20260713 09:02:07.487555  7156 tablet_bootstrap.cc:492] T 01895ed9376a4c258492b1150585385b P 4f104b01436443a39174a65072e74203: No bootstrap required, opened a new log
I20260713 09:02:07.488238  7156 ts_tablet_manager.cc:1403] T 01895ed9376a4c258492b1150585385b P 4f104b01436443a39174a65072e74203: Time spent bootstrapping tablet: real 0.028s	user 0.018s	sys 0.008s
I20260713 09:02:07.491266  7156 raft_consensus.cc:359] T 01895ed9376a4c258492b1150585385b P 4f104b01436443a39174a65072e74203 [term 0 FOLLOWER]: Replica starting. Triggering 0 pending ops. Active config: opid_index: -1 OBSOLETE_local: false peers { permanent_uuid: "285716379ac94753a4bf9232c515eaff" member_type: VOTER last_known_addr { host: "127.5.184.1" port: 38387 } } peers { permanent_uuid: "f00192477d0c482bafb1bbefdc02e91a" member_type: VOTER last_known_addr { host: "127.5.184.2" port: 35515 } } peers { permanent_uuid: "4f104b01436443a39174a65072e74203" member_type: VOTER last_known_addr { host: "127.5.184.3" port: 35179 } }
I20260713 09:02:07.492571  7156 raft_consensus.cc:385] T 01895ed9376a4c258492b1150585385b P 4f104b01436443a39174a65072e74203 [term 0 FOLLOWER]: Consensus starting up: Expiring failure detector timer to make a prompt election more likely
I20260713 09:02:07.492946  7156 raft_consensus.cc:740] T 01895ed9376a4c258492b1150585385b P 4f104b01436443a39174a65072e74203 [term 0 FOLLOWER]: Becoming Follower/Learner. State: Replica: 4f104b01436443a39174a65072e74203, State: Initialized, Role: FOLLOWER
I20260713 09:02:07.493932  7156 consensus_queue.cc:260] T 01895ed9376a4c258492b1150585385b P 4f104b01436443a39174a65072e74203 [NON_LEADER]: Queue going to NON_LEADER mode. State: All replicated index: 0, Majority replicated index: 0, Committed index: 0, Last appended: 0.0, Last appended by leader: 0, Current term: 0, Majority size: -1, State: 0, Mode: NON_LEADER, active raft config: opid_index: -1 OBSOLETE_local: false peers { permanent_uuid: "285716379ac94753a4bf9232c515eaff" member_type: VOTER last_known_addr { host: "127.5.184.1" port: 38387 } } peers { permanent_uuid: "f00192477d0c482bafb1bbefdc02e91a" member_type: VOTER last_known_addr { host: "127.5.184.2" port: 35515 } } peers { permanent_uuid: "4f104b01436443a39174a65072e74203" member_type: VOTER last_known_addr { host: "127.5.184.3" port: 35179 } }
I20260713 09:02:07.495846  6966 tablet_service.cc:1917] Received RequestConsensusVote() RPC: tablet_id: "5c3dcb9ce434455c807fefd3d0058b8a" candidate_uuid: "4f104b01436443a39174a65072e74203" candidate_term: 1 candidate_status { last_received { term: 0 index: 0 } } ignore_live_leader: false dest_uuid: "285716379ac94753a4bf9232c515eaff" is_pre_election: true
I20260713 09:02:07.496289  7156 ts_tablet_manager.cc:1434] T 01895ed9376a4c258492b1150585385b P 4f104b01436443a39174a65072e74203: Time spent starting tablet: real 0.008s	user 0.002s	sys 0.003s
I20260713 09:02:07.496542  6966 raft_consensus.cc:2468] T 5c3dcb9ce434455c807fefd3d0058b8a P 285716379ac94753a4bf9232c515eaff [term 0 FOLLOWER]: Leader pre-election vote request: Granting yes vote for candidate 4f104b01436443a39174a65072e74203 in term 0.
I20260713 09:02:07.497776  6991 heartbeater.cc:499] Master 127.5.184.62:33007 was elected leader, sending a full tablet report...
I20260713 09:02:07.498078  7081 leader_election.cc:304] T 5c3dcb9ce434455c807fefd3d0058b8a P 4f104b01436443a39174a65072e74203 [CANDIDATE]: Term 1 pre-election: Election decided. Result: candidate won. Election summary: received 2 responses out of 3 voters: 2 yes votes; 0 no votes. yes voters: 285716379ac94753a4bf9232c515eaff, 4f104b01436443a39174a65072e74203; no voters: 
I20260713 09:02:07.498387  7158 ts_tablet_manager.cc:1434] T 5c3dcb9ce434455c807fefd3d0058b8a P 285716379ac94753a4bf9232c515eaff: Time spent starting tablet: real 0.041s	user 0.013s	sys 0.003s
I20260713 09:02:07.498881  7161 raft_consensus.cc:2804] T 5c3dcb9ce434455c807fefd3d0058b8a P 4f104b01436443a39174a65072e74203 [term 0 FOLLOWER]: Leader pre-election won for term 1
I20260713 09:02:07.499224  7161 raft_consensus.cc:493] T 5c3dcb9ce434455c807fefd3d0058b8a P 4f104b01436443a39174a65072e74203 [term 0 FOLLOWER]: Starting leader election (no leader contacted us within the election timeout)
I20260713 09:02:07.499363  7158 tablet_bootstrap.cc:492] T c71d39b2d97f44cb81045e6b0911ee8a P 285716379ac94753a4bf9232c515eaff: Bootstrap starting.
I20260713 09:02:07.499595  7161 raft_consensus.cc:3060] T 5c3dcb9ce434455c807fefd3d0058b8a P 4f104b01436443a39174a65072e74203 [term 0 FOLLOWER]: Advancing to term 1
I20260713 09:02:07.506968  7161 raft_consensus.cc:515] T 5c3dcb9ce434455c807fefd3d0058b8a P 4f104b01436443a39174a65072e74203 [term 1 FOLLOWER]: Starting leader election with config: opid_index: -1 OBSOLETE_local: false peers { permanent_uuid: "285716379ac94753a4bf9232c515eaff" member_type: VOTER last_known_addr { host: "127.5.184.1" port: 38387 } } peers { permanent_uuid: "f00192477d0c482bafb1bbefdc02e91a" member_type: VOTER last_known_addr { host: "127.5.184.2" port: 35515 } } peers { permanent_uuid: "4f104b01436443a39174a65072e74203" member_type: VOTER last_known_addr { host: "127.5.184.3" port: 35179 } }
I20260713 09:02:07.509428  7041 tablet_service.cc:1917] Received RequestConsensusVote() RPC: tablet_id: "5c3dcb9ce434455c807fefd3d0058b8a" candidate_uuid: "4f104b01436443a39174a65072e74203" candidate_term: 1 candidate_status { last_received { term: 0 index: 0 } } ignore_live_leader: false dest_uuid: "f00192477d0c482bafb1bbefdc02e91a" is_pre_election: true
I20260713 09:02:07.509577  6966 tablet_service.cc:1917] Received RequestConsensusVote() RPC: tablet_id: "5c3dcb9ce434455c807fefd3d0058b8a" candidate_uuid: "4f104b01436443a39174a65072e74203" candidate_term: 1 candidate_status { last_received { term: 0 index: 0 } } ignore_live_leader: false dest_uuid: "285716379ac94753a4bf9232c515eaff"
I20260713 09:02:07.510185  6966 raft_consensus.cc:3060] T 5c3dcb9ce434455c807fefd3d0058b8a P 285716379ac94753a4bf9232c515eaff [term 0 FOLLOWER]: Advancing to term 1
W20260713 09:02:07.511013  7079 leader_election.cc:343] T 5c3dcb9ce434455c807fefd3d0058b8a P 4f104b01436443a39174a65072e74203 [CANDIDATE]: Term 1 pre-election: Tablet error from VoteRequest() call to peer f00192477d0c482bafb1bbefdc02e91a (127.5.184.2:35515): Illegal state: must be running to vote when last-logged opid is not known
I20260713 09:02:07.512332  7158 tablet_bootstrap.cc:654] T c71d39b2d97f44cb81045e6b0911ee8a P 285716379ac94753a4bf9232c515eaff: Neither blocks nor log segments found. Creating new log.
I20260713 09:02:07.517459  6966 raft_consensus.cc:2468] T 5c3dcb9ce434455c807fefd3d0058b8a P 285716379ac94753a4bf9232c515eaff [term 1 FOLLOWER]: Leader election vote request: Granting yes vote for candidate 4f104b01436443a39174a65072e74203 in term 1.
I20260713 09:02:07.497509  7156 tablet_bootstrap.cc:492] T 1792959c4fb4497082146837daecd0f8 P 4f104b01436443a39174a65072e74203: Bootstrap starting.
I20260713 09:02:07.524897  7158 tablet_bootstrap.cc:492] T c71d39b2d97f44cb81045e6b0911ee8a P 285716379ac94753a4bf9232c515eaff: No bootstrap required, opened a new log
I20260713 09:02:07.525069  7156 tablet_bootstrap.cc:654] T 1792959c4fb4497082146837daecd0f8 P 4f104b01436443a39174a65072e74203: Neither blocks nor log segments found. Creating new log.
I20260713 09:02:07.525602  7158 ts_tablet_manager.cc:1403] T c71d39b2d97f44cb81045e6b0911ee8a P 285716379ac94753a4bf9232c515eaff: Time spent bootstrapping tablet: real 0.026s	user 0.013s	sys 0.003s
I20260713 09:02:07.526513  7161 leader_election.cc:290] T 5c3dcb9ce434455c807fefd3d0058b8a P 4f104b01436443a39174a65072e74203 [CANDIDATE]: Term 1 election: Requested vote from peers 285716379ac94753a4bf9232c515eaff (127.5.184.1:38387), f00192477d0c482bafb1bbefdc02e91a (127.5.184.2:35515)
I20260713 09:02:07.527761  7081 leader_election.cc:304] T 5c3dcb9ce434455c807fefd3d0058b8a P 4f104b01436443a39174a65072e74203 [CANDIDATE]: Term 1 election: Election decided. Result: candidate won. Election summary: received 2 responses out of 3 voters: 2 yes votes; 0 no votes. yes voters: 285716379ac94753a4bf9232c515eaff, 4f104b01436443a39174a65072e74203; no voters: 
I20260713 09:02:07.528702  7161 raft_consensus.cc:2804] T 5c3dcb9ce434455c807fefd3d0058b8a P 4f104b01436443a39174a65072e74203 [term 1 FOLLOWER]: Leader election won for term 1
I20260713 09:02:07.530710  7041 tablet_service.cc:1917] Received RequestConsensusVote() RPC: tablet_id: "5c3dcb9ce434455c807fefd3d0058b8a" candidate_uuid: "4f104b01436443a39174a65072e74203" candidate_term: 1 candidate_status { last_received { term: 0 index: 0 } } ignore_live_leader: false dest_uuid: "f00192477d0c482bafb1bbefdc02e91a"
I20260713 09:02:07.529575  7158 raft_consensus.cc:359] T c71d39b2d97f44cb81045e6b0911ee8a P 285716379ac94753a4bf9232c515eaff [term 0 FOLLOWER]: Replica starting. Triggering 0 pending ops. Active config: opid_index: -1 OBSOLETE_local: false peers { permanent_uuid: "f00192477d0c482bafb1bbefdc02e91a" member_type: VOTER last_known_addr { host: "127.5.184.2" port: 35515 } } peers { permanent_uuid: "285716379ac94753a4bf9232c515eaff" member_type: VOTER last_known_addr { host: "127.5.184.1" port: 38387 } } peers { permanent_uuid: "4f104b01436443a39174a65072e74203" member_type: VOTER last_known_addr { host: "127.5.184.3" port: 35179 } }
W20260713 09:02:07.539284  7079 leader_election.cc:343] T 5c3dcb9ce434455c807fefd3d0058b8a P 4f104b01436443a39174a65072e74203 [CANDIDATE]: Term 1 election: Tablet error from VoteRequest() call to peer f00192477d0c482bafb1bbefdc02e91a (127.5.184.2:35515): Illegal state: must be running to vote when last-logged opid is not known
I20260713 09:02:07.539486  7158 raft_consensus.cc:385] T c71d39b2d97f44cb81045e6b0911ee8a P 285716379ac94753a4bf9232c515eaff [term 0 FOLLOWER]: Consensus starting up: Expiring failure detector timer to make a prompt election more likely
I20260713 09:02:07.539815  7158 raft_consensus.cc:740] T c71d39b2d97f44cb81045e6b0911ee8a P 285716379ac94753a4bf9232c515eaff [term 0 FOLLOWER]: Becoming Follower/Learner. State: Replica: 285716379ac94753a4bf9232c515eaff, State: Initialized, Role: FOLLOWER
I20260713 09:02:07.540484  7161 raft_consensus.cc:697] T 5c3dcb9ce434455c807fefd3d0058b8a P 4f104b01436443a39174a65072e74203 [term 1 LEADER]: Becoming Leader. State: Replica: 4f104b01436443a39174a65072e74203, State: Running, Role: LEADER
I20260713 09:02:07.540575  7158 consensus_queue.cc:260] T c71d39b2d97f44cb81045e6b0911ee8a P 285716379ac94753a4bf9232c515eaff [NON_LEADER]: Queue going to NON_LEADER mode. State: All replicated index: 0, Majority replicated index: 0, Committed index: 0, Last appended: 0.0, Last appended by leader: 0, Current term: 0, Majority size: -1, State: 0, Mode: NON_LEADER, active raft config: opid_index: -1 OBSOLETE_local: false peers { permanent_uuid: "f00192477d0c482bafb1bbefdc02e91a" member_type: VOTER last_known_addr { host: "127.5.184.2" port: 35515 } } peers { permanent_uuid: "285716379ac94753a4bf9232c515eaff" member_type: VOTER last_known_addr { host: "127.5.184.1" port: 38387 } } peers { permanent_uuid: "4f104b01436443a39174a65072e74203" member_type: VOTER last_known_addr { host: "127.5.184.3" port: 35179 } }
I20260713 09:02:07.541564  7161 consensus_queue.cc:237] T 5c3dcb9ce434455c807fefd3d0058b8a P 4f104b01436443a39174a65072e74203 [LEADER]: Queue going to LEADER mode. State: All replicated index: 0, Majority replicated index: 0, Committed index: 0, Last appended: 0.0, Last appended by leader: 0, Current term: 1, Majority size: 2, State: 0, Mode: LEADER, active raft config: opid_index: -1 OBSOLETE_local: false peers { permanent_uuid: "285716379ac94753a4bf9232c515eaff" member_type: VOTER last_known_addr { host: "127.5.184.1" port: 38387 } } peers { permanent_uuid: "f00192477d0c482bafb1bbefdc02e91a" member_type: VOTER last_known_addr { host: "127.5.184.2" port: 35515 } } peers { permanent_uuid: "4f104b01436443a39174a65072e74203" member_type: VOTER last_known_addr { host: "127.5.184.3" port: 35179 } }
I20260713 09:02:07.543164  7158 ts_tablet_manager.cc:1434] T c71d39b2d97f44cb81045e6b0911ee8a P 285716379ac94753a4bf9232c515eaff: Time spent starting tablet: real 0.017s	user 0.007s	sys 0.000s
I20260713 09:02:07.543524  7156 tablet_bootstrap.cc:492] T 1792959c4fb4497082146837daecd0f8 P 4f104b01436443a39174a65072e74203: No bootstrap required, opened a new log
I20260713 09:02:07.543987  7156 ts_tablet_manager.cc:1403] T 1792959c4fb4497082146837daecd0f8 P 4f104b01436443a39174a65072e74203: Time spent bootstrapping tablet: real 0.047s	user 0.011s	sys 0.001s
I20260713 09:02:07.544093  7158 tablet_bootstrap.cc:492] T df553669700f4f14909dbe75e3cc2e33 P 285716379ac94753a4bf9232c515eaff: Bootstrap starting.
I20260713 09:02:07.547384  7155 tablet_bootstrap.cc:492] T 027a1751c3eb4031b0030fe42d79c59d P f00192477d0c482bafb1bbefdc02e91a: No bootstrap required, opened a new log
I20260713 09:02:07.547927  7155 ts_tablet_manager.cc:1403] T 027a1751c3eb4031b0030fe42d79c59d P f00192477d0c482bafb1bbefdc02e91a: Time spent bootstrapping tablet: real 0.068s	user 0.014s	sys 0.023s
I20260713 09:02:07.550817  7158 tablet_bootstrap.cc:654] T df553669700f4f14909dbe75e3cc2e33 P 285716379ac94753a4bf9232c515eaff: Neither blocks nor log segments found. Creating new log.
I20260713 09:02:07.550789  7155 raft_consensus.cc:359] T 027a1751c3eb4031b0030fe42d79c59d P f00192477d0c482bafb1bbefdc02e91a [term 0 FOLLOWER]: Replica starting. Triggering 0 pending ops. Active config: opid_index: -1 OBSOLETE_local: false peers { permanent_uuid: "285716379ac94753a4bf9232c515eaff" member_type: VOTER last_known_addr { host: "127.5.184.1" port: 38387 } } peers { permanent_uuid: "f00192477d0c482bafb1bbefdc02e91a" member_type: VOTER last_known_addr { host: "127.5.184.2" port: 35515 } } peers { permanent_uuid: "4f104b01436443a39174a65072e74203" member_type: VOTER last_known_addr { host: "127.5.184.3" port: 35179 } }
I20260713 09:02:07.551640  7155 raft_consensus.cc:385] T 027a1751c3eb4031b0030fe42d79c59d P f00192477d0c482bafb1bbefdc02e91a [term 0 FOLLOWER]: Consensus starting up: Expiring failure detector timer to make a prompt election more likely
I20260713 09:02:07.551976  7155 raft_consensus.cc:740] T 027a1751c3eb4031b0030fe42d79c59d P f00192477d0c482bafb1bbefdc02e91a [term 0 FOLLOWER]: Becoming Follower/Learner. State: Replica: f00192477d0c482bafb1bbefdc02e91a, State: Initialized, Role: FOLLOWER
I20260713 09:02:07.552748  7155 consensus_queue.cc:260] T 027a1751c3eb4031b0030fe42d79c59d P f00192477d0c482bafb1bbefdc02e91a [NON_LEADER]: Queue going to NON_LEADER mode. State: All replicated index: 0, Majority replicated index: 0, Committed index: 0, Last appended: 0.0, Last appended by leader: 0, Current term: 0, Majority size: -1, State: 0, Mode: NON_LEADER, active raft config: opid_index: -1 OBSOLETE_local: false peers { permanent_uuid: "285716379ac94753a4bf9232c515eaff" member_type: VOTER last_known_addr { host: "127.5.184.1" port: 38387 } } peers { permanent_uuid: "f00192477d0c482bafb1bbefdc02e91a" member_type: VOTER last_known_addr { host: "127.5.184.2" port: 35515 } } peers { permanent_uuid: "4f104b01436443a39174a65072e74203" member_type: VOTER last_known_addr { host: "127.5.184.3" port: 35179 } }
I20260713 09:02:07.554962  7156 raft_consensus.cc:359] T 1792959c4fb4497082146837daecd0f8 P 4f104b01436443a39174a65072e74203 [term 0 FOLLOWER]: Replica starting. Triggering 0 pending ops. Active config: opid_index: -1 OBSOLETE_local: false peers { permanent_uuid: "285716379ac94753a4bf9232c515eaff" member_type: VOTER last_known_addr { host: "127.5.184.1" port: 38387 } } peers { permanent_uuid: "f00192477d0c482bafb1bbefdc02e91a" member_type: VOTER last_known_addr { host: "127.5.184.2" port: 35515 } } peers { permanent_uuid: "4f104b01436443a39174a65072e74203" member_type: VOTER last_known_addr { host: "127.5.184.3" port: 35179 } }
I20260713 09:02:07.555739  7156 raft_consensus.cc:385] T 1792959c4fb4497082146837daecd0f8 P 4f104b01436443a39174a65072e74203 [term 0 FOLLOWER]: Consensus starting up: Expiring failure detector timer to make a prompt election more likely
I20260713 09:02:07.556042  7156 raft_consensus.cc:740] T 1792959c4fb4497082146837daecd0f8 P 4f104b01436443a39174a65072e74203 [term 0 FOLLOWER]: Becoming Follower/Learner. State: Replica: 4f104b01436443a39174a65072e74203, State: Initialized, Role: FOLLOWER
I20260713 09:02:07.556568  7155 ts_tablet_manager.cc:1434] T 027a1751c3eb4031b0030fe42d79c59d P f00192477d0c482bafb1bbefdc02e91a: Time spent starting tablet: real 0.008s	user 0.008s	sys 0.001s
I20260713 09:02:07.556914  7156 consensus_queue.cc:260] T 1792959c4fb4497082146837daecd0f8 P 4f104b01436443a39174a65072e74203 [NON_LEADER]: Queue going to NON_LEADER mode. State: All replicated index: 0, Majority replicated index: 0, Committed index: 0, Last appended: 0.0, Last appended by leader: 0, Current term: 0, Majority size: -1, State: 0, Mode: NON_LEADER, active raft config: opid_index: -1 OBSOLETE_local: false peers { permanent_uuid: "285716379ac94753a4bf9232c515eaff" member_type: VOTER last_known_addr { host: "127.5.184.1" port: 38387 } } peers { permanent_uuid: "f00192477d0c482bafb1bbefdc02e91a" member_type: VOTER last_known_addr { host: "127.5.184.2" port: 35515 } } peers { permanent_uuid: "4f104b01436443a39174a65072e74203" member_type: VOTER last_known_addr { host: "127.5.184.3" port: 35179 } }
I20260713 09:02:07.559616  7156 ts_tablet_manager.cc:1434] T 1792959c4fb4497082146837daecd0f8 P 4f104b01436443a39174a65072e74203: Time spent starting tablet: real 0.015s	user 0.007s	sys 0.001s
I20260713 09:02:07.560719  7156 tablet_bootstrap.cc:492] T c71d39b2d97f44cb81045e6b0911ee8a P 4f104b01436443a39174a65072e74203: Bootstrap starting.
I20260713 09:02:07.561528  7155 tablet_bootstrap.cc:492] T eda7097a47024b5aae8d6276541b41ad P f00192477d0c482bafb1bbefdc02e91a: Bootstrap starting.
I20260713 09:02:07.567184  7156 tablet_bootstrap.cc:654] T c71d39b2d97f44cb81045e6b0911ee8a P 4f104b01436443a39174a65072e74203: Neither blocks nor log segments found. Creating new log.
I20260713 09:02:07.568693  7158 tablet_bootstrap.cc:492] T df553669700f4f14909dbe75e3cc2e33 P 285716379ac94753a4bf9232c515eaff: No bootstrap required, opened a new log
I20260713 09:02:07.569175  7158 ts_tablet_manager.cc:1403] T df553669700f4f14909dbe75e3cc2e33 P 285716379ac94753a4bf9232c515eaff: Time spent bootstrapping tablet: real 0.025s	user 0.007s	sys 0.004s
I20260713 09:02:07.569795  7155 tablet_bootstrap.cc:654] T eda7097a47024b5aae8d6276541b41ad P f00192477d0c482bafb1bbefdc02e91a: Neither blocks nor log segments found. Creating new log.
I20260713 09:02:07.572072  7158 raft_consensus.cc:359] T df553669700f4f14909dbe75e3cc2e33 P 285716379ac94753a4bf9232c515eaff [term 0 FOLLOWER]: Replica starting. Triggering 0 pending ops. Active config: opid_index: -1 OBSOLETE_local: false peers { permanent_uuid: "285716379ac94753a4bf9232c515eaff" member_type: VOTER last_known_addr { host: "127.5.184.1" port: 38387 } } peers { permanent_uuid: "f00192477d0c482bafb1bbefdc02e91a" member_type: VOTER last_known_addr { host: "127.5.184.2" port: 35515 } } peers { permanent_uuid: "4f104b01436443a39174a65072e74203" member_type: VOTER last_known_addr { host: "127.5.184.3" port: 35179 } }
I20260713 09:02:07.573064  7158 raft_consensus.cc:385] T df553669700f4f14909dbe75e3cc2e33 P 285716379ac94753a4bf9232c515eaff [term 0 FOLLOWER]: Consensus starting up: Expiring failure detector timer to make a prompt election more likely
I20260713 09:02:07.573415  7158 raft_consensus.cc:740] T df553669700f4f14909dbe75e3cc2e33 P 285716379ac94753a4bf9232c515eaff [term 0 FOLLOWER]: Becoming Follower/Learner. State: Replica: 285716379ac94753a4bf9232c515eaff, State: Initialized, Role: FOLLOWER
I20260713 09:02:07.574371  7158 consensus_queue.cc:260] T df553669700f4f14909dbe75e3cc2e33 P 285716379ac94753a4bf9232c515eaff [NON_LEADER]: Queue going to NON_LEADER mode. State: All replicated index: 0, Majority replicated index: 0, Committed index: 0, Last appended: 0.0, Last appended by leader: 0, Current term: 0, Majority size: -1, State: 0, Mode: NON_LEADER, active raft config: opid_index: -1 OBSOLETE_local: false peers { permanent_uuid: "285716379ac94753a4bf9232c515eaff" member_type: VOTER last_known_addr { host: "127.5.184.1" port: 38387 } } peers { permanent_uuid: "f00192477d0c482bafb1bbefdc02e91a" member_type: VOTER last_known_addr { host: "127.5.184.2" port: 35515 } } peers { permanent_uuid: "4f104b01436443a39174a65072e74203" member_type: VOTER last_known_addr { host: "127.5.184.3" port: 35179 } }
I20260713 09:02:07.576682  7158 ts_tablet_manager.cc:1434] T df553669700f4f14909dbe75e3cc2e33 P 285716379ac94753a4bf9232c515eaff: Time spent starting tablet: real 0.007s	user 0.007s	sys 0.000s
I20260713 09:02:07.577730  7158 tablet_bootstrap.cc:492] T 01895ed9376a4c258492b1150585385b P 285716379ac94753a4bf9232c515eaff: Bootstrap starting.
I20260713 09:02:07.577569  6863 catalog_manager.cc:5697] T 5c3dcb9ce434455c807fefd3d0058b8a P 4f104b01436443a39174a65072e74203 reported cstate change: term changed from 0 to 1, leader changed from <none> to 4f104b01436443a39174a65072e74203 (127.5.184.3). New cstate: current_term: 1 leader_uuid: "4f104b01436443a39174a65072e74203" committed_config { opid_index: -1 OBSOLETE_local: false peers { permanent_uuid: "285716379ac94753a4bf9232c515eaff" member_type: VOTER last_known_addr { host: "127.5.184.1" port: 38387 } health_report { overall_health: UNKNOWN } } peers { permanent_uuid: "f00192477d0c482bafb1bbefdc02e91a" member_type: VOTER last_known_addr { host: "127.5.184.2" port: 35515 } health_report { overall_health: UNKNOWN } } peers { permanent_uuid: "4f104b01436443a39174a65072e74203" member_type: VOTER last_known_addr { host: "127.5.184.3" port: 35179 } health_report { overall_health: HEALTHY } } }
I20260713 09:02:07.585018  7158 tablet_bootstrap.cc:654] T 01895ed9376a4c258492b1150585385b P 285716379ac94753a4bf9232c515eaff: Neither blocks nor log segments found. Creating new log.
I20260713 09:02:07.588655  7160 raft_consensus.cc:493] T 027a1751c3eb4031b0030fe42d79c59d P f00192477d0c482bafb1bbefdc02e91a [term 0 FOLLOWER]: Starting pre-election (no leader contacted us within the election timeout)
I20260713 09:02:07.589334  7160 raft_consensus.cc:515] T 027a1751c3eb4031b0030fe42d79c59d P f00192477d0c482bafb1bbefdc02e91a [term 0 FOLLOWER]: Starting pre-election with config: opid_index: -1 OBSOLETE_local: false peers { permanent_uuid: "285716379ac94753a4bf9232c515eaff" member_type: VOTER last_known_addr { host: "127.5.184.1" port: 38387 } } peers { permanent_uuid: "f00192477d0c482bafb1bbefdc02e91a" member_type: VOTER last_known_addr { host: "127.5.184.2" port: 35515 } } peers { permanent_uuid: "4f104b01436443a39174a65072e74203" member_type: VOTER last_known_addr { host: "127.5.184.3" port: 35179 } }
I20260713 09:02:07.597010  7160 leader_election.cc:290] T 027a1751c3eb4031b0030fe42d79c59d P f00192477d0c482bafb1bbefdc02e91a [CANDIDATE]: Term 1 pre-election: Requested pre-vote from peers 285716379ac94753a4bf9232c515eaff (127.5.184.1:38387), 4f104b01436443a39174a65072e74203 (127.5.184.3:35179)
I20260713 09:02:07.597292  7158 tablet_bootstrap.cc:492] T 01895ed9376a4c258492b1150585385b P 285716379ac94753a4bf9232c515eaff: No bootstrap required, opened a new log
I20260713 09:02:07.597971  7158 ts_tablet_manager.cc:1403] T 01895ed9376a4c258492b1150585385b P 285716379ac94753a4bf9232c515eaff: Time spent bootstrapping tablet: real 0.020s	user 0.010s	sys 0.008s
I20260713 09:02:07.601522  7158 raft_consensus.cc:359] T 01895ed9376a4c258492b1150585385b P 285716379ac94753a4bf9232c515eaff [term 0 FOLLOWER]: Replica starting. Triggering 0 pending ops. Active config: opid_index: -1 OBSOLETE_local: false peers { permanent_uuid: "285716379ac94753a4bf9232c515eaff" member_type: VOTER last_known_addr { host: "127.5.184.1" port: 38387 } } peers { permanent_uuid: "f00192477d0c482bafb1bbefdc02e91a" member_type: VOTER last_known_addr { host: "127.5.184.2" port: 35515 } } peers { permanent_uuid: "4f104b01436443a39174a65072e74203" member_type: VOTER last_known_addr { host: "127.5.184.3" port: 35179 } }
I20260713 09:02:07.602541  7158 raft_consensus.cc:385] T 01895ed9376a4c258492b1150585385b P 285716379ac94753a4bf9232c515eaff [term 0 FOLLOWER]: Consensus starting up: Expiring failure detector timer to make a prompt election more likely
I20260713 09:02:07.602970  7158 raft_consensus.cc:740] T 01895ed9376a4c258492b1150585385b P 285716379ac94753a4bf9232c515eaff [term 0 FOLLOWER]: Becoming Follower/Learner. State: Replica: 285716379ac94753a4bf9232c515eaff, State: Initialized, Role: FOLLOWER
I20260713 09:02:07.603902  7158 consensus_queue.cc:260] T 01895ed9376a4c258492b1150585385b P 285716379ac94753a4bf9232c515eaff [NON_LEADER]: Queue going to NON_LEADER mode. State: All replicated index: 0, Majority replicated index: 0, Committed index: 0, Last appended: 0.0, Last appended by leader: 0, Current term: 0, Majority size: -1, State: 0, Mode: NON_LEADER, active raft config: opid_index: -1 OBSOLETE_local: false peers { permanent_uuid: "285716379ac94753a4bf9232c515eaff" member_type: VOTER last_known_addr { host: "127.5.184.1" port: 38387 } } peers { permanent_uuid: "f00192477d0c482bafb1bbefdc02e91a" member_type: VOTER last_known_addr { host: "127.5.184.2" port: 35515 } } peers { permanent_uuid: "4f104b01436443a39174a65072e74203" member_type: VOTER last_known_addr { host: "127.5.184.3" port: 35179 } }
I20260713 09:02:07.607333  7158 ts_tablet_manager.cc:1434] T 01895ed9376a4c258492b1150585385b P 285716379ac94753a4bf9232c515eaff: Time spent starting tablet: real 0.009s	user 0.007s	sys 0.000s
I20260713 09:02:07.608681  7158 tablet_bootstrap.cc:492] T 163afcf1db954ee4bf28fb50ac89f670 P 285716379ac94753a4bf9232c515eaff: Bootstrap starting.
I20260713 09:02:07.616811  7158 tablet_bootstrap.cc:654] T 163afcf1db954ee4bf28fb50ac89f670 P 285716379ac94753a4bf9232c515eaff: Neither blocks nor log segments found. Creating new log.
I20260713 09:02:07.639405  7160 raft_consensus.cc:493] T ccdd5fced46e48658cfd522bb83b2225 P f00192477d0c482bafb1bbefdc02e91a [term 0 FOLLOWER]: Starting pre-election (no leader contacted us within the election timeout)
I20260713 09:02:07.640156  7160 raft_consensus.cc:515] T ccdd5fced46e48658cfd522bb83b2225 P f00192477d0c482bafb1bbefdc02e91a [term 0 FOLLOWER]: Starting pre-election with config: opid_index: -1 OBSOLETE_local: false peers { permanent_uuid: "285716379ac94753a4bf9232c515eaff" member_type: VOTER last_known_addr { host: "127.5.184.1" port: 38387 } } peers { permanent_uuid: "f00192477d0c482bafb1bbefdc02e91a" member_type: VOTER last_known_addr { host: "127.5.184.2" port: 35515 } } peers { permanent_uuid: "4f104b01436443a39174a65072e74203" member_type: VOTER last_known_addr { host: "127.5.184.3" port: 35179 } }
I20260713 09:02:07.642961  7160 leader_election.cc:290] T ccdd5fced46e48658cfd522bb83b2225 P f00192477d0c482bafb1bbefdc02e91a [CANDIDATE]: Term 1 pre-election: Requested pre-vote from peers 285716379ac94753a4bf9232c515eaff (127.5.184.1:38387), 4f104b01436443a39174a65072e74203 (127.5.184.3:35179)
I20260713 09:02:07.650719  7156 tablet_bootstrap.cc:492] T c71d39b2d97f44cb81045e6b0911ee8a P 4f104b01436443a39174a65072e74203: No bootstrap required, opened a new log
I20260713 09:02:07.651248  7156 ts_tablet_manager.cc:1403] T c71d39b2d97f44cb81045e6b0911ee8a P 4f104b01436443a39174a65072e74203: Time spent bootstrapping tablet: real 0.091s	user 0.031s	sys 0.013s
I20260713 09:02:07.651296  6966 tablet_service.cc:1917] Received RequestConsensusVote() RPC: tablet_id: "027a1751c3eb4031b0030fe42d79c59d" candidate_uuid: "f00192477d0c482bafb1bbefdc02e91a" candidate_term: 1 candidate_status { last_received { term: 0 index: 0 } } ignore_live_leader: false dest_uuid: "285716379ac94753a4bf9232c515eaff" is_pre_election: true
I20260713 09:02:07.651742  6965 tablet_service.cc:1917] Received RequestConsensusVote() RPC: tablet_id: "ccdd5fced46e48658cfd522bb83b2225" candidate_uuid: "f00192477d0c482bafb1bbefdc02e91a" candidate_term: 1 candidate_status { last_received { term: 0 index: 0 } } ignore_live_leader: false dest_uuid: "285716379ac94753a4bf9232c515eaff" is_pre_election: true
W20260713 09:02:07.653275  7007 leader_election.cc:343] T 027a1751c3eb4031b0030fe42d79c59d P f00192477d0c482bafb1bbefdc02e91a [CANDIDATE]: Term 1 pre-election: Tablet error from VoteRequest() call to peer 285716379ac94753a4bf9232c515eaff (127.5.184.1:38387): Illegal state: must be running to vote when last-logged opid is not known
W20260713 09:02:07.653986  7007 leader_election.cc:343] T ccdd5fced46e48658cfd522bb83b2225 P f00192477d0c482bafb1bbefdc02e91a [CANDIDATE]: Term 1 pre-election: Tablet error from VoteRequest() call to peer 285716379ac94753a4bf9232c515eaff (127.5.184.1:38387): Illegal state: must be running to vote when last-logged opid is not known
I20260713 09:02:07.654418  7158 tablet_bootstrap.cc:492] T 163afcf1db954ee4bf28fb50ac89f670 P 285716379ac94753a4bf9232c515eaff: No bootstrap required, opened a new log
I20260713 09:02:07.654348  7156 raft_consensus.cc:359] T c71d39b2d97f44cb81045e6b0911ee8a P 4f104b01436443a39174a65072e74203 [term 0 FOLLOWER]: Replica starting. Triggering 0 pending ops. Active config: opid_index: -1 OBSOLETE_local: false peers { permanent_uuid: "f00192477d0c482bafb1bbefdc02e91a" member_type: VOTER last_known_addr { host: "127.5.184.2" port: 35515 } } peers { permanent_uuid: "285716379ac94753a4bf9232c515eaff" member_type: VOTER last_known_addr { host: "127.5.184.1" port: 38387 } } peers { permanent_uuid: "4f104b01436443a39174a65072e74203" member_type: VOTER last_known_addr { host: "127.5.184.3" port: 35179 } }
I20260713 09:02:07.654948  7158 ts_tablet_manager.cc:1403] T 163afcf1db954ee4bf28fb50ac89f670 P 285716379ac94753a4bf9232c515eaff: Time spent bootstrapping tablet: real 0.047s	user 0.032s	sys 0.003s
I20260713 09:02:07.655185  7156 raft_consensus.cc:385] T c71d39b2d97f44cb81045e6b0911ee8a P 4f104b01436443a39174a65072e74203 [term 0 FOLLOWER]: Consensus starting up: Expiring failure detector timer to make a prompt election more likely
I20260713 09:02:07.655340  7155 tablet_bootstrap.cc:492] T eda7097a47024b5aae8d6276541b41ad P f00192477d0c482bafb1bbefdc02e91a: No bootstrap required, opened a new log
I20260713 09:02:07.655517  7156 raft_consensus.cc:740] T c71d39b2d97f44cb81045e6b0911ee8a P 4f104b01436443a39174a65072e74203 [term 0 FOLLOWER]: Becoming Follower/Learner. State: Replica: 4f104b01436443a39174a65072e74203, State: Initialized, Role: FOLLOWER
I20260713 09:02:07.655854  7155 ts_tablet_manager.cc:1403] T eda7097a47024b5aae8d6276541b41ad P f00192477d0c482bafb1bbefdc02e91a: Time spent bootstrapping tablet: real 0.098s	user 0.039s	sys 0.046s
I20260713 09:02:07.656353  7156 consensus_queue.cc:260] T c71d39b2d97f44cb81045e6b0911ee8a P 4f104b01436443a39174a65072e74203 [NON_LEADER]: Queue going to NON_LEADER mode. State: All replicated index: 0, Majority replicated index: 0, Committed index: 0, Last appended: 0.0, Last appended by leader: 0, Current term: 0, Majority size: -1, State: 0, Mode: NON_LEADER, active raft config: opid_index: -1 OBSOLETE_local: false peers { permanent_uuid: "f00192477d0c482bafb1bbefdc02e91a" member_type: VOTER last_known_addr { host: "127.5.184.2" port: 35515 } } peers { permanent_uuid: "285716379ac94753a4bf9232c515eaff" member_type: VOTER last_known_addr { host: "127.5.184.1" port: 38387 } } peers { permanent_uuid: "4f104b01436443a39174a65072e74203" member_type: VOTER last_known_addr { host: "127.5.184.3" port: 35179 } }
I20260713 09:02:07.658610  7156 ts_tablet_manager.cc:1434] T c71d39b2d97f44cb81045e6b0911ee8a P 4f104b01436443a39174a65072e74203: Time spent starting tablet: real 0.007s	user 0.006s	sys 0.000s
I20260713 09:02:07.658767  7160 raft_consensus.cc:493] T c71d39b2d97f44cb81045e6b0911ee8a P f00192477d0c482bafb1bbefdc02e91a [term 0 FOLLOWER]: Starting pre-election (no leader contacted us within the election timeout)
I20260713 09:02:07.658880  7155 raft_consensus.cc:359] T eda7097a47024b5aae8d6276541b41ad P f00192477d0c482bafb1bbefdc02e91a [term 0 FOLLOWER]: Replica starting. Triggering 0 pending ops. Active config: opid_index: -1 OBSOLETE_local: false peers { permanent_uuid: "285716379ac94753a4bf9232c515eaff" member_type: VOTER last_known_addr { host: "127.5.184.1" port: 38387 } } peers { permanent_uuid: "f00192477d0c482bafb1bbefdc02e91a" member_type: VOTER last_known_addr { host: "127.5.184.2" port: 35515 } } peers { permanent_uuid: "4f104b01436443a39174a65072e74203" member_type: VOTER last_known_addr { host: "127.5.184.3" port: 35179 } }
I20260713 09:02:07.659291  7160 raft_consensus.cc:515] T c71d39b2d97f44cb81045e6b0911ee8a P f00192477d0c482bafb1bbefdc02e91a [term 0 FOLLOWER]: Starting pre-election with config: opid_index: -1 OBSOLETE_local: false peers { permanent_uuid: "f00192477d0c482bafb1bbefdc02e91a" member_type: VOTER last_known_addr { host: "127.5.184.2" port: 35515 } } peers { permanent_uuid: "285716379ac94753a4bf9232c515eaff" member_type: VOTER last_known_addr { host: "127.5.184.1" port: 38387 } } peers { permanent_uuid: "4f104b01436443a39174a65072e74203" member_type: VOTER last_known_addr { host: "127.5.184.3" port: 35179 } }
I20260713 09:02:07.659623  7155 raft_consensus.cc:385] T eda7097a47024b5aae8d6276541b41ad P f00192477d0c482bafb1bbefdc02e91a [term 0 FOLLOWER]: Consensus starting up: Expiring failure detector timer to make a prompt election more likely
I20260713 09:02:07.659751  7156 tablet_bootstrap.cc:492] T 20d45766ee4b4a27be07164b41c2296a P 4f104b01436443a39174a65072e74203: Bootstrap starting.
I20260713 09:02:07.659955  7155 raft_consensus.cc:740] T eda7097a47024b5aae8d6276541b41ad P f00192477d0c482bafb1bbefdc02e91a [term 0 FOLLOWER]: Becoming Follower/Learner. State: Replica: f00192477d0c482bafb1bbefdc02e91a, State: Initialized, Role: FOLLOWER
I20260713 09:02:07.660780  7155 consensus_queue.cc:260] T eda7097a47024b5aae8d6276541b41ad P f00192477d0c482bafb1bbefdc02e91a [NON_LEADER]: Queue going to NON_LEADER mode. State: All replicated index: 0, Majority replicated index: 0, Committed index: 0, Last appended: 0.0, Last appended by leader: 0, Current term: 0, Majority size: -1, State: 0, Mode: NON_LEADER, active raft config: opid_index: -1 OBSOLETE_local: false peers { permanent_uuid: "285716379ac94753a4bf9232c515eaff" member_type: VOTER last_known_addr { host: "127.5.184.1" port: 38387 } } peers { permanent_uuid: "f00192477d0c482bafb1bbefdc02e91a" member_type: VOTER last_known_addr { host: "127.5.184.2" port: 35515 } } peers { permanent_uuid: "4f104b01436443a39174a65072e74203" member_type: VOTER last_known_addr { host: "127.5.184.3" port: 35179 } }
I20260713 09:02:07.661451  7160 leader_election.cc:290] T c71d39b2d97f44cb81045e6b0911ee8a P f00192477d0c482bafb1bbefdc02e91a [CANDIDATE]: Term 1 pre-election: Requested pre-vote from peers 285716379ac94753a4bf9232c515eaff (127.5.184.1:38387), 4f104b01436443a39174a65072e74203 (127.5.184.3:35179)
I20260713 09:02:07.657833  7158 raft_consensus.cc:359] T 163afcf1db954ee4bf28fb50ac89f670 P 285716379ac94753a4bf9232c515eaff [term 0 FOLLOWER]: Replica starting. Triggering 0 pending ops. Active config: opid_index: -1 OBSOLETE_local: false peers { permanent_uuid: "285716379ac94753a4bf9232c515eaff" member_type: VOTER last_known_addr { host: "127.5.184.1" port: 38387 } } peers { permanent_uuid: "f00192477d0c482bafb1bbefdc02e91a" member_type: VOTER last_known_addr { host: "127.5.184.2" port: 35515 } } peers { permanent_uuid: "4f104b01436443a39174a65072e74203" member_type: VOTER last_known_addr { host: "127.5.184.3" port: 35179 } }
I20260713 09:02:07.665642  6965 tablet_service.cc:1917] Received RequestConsensusVote() RPC: tablet_id: "c71d39b2d97f44cb81045e6b0911ee8a" candidate_uuid: "f00192477d0c482bafb1bbefdc02e91a" candidate_term: 1 candidate_status { last_received { term: 0 index: 0 } } ignore_live_leader: false dest_uuid: "285716379ac94753a4bf9232c515eaff" is_pre_election: true
I20260713 09:02:07.666193  7158 raft_consensus.cc:385] T 163afcf1db954ee4bf28fb50ac89f670 P 285716379ac94753a4bf9232c515eaff [term 0 FOLLOWER]: Consensus starting up: Expiring failure detector timer to make a prompt election more likely
I20260713 09:02:07.666530  7158 raft_consensus.cc:740] T 163afcf1db954ee4bf28fb50ac89f670 P 285716379ac94753a4bf9232c515eaff [term 0 FOLLOWER]: Becoming Follower/Learner. State: Replica: 285716379ac94753a4bf9232c515eaff, State: Initialized, Role: FOLLOWER
I20260713 09:02:07.666671  6965 raft_consensus.cc:2468] T c71d39b2d97f44cb81045e6b0911ee8a P 285716379ac94753a4bf9232c515eaff [term 0 FOLLOWER]: Leader pre-election vote request: Granting yes vote for candidate f00192477d0c482bafb1bbefdc02e91a in term 0.
I20260713 09:02:07.667716  7156 tablet_bootstrap.cc:654] T 20d45766ee4b4a27be07164b41c2296a P 4f104b01436443a39174a65072e74203: Neither blocks nor log segments found. Creating new log.
I20260713 09:02:07.667393  7158 consensus_queue.cc:260] T 163afcf1db954ee4bf28fb50ac89f670 P 285716379ac94753a4bf9232c515eaff [NON_LEADER]: Queue going to NON_LEADER mode. State: All replicated index: 0, Majority replicated index: 0, Committed index: 0, Last appended: 0.0, Last appended by leader: 0, Current term: 0, Majority size: -1, State: 0, Mode: NON_LEADER, active raft config: opid_index: -1 OBSOLETE_local: false peers { permanent_uuid: "285716379ac94753a4bf9232c515eaff" member_type: VOTER last_known_addr { host: "127.5.184.1" port: 38387 } } peers { permanent_uuid: "f00192477d0c482bafb1bbefdc02e91a" member_type: VOTER last_known_addr { host: "127.5.184.2" port: 35515 } } peers { permanent_uuid: "4f104b01436443a39174a65072e74203" member_type: VOTER last_known_addr { host: "127.5.184.3" port: 35179 } }
I20260713 09:02:07.669258  7007 leader_election.cc:304] T c71d39b2d97f44cb81045e6b0911ee8a P f00192477d0c482bafb1bbefdc02e91a [CANDIDATE]: Term 1 pre-election: Election decided. Result: candidate won. Election summary: received 2 responses out of 3 voters: 2 yes votes; 0 no votes. yes voters: 285716379ac94753a4bf9232c515eaff, f00192477d0c482bafb1bbefdc02e91a; no voters: 
I20260713 09:02:07.670056  7158 ts_tablet_manager.cc:1434] T 163afcf1db954ee4bf28fb50ac89f670 P 285716379ac94753a4bf9232c515eaff: Time spent starting tablet: real 0.015s	user 0.008s	sys 0.000s
I20260713 09:02:07.671274  7158 tablet_bootstrap.cc:492] T 1792959c4fb4497082146837daecd0f8 P 285716379ac94753a4bf9232c515eaff: Bootstrap starting.
I20260713 09:02:07.676731  7160 raft_consensus.cc:2804] T c71d39b2d97f44cb81045e6b0911ee8a P f00192477d0c482bafb1bbefdc02e91a [term 0 FOLLOWER]: Leader pre-election won for term 1
I20260713 09:02:07.677420  7160 raft_consensus.cc:493] T c71d39b2d97f44cb81045e6b0911ee8a P f00192477d0c482bafb1bbefdc02e91a [term 0 FOLLOWER]: Starting leader election (no leader contacted us within the election timeout)
I20260713 09:02:07.678009  7160 raft_consensus.cc:3060] T c71d39b2d97f44cb81045e6b0911ee8a P f00192477d0c482bafb1bbefdc02e91a [term 0 FOLLOWER]: Advancing to term 1
I20260713 09:02:07.685671  7115 tablet_service.cc:1917] Received RequestConsensusVote() RPC: tablet_id: "027a1751c3eb4031b0030fe42d79c59d" candidate_uuid: "f00192477d0c482bafb1bbefdc02e91a" candidate_term: 1 candidate_status { last_received { term: 0 index: 0 } } ignore_live_leader: false dest_uuid: "4f104b01436443a39174a65072e74203" is_pre_election: true
W20260713 09:02:07.687624  7006 leader_election.cc:343] T 027a1751c3eb4031b0030fe42d79c59d P f00192477d0c482bafb1bbefdc02e91a [CANDIDATE]: Term 1 pre-election: Tablet error from VoteRequest() call to peer 4f104b01436443a39174a65072e74203 (127.5.184.3:35179): Illegal state: must be running to vote when last-logged opid is not known
I20260713 09:02:07.687464  7114 tablet_service.cc:1917] Received RequestConsensusVote() RPC: tablet_id: "ccdd5fced46e48658cfd522bb83b2225" candidate_uuid: "f00192477d0c482bafb1bbefdc02e91a" candidate_term: 1 candidate_status { last_received { term: 0 index: 0 } } ignore_live_leader: false dest_uuid: "4f104b01436443a39174a65072e74203" is_pre_election: true
I20260713 09:02:07.688185  7006 leader_election.cc:304] T 027a1751c3eb4031b0030fe42d79c59d P f00192477d0c482bafb1bbefdc02e91a [CANDIDATE]: Term 1 pre-election: Election decided. Result: candidate lost. Election summary: received 3 responses out of 3 voters: 1 yes votes; 2 no votes. yes voters: f00192477d0c482bafb1bbefdc02e91a; no voters: 285716379ac94753a4bf9232c515eaff, 4f104b01436443a39174a65072e74203
I20260713 09:02:07.689561  7158 tablet_bootstrap.cc:654] T 1792959c4fb4497082146837daecd0f8 P 285716379ac94753a4bf9232c515eaff: Neither blocks nor log segments found. Creating new log.
W20260713 09:02:07.690126  7006 leader_election.cc:343] T ccdd5fced46e48658cfd522bb83b2225 P f00192477d0c482bafb1bbefdc02e91a [CANDIDATE]: Term 1 pre-election: Tablet error from VoteRequest() call to peer 4f104b01436443a39174a65072e74203 (127.5.184.3:35179): Illegal state: must be running to vote when last-logged opid is not known
I20260713 09:02:07.688779  7113 tablet_service.cc:1917] Received RequestConsensusVote() RPC: tablet_id: "c71d39b2d97f44cb81045e6b0911ee8a" candidate_uuid: "f00192477d0c482bafb1bbefdc02e91a" candidate_term: 1 candidate_status { last_received { term: 0 index: 0 } } ignore_live_leader: false dest_uuid: "4f104b01436443a39174a65072e74203" is_pre_election: true
I20260713 09:02:07.691160  7113 raft_consensus.cc:2468] T c71d39b2d97f44cb81045e6b0911ee8a P 4f104b01436443a39174a65072e74203 [term 0 FOLLOWER]: Leader pre-election vote request: Granting yes vote for candidate f00192477d0c482bafb1bbefdc02e91a in term 0.
I20260713 09:02:07.692013  7006 leader_election.cc:304] T ccdd5fced46e48658cfd522bb83b2225 P f00192477d0c482bafb1bbefdc02e91a [CANDIDATE]: Term 1 pre-election: Election decided. Result: candidate lost. Election summary: received 3 responses out of 3 voters: 1 yes votes; 2 no votes. yes voters: f00192477d0c482bafb1bbefdc02e91a; no voters: 285716379ac94753a4bf9232c515eaff, 4f104b01436443a39174a65072e74203
I20260713 09:02:07.697594  7161 raft_consensus.cc:493] T df553669700f4f14909dbe75e3cc2e33 P 4f104b01436443a39174a65072e74203 [term 0 FOLLOWER]: Starting pre-election (no leader contacted us within the election timeout)
I20260713 09:02:07.698325  7161 raft_consensus.cc:515] T df553669700f4f14909dbe75e3cc2e33 P 4f104b01436443a39174a65072e74203 [term 0 FOLLOWER]: Starting pre-election with config: opid_index: -1 OBSOLETE_local: false peers { permanent_uuid: "285716379ac94753a4bf9232c515eaff" member_type: VOTER last_known_addr { host: "127.5.184.1" port: 38387 } } peers { permanent_uuid: "f00192477d0c482bafb1bbefdc02e91a" member_type: VOTER last_known_addr { host: "127.5.184.2" port: 35515 } } peers { permanent_uuid: "4f104b01436443a39174a65072e74203" member_type: VOTER last_known_addr { host: "127.5.184.3" port: 35179 } }
I20260713 09:02:07.702728  6965 tablet_service.cc:1917] Received RequestConsensusVote() RPC: tablet_id: "df553669700f4f14909dbe75e3cc2e33" candidate_uuid: "4f104b01436443a39174a65072e74203" candidate_term: 1 candidate_status { last_received { term: 0 index: 0 } } ignore_live_leader: false dest_uuid: "285716379ac94753a4bf9232c515eaff" is_pre_election: true
I20260713 09:02:07.703649  6965 raft_consensus.cc:2468] T df553669700f4f14909dbe75e3cc2e33 P 285716379ac94753a4bf9232c515eaff [term 0 FOLLOWER]: Leader pre-election vote request: Granting yes vote for candidate 4f104b01436443a39174a65072e74203 in term 0.
I20260713 09:02:07.704902  7158 tablet_bootstrap.cc:492] T 1792959c4fb4497082146837daecd0f8 P 285716379ac94753a4bf9232c515eaff: No bootstrap required, opened a new log
I20260713 09:02:07.705689  7158 ts_tablet_manager.cc:1403] T 1792959c4fb4497082146837daecd0f8 P 285716379ac94753a4bf9232c515eaff: Time spent bootstrapping tablet: real 0.035s	user 0.015s	sys 0.001s
I20260713 09:02:07.707515  7041 tablet_service.cc:1917] Received RequestConsensusVote() RPC: tablet_id: "df553669700f4f14909dbe75e3cc2e33" candidate_uuid: "4f104b01436443a39174a65072e74203" candidate_term: 1 candidate_status { last_received { term: 0 index: 0 } } ignore_live_leader: false dest_uuid: "f00192477d0c482bafb1bbefdc02e91a" is_pre_election: true
I20260713 09:02:07.709918  7081 leader_election.cc:304] T df553669700f4f14909dbe75e3cc2e33 P 4f104b01436443a39174a65072e74203 [CANDIDATE]: Term 1 pre-election: Election decided. Result: candidate won. Election summary: received 2 responses out of 3 voters: 2 yes votes; 0 no votes. yes voters: 285716379ac94753a4bf9232c515eaff, 4f104b01436443a39174a65072e74203; no voters: 
I20260713 09:02:07.712352  7173 raft_consensus.cc:2804] T df553669700f4f14909dbe75e3cc2e33 P 4f104b01436443a39174a65072e74203 [term 0 FOLLOWER]: Leader pre-election won for term 1
I20260713 09:02:07.712844  7173 raft_consensus.cc:493] T df553669700f4f14909dbe75e3cc2e33 P 4f104b01436443a39174a65072e74203 [term 0 FOLLOWER]: Starting leader election (no leader contacted us within the election timeout)
I20260713 09:02:07.713271  7173 raft_consensus.cc:3060] T df553669700f4f14909dbe75e3cc2e33 P 4f104b01436443a39174a65072e74203 [term 0 FOLLOWER]: Advancing to term 1
I20260713 09:02:07.710112  7158 raft_consensus.cc:359] T 1792959c4fb4497082146837daecd0f8 P 285716379ac94753a4bf9232c515eaff [term 0 FOLLOWER]: Replica starting. Triggering 0 pending ops. Active config: opid_index: -1 OBSOLETE_local: false peers { permanent_uuid: "285716379ac94753a4bf9232c515eaff" member_type: VOTER last_known_addr { host: "127.5.184.1" port: 38387 } } peers { permanent_uuid: "f00192477d0c482bafb1bbefdc02e91a" member_type: VOTER last_known_addr { host: "127.5.184.2" port: 35515 } } peers { permanent_uuid: "4f104b01436443a39174a65072e74203" member_type: VOTER last_known_addr { host: "127.5.184.3" port: 35179 } }
I20260713 09:02:07.715895  7158 raft_consensus.cc:385] T 1792959c4fb4497082146837daecd0f8 P 285716379ac94753a4bf9232c515eaff [term 0 FOLLOWER]: Consensus starting up: Expiring failure detector timer to make a prompt election more likely
I20260713 09:02:07.716332  7158 raft_consensus.cc:740] T 1792959c4fb4497082146837daecd0f8 P 285716379ac94753a4bf9232c515eaff [term 0 FOLLOWER]: Becoming Follower/Learner. State: Replica: 285716379ac94753a4bf9232c515eaff, State: Initialized, Role: FOLLOWER
W20260713 09:02:07.717631  7079 leader_election.cc:343] T df553669700f4f14909dbe75e3cc2e33 P 4f104b01436443a39174a65072e74203 [CANDIDATE]: Term 1 pre-election: Tablet error from VoteRequest() call to peer f00192477d0c482bafb1bbefdc02e91a (127.5.184.2:35515): Illegal state: must be running to vote when last-logged opid is not known
I20260713 09:02:07.717419  7158 consensus_queue.cc:260] T 1792959c4fb4497082146837daecd0f8 P 285716379ac94753a4bf9232c515eaff [NON_LEADER]: Queue going to NON_LEADER mode. State: All replicated index: 0, Majority replicated index: 0, Committed index: 0, Last appended: 0.0, Last appended by leader: 0, Current term: 0, Majority size: -1, State: 0, Mode: NON_LEADER, active raft config: opid_index: -1 OBSOLETE_local: false peers { permanent_uuid: "285716379ac94753a4bf9232c515eaff" member_type: VOTER last_known_addr { host: "127.5.184.1" port: 38387 } } peers { permanent_uuid: "f00192477d0c482bafb1bbefdc02e91a" member_type: VOTER last_known_addr { host: "127.5.184.2" port: 35515 } } peers { permanent_uuid: "4f104b01436443a39174a65072e74203" member_type: VOTER last_known_addr { host: "127.5.184.3" port: 35179 } }
