I20260713 09:02:24.593451  7713 consensus_queue.cc:1048] T 1792959c4fb4497082146837daecd0f8 P 285716379ac94753a4bf9232c515eaff [LEADER]: Connected to new peer: Peer: permanent_uuid: "aaf561d8c46e4f5db08aedb72172747b" member_type: VOTER last_known_addr { host: "127.5.184.4" port: 45521 } attrs { promote: false }, Status: LMP_MISMATCH, Last received: 0.0, Next index: 4, Last known committed idx: 3, Time since last communication: 0.000s
I20260713 09:02:24.605037  7715 raft_consensus.cc:2955] T 1792959c4fb4497082146837daecd0f8 P 285716379ac94753a4bf9232c515eaff [term 1 LEADER]: Committing config change with OpId 1.4: config changed from index 3 to 4, VOTER 4f104b01436443a39174a65072e74203 (127.5.184.3) evicted. New config: { opid_index: 4 OBSOLETE_local: false peers { permanent_uuid: "285716379ac94753a4bf9232c515eaff" member_type: VOTER last_known_addr { host: "127.5.184.1" port: 38387 } } peers { permanent_uuid: "f00192477d0c482bafb1bbefdc02e91a" member_type: VOTER last_known_addr { host: "127.5.184.2" port: 35515 } } peers { permanent_uuid: "aaf561d8c46e4f5db08aedb72172747b" member_type: VOTER last_known_addr { host: "127.5.184.4" port: 45521 } attrs { promote: false } } }
I20260713 09:02:24.611195  7039 raft_consensus.cc:2955] T 1792959c4fb4497082146837daecd0f8 P f00192477d0c482bafb1bbefdc02e91a [term 1 FOLLOWER]: Committing config change with OpId 1.4: config changed from index 3 to 4, VOTER 4f104b01436443a39174a65072e74203 (127.5.184.3) evicted. New config: { opid_index: 4 OBSOLETE_local: false peers { permanent_uuid: "285716379ac94753a4bf9232c515eaff" member_type: VOTER last_known_addr { host: "127.5.184.1" port: 38387 } } peers { permanent_uuid: "f00192477d0c482bafb1bbefdc02e91a" member_type: VOTER last_known_addr { host: "127.5.184.2" port: 35515 } } peers { permanent_uuid: "aaf561d8c46e4f5db08aedb72172747b" member_type: VOTER last_known_addr { host: "127.5.184.4" port: 45521 } attrs { promote: false } } }
I20260713 09:02:24.620880  6851 catalog_manager.cc:5210] ChangeConfig:REMOVE_PEER RPC for tablet 1792959c4fb4497082146837daecd0f8 with cas_config_opid_index 3: ChangeConfig:REMOVE_PEER succeeded (attempt 1)
I20260713 09:02:24.625428  6861 catalog_manager.cc:5697] T 1792959c4fb4497082146837daecd0f8 P 285716379ac94753a4bf9232c515eaff reported cstate change: config changed from index 3 to 4, VOTER 4f104b01436443a39174a65072e74203 (127.5.184.3) evicted. New cstate: current_term: 1 leader_uuid: "285716379ac94753a4bf9232c515eaff" committed_config { opid_index: 4 OBSOLETE_local: false peers { permanent_uuid: "285716379ac94753a4bf9232c515eaff" member_type: VOTER last_known_addr { host: "127.5.184.1" port: 38387 } health_report { overall_health: HEALTHY } } peers { permanent_uuid: "f00192477d0c482bafb1bbefdc02e91a" member_type: VOTER last_known_addr { host: "127.5.184.2" port: 35515 } health_report { overall_health: HEALTHY } } peers { permanent_uuid: "aaf561d8c46e4f5db08aedb72172747b" member_type: VOTER last_known_addr { host: "127.5.184.4" port: 45521 } attrs { promote: false } health_report { overall_health: UNKNOWN } } }
I20260713 09:02:24.635939  7402 raft_consensus.cc:2955] T 1792959c4fb4497082146837daecd0f8 P aaf561d8c46e4f5db08aedb72172747b [term 1 FOLLOWER]: Committing config change with OpId 1.4: config changed from index 3 to 4, VOTER 4f104b01436443a39174a65072e74203 (127.5.184.3) evicted. New config: { opid_index: 4 OBSOLETE_local: false peers { permanent_uuid: "285716379ac94753a4bf9232c515eaff" member_type: VOTER last_known_addr { host: "127.5.184.1" port: 38387 } } peers { permanent_uuid: "f00192477d0c482bafb1bbefdc02e91a" member_type: VOTER last_known_addr { host: "127.5.184.2" port: 35515 } } peers { permanent_uuid: "aaf561d8c46e4f5db08aedb72172747b" member_type: VOTER last_known_addr { host: "127.5.184.4" port: 45521 } attrs { promote: false } } }
I20260713 09:02:24.641765  7103 tablet_service.cc:1558] Processing DeleteTablet for tablet 1792959c4fb4497082146837daecd0f8 with delete_type TABLET_DATA_TOMBSTONED (TS 4f104b01436443a39174a65072e74203 not found in new config with opid_index 4) from {username='slave'} at 127.0.0.1:48636
I20260713 09:02:24.650976  7726 tablet_replica.cc:333] T 1792959c4fb4497082146837daecd0f8 P 4f104b01436443a39174a65072e74203: stopping tablet replica
I20260713 09:02:24.652057  7726 raft_consensus.cc:2243] T 1792959c4fb4497082146837daecd0f8 P 4f104b01436443a39174a65072e74203 [term 1 FOLLOWER]: Raft consensus shutting down.
I20260713 09:02:24.652871  7726 raft_consensus.cc:2272] T 1792959c4fb4497082146837daecd0f8 P 4f104b01436443a39174a65072e74203 [term 1 FOLLOWER]: Raft consensus is shut down!
I20260713 09:02:24.654706  7715 raft_consensus.cc:1064] T eda7097a47024b5aae8d6276541b41ad P 285716379ac94753a4bf9232c515eaff: attempting to promote NON_VOTER aaf561d8c46e4f5db08aedb72172747b to VOTER
I20260713 09:02:24.656311  7726 ts_tablet_manager.cc:1916] T 1792959c4fb4497082146837daecd0f8 P 4f104b01436443a39174a65072e74203: Deleting tablet data with delete state TABLET_DATA_TOMBSTONED
I20260713 09:02:24.657903  7715 consensus_queue.cc:237] T eda7097a47024b5aae8d6276541b41ad P 285716379ac94753a4bf9232c515eaff [LEADER]: Queue going to LEADER mode. State: All replicated index: 0, Majority replicated index: 2, Committed index: 2, Last appended: 1.2, Last appended by leader: 0, Current term: 1, Majority size: 3, State: 0, Mode: LEADER, active raft config: opid_index: 3 OBSOLETE_local: false peers { permanent_uuid: "285716379ac94753a4bf9232c515eaff" member_type: VOTER last_known_addr { host: "127.5.184.1" port: 38387 } } peers { permanent_uuid: "f00192477d0c482bafb1bbefdc02e91a" member_type: VOTER last_known_addr { host: "127.5.184.2" port: 35515 } attrs { replace: true } } peers { permanent_uuid: "4f104b01436443a39174a65072e74203" member_type: VOTER last_known_addr { host: "127.5.184.3" port: 35179 } } peers { permanent_uuid: "aaf561d8c46e4f5db08aedb72172747b" member_type: VOTER last_known_addr { host: "127.5.184.4" port: 45521 } attrs { promote: false } }
I20260713 09:02:24.685694  7726 ts_tablet_manager.cc:1929] T 1792959c4fb4497082146837daecd0f8 P 4f104b01436443a39174a65072e74203: tablet deleted with delete type TABLET_DATA_TOMBSTONED: last-logged OpId 1.3
I20260713 09:02:24.686332  7726 log.cc:1199] T 1792959c4fb4497082146837daecd0f8 P 4f104b01436443a39174a65072e74203: Deleting WAL directory at /tmp/dist-test-taskMJ0Ejz/test-tmp/auto_leader_rebalancer-test.0.LeaderRebalancerTest.AddTserver.1783933299632470-5856-0/minicluster-data/ts-2-root/wals/1792959c4fb4497082146837daecd0f8
I20260713 09:02:24.688277  6850 catalog_manager.cc:5028] TS 4f104b01436443a39174a65072e74203 (127.5.184.3:35179): tablet 1792959c4fb4497082146837daecd0f8 (table test-workload [id=49cbbbf884924336a448ad9642ddf66f]) successfully deleted
I20260713 09:02:24.698264  7402 raft_consensus.cc:1275] T eda7097a47024b5aae8d6276541b41ad P aaf561d8c46e4f5db08aedb72172747b [term 1 LEARNER]: Refusing update from remote peer 285716379ac94753a4bf9232c515eaff: Log matching property violated. Preceding OpId in replica: term: 1 index: 2. Preceding OpId from leader: term: 1 index: 3. (index mismatch)
I20260713 09:02:24.700112  7659 consensus_queue.cc:1048] T eda7097a47024b5aae8d6276541b41ad P 285716379ac94753a4bf9232c515eaff [LEADER]: Connected to new peer: Peer: permanent_uuid: "aaf561d8c46e4f5db08aedb72172747b" member_type: VOTER last_known_addr { host: "127.5.184.4" port: 45521 } attrs { promote: false }, Status: LMP_MISMATCH, Last received: 0.0, Next index: 3, Last known committed idx: 2, Time since last communication: 0.000s
I20260713 09:02:24.700757  7112 raft_consensus.cc:1275] T eda7097a47024b5aae8d6276541b41ad P 4f104b01436443a39174a65072e74203 [term 1 FOLLOWER]: Refusing update from remote peer 285716379ac94753a4bf9232c515eaff: Log matching property violated. Preceding OpId in replica: term: 1 index: 2. Preceding OpId from leader: term: 1 index: 3. (index mismatch)
I20260713 09:02:24.702399  7659 consensus_queue.cc:1048] T eda7097a47024b5aae8d6276541b41ad P 285716379ac94753a4bf9232c515eaff [LEADER]: Connected to new peer: Peer: permanent_uuid: "4f104b01436443a39174a65072e74203" member_type: VOTER last_known_addr { host: "127.5.184.3" port: 35179 }, Status: LMP_MISMATCH, Last received: 0.0, Next index: 3, Last known committed idx: 2, Time since last communication: 0.000s
I20260713 09:02:24.710268  7039 raft_consensus.cc:1275] T eda7097a47024b5aae8d6276541b41ad P f00192477d0c482bafb1bbefdc02e91a [term 1 FOLLOWER]: Refusing update from remote peer 285716379ac94753a4bf9232c515eaff: Log matching property violated. Preceding OpId in replica: term: 1 index: 2. Preceding OpId from leader: term: 1 index: 3. (index mismatch)
I20260713 09:02:24.711750  7713 consensus_queue.cc:1048] T eda7097a47024b5aae8d6276541b41ad P 285716379ac94753a4bf9232c515eaff [LEADER]: Connected to new peer: Peer: permanent_uuid: "f00192477d0c482bafb1bbefdc02e91a" member_type: VOTER last_known_addr { host: "127.5.184.2" port: 35515 } attrs { replace: true }, Status: LMP_MISMATCH, Last received: 0.0, Next index: 3, Last known committed idx: 2, Time since last communication: 0.000s
I20260713 09:02:24.722440  7713 raft_consensus.cc:2955] T eda7097a47024b5aae8d6276541b41ad P 285716379ac94753a4bf9232c515eaff [term 1 LEADER]: Committing config change with OpId 1.3: config changed from index 2 to 3, aaf561d8c46e4f5db08aedb72172747b (127.5.184.4) changed from NON_VOTER to VOTER. New config: { opid_index: 3 OBSOLETE_local: false peers { permanent_uuid: "285716379ac94753a4bf9232c515eaff" member_type: VOTER last_known_addr { host: "127.5.184.1" port: 38387 } } peers { permanent_uuid: "f00192477d0c482bafb1bbefdc02e91a" member_type: VOTER last_known_addr { host: "127.5.184.2" port: 35515 } attrs { replace: true } } peers { permanent_uuid: "4f104b01436443a39174a65072e74203" member_type: VOTER last_known_addr { host: "127.5.184.3" port: 35179 } } peers { permanent_uuid: "aaf561d8c46e4f5db08aedb72172747b" member_type: VOTER last_known_addr { host: "127.5.184.4" port: 45521 } attrs { promote: false } } }
I20260713 09:02:24.726086  7039 raft_consensus.cc:2955] T eda7097a47024b5aae8d6276541b41ad P f00192477d0c482bafb1bbefdc02e91a [term 1 FOLLOWER]: Committing config change with OpId 1.3: config changed from index 2 to 3, aaf561d8c46e4f5db08aedb72172747b (127.5.184.4) changed from NON_VOTER to VOTER. New config: { opid_index: 3 OBSOLETE_local: false peers { permanent_uuid: "285716379ac94753a4bf9232c515eaff" member_type: VOTER last_known_addr { host: "127.5.184.1" port: 38387 } } peers { permanent_uuid: "f00192477d0c482bafb1bbefdc02e91a" member_type: VOTER last_known_addr { host: "127.5.184.2" port: 35515 } attrs { replace: true } } peers { permanent_uuid: "4f104b01436443a39174a65072e74203" member_type: VOTER last_known_addr { host: "127.5.184.3" port: 35179 } } peers { permanent_uuid: "aaf561d8c46e4f5db08aedb72172747b" member_type: VOTER last_known_addr { host: "127.5.184.4" port: 45521 } attrs { promote: false } } }
I20260713 09:02:24.740497  7114 raft_consensus.cc:2955] T eda7097a47024b5aae8d6276541b41ad P 4f104b01436443a39174a65072e74203 [term 1 FOLLOWER]: Committing config change with OpId 1.3: config changed from index 2 to 3, aaf561d8c46e4f5db08aedb72172747b (127.5.184.4) changed from NON_VOTER to VOTER. New config: { opid_index: 3 OBSOLETE_local: false peers { permanent_uuid: "285716379ac94753a4bf9232c515eaff" member_type: VOTER last_known_addr { host: "127.5.184.1" port: 38387 } } peers { permanent_uuid: "f00192477d0c482bafb1bbefdc02e91a" member_type: VOTER last_known_addr { host: "127.5.184.2" port: 35515 } attrs { replace: true } } peers { permanent_uuid: "4f104b01436443a39174a65072e74203" member_type: VOTER last_known_addr { host: "127.5.184.3" port: 35179 } } peers { permanent_uuid: "aaf561d8c46e4f5db08aedb72172747b" member_type: VOTER last_known_addr { host: "127.5.184.4" port: 45521 } attrs { promote: false } } }
I20260713 09:02:24.747844  6864 catalog_manager.cc:5697] T eda7097a47024b5aae8d6276541b41ad P f00192477d0c482bafb1bbefdc02e91a reported cstate change: config changed from index 2 to 3, aaf561d8c46e4f5db08aedb72172747b (127.5.184.4) changed from NON_VOTER to VOTER. New cstate: current_term: 1 leader_uuid: "285716379ac94753a4bf9232c515eaff" committed_config { opid_index: 3 OBSOLETE_local: false peers { permanent_uuid: "285716379ac94753a4bf9232c515eaff" member_type: VOTER last_known_addr { host: "127.5.184.1" port: 38387 } } peers { permanent_uuid: "f00192477d0c482bafb1bbefdc02e91a" member_type: VOTER last_known_addr { host: "127.5.184.2" port: 35515 } attrs { replace: true } } peers { permanent_uuid: "4f104b01436443a39174a65072e74203" member_type: VOTER last_known_addr { host: "127.5.184.3" port: 35179 } } peers { permanent_uuid: "aaf561d8c46e4f5db08aedb72172747b" member_type: VOTER last_known_addr { host: "127.5.184.4" port: 45521 } attrs { promote: false } } }
I20260713 09:02:24.747911  7402 raft_consensus.cc:2955] T eda7097a47024b5aae8d6276541b41ad P aaf561d8c46e4f5db08aedb72172747b [term 1 FOLLOWER]: Committing config change with OpId 1.3: config changed from index 2 to 3, aaf561d8c46e4f5db08aedb72172747b (127.5.184.4) changed from NON_VOTER to VOTER. New config: { opid_index: 3 OBSOLETE_local: false peers { permanent_uuid: "285716379ac94753a4bf9232c515eaff" member_type: VOTER last_known_addr { host: "127.5.184.1" port: 38387 } } peers { permanent_uuid: "f00192477d0c482bafb1bbefdc02e91a" member_type: VOTER last_known_addr { host: "127.5.184.2" port: 35515 } attrs { replace: true } } peers { permanent_uuid: "4f104b01436443a39174a65072e74203" member_type: VOTER last_known_addr { host: "127.5.184.3" port: 35179 } } peers { permanent_uuid: "aaf561d8c46e4f5db08aedb72172747b" member_type: VOTER last_known_addr { host: "127.5.184.4" port: 45521 } attrs { promote: false } } }
I20260713 09:02:24.770394  6965 consensus_queue.cc:237] T eda7097a47024b5aae8d6276541b41ad P 285716379ac94753a4bf9232c515eaff [LEADER]: Queue going to LEADER mode. State: All replicated index: 0, Majority replicated index: 3, Committed index: 3, Last appended: 1.3, Last appended by leader: 0, Current term: 1, Majority size: 2, State: 0, Mode: LEADER, active raft config: opid_index: 4 OBSOLETE_local: false peers { permanent_uuid: "285716379ac94753a4bf9232c515eaff" member_type: VOTER last_known_addr { host: "127.5.184.1" port: 38387 } } peers { permanent_uuid: "4f104b01436443a39174a65072e74203" member_type: VOTER last_known_addr { host: "127.5.184.3" port: 35179 } } peers { permanent_uuid: "aaf561d8c46e4f5db08aedb72172747b" member_type: VOTER last_known_addr { host: "127.5.184.4" port: 45521 } attrs { promote: false } }
I20260713 09:02:24.781199  7400 raft_consensus.cc:1275] T eda7097a47024b5aae8d6276541b41ad P aaf561d8c46e4f5db08aedb72172747b [term 1 FOLLOWER]: Refusing update from remote peer 285716379ac94753a4bf9232c515eaff: Log matching property violated. Preceding OpId in replica: term: 1 index: 3. Preceding OpId from leader: term: 1 index: 4. (index mismatch)
I20260713 09:02:24.783450  7713 consensus_queue.cc:1048] T eda7097a47024b5aae8d6276541b41ad P 285716379ac94753a4bf9232c515eaff [LEADER]: Connected to new peer: Peer: permanent_uuid: "aaf561d8c46e4f5db08aedb72172747b" member_type: VOTER last_known_addr { host: "127.5.184.4" port: 45521 } attrs { promote: false }, Status: LMP_MISMATCH, Last received: 0.0, Next index: 4, Last known committed idx: 3, Time since last communication: 0.001s
I20260713 09:02:24.791177  7713 raft_consensus.cc:2955] T eda7097a47024b5aae8d6276541b41ad P 285716379ac94753a4bf9232c515eaff [term 1 LEADER]: Committing config change with OpId 1.4: config changed from index 3 to 4, VOTER f00192477d0c482bafb1bbefdc02e91a (127.5.184.2) evicted. New config: { opid_index: 4 OBSOLETE_local: false peers { permanent_uuid: "285716379ac94753a4bf9232c515eaff" member_type: VOTER last_known_addr { host: "127.5.184.1" port: 38387 } } peers { permanent_uuid: "4f104b01436443a39174a65072e74203" member_type: VOTER last_known_addr { host: "127.5.184.3" port: 35179 } } peers { permanent_uuid: "aaf561d8c46e4f5db08aedb72172747b" member_type: VOTER last_known_addr { host: "127.5.184.4" port: 45521 } attrs { promote: false } } }
I20260713 09:02:24.793429  7401 raft_consensus.cc:2955] T eda7097a47024b5aae8d6276541b41ad P aaf561d8c46e4f5db08aedb72172747b [term 1 FOLLOWER]: Committing config change with OpId 1.4: config changed from index 3 to 4, VOTER f00192477d0c482bafb1bbefdc02e91a (127.5.184.2) evicted. New config: { opid_index: 4 OBSOLETE_local: false peers { permanent_uuid: "285716379ac94753a4bf9232c515eaff" member_type: VOTER last_known_addr { host: "127.5.184.1" port: 38387 } } peers { permanent_uuid: "4f104b01436443a39174a65072e74203" member_type: VOTER last_known_addr { host: "127.5.184.3" port: 35179 } } peers { permanent_uuid: "aaf561d8c46e4f5db08aedb72172747b" member_type: VOTER last_known_addr { host: "127.5.184.4" port: 45521 } attrs { promote: false } } }
I20260713 09:02:24.798668  7114 raft_consensus.cc:1275] T eda7097a47024b5aae8d6276541b41ad P 4f104b01436443a39174a65072e74203 [term 1 FOLLOWER]: Refusing update from remote peer 285716379ac94753a4bf9232c515eaff: Log matching property violated. Preceding OpId in replica: term: 1 index: 3. Preceding OpId from leader: term: 1 index: 4. (index mismatch)
I20260713 09:02:24.802328  7715 consensus_queue.cc:1048] T eda7097a47024b5aae8d6276541b41ad P 285716379ac94753a4bf9232c515eaff [LEADER]: Connected to new peer: Peer: permanent_uuid: "4f104b01436443a39174a65072e74203" member_type: VOTER last_known_addr { host: "127.5.184.3" port: 35179 }, Status: LMP_MISMATCH, Last received: 0.0, Next index: 4, Last known committed idx: 3, Time since last communication: 0.000s
I20260713 09:02:24.811599  7112 raft_consensus.cc:2955] T eda7097a47024b5aae8d6276541b41ad P 4f104b01436443a39174a65072e74203 [term 1 FOLLOWER]: Committing config change with OpId 1.4: config changed from index 3 to 4, VOTER f00192477d0c482bafb1bbefdc02e91a (127.5.184.2) evicted. New config: { opid_index: 4 OBSOLETE_local: false peers { permanent_uuid: "285716379ac94753a4bf9232c515eaff" member_type: VOTER last_known_addr { host: "127.5.184.1" port: 38387 } } peers { permanent_uuid: "4f104b01436443a39174a65072e74203" member_type: VOTER last_known_addr { host: "127.5.184.3" port: 35179 } } peers { permanent_uuid: "aaf561d8c46e4f5db08aedb72172747b" member_type: VOTER last_known_addr { host: "127.5.184.4" port: 45521 } attrs { promote: false } } }
I20260713 09:02:24.818614  6861 catalog_manager.cc:5697] T eda7097a47024b5aae8d6276541b41ad P aaf561d8c46e4f5db08aedb72172747b reported cstate change: config changed from index 3 to 4, VOTER f00192477d0c482bafb1bbefdc02e91a (127.5.184.2) evicted. New cstate: current_term: 1 leader_uuid: "285716379ac94753a4bf9232c515eaff" committed_config { opid_index: 4 OBSOLETE_local: false peers { permanent_uuid: "285716379ac94753a4bf9232c515eaff" member_type: VOTER last_known_addr { host: "127.5.184.1" port: 38387 } } peers { permanent_uuid: "4f104b01436443a39174a65072e74203" member_type: VOTER last_known_addr { host: "127.5.184.3" port: 35179 } } peers { permanent_uuid: "aaf561d8c46e4f5db08aedb72172747b" member_type: VOTER last_known_addr { host: "127.5.184.4" port: 45521 } attrs { promote: false } } }
I20260713 09:02:24.832008  6851 catalog_manager.cc:5210] ChangeConfig:REMOVE_PEER RPC for tablet eda7097a47024b5aae8d6276541b41ad with cas_config_opid_index 3: ChangeConfig:REMOVE_PEER succeeded (attempt 1)
I20260713 09:02:24.837316  7026 tablet_service.cc:1558] Processing DeleteTablet for tablet eda7097a47024b5aae8d6276541b41ad with delete_type TABLET_DATA_TOMBSTONED (TS f00192477d0c482bafb1bbefdc02e91a not found in new config with opid_index 4) from {username='slave'} at 127.0.0.1:47368
I20260713 09:02:24.839679  7731 tablet_replica.cc:333] T eda7097a47024b5aae8d6276541b41ad P f00192477d0c482bafb1bbefdc02e91a: stopping tablet replica
I20260713 09:02:24.840516  7731 raft_consensus.cc:2243] T eda7097a47024b5aae8d6276541b41ad P f00192477d0c482bafb1bbefdc02e91a [term 1 FOLLOWER]: Raft consensus shutting down.
I20260713 09:02:24.841167  7731 raft_consensus.cc:2272] T eda7097a47024b5aae8d6276541b41ad P f00192477d0c482bafb1bbefdc02e91a [term 1 FOLLOWER]: Raft consensus is shut down!
I20260713 09:02:24.843863  7731 ts_tablet_manager.cc:1916] T eda7097a47024b5aae8d6276541b41ad P f00192477d0c482bafb1bbefdc02e91a: Deleting tablet data with delete state TABLET_DATA_TOMBSTONED
I20260713 09:02:24.856555  7731 ts_tablet_manager.cc:1929] T eda7097a47024b5aae8d6276541b41ad P f00192477d0c482bafb1bbefdc02e91a: tablet deleted with delete type TABLET_DATA_TOMBSTONED: last-logged OpId 1.3
I20260713 09:02:24.856953  7731 log.cc:1199] T eda7097a47024b5aae8d6276541b41ad P f00192477d0c482bafb1bbefdc02e91a: Deleting WAL directory at /tmp/dist-test-taskMJ0Ejz/test-tmp/auto_leader_rebalancer-test.0.LeaderRebalancerTest.AddTserver.1783933299632470-5856-0/minicluster-data/ts-1-root/wals/eda7097a47024b5aae8d6276541b41ad
I20260713 09:02:24.858610  6849 catalog_manager.cc:5028] TS f00192477d0c482bafb1bbefdc02e91a (127.5.184.2:35515): tablet eda7097a47024b5aae8d6276541b41ad (table test-workload [id=49cbbbf884924336a448ad9642ddf66f]) successfully deleted
I20260713 09:02:30.882841  5856 auto_leader_rebalancer.cc:141] leader rebalance for table test-workload
I20260713 09:02:30.914644  7114 tablet_service.cc:2072] Received LeaderStepDown RPC: tablet_id: "01895ed9376a4c258492b1150585385b"
dest_uuid: "4f104b01436443a39174a65072e74203"
mode: GRACEFUL
new_leader_uuid: "aaf561d8c46e4f5db08aedb72172747b"
 from {username='slave'} at 127.0.0.1:36792
I20260713 09:02:30.915307  7114 raft_consensus.cc:606] T 01895ed9376a4c258492b1150585385b P 4f104b01436443a39174a65072e74203 [term 1 LEADER]: Received request to transfer leadership to TS aaf561d8c46e4f5db08aedb72172747b
I20260713 09:02:30.927012  7039 tablet_service.cc:2072] Received LeaderStepDown RPC: tablet_id: "33bfed6cbf4c47e9b7ad25044ca0608a"
dest_uuid: "f00192477d0c482bafb1bbefdc02e91a"
mode: GRACEFUL
new_leader_uuid: "aaf561d8c46e4f5db08aedb72172747b"
 from {username='slave'} at 127.0.0.1:39904
I20260713 09:02:30.927459  7039 raft_consensus.cc:606] T 33bfed6cbf4c47e9b7ad25044ca0608a P f00192477d0c482bafb1bbefdc02e91a [term 2 LEADER]: Received request to transfer leadership to TS aaf561d8c46e4f5db08aedb72172747b
I20260713 09:02:30.929829  7114 tablet_service.cc:2072] Received LeaderStepDown RPC: tablet_id: "58eff73e73dd4f01888d3e3bd1cb2431"
dest_uuid: "4f104b01436443a39174a65072e74203"
mode: GRACEFUL
new_leader_uuid: "aaf561d8c46e4f5db08aedb72172747b"
 from {username='slave'} at 127.0.0.1:36792
I20260713 09:02:30.930426  7114 raft_consensus.cc:606] T 58eff73e73dd4f01888d3e3bd1cb2431 P 4f104b01436443a39174a65072e74203 [term 1 LEADER]: Received request to transfer leadership to TS aaf561d8c46e4f5db08aedb72172747b
I20260713 09:02:30.943643  6965 tablet_service.cc:2072] Received LeaderStepDown RPC: tablet_id: "9654a3e287ae49649271fa7e442bf5b6"
dest_uuid: "285716379ac94753a4bf9232c515eaff"
mode: GRACEFUL
new_leader_uuid: "aaf561d8c46e4f5db08aedb72172747b"
 from {username='slave'} at 127.0.0.1:48992
I20260713 09:02:30.944264  6965 raft_consensus.cc:606] T 9654a3e287ae49649271fa7e442bf5b6 P 285716379ac94753a4bf9232c515eaff [term 1 LEADER]: Received request to transfer leadership to TS aaf561d8c46e4f5db08aedb72172747b
I20260713 09:02:30.946990  7114 tablet_service.cc:2072] Received LeaderStepDown RPC: tablet_id: "a5a561d5ce364871b0a22795c1511446"
dest_uuid: "4f104b01436443a39174a65072e74203"
mode: GRACEFUL
new_leader_uuid: "aaf561d8c46e4f5db08aedb72172747b"
 from {username='slave'} at 127.0.0.1:36792
I20260713 09:02:30.947561  7114 raft_consensus.cc:606] T a5a561d5ce364871b0a22795c1511446 P 4f104b01436443a39174a65072e74203 [term 1 LEADER]: Received request to transfer leadership to TS aaf561d8c46e4f5db08aedb72172747b
I20260713 09:02:30.950138  7114 tablet_service.cc:2072] Received LeaderStepDown RPC: tablet_id: "df553669700f4f14909dbe75e3cc2e33"
dest_uuid: "4f104b01436443a39174a65072e74203"
mode: GRACEFUL
new_leader_uuid: "aaf561d8c46e4f5db08aedb72172747b"
 from {username='slave'} at 127.0.0.1:36792
I20260713 09:02:30.950671  7114 raft_consensus.cc:606] T df553669700f4f14909dbe75e3cc2e33 P 4f104b01436443a39174a65072e74203 [term 1 LEADER]: Received request to transfer leadership to TS aaf561d8c46e4f5db08aedb72172747b
I20260713 09:02:30.951881  5856 auto_leader_rebalancer.cc:479] table: test-workload, leader rebalance finish, leader transfer count: 6
I20260713 09:02:30.952606  5856 auto_leader_rebalancer.cc:554] All tables' leader rebalancing finished this round
I20260713 09:02:31.013361  7743 raft_consensus.cc:993] T df553669700f4f14909dbe75e3cc2e33 P 4f104b01436443a39174a65072e74203: : Instructing follower aaf561d8c46e4f5db08aedb72172747b to start an election
I20260713 09:02:31.013919  7743 raft_consensus.cc:1081] T df553669700f4f14909dbe75e3cc2e33 P 4f104b01436443a39174a65072e74203 [term 1 LEADER]: Signalling peer aaf561d8c46e4f5db08aedb72172747b to start an election
I20260713 09:02:31.015726  7401 tablet_service.cc:2044] Received Run Leader Election RPC: tablet_id: "df553669700f4f14909dbe75e3cc2e33"
dest_uuid: "aaf561d8c46e4f5db08aedb72172747b"
 from {username='slave'} at 127.0.0.1:58366
I20260713 09:02:31.016382  7401 raft_consensus.cc:493] T df553669700f4f14909dbe75e3cc2e33 P aaf561d8c46e4f5db08aedb72172747b [term 1 FOLLOWER]: Starting forced leader election (received explicit request)
I20260713 09:02:31.016871  7401 raft_consensus.cc:3060] T df553669700f4f14909dbe75e3cc2e33 P aaf561d8c46e4f5db08aedb72172747b [term 1 FOLLOWER]: Advancing to term 2
I20260713 09:02:31.025066  7401 raft_consensus.cc:515] T df553669700f4f14909dbe75e3cc2e33 P aaf561d8c46e4f5db08aedb72172747b [term 2 FOLLOWER]: Starting forced leader election with config: opid_index: 4 OBSOLETE_local: false peers { permanent_uuid: "285716379ac94753a4bf9232c515eaff" member_type: VOTER last_known_addr { host: "127.5.184.1" port: 38387 } } peers { permanent_uuid: "4f104b01436443a39174a65072e74203" member_type: VOTER last_known_addr { host: "127.5.184.3" port: 35179 } } peers { permanent_uuid: "aaf561d8c46e4f5db08aedb72172747b" member_type: VOTER last_known_addr { host: "127.5.184.4" port: 45521 } attrs { promote: false } }
I20260713 09:02:31.025533  7746 raft_consensus.cc:993] T 9654a3e287ae49649271fa7e442bf5b6 P 285716379ac94753a4bf9232c515eaff: : Instructing follower aaf561d8c46e4f5db08aedb72172747b to start an election
I20260713 09:02:31.026341  7735 raft_consensus.cc:1081] T 9654a3e287ae49649271fa7e442bf5b6 P 285716379ac94753a4bf9232c515eaff [term 1 LEADER]: Signalling peer aaf561d8c46e4f5db08aedb72172747b to start an election
I20260713 09:02:31.027608  7401 leader_election.cc:290] T df553669700f4f14909dbe75e3cc2e33 P aaf561d8c46e4f5db08aedb72172747b [CANDIDATE]: Term 2 election: Requested vote from peers 285716379ac94753a4bf9232c515eaff (127.5.184.1:38387), 4f104b01436443a39174a65072e74203 (127.5.184.3:35179)
I20260713 09:02:31.028332  7402 tablet_service.cc:2044] Received Run Leader Election RPC: tablet_id: "9654a3e287ae49649271fa7e442bf5b6"
dest_uuid: "aaf561d8c46e4f5db08aedb72172747b"
 from {username='slave'} at 127.0.0.1:58394
I20260713 09:02:31.028870  7402 raft_consensus.cc:493] T 9654a3e287ae49649271fa7e442bf5b6 P aaf561d8c46e4f5db08aedb72172747b [term 1 FOLLOWER]: Starting forced leader election (received explicit request)
I20260713 09:02:31.028807  7114 tablet_service.cc:1917] Received RequestConsensusVote() RPC: tablet_id: "df553669700f4f14909dbe75e3cc2e33" candidate_uuid: "aaf561d8c46e4f5db08aedb72172747b" candidate_term: 2 candidate_status { last_received { term: 1 index: 4 } } ignore_live_leader: true dest_uuid: "4f104b01436443a39174a65072e74203"
I20260713 09:02:31.029398  7402 raft_consensus.cc:3060] T 9654a3e287ae49649271fa7e442bf5b6 P aaf561d8c46e4f5db08aedb72172747b [term 1 FOLLOWER]: Advancing to term 2
I20260713 09:02:31.028379  6965 tablet_service.cc:1917] Received RequestConsensusVote() RPC: tablet_id: "df553669700f4f14909dbe75e3cc2e33" candidate_uuid: "aaf561d8c46e4f5db08aedb72172747b" candidate_term: 2 candidate_status { last_received { term: 1 index: 4 } } ignore_live_leader: true dest_uuid: "285716379ac94753a4bf9232c515eaff"
I20260713 09:02:31.029685  7114 raft_consensus.cc:3055] T df553669700f4f14909dbe75e3cc2e33 P 4f104b01436443a39174a65072e74203 [term 1 LEADER]: Stepping down as leader of term 1
I20260713 09:02:31.030153  6965 raft_consensus.cc:3060] T df553669700f4f14909dbe75e3cc2e33 P 285716379ac94753a4bf9232c515eaff [term 1 FOLLOWER]: Advancing to term 2
I20260713 09:02:31.030118  7114 raft_consensus.cc:740] T df553669700f4f14909dbe75e3cc2e33 P 4f104b01436443a39174a65072e74203 [term 1 LEADER]: Becoming Follower/Learner. State: Replica: 4f104b01436443a39174a65072e74203, State: Running, Role: LEADER
I20260713 09:02:31.031179  7114 consensus_queue.cc:260] T df553669700f4f14909dbe75e3cc2e33 P 4f104b01436443a39174a65072e74203 [NON_LEADER]: Queue going to NON_LEADER mode. State: All replicated index: 0, Majority replicated index: 4, Committed index: 4, Last appended: 1.4, Last appended by leader: 4, Current term: 1, Majority size: -1, State: 0, Mode: NON_LEADER, active raft config: opid_index: 4 OBSOLETE_local: false peers { permanent_uuid: "285716379ac94753a4bf9232c515eaff" member_type: VOTER last_known_addr { host: "127.5.184.1" port: 38387 } } peers { permanent_uuid: "4f104b01436443a39174a65072e74203" member_type: VOTER last_known_addr { host: "127.5.184.3" port: 35179 } } peers { permanent_uuid: "aaf561d8c46e4f5db08aedb72172747b" member_type: VOTER last_known_addr { host: "127.5.184.4" port: 45521 } attrs { promote: false } }
I20260713 09:02:31.032582  7114 raft_consensus.cc:3060] T df553669700f4f14909dbe75e3cc2e33 P 4f104b01436443a39174a65072e74203 [term 1 FOLLOWER]: Advancing to term 2
I20260713 09:02:31.037202  7402 raft_consensus.cc:515] T 9654a3e287ae49649271fa7e442bf5b6 P aaf561d8c46e4f5db08aedb72172747b [term 2 FOLLOWER]: Starting forced leader election with config: opid_index: 4 OBSOLETE_local: false peers { permanent_uuid: "285716379ac94753a4bf9232c515eaff" member_type: VOTER last_known_addr { host: "127.5.184.1" port: 38387 } } peers { permanent_uuid: "f00192477d0c482bafb1bbefdc02e91a" member_type: VOTER last_known_addr { host: "127.5.184.2" port: 35515 } } peers { permanent_uuid: "aaf561d8c46e4f5db08aedb72172747b" member_type: VOTER last_known_addr { host: "127.5.184.4" port: 45521 } attrs { promote: false } }
I20260713 09:02:31.038160  6965 raft_consensus.cc:2468] T df553669700f4f14909dbe75e3cc2e33 P 285716379ac94753a4bf9232c515eaff [term 2 FOLLOWER]: Leader election vote request: Granting yes vote for candidate aaf561d8c46e4f5db08aedb72172747b in term 2.
I20260713 09:02:31.039882  7747 raft_consensus.cc:993] T 33bfed6cbf4c47e9b7ad25044ca0608a P f00192477d0c482bafb1bbefdc02e91a: : Instructing follower aaf561d8c46e4f5db08aedb72172747b to start an election
I20260713 09:02:31.040268  7364 leader_election.cc:304] T df553669700f4f14909dbe75e3cc2e33 P aaf561d8c46e4f5db08aedb72172747b [CANDIDATE]: Term 2 election: Election decided. Result: candidate won. Election summary: received 2 responses out of 3 voters: 2 yes votes; 0 no votes. yes voters: 285716379ac94753a4bf9232c515eaff, aaf561d8c46e4f5db08aedb72172747b; no voters: 
I20260713 09:02:31.040410  7747 raft_consensus.cc:1081] T 33bfed6cbf4c47e9b7ad25044ca0608a P f00192477d0c482bafb1bbefdc02e91a [term 2 LEADER]: Signalling peer aaf561d8c46e4f5db08aedb72172747b to start an election
I20260713 09:02:31.041246  7114 raft_consensus.cc:2468] T df553669700f4f14909dbe75e3cc2e33 P 4f104b01436443a39174a65072e74203 [term 2 FOLLOWER]: Leader election vote request: Granting yes vote for candidate aaf561d8c46e4f5db08aedb72172747b in term 2.
I20260713 09:02:31.041441  7039 tablet_service.cc:1917] Received RequestConsensusVote() RPC: tablet_id: "9654a3e287ae49649271fa7e442bf5b6" candidate_uuid: "aaf561d8c46e4f5db08aedb72172747b" candidate_term: 2 candidate_status { last_received { term: 1 index: 4 } } ignore_live_leader: true dest_uuid: "f00192477d0c482bafb1bbefdc02e91a"
I20260713 09:02:31.042131  7039 raft_consensus.cc:3060] T 9654a3e287ae49649271fa7e442bf5b6 P f00192477d0c482bafb1bbefdc02e91a [term 1 FOLLOWER]: Advancing to term 2
I20260713 09:02:31.042590  7401 tablet_service.cc:2044] Received Run Leader Election RPC: tablet_id: "33bfed6cbf4c47e9b7ad25044ca0608a"
dest_uuid: "aaf561d8c46e4f5db08aedb72172747b"
 from {username='slave'} at 127.0.0.1:58380
I20260713 09:02:31.042660  7754 raft_consensus.cc:2804] T df553669700f4f14909dbe75e3cc2e33 P aaf561d8c46e4f5db08aedb72172747b [term 2 FOLLOWER]: Leader election won for term 2
I20260713 09:02:31.043185  7401 raft_consensus.cc:493] T 33bfed6cbf4c47e9b7ad25044ca0608a P aaf561d8c46e4f5db08aedb72172747b [term 2 FOLLOWER]: Starting forced leader election (received explicit request)
I20260713 09:02:31.043579  7401 raft_consensus.cc:3060] T 33bfed6cbf4c47e9b7ad25044ca0608a P aaf561d8c46e4f5db08aedb72172747b [term 2 FOLLOWER]: Advancing to term 3
I20260713 09:02:31.044138  6965 tablet_service.cc:1917] Received RequestConsensusVote() RPC: tablet_id: "9654a3e287ae49649271fa7e442bf5b6" candidate_uuid: "aaf561d8c46e4f5db08aedb72172747b" candidate_term: 2 candidate_status { last_received { term: 1 index: 4 } } ignore_live_leader: true dest_uuid: "285716379ac94753a4bf9232c515eaff"
I20260713 09:02:31.044637  6965 raft_consensus.cc:3055] T 9654a3e287ae49649271fa7e442bf5b6 P 285716379ac94753a4bf9232c515eaff [term 1 LEADER]: Stepping down as leader of term 1
I20260713 09:02:31.044925  6965 raft_consensus.cc:740] T 9654a3e287ae49649271fa7e442bf5b6 P 285716379ac94753a4bf9232c515eaff [term 1 LEADER]: Becoming Follower/Learner. State: Replica: 285716379ac94753a4bf9232c515eaff, State: Running, Role: LEADER
I20260713 09:02:31.045826  6965 consensus_queue.cc:260] T 9654a3e287ae49649271fa7e442bf5b6 P 285716379ac94753a4bf9232c515eaff [NON_LEADER]: Queue going to NON_LEADER mode. State: All replicated index: 0, Majority replicated index: 4, Committed index: 4, Last appended: 1.4, Last appended by leader: 4, Current term: 1, Majority size: -1, State: 0, Mode: NON_LEADER, active raft config: opid_index: 4 OBSOLETE_local: false peers { permanent_uuid: "285716379ac94753a4bf9232c515eaff" member_type: VOTER last_known_addr { host: "127.5.184.1" port: 38387 } } peers { permanent_uuid: "f00192477d0c482bafb1bbefdc02e91a" member_type: VOTER last_known_addr { host: "127.5.184.2" port: 35515 } } peers { permanent_uuid: "aaf561d8c46e4f5db08aedb72172747b" member_type: VOTER last_known_addr { host: "127.5.184.4" port: 45521 } attrs { promote: false } }
I20260713 09:02:31.046901  6965 raft_consensus.cc:3060] T 9654a3e287ae49649271fa7e442bf5b6 P 285716379ac94753a4bf9232c515eaff [term 1 FOLLOWER]: Advancing to term 2
I20260713 09:02:31.050011  7401 raft_consensus.cc:515] T 33bfed6cbf4c47e9b7ad25044ca0608a P aaf561d8c46e4f5db08aedb72172747b [term 3 FOLLOWER]: Starting forced leader election with config: opid_index: 4 OBSOLETE_local: false peers { permanent_uuid: "f00192477d0c482bafb1bbefdc02e91a" member_type: VOTER last_known_addr { host: "127.5.184.2" port: 35515 } } peers { permanent_uuid: "4f104b01436443a39174a65072e74203" member_type: VOTER last_known_addr { host: "127.5.184.3" port: 35179 } } peers { permanent_uuid: "aaf561d8c46e4f5db08aedb72172747b" member_type: VOTER last_known_addr { host: "127.5.184.4" port: 45521 } attrs { promote: false } }
I20260713 09:02:31.051237  7754 raft_consensus.cc:697] T df553669700f4f14909dbe75e3cc2e33 P aaf561d8c46e4f5db08aedb72172747b [term 2 LEADER]: Becoming Leader. State: Replica: aaf561d8c46e4f5db08aedb72172747b, State: Running, Role: LEADER
I20260713 09:02:31.051983  7401 leader_election.cc:290] T 33bfed6cbf4c47e9b7ad25044ca0608a P aaf561d8c46e4f5db08aedb72172747b [CANDIDATE]: Term 3 election: Requested vote from peers f00192477d0c482bafb1bbefdc02e91a (127.5.184.2:35515), 4f104b01436443a39174a65072e74203 (127.5.184.3:35179)
I20260713 09:02:31.052258  7754 consensus_queue.cc:237] T df553669700f4f14909dbe75e3cc2e33 P aaf561d8c46e4f5db08aedb72172747b [LEADER]: Queue going to LEADER mode. State: All replicated index: 0, Majority replicated index: 4, Committed index: 4, Last appended: 1.4, Last appended by leader: 4, Current term: 2, Majority size: 2, State: 0, Mode: LEADER, active raft config: opid_index: 4 OBSOLETE_local: false peers { permanent_uuid: "285716379ac94753a4bf9232c515eaff" member_type: VOTER last_known_addr { host: "127.5.184.1" port: 38387 } } peers { permanent_uuid: "4f104b01436443a39174a65072e74203" member_type: VOTER last_known_addr { host: "127.5.184.3" port: 35179 } } peers { permanent_uuid: "aaf561d8c46e4f5db08aedb72172747b" member_type: VOTER last_known_addr { host: "127.5.184.4" port: 45521 } attrs { promote: false } }
I20260713 09:02:31.053156  7038 tablet_service.cc:1917] Received RequestConsensusVote() RPC: tablet_id: "33bfed6cbf4c47e9b7ad25044ca0608a" candidate_uuid: "aaf561d8c46e4f5db08aedb72172747b" candidate_term: 3 candidate_status { last_received { term: 2 index: 4 } } ignore_live_leader: true dest_uuid: "f00192477d0c482bafb1bbefdc02e91a"
I20260713 09:02:31.053628  7038 raft_consensus.cc:3055] T 33bfed6cbf4c47e9b7ad25044ca0608a P f00192477d0c482bafb1bbefdc02e91a [term 2 LEADER]: Stepping down as leader of term 2
I20260713 09:02:31.053853  7038 raft_consensus.cc:740] T 33bfed6cbf4c47e9b7ad25044ca0608a P f00192477d0c482bafb1bbefdc02e91a [term 2 LEADER]: Becoming Follower/Learner. State: Replica: f00192477d0c482bafb1bbefdc02e91a, State: Running, Role: LEADER
I20260713 09:02:31.054329  7114 tablet_service.cc:1917] Received RequestConsensusVote() RPC: tablet_id: "33bfed6cbf4c47e9b7ad25044ca0608a" candidate_uuid: "aaf561d8c46e4f5db08aedb72172747b" candidate_term: 3 candidate_status { last_received { term: 2 index: 4 } } ignore_live_leader: true dest_uuid: "4f104b01436443a39174a65072e74203"
I20260713 09:02:31.054842  7114 raft_consensus.cc:3060] T 33bfed6cbf4c47e9b7ad25044ca0608a P 4f104b01436443a39174a65072e74203 [term 2 FOLLOWER]: Advancing to term 3
I20260713 09:02:31.054620  7038 consensus_queue.cc:260] T 33bfed6cbf4c47e9b7ad25044ca0608a P f00192477d0c482bafb1bbefdc02e91a [NON_LEADER]: Queue going to NON_LEADER mode. State: All replicated index: 0, Majority replicated index: 4, Committed index: 4, Last appended: 2.4, Last appended by leader: 4, Current term: 2, Majority size: -1, State: 0, Mode: NON_LEADER, active raft config: opid_index: 4 OBSOLETE_local: false peers { permanent_uuid: "f00192477d0c482bafb1bbefdc02e91a" member_type: VOTER last_known_addr { host: "127.5.184.2" port: 35515 } } peers { permanent_uuid: "4f104b01436443a39174a65072e74203" member_type: VOTER last_known_addr { host: "127.5.184.3" port: 35179 } } peers { permanent_uuid: "aaf561d8c46e4f5db08aedb72172747b" member_type: VOTER last_known_addr { host: "127.5.184.4" port: 45521 } attrs { promote: false } }
I20260713 09:02:31.055756  7038 raft_consensus.cc:3060] T 33bfed6cbf4c47e9b7ad25044ca0608a P f00192477d0c482bafb1bbefdc02e91a [term 2 FOLLOWER]: Advancing to term 3
I20260713 09:02:31.060164  7039 raft_consensus.cc:2468] T 9654a3e287ae49649271fa7e442bf5b6 P f00192477d0c482bafb1bbefdc02e91a [term 2 FOLLOWER]: Leader election vote request: Granting yes vote for candidate aaf561d8c46e4f5db08aedb72172747b in term 2.
I20260713 09:02:31.062877  7361 leader_election.cc:304] T 9654a3e287ae49649271fa7e442bf5b6 P aaf561d8c46e4f5db08aedb72172747b [CANDIDATE]: Term 2 election: Election decided. Result: candidate won. Election summary: received 2 responses out of 3 voters: 2 yes votes; 0 no votes. yes voters: aaf561d8c46e4f5db08aedb72172747b, f00192477d0c482bafb1bbefdc02e91a; no voters: 
I20260713 09:02:31.060968  7402 leader_election.cc:290] T 9654a3e287ae49649271fa7e442bf5b6 P aaf561d8c46e4f5db08aedb72172747b [CANDIDATE]: Term 2 election: Requested vote from peers 285716379ac94753a4bf9232c515eaff (127.5.184.1:38387), f00192477d0c482bafb1bbefdc02e91a (127.5.184.2:35515)
I20260713 09:02:31.064046  7755 raft_consensus.cc:2804] T 9654a3e287ae49649271fa7e442bf5b6 P aaf561d8c46e4f5db08aedb72172747b [term 2 FOLLOWER]: Leader election won for term 2
I20260713 09:02:31.064849  7038 raft_consensus.cc:2468] T 33bfed6cbf4c47e9b7ad25044ca0608a P f00192477d0c482bafb1bbefdc02e91a [term 3 FOLLOWER]: Leader election vote request: Granting yes vote for candidate aaf561d8c46e4f5db08aedb72172747b in term 3.
I20260713 09:02:31.068759  7361 leader_election.cc:304] T 33bfed6cbf4c47e9b7ad25044ca0608a P aaf561d8c46e4f5db08aedb72172747b [CANDIDATE]: Term 3 election: Election decided. Result: candidate won. Election summary: received 2 responses out of 3 voters: 2 yes votes; 0 no votes. yes voters: aaf561d8c46e4f5db08aedb72172747b, f00192477d0c482bafb1bbefdc02e91a; no voters: 
I20260713 09:02:31.069231  7114 raft_consensus.cc:2468] T 33bfed6cbf4c47e9b7ad25044ca0608a P 4f104b01436443a39174a65072e74203 [term 3 FOLLOWER]: Leader election vote request: Granting yes vote for candidate aaf561d8c46e4f5db08aedb72172747b in term 3.
I20260713 09:02:31.070206  7754 raft_consensus.cc:2804] T 33bfed6cbf4c47e9b7ad25044ca0608a P aaf561d8c46e4f5db08aedb72172747b [term 3 FOLLOWER]: Leader election won for term 3
I20260713 09:02:31.072083  7754 raft_consensus.cc:697] T 33bfed6cbf4c47e9b7ad25044ca0608a P aaf561d8c46e4f5db08aedb72172747b [term 3 LEADER]: Becoming Leader. State: Replica: aaf561d8c46e4f5db08aedb72172747b, State: Running, Role: LEADER
I20260713 09:02:31.073266  7755 raft_consensus.cc:697] T 9654a3e287ae49649271fa7e442bf5b6 P aaf561d8c46e4f5db08aedb72172747b [term 2 LEADER]: Becoming Leader. State: Replica: aaf561d8c46e4f5db08aedb72172747b, State: Running, Role: LEADER
I20260713 09:02:31.073982  6965 raft_consensus.cc:2468] T 9654a3e287ae49649271fa7e442bf5b6 P 285716379ac94753a4bf9232c515eaff [term 2 FOLLOWER]: Leader election vote request: Granting yes vote for candidate aaf561d8c46e4f5db08aedb72172747b in term 2.
I20260713 09:02:31.074441  7754 consensus_queue.cc:237] T 33bfed6cbf4c47e9b7ad25044ca0608a P aaf561d8c46e4f5db08aedb72172747b [LEADER]: Queue going to LEADER mode. State: All replicated index: 0, Majority replicated index: 4, Committed index: 4, Last appended: 2.4, Last appended by leader: 4, Current term: 3, Majority size: 2, State: 0, Mode: LEADER, active raft config: opid_index: 4 OBSOLETE_local: false peers { permanent_uuid: "f00192477d0c482bafb1bbefdc02e91a" member_type: VOTER last_known_addr { host: "127.5.184.2" port: 35515 } } peers { permanent_uuid: "4f104b01436443a39174a65072e74203" member_type: VOTER last_known_addr { host: "127.5.184.3" port: 35179 } } peers { permanent_uuid: "aaf561d8c46e4f5db08aedb72172747b" member_type: VOTER last_known_addr { host: "127.5.184.4" port: 45521 } attrs { promote: false } }
I20260713 09:02:31.074700  7755 consensus_queue.cc:237] T 9654a3e287ae49649271fa7e442bf5b6 P aaf561d8c46e4f5db08aedb72172747b [LEADER]: Queue going to LEADER mode. State: All replicated index: 0, Majority replicated index: 4, Committed index: 4, Last appended: 1.4, Last appended by leader: 4, Current term: 2, Majority size: 2, State: 0, Mode: LEADER, active raft config: opid_index: 4 OBSOLETE_local: false peers { permanent_uuid: "285716379ac94753a4bf9232c515eaff" member_type: VOTER last_known_addr { host: "127.5.184.1" port: 38387 } } peers { permanent_uuid: "f00192477d0c482bafb1bbefdc02e91a" member_type: VOTER last_known_addr { host: "127.5.184.2" port: 35515 } } peers { permanent_uuid: "aaf561d8c46e4f5db08aedb72172747b" member_type: VOTER last_known_addr { host: "127.5.184.4" port: 45521 } attrs { promote: false } }
I20260713 09:02:31.079948  6864 catalog_manager.cc:5697] T df553669700f4f14909dbe75e3cc2e33 P aaf561d8c46e4f5db08aedb72172747b reported cstate change: term changed from 1 to 2, leader changed from 4f104b01436443a39174a65072e74203 (127.5.184.3) to aaf561d8c46e4f5db08aedb72172747b (127.5.184.4). New cstate: current_term: 2 leader_uuid: "aaf561d8c46e4f5db08aedb72172747b" committed_config { opid_index: 4 OBSOLETE_local: false peers { permanent_uuid: "285716379ac94753a4bf9232c515eaff" member_type: VOTER last_known_addr { host: "127.5.184.1" port: 38387 } health_report { overall_health: UNKNOWN } } peers { permanent_uuid: "4f104b01436443a39174a65072e74203" member_type: VOTER last_known_addr { host: "127.5.184.3" port: 35179 } health_report { overall_health: UNKNOWN } } peers { permanent_uuid: "aaf561d8c46e4f5db08aedb72172747b" member_type: VOTER last_known_addr { host: "127.5.184.4" port: 45521 } attrs { promote: false } health_report { overall_health: HEALTHY } } }
I20260713 09:02:31.097916  6864 catalog_manager.cc:5697] T 9654a3e287ae49649271fa7e442bf5b6 P aaf561d8c46e4f5db08aedb72172747b reported cstate change: term changed from 1 to 2, leader changed from 285716379ac94753a4bf9232c515eaff (127.5.184.1) to aaf561d8c46e4f5db08aedb72172747b (127.5.184.4). New cstate: current_term: 2 leader_uuid: "aaf561d8c46e4f5db08aedb72172747b" committed_config { opid_index: 4 OBSOLETE_local: false peers { permanent_uuid: "285716379ac94753a4bf9232c515eaff" member_type: VOTER last_known_addr { host: "127.5.184.1" port: 38387 } health_report { overall_health: UNKNOWN } } peers { permanent_uuid: "f00192477d0c482bafb1bbefdc02e91a" member_type: VOTER last_known_addr { host: "127.5.184.2" port: 35515 } health_report { overall_health: UNKNOWN } } peers { permanent_uuid: "aaf561d8c46e4f5db08aedb72172747b" member_type: VOTER last_known_addr { host: "127.5.184.4" port: 45521 } attrs { promote: false } health_report { overall_health: HEALTHY } } }
I20260713 09:02:31.099428  6864 catalog_manager.cc:5697] T 33bfed6cbf4c47e9b7ad25044ca0608a P aaf561d8c46e4f5db08aedb72172747b reported cstate change: term changed from 2 to 3, leader changed from f00192477d0c482bafb1bbefdc02e91a (127.5.184.2) to aaf561d8c46e4f5db08aedb72172747b (127.5.184.4). New cstate: current_term: 3 leader_uuid: "aaf561d8c46e4f5db08aedb72172747b" committed_config { opid_index: 4 OBSOLETE_local: false peers { permanent_uuid: "f00192477d0c482bafb1bbefdc02e91a" member_type: VOTER last_known_addr { host: "127.5.184.2" port: 35515 } health_report { overall_health: UNKNOWN } } peers { permanent_uuid: "4f104b01436443a39174a65072e74203" member_type: VOTER last_known_addr { host: "127.5.184.3" port: 35179 } health_report { overall_health: UNKNOWN } } peers { permanent_uuid: "aaf561d8c46e4f5db08aedb72172747b" member_type: VOTER last_known_addr { host: "127.5.184.4" port: 45521 } attrs { promote: false } health_report { overall_health: HEALTHY } } }
I20260713 09:02:31.172073  7752 raft_consensus.cc:993] T 58eff73e73dd4f01888d3e3bd1cb2431 P 4f104b01436443a39174a65072e74203: : Instructing follower aaf561d8c46e4f5db08aedb72172747b to start an election
I20260713 09:02:31.172572  7743 raft_consensus.cc:1081] T 58eff73e73dd4f01888d3e3bd1cb2431 P 4f104b01436443a39174a65072e74203 [term 1 LEADER]: Signalling peer aaf561d8c46e4f5db08aedb72172747b to start an election
I20260713 09:02:31.174005  7402 tablet_service.cc:2044] Received Run Leader Election RPC: tablet_id: "58eff73e73dd4f01888d3e3bd1cb2431"
dest_uuid: "aaf561d8c46e4f5db08aedb72172747b"
 from {username='slave'} at 127.0.0.1:58366
I20260713 09:02:31.174410  7402 raft_consensus.cc:493] T 58eff73e73dd4f01888d3e3bd1cb2431 P aaf561d8c46e4f5db08aedb72172747b [term 1 FOLLOWER]: Starting forced leader election (received explicit request)
I20260713 09:02:31.174633  7402 raft_consensus.cc:3060] T 58eff73e73dd4f01888d3e3bd1cb2431 P aaf561d8c46e4f5db08aedb72172747b [term 1 FOLLOWER]: Advancing to term 2
I20260713 09:02:31.178893  7402 raft_consensus.cc:515] T 58eff73e73dd4f01888d3e3bd1cb2431 P aaf561d8c46e4f5db08aedb72172747b [term 2 FOLLOWER]: Starting forced leader election with config: opid_index: 4 OBSOLETE_local: false peers { permanent_uuid: "f00192477d0c482bafb1bbefdc02e91a" member_type: VOTER last_known_addr { host: "127.5.184.2" port: 35515 } } peers { permanent_uuid: "4f104b01436443a39174a65072e74203" member_type: VOTER last_known_addr { host: "127.5.184.3" port: 35179 } } peers { permanent_uuid: "aaf561d8c46e4f5db08aedb72172747b" member_type: VOTER last_known_addr { host: "127.5.184.4" port: 45521 } attrs { promote: false } }
I20260713 09:02:31.180234  7402 leader_election.cc:290] T 58eff73e73dd4f01888d3e3bd1cb2431 P aaf561d8c46e4f5db08aedb72172747b [CANDIDATE]: Term 2 election: Requested vote from peers f00192477d0c482bafb1bbefdc02e91a (127.5.184.2:35515), 4f104b01436443a39174a65072e74203 (127.5.184.3:35179)
I20260713 09:02:31.181056  7038 tablet_service.cc:1917] Received RequestConsensusVote() RPC: tablet_id: "58eff73e73dd4f01888d3e3bd1cb2431" candidate_uuid: "aaf561d8c46e4f5db08aedb72172747b" candidate_term: 2 candidate_status { last_received { term: 1 index: 4 } } ignore_live_leader: true dest_uuid: "f00192477d0c482bafb1bbefdc02e91a"
I20260713 09:02:31.181265  7114 tablet_service.cc:1917] Received RequestConsensusVote() RPC: tablet_id: "58eff73e73dd4f01888d3e3bd1cb2431" candidate_uuid: "aaf561d8c46e4f5db08aedb72172747b" candidate_term: 2 candidate_status { last_received { term: 1 index: 4 } } ignore_live_leader: true dest_uuid: "4f104b01436443a39174a65072e74203"
I20260713 09:02:31.181654  7038 raft_consensus.cc:3060] T 58eff73e73dd4f01888d3e3bd1cb2431 P f00192477d0c482bafb1bbefdc02e91a [term 1 FOLLOWER]: Advancing to term 2
I20260713 09:02:31.181740  7114 raft_consensus.cc:3055] T 58eff73e73dd4f01888d3e3bd1cb2431 P 4f104b01436443a39174a65072e74203 [term 1 LEADER]: Stepping down as leader of term 1
I20260713 09:02:31.182119  7114 raft_consensus.cc:740] T 58eff73e73dd4f01888d3e3bd1cb2431 P 4f104b01436443a39174a65072e74203 [term 1 LEADER]: Becoming Follower/Learner. State: Replica: 4f104b01436443a39174a65072e74203, State: Running, Role: LEADER
