I20260713 08:59:16.002792  2350 consensus_queue.cc:237] T 023d73debe514203990fc24818276b34 P 0a2179fdb8414425a4e95d022e3fa368 [LEADER]: Queue going to LEADER mode. State: All replicated index: 0, Majority replicated index: 4, Committed index: 4, Last appended: 1.4, Last appended by leader: 4, Current term: 2, Majority size: 2, State: 0, Mode: LEADER, active raft config: opid_index: 4 OBSOLETE_local: false peers { permanent_uuid: "3d77ab7b0ade4b518853bfbf5120f441" member_type: VOTER last_known_addr { host: "127.0.107.193" port: 37327 } } peers { permanent_uuid: "6d5dba3d74114150a8df50c551bcf441" member_type: VOTER last_known_addr { host: "127.0.107.194" port: 46679 } } peers { permanent_uuid: "0a2179fdb8414425a4e95d022e3fa368" member_type: VOTER last_known_addr { host: "127.0.107.196" port: 41347 } attrs { promote: false } }
I20260713 08:59:16.009477  1467 catalog_manager.cc:5697] T 023d73debe514203990fc24818276b34 P 0a2179fdb8414425a4e95d022e3fa368 reported cstate change: term changed from 1 to 2, leader changed from 6d5dba3d74114150a8df50c551bcf441 (127.0.107.194) to 0a2179fdb8414425a4e95d022e3fa368 (127.0.107.196). New cstate: current_term: 2 leader_uuid: "0a2179fdb8414425a4e95d022e3fa368" committed_config { opid_index: 4 OBSOLETE_local: false peers { permanent_uuid: "3d77ab7b0ade4b518853bfbf5120f441" member_type: VOTER last_known_addr { host: "127.0.107.193" port: 37327 } health_report { overall_health: UNKNOWN } } peers { permanent_uuid: "6d5dba3d74114150a8df50c551bcf441" member_type: VOTER last_known_addr { host: "127.0.107.194" port: 46679 } health_report { overall_health: UNKNOWN } } peers { permanent_uuid: "0a2179fdb8414425a4e95d022e3fa368" member_type: VOTER last_known_addr { host: "127.0.107.196" port: 41347 } attrs { promote: false } health_report { overall_health: HEALTHY } } }
I20260713 08:59:16.169778  1715 raft_consensus.cc:1275] T 8e938ffa7fc8457a9261c50fc1ce5c3f P 214a3e42357a4fb0b5de323c02127f26 [term 2 FOLLOWER]: Refusing update from remote peer 0a2179fdb8414425a4e95d022e3fa368: Log matching property violated. Preceding OpId in replica: term: 1 index: 4. Preceding OpId from leader: term: 2 index: 5. (index mismatch)
I20260713 08:59:16.170862  2350 consensus_queue.cc:1048] T 8e938ffa7fc8457a9261c50fc1ce5c3f P 0a2179fdb8414425a4e95d022e3fa368 [LEADER]: Connected to new peer: Peer: permanent_uuid: "214a3e42357a4fb0b5de323c02127f26" member_type: VOTER last_known_addr { host: "127.0.107.195" port: 39319 }, Status: LMP_MISMATCH, Last received: 0.0, Next index: 5, Last known committed idx: 4, Time since last communication: 0.000s
I20260713 08:59:16.178987  1569 raft_consensus.cc:1275] T 8e938ffa7fc8457a9261c50fc1ce5c3f P 3d77ab7b0ade4b518853bfbf5120f441 [term 2 FOLLOWER]: Refusing update from remote peer 0a2179fdb8414425a4e95d022e3fa368: Log matching property violated. Preceding OpId in replica: term: 1 index: 4. Preceding OpId from leader: term: 2 index: 5. (index mismatch)
I20260713 08:59:16.180394  2356 consensus_queue.cc:1048] T 8e938ffa7fc8457a9261c50fc1ce5c3f P 0a2179fdb8414425a4e95d022e3fa368 [LEADER]: Connected to new peer: Peer: permanent_uuid: "3d77ab7b0ade4b518853bfbf5120f441" member_type: VOTER last_known_addr { host: "127.0.107.193" port: 37327 }, Status: LMP_MISMATCH, Last received: 0.0, Next index: 5, Last known committed idx: 4, Time since last communication: 0.001s
I20260713 08:59:16.198349  1715 raft_consensus.cc:1275] T 272dc392d51b4f4998a511202cc56878 P 214a3e42357a4fb0b5de323c02127f26 [term 2 FOLLOWER]: Refusing update from remote peer 0a2179fdb8414425a4e95d022e3fa368: Log matching property violated. Preceding OpId in replica: term: 1 index: 4. Preceding OpId from leader: term: 2 index: 5. (index mismatch)
I20260713 08:59:16.199484  2356 consensus_queue.cc:1048] T 272dc392d51b4f4998a511202cc56878 P 0a2179fdb8414425a4e95d022e3fa368 [LEADER]: Connected to new peer: Peer: permanent_uuid: "214a3e42357a4fb0b5de323c02127f26" member_type: VOTER last_known_addr { host: "127.0.107.195" port: 39319 }, Status: LMP_MISMATCH, Last received: 0.0, Next index: 5, Last known committed idx: 4, Time since last communication: 0.000s
I20260713 08:59:16.207850  1569 raft_consensus.cc:1275] T 272dc392d51b4f4998a511202cc56878 P 3d77ab7b0ade4b518853bfbf5120f441 [term 2 FOLLOWER]: Refusing update from remote peer 0a2179fdb8414425a4e95d022e3fa368: Log matching property violated. Preceding OpId in replica: term: 1 index: 4. Preceding OpId from leader: term: 2 index: 5. (index mismatch)
I20260713 08:59:16.209437  2356 consensus_queue.cc:1048] T 272dc392d51b4f4998a511202cc56878 P 0a2179fdb8414425a4e95d022e3fa368 [LEADER]: Connected to new peer: Peer: permanent_uuid: "3d77ab7b0ade4b518853bfbf5120f441" member_type: VOTER last_known_addr { host: "127.0.107.193" port: 37327 }, Status: LMP_MISMATCH, Last received: 0.0, Next index: 5, Last known committed idx: 4, Time since last communication: 0.000s
I20260713 08:59:16.269836  1569 raft_consensus.cc:1275] T d52d196bfe0f4a6aad527a3c785a4927 P 3d77ab7b0ade4b518853bfbf5120f441 [term 2 FOLLOWER]: Refusing update from remote peer 214a3e42357a4fb0b5de323c02127f26: Log matching property violated. Preceding OpId in replica: term: 1 index: 1. Preceding OpId from leader: term: 2 index: 2. (index mismatch)
I20260713 08:59:16.270874  2342 consensus_queue.cc:1048] T d52d196bfe0f4a6aad527a3c785a4927 P 214a3e42357a4fb0b5de323c02127f26 [LEADER]: Connected to new peer: Peer: permanent_uuid: "3d77ab7b0ade4b518853bfbf5120f441" member_type: VOTER last_known_addr { host: "127.0.107.193" port: 37327 }, Status: LMP_MISMATCH, Last received: 0.0, Next index: 2, Last known committed idx: 1, Time since last communication: 0.000s
I20260713 08:59:16.278534  1642 raft_consensus.cc:1275] T d52d196bfe0f4a6aad527a3c785a4927 P 6d5dba3d74114150a8df50c551bcf441 [term 2 FOLLOWER]: Refusing update from remote peer 214a3e42357a4fb0b5de323c02127f26: Log matching property violated. Preceding OpId in replica: term: 1 index: 1. Preceding OpId from leader: term: 2 index: 2. (index mismatch)
I20260713 08:59:16.279758  2369 consensus_queue.cc:1048] T d52d196bfe0f4a6aad527a3c785a4927 P 214a3e42357a4fb0b5de323c02127f26 [LEADER]: Connected to new peer: Peer: permanent_uuid: "6d5dba3d74114150a8df50c551bcf441" member_type: VOTER last_known_addr { host: "127.0.107.194" port: 46679 }, Status: LMP_MISMATCH, Last received: 0.0, Next index: 2, Last known committed idx: 1, Time since last communication: 0.000s
I20260713 08:59:16.285630  1569 raft_consensus.cc:1275] T cd054429ece443f085317348e6d7d247 P 3d77ab7b0ade4b518853bfbf5120f441 [term 2 FOLLOWER]: Refusing update from remote peer 0a2179fdb8414425a4e95d022e3fa368: Log matching property violated. Preceding OpId in replica: term: 1 index: 4. Preceding OpId from leader: term: 2 index: 5. (index mismatch)
I20260713 08:59:16.288663  2349 consensus_queue.cc:1048] T cd054429ece443f085317348e6d7d247 P 0a2179fdb8414425a4e95d022e3fa368 [LEADER]: Connected to new peer: Peer: permanent_uuid: "3d77ab7b0ade4b518853bfbf5120f441" member_type: VOTER last_known_addr { host: "127.0.107.193" port: 37327 }, Status: LMP_MISMATCH, Last received: 0.0, Next index: 5, Last known committed idx: 4, Time since last communication: 0.000s
I20260713 08:59:16.300411  1642 raft_consensus.cc:1275] T cd054429ece443f085317348e6d7d247 P 6d5dba3d74114150a8df50c551bcf441 [term 2 FOLLOWER]: Refusing update from remote peer 0a2179fdb8414425a4e95d022e3fa368: Log matching property violated. Preceding OpId in replica: term: 1 index: 4. Preceding OpId from leader: term: 2 index: 5. (index mismatch)
I20260713 08:59:16.301651  2350 consensus_queue.cc:1048] T cd054429ece443f085317348e6d7d247 P 0a2179fdb8414425a4e95d022e3fa368 [LEADER]: Connected to new peer: Peer: permanent_uuid: "6d5dba3d74114150a8df50c551bcf441" member_type: VOTER last_known_addr { host: "127.0.107.194" port: 46679 }, Status: LMP_MISMATCH, Last received: 0.0, Next index: 5, Last known committed idx: 4, Time since last communication: 0.000s
I20260713 08:59:16.420161  1642 raft_consensus.cc:1275] T 023d73debe514203990fc24818276b34 P 6d5dba3d74114150a8df50c551bcf441 [term 2 FOLLOWER]: Refusing update from remote peer 0a2179fdb8414425a4e95d022e3fa368: Log matching property violated. Preceding OpId in replica: term: 1 index: 4. Preceding OpId from leader: term: 2 index: 5. (index mismatch)
I20260713 08:59:16.421149  2350 consensus_queue.cc:1048] T 023d73debe514203990fc24818276b34 P 0a2179fdb8414425a4e95d022e3fa368 [LEADER]: Connected to new peer: Peer: permanent_uuid: "6d5dba3d74114150a8df50c551bcf441" member_type: VOTER last_known_addr { host: "127.0.107.194" port: 46679 }, Status: LMP_MISMATCH, Last received: 0.0, Next index: 5, Last known committed idx: 4, Time since last communication: 0.000s
I20260713 08:59:16.429050  1569 raft_consensus.cc:1275] T 023d73debe514203990fc24818276b34 P 3d77ab7b0ade4b518853bfbf5120f441 [term 2 FOLLOWER]: Refusing update from remote peer 0a2179fdb8414425a4e95d022e3fa368: Log matching property violated. Preceding OpId in replica: term: 1 index: 4. Preceding OpId from leader: term: 2 index: 5. (index mismatch)
I20260713 08:59:16.430732  2349 consensus_queue.cc:1048] T 023d73debe514203990fc24818276b34 P 0a2179fdb8414425a4e95d022e3fa368 [LEADER]: Connected to new peer: Peer: permanent_uuid: "3d77ab7b0ade4b518853bfbf5120f441" member_type: VOTER last_known_addr { host: "127.0.107.193" port: 37327 }, Status: LMP_MISMATCH, Last received: 0.0, Next index: 5, Last known committed idx: 4, Time since last communication: 0.000s
I20260713 08:59:16.599875   431 auto_leader_rebalancer.cc:141] leader rebalance for table test-workload
I20260713 08:59:16.615144   431 auto_leader_rebalancer.cc:141] leader rebalance for table test-workload
I20260713 08:59:16.628942  1642 tablet_service.cc:2072] Received LeaderStepDown RPC: tablet_id: "17e43fa3efad40c6a4470496a2cdecdb"
dest_uuid: "6d5dba3d74114150a8df50c551bcf441"
mode: GRACEFUL
new_leader_uuid: "214a3e42357a4fb0b5de323c02127f26"
 from {username='slave'} at 127.0.0.1:53652
I20260713 08:59:16.629362  1642 raft_consensus.cc:606] T 17e43fa3efad40c6a4470496a2cdecdb P 6d5dba3d74114150a8df50c551bcf441 [term 1 LEADER]: Received request to transfer leadership to TS 214a3e42357a4fb0b5de323c02127f26
I20260713 08:59:16.630903  2377 raft_consensus.cc:993] T 17e43fa3efad40c6a4470496a2cdecdb P 6d5dba3d74114150a8df50c551bcf441: : Instructing follower 214a3e42357a4fb0b5de323c02127f26 to start an election
I20260713 08:59:16.631314  2348 raft_consensus.cc:1081] T 17e43fa3efad40c6a4470496a2cdecdb P 6d5dba3d74114150a8df50c551bcf441 [term 1 LEADER]: Signalling peer 214a3e42357a4fb0b5de323c02127f26 to start an election
I20260713 08:59:16.631489  1715 tablet_service.cc:2072] Received LeaderStepDown RPC: tablet_id: "9f06070292154fa5a0c9d1e56122bbe4"
dest_uuid: "214a3e42357a4fb0b5de323c02127f26"
mode: GRACEFUL
new_leader_uuid: "0a2179fdb8414425a4e95d022e3fa368"
 from {username='slave'} at 127.0.0.1:55952
I20260713 08:59:16.632026  1715 raft_consensus.cc:606] T 9f06070292154fa5a0c9d1e56122bbe4 P 214a3e42357a4fb0b5de323c02127f26 [term 1 LEADER]: Received request to transfer leadership to TS 0a2179fdb8414425a4e95d022e3fa368
I20260713 08:59:16.632656  1717 tablet_service.cc:2044] Received Run Leader Election RPC: tablet_id: "17e43fa3efad40c6a4470496a2cdecdb"
dest_uuid: "214a3e42357a4fb0b5de323c02127f26"
 from {username='slave'} at 127.0.0.1:53146
I20260713 08:59:16.633008   431 auto_leader_rebalancer.cc:479] table: test-workload, leader rebalance finish, leader transfer count: 2
I20260713 08:59:16.633128  1717 raft_consensus.cc:493] T 17e43fa3efad40c6a4470496a2cdecdb P 214a3e42357a4fb0b5de323c02127f26 [term 1 FOLLOWER]: Starting forced leader election (received explicit request)
I20260713 08:59:16.633473  1717 raft_consensus.cc:3060] T 17e43fa3efad40c6a4470496a2cdecdb P 214a3e42357a4fb0b5de323c02127f26 [term 1 FOLLOWER]: Advancing to term 2
I20260713 08:59:16.633605   431 auto_leader_rebalancer.cc:554] All tables' leader rebalancing finished this round
I20260713 08:59:16.637265  1717 raft_consensus.cc:515] T 17e43fa3efad40c6a4470496a2cdecdb P 214a3e42357a4fb0b5de323c02127f26 [term 2 FOLLOWER]: Starting forced leader election with config: opid_index: -1 OBSOLETE_local: false peers { permanent_uuid: "3d77ab7b0ade4b518853bfbf5120f441" member_type: VOTER last_known_addr { host: "127.0.107.193" port: 37327 } } peers { permanent_uuid: "6d5dba3d74114150a8df50c551bcf441" member_type: VOTER last_known_addr { host: "127.0.107.194" port: 46679 } } peers { permanent_uuid: "214a3e42357a4fb0b5de323c02127f26" member_type: VOTER last_known_addr { host: "127.0.107.195" port: 39319 } }
I20260713 08:59:16.638639  1717 leader_election.cc:290] T 17e43fa3efad40c6a4470496a2cdecdb P 214a3e42357a4fb0b5de323c02127f26 [CANDIDATE]: Term 2 election: Requested vote from peers 3d77ab7b0ade4b518853bfbf5120f441 (127.0.107.193:37327), 6d5dba3d74114150a8df50c551bcf441 (127.0.107.194:46679)
I20260713 08:59:16.639073  1569 tablet_service.cc:1917] Received RequestConsensusVote() RPC: tablet_id: "17e43fa3efad40c6a4470496a2cdecdb" candidate_uuid: "214a3e42357a4fb0b5de323c02127f26" candidate_term: 2 candidate_status { last_received { term: 1 index: 1 } } ignore_live_leader: true dest_uuid: "3d77ab7b0ade4b518853bfbf5120f441"
I20260713 08:59:16.639427  1642 tablet_service.cc:1917] Received RequestConsensusVote() RPC: tablet_id: "17e43fa3efad40c6a4470496a2cdecdb" candidate_uuid: "214a3e42357a4fb0b5de323c02127f26" candidate_term: 2 candidate_status { last_received { term: 1 index: 1 } } ignore_live_leader: true dest_uuid: "6d5dba3d74114150a8df50c551bcf441"
I20260713 08:59:16.639554  1569 raft_consensus.cc:3060] T 17e43fa3efad40c6a4470496a2cdecdb P 3d77ab7b0ade4b518853bfbf5120f441 [term 1 FOLLOWER]: Advancing to term 2
I20260713 08:59:16.639844  1642 raft_consensus.cc:3055] T 17e43fa3efad40c6a4470496a2cdecdb P 6d5dba3d74114150a8df50c551bcf441 [term 1 LEADER]: Stepping down as leader of term 1
I20260713 08:59:16.640080  1642 raft_consensus.cc:740] T 17e43fa3efad40c6a4470496a2cdecdb P 6d5dba3d74114150a8df50c551bcf441 [term 1 LEADER]: Becoming Follower/Learner. State: Replica: 6d5dba3d74114150a8df50c551bcf441, State: Running, Role: LEADER
I20260713 08:59:16.640592  1642 consensus_queue.cc:260] T 17e43fa3efad40c6a4470496a2cdecdb P 6d5dba3d74114150a8df50c551bcf441 [NON_LEADER]: Queue going to NON_LEADER mode. State: All replicated index: 0, Majority replicated index: 1, Committed index: 1, Last appended: 1.1, Last appended by leader: 1, Current term: 1, Majority size: -1, State: 0, Mode: NON_LEADER, active raft config: opid_index: -1 OBSOLETE_local: false peers { permanent_uuid: "3d77ab7b0ade4b518853bfbf5120f441" member_type: VOTER last_known_addr { host: "127.0.107.193" port: 37327 } } peers { permanent_uuid: "6d5dba3d74114150a8df50c551bcf441" member_type: VOTER last_known_addr { host: "127.0.107.194" port: 46679 } } peers { permanent_uuid: "214a3e42357a4fb0b5de323c02127f26" member_type: VOTER last_known_addr { host: "127.0.107.195" port: 39319 } }
I20260713 08:59:16.641321  1642 raft_consensus.cc:3060] T 17e43fa3efad40c6a4470496a2cdecdb P 6d5dba3d74114150a8df50c551bcf441 [term 1 FOLLOWER]: Advancing to term 2
I20260713 08:59:16.643308  1569 raft_consensus.cc:2468] T 17e43fa3efad40c6a4470496a2cdecdb P 3d77ab7b0ade4b518853bfbf5120f441 [term 2 FOLLOWER]: Leader election vote request: Granting yes vote for candidate 214a3e42357a4fb0b5de323c02127f26 in term 2.
I20260713 08:59:16.644059  1685 leader_election.cc:304] T 17e43fa3efad40c6a4470496a2cdecdb P 214a3e42357a4fb0b5de323c02127f26 [CANDIDATE]: Term 2 election: Election decided. Result: candidate won. Election summary: received 2 responses out of 3 vote