I20260713 08:58:56.484851  1467 catalog_manager.cc:5697] T 272dc392d51b4f4998a511202cc56878 P 6d5dba3d74114150a8df50c551bcf441 reported cstate change: config changed from index -1 to 2, NON_VOTER 0a2179fdb8414425a4e95d022e3fa368 (127.0.107.196) added. New cstate: current_term: 1 leader_uuid: "214a3e42357a4fb0b5de323c02127f26" committed_config { opid_index: 2 OBSOLETE_local: false peers { permanent_uuid: "3d77ab7b0ade4b518853bfbf5120f441" member_type: VOTER last_known_addr { host: "127.0.107.193" port: 37327 } } peers { permanent_uuid: "6d5dba3d74114150a8df50c551bcf441" member_type: VOTER last_known_addr { host: "127.0.107.194" port: 46679 } attrs { replace: true } } peers { permanent_uuid: "214a3e42357a4fb0b5de323c02127f26" member_type: VOTER last_known_addr { host: "127.0.107.195" port: 39319 } } peers { permanent_uuid: "0a2179fdb8414425a4e95d022e3fa368" member_type: NON_VOTER last_known_addr { host: "127.0.107.196" port: 41347 } attrs { promote: true } } }
I20260713 08:58:56.486014  1717 consensus_queue.cc:237] T 4f38a797c9914aaebe5015a21a596298 P 214a3e42357a4fb0b5de323c02127f26 [LEADER]: Queue going to LEADER mode. State: All replicated index: 0, Majority replicated index: 1, Committed index: 1, Last appended: 1.1, Last appended by leader: 0, Current term: 1, Majority size: 2, State: 0, Mode: LEADER, active raft config: opid_index: 2 OBSOLETE_local: false peers { permanent_uuid: "3d77ab7b0ade4b518853bfbf5120f441" member_type: VOTER last_known_addr { host: "127.0.107.193" port: 37327 } attrs { replace: true } } peers { permanent_uuid: "6d5dba3d74114150a8df50c551bcf441" member_type: VOTER last_known_addr { host: "127.0.107.194" port: 46679 } } peers { permanent_uuid: "214a3e42357a4fb0b5de323c02127f26" member_type: VOTER last_known_addr { host: "127.0.107.195" port: 39319 } } peers { permanent_uuid: "0a2179fdb8414425a4e95d022e3fa368" member_type: NON_VOTER last_known_addr { host: "127.0.107.196" port: 41347 } attrs { promote: true } }
W20260713 08:58:56.492832  1682 consensus_peers.cc:597] T 4f38a797c9914aaebe5015a21a596298 P 214a3e42357a4fb0b5de323c02127f26 -> Peer 0a2179fdb8414425a4e95d022e3fa368 (127.0.107.196:41347): Couldn't send request to peer 0a2179fdb8414425a4e95d022e3fa368. Error code: TABLET_NOT_FOUND (6). Status: Not found: Tablet not found: 4f38a797c9914aaebe5015a21a596298. This is attempt 1: this message will repeat every 5th retry.
I20260713 08:58:56.495527  1644 raft_consensus.cc:1275] T 4f38a797c9914aaebe5015a21a596298 P 6d5dba3d74114150a8df50c551bcf441 [term 1 FOLLOWER]: Refusing update from remote peer 214a3e42357a4fb0b5de323c02127f26: Log matching property violated. Preceding OpId in replica: term: 1 index: 1. Preceding OpId from leader: term: 1 index: 2. (index mismatch)
I20260713 08:58:56.496316  1566 raft_consensus.cc:1275] T 4f38a797c9914aaebe5015a21a596298 P 3d77ab7b0ade4b518853bfbf5120f441 [term 1 FOLLOWER]: Refusing update from remote peer 214a3e42357a4fb0b5de323c02127f26: Log matching property violated. Preceding OpId in replica: term: 1 index: 1. Preceding OpId from leader: term: 1 index: 2. (index mismatch)
I20260713 08:58:56.497942  2027 consensus_queue.cc:1048] T 4f38a797c9914aaebe5015a21a596298 P 214a3e42357a4fb0b5de323c02127f26 [LEADER]: Connected to new peer: Peer: permanent_uuid: "6d5dba3d74114150a8df50c551bcf441" member_type: VOTER last_known_addr { host: "127.0.107.194" port: 46679 }, Status: LMP_MISMATCH, Last received: 0.0, Next index: 2, Last known committed idx: 1, Time since last communication: 0.000s
I20260713 08:58:56.498793  1917 consensus_queue.cc:1048] T 4f38a797c9914aaebe5015a21a596298 P 214a3e42357a4fb0b5de323c02127f26 [LEADER]: Connected to new peer: Peer: permanent_uuid: "3d77ab7b0ade4b518853bfbf5120f441" member_type: VOTER last_known_addr { host: "127.0.107.193" port: 37327 } attrs { replace: true }, Status: LMP_MISMATCH, Last received: 0.0, Next index: 2, Last known committed idx: 1, Time since last communication: 0.000s
I20260713 08:58:56.506981  1569 raft_consensus.cc:2955] T 4f38a797c9914aaebe5015a21a596298 P 3d77ab7b0ade4b518853bfbf5120f441 [term 1 FOLLOWER]: Committing config change with OpId 1.2: config changed from index -1 to 2, NON_VOTER 0a2179fdb8414425a4e95d022e3fa368 (127.0.107.196) added. New config: { opid_index: 2 OBSOLETE_local: false peers { permanent_uuid: "3d77ab7b0ade4b518853bfbf5120f441" member_type: VOTER last_known_addr { host: "127.0.107.193" port: 37327 } attrs { replace: true } } peers { permanent_uuid: "6d5dba3d74114150a8df50c551bcf441" member_type: VOTER last_known_addr { host: "127.0.107.194" port: 46679 } } peers { permanent_uuid: "214a3e42357a4fb0b5de323c02127f26" member_type: VOTER last_known_addr { host: "127.0.107.195" port: 39319 } } peers { permanent_uuid: "0a2179fdb8414425a4e95d022e3fa368" member_type: NON_VOTER last_known_addr { host: "127.0.107.196" port: 41347 } attrs { promote: true } } }
I20260713 08:58:56.508991  1644 raft_consensus.cc:2955] T 4f38a797c9914aaebe5015a21a596298 P 6d5dba3d74114150a8df50c551bcf441 [term 1 FOLLOWER]: Committing config change with OpId 1.2: config changed from index -1 to 2, NON_VOTER 0a2179fdb8414425a4e95d022e3fa368 (127.0.107.196) added. New config: { opid_index: 2 OBSOLETE_local: false peers { permanent_uuid: "3d77ab7b0ade4b518853bfbf5120f441" member_type: VOTER last_known_addr { host: "127.0.107.193" port: 37327 } attrs { replace: true } } peers { permanent_uuid: "6d5dba3d74114150a8df50c551bcf441" member_type: VOTER last_known_addr { host: "127.0.107.194" port: 46679 } } peers { permanent_uuid: "214a3e42357a4fb0b5de323c02127f26" member_type: VOTER last_known_addr { host: "127.0.107.195" port: 39319 } } peers { permanent_uuid: "0a2179fdb8414425a4e95d022e3fa368" member_type: NON_VOTER last_known_addr { host: "127.0.107.196" port: 41347 } attrs { promote: true } } }
I20260713 08:58:56.505167  2026 raft_consensus.cc:2955] T 4f38a797c9914aaebe5015a21a596298 P 214a3e42357a4fb0b5de323c02127f26 [term 1 LEADER]: Committing config change with OpId 1.2: config changed from index -1 to 2, NON_VOTER 0a2179fdb8414425a4e95d022e3fa368 (127.0.107.196) added. New config: { opid_index: 2 OBSOLETE_local: false peers { permanent_uuid: "3d77ab7b0ade4b518853bfbf5120f441" member_type: VOTER last_known_addr { host: "127.0.107.193" port: 37327 } attrs { replace: true } } peers { permanent_uuid: "6d5dba3d74114150a8df50c551bcf441" member_type: VOTER last_known_addr { host: "127.0.107.194" port: 46679 } } peers { permanent_uuid: "214a3e42357a4fb0b5de323c02127f26" member_type: VOTER last_known_addr { host: "127.0.107.195" port: 39319 } } peers { permanent_uuid: "0a2179fdb8414425a4e95d022e3fa368" member_type: NON_VOTER last_known_addr { host: "127.0.107.196" port: 41347 } attrs { promote: true } } }
I20260713 08:58:56.523358  1468 catalog_manager.cc:5697] T 4f38a797c9914aaebe5015a21a596298 P 3d77ab7b0ade4b518853bfbf5120f441 reported cstate change: config changed from index -1 to 2, NON_VOTER 0a2179fdb8414425a4e95d022e3fa368 (127.0.107.196) added. New cstate: current_term: 1 leader_uuid: "214a3e42357a4fb0b5de323c02127f26" committed_config { opid_index: 2 OBSOLETE_local: false peers { permanent_uuid: "3d77ab7b0ade4b518853bfbf5120f441" member_type: VOTER last_known_addr { host: "127.0.107.193" port: 37327 } attrs { replace: true } } peers { permanent_uuid: "6d5dba3d74114150a8df50c551bcf441" member_type: VOTER last_known_addr { host: "127.0.107.194" port: 46679 } } peers { permanent_uuid: "214a3e42357a4fb0b5de323c02127f26" member_type: VOTER last_known_addr { host: "127.0.107.195" port: 39319 } } peers { permanent_uuid: "0a2179fdb8414425a4e95d022e3fa368" member_type: NON_VOTER last_known_addr { host: "127.0.107.196" port: 41347 } attrs { promote: true } } }
I20260713 08:58:56.539633  1569 consensus_queue.cc:237] T cd054429ece443f085317348e6d7d247 P 3d77ab7b0ade4b518853bfbf5120f441 [LEADER]: Queue going to LEADER mode. State: All replicated index: 0, Majority replicated index: 1, Committed index: 1, Last appended: 1.1, Last appended by leader: 0, Current term: 1, Majority size: 2, State: 0, Mode: LEADER, active raft config: opid_index: 2 OBSOLETE_local: false peers { permanent_uuid: "3d77ab7b0ade4b518853bfbf5120f441" member_type: VOTER last_known_addr { host: "127.0.107.193" port: 37327 } } peers { permanent_uuid: "6d5dba3d74114150a8df50c551bcf441" member_type: VOTER last_known_addr { host: "127.0.107.194" port: 46679 } } peers { permanent_uuid: "214a3e42357a4fb0b5de323c02127f26" member_type: VOTER last_known_addr { host: "127.0.107.195" port: 39319 } attrs { replace: true } } peers { permanent_uuid: "0a2179fdb8414425a4e95d022e3fa368" member_type: NON_VOTER last_known_addr { host: "127.0.107.196" port: 41347 } attrs { promote: true } }
I20260713 08:58:56.545897  1644 raft_consensus.cc:1275] T cd054429ece443f085317348e6d7d247 P 6d5dba3d74114150a8df50c551bcf441 [term 1 FOLLOWER]: Refusing update from remote peer 3d77ab7b0ade4b518853bfbf5120f441: Log matching property violated. Preceding OpId in replica: term: 1 index: 1. Preceding OpId from leader: term: 1 index: 2. (index mismatch)
I20260713 08:58:56.546259  1717 raft_consensus.cc:1275] T cd054429ece443f085317348e6d7d247 P 214a3e42357a4fb0b5de323c02127f26 [term 1 FOLLOWER]: Refusing update from remote peer 3d77ab7b0ade4b518853bfbf5120f441: Log matching property violated. Preceding OpId in replica: term: 1 index: 1. Preceding OpId from leader: term: 1 index: 2. (index mismatch)
I20260713 08:58:56.547063  1820 consensus_queue.cc:1048] T cd054429ece443f085317348e6d7d247 P 3d77ab7b0ade4b518853bfbf5120f441 [LEADER]: Connected to new peer: Peer: permanent_uuid: "6d5dba3d74114150a8df50c551bcf441" member_type: VOTER last_known_addr { host: "127.0.107.194" port: 46679 }, Status: LMP_MISMATCH, Last received: 0.0, Next index: 2, Last known committed idx: 1, Time since last communication: 0.000s
I20260713 08:58:56.547850  1785 consensus_queue.cc:1048] T cd054429ece443f085317348e6d7d247 P 3d77ab7b0ade4b518853bfbf5120f441 [LEADER]: Connected to new peer: Peer: permanent_uuid: "214a3e42357a4fb0b5de323c02127f26" member_type: VOTER last_known_addr { host: "127.0.107.195" port: 39319 } attrs { replace: true }, Status: LMP_MISMATCH, Last received: 0.0, Next index: 2, Last known committed idx: 1, Time since last communication: 0.000s
W20260713 08:58:56.555668  1533 consensus_peers.cc:597] T cd054429ece443f085317348e6d7d247 P 3d77ab7b0ade4b518853bfbf5120f441 -> Peer 0a2179fdb8414425a4e95d022e3fa368 (127.0.107.196:41347): Couldn't send request to peer 0a2179fdb8414425a4e95d022e3fa368. Error code: TABLET_NOT_FOUND (6). Status: Not found: Tablet not found: cd054429ece443f085317348e6d7d247. This is attempt 1: this message will repeat every 5th retry.
I20260713 08:58:56.558756  2008 heartbeater.cc:499] Master 127.0.107.254:37085 was elected leader, sending a full tablet report...
I20260713 08:58:56.561810  1820 raft_consensus.cc:2955] T cd054429ece443f085317348e6d7d247 P 3d77ab7b0ade4b518853bfbf5120f441 [term 1 LEADER]: Committing config change with OpId 1.2: config changed from index -1 to 2, NON_VOTER 0a2179fdb8414425a4e95d022e3fa368 (127.0.107.196) added. New config: { opid_index: 2 OBSOLETE_local: false peers { permanent_uuid: "3d77ab7b0ade4b518853bfbf5120f441" member_type: VOTER last_known_addr { host: "127.0.107.193" port: 37327 } } peers { permanent_uuid: "6d5dba3d74114150a8df50c551bcf441" member_type: VOTER last_known_addr { host: "127.0.107.194" port: 46679 } } peers { permanent_uuid: "214a3e42357a4fb0b5de323c02127f26" member_type: VOTER last_known_addr { host: "127.0.107.195" port: 39319 } attrs { replace: true } } peers { permanent_uuid: "0a2179fdb8414425a4e95d022e3fa368" member_type: NON_VOTER last_known_addr { host: "127.0.107.196" port: 41347 } attrs { promote: true } } }
I20260713 08:58:56.563385  1717 raft_consensus.cc:2955] T cd054429ece443f085317348e6d7d247 P 214a3e42357a4fb0b5de323c02127f26 [term 1 FOLLOWER]: Committing config change with OpId 1.2: config changed from index -1 to 2, NON_VOTER 0a2179fdb8414425a4e95d022e3fa368 (127.0.107.196) added. New config: { opid_index: 2 OBSOLETE_local: false peers { permanent_uuid: "3d77ab7b0ade4b518853bfbf5120f441" member_type: VOTER last_known_addr { host: "127.0.107.193" port: 37327 } } peers { permanent_uuid: "6d5dba3d74114150a8df50c551bcf441" member_type: VOTER last_known_addr { host: "127.0.107.194" port: 46679 } } peers { permanent_uuid: "214a3e42357a4fb0b5de323c02127f26" member_type: VOTER last_known_addr { host: "127.0.107.195" port: 39319 } attrs { replace: true } } peers { permanent_uuid: "0a2179fdb8414425a4e95d022e3fa368" member_type: NON_VOTER last_known_addr { host: "127.0.107.196" port: 41347 } attrs { promote: true } } }
I20260713 08:58:56.565088  1644 raft_consensus.cc:2955] T cd054429ece443f085317348e6d7d247 P 6d5dba3d74114150a8df50c551bcf441 [term 1 FOLLOWER]: Committing config change with OpId 1.2: config changed from index -1 to 2, NON_VOTER 0a2179fdb8414425a4e95d022e3fa368 (127.0.107.196) added. New config: { opid_index: 2 OBSOLETE_local: false peers { permanent_uuid: "3d77ab7b0ade4b518853bfbf5120f441" member_type: VOTER last_known_addr { host: "127.0.107.193" port: 37327 } } peers { permanent_uuid: "6d5dba3d74114150a8df50c551bcf441" member_type: VOTER last_known_addr { host: "127.0.107.194" port: 46679 } } peers { permanent_uuid: "214a3e42357a4fb0b5de323c02127f26" member_type: VOTER last_known_addr { host: "127.0.107.195" port: 39319 } attrs { replace: true } } peers { permanent_uuid: "0a2179fdb8414425a4e95d022e3fa368" member_type: NON_VOTER last_known_addr { host: "127.0.107.196" port: 41347 } attrs { promote: true } } }
I20260713 08:58:56.573694  1467 catalog_manager.cc:5697] T cd054429ece443f085317348e6d7d247 P 3d77ab7b0ade4b518853bfbf5120f441 reported cstate change: config changed from index -1 to 2, NON_VOTER 0a2179fdb8414425a4e95d022e3fa368 (127.0.107.196) added. New cstate: current_term: 1 leader_uuid: "3d77ab7b0ade4b518853bfbf5120f441" committed_config { opid_index: 2 OBSOLETE_local: false peers { permanent_uuid: "3d77ab7b0ade4b518853bfbf5120f441" member_type: VOTER last_known_addr { host: "127.0.107.193" port: 37327 } health_report { overall_health: HEALTHY } } peers { permanent_uuid: "6d5dba3d74114150a8df50c551bcf441" member_type: VOTER last_known_addr { host: "127.0.107.194" port: 46679 } health_report { overall_health: HEALTHY } } peers { permanent_uuid: "214a3e42357a4fb0b5de323c02127f26" member_type: VOTER last_known_addr { host: "127.0.107.195" port: 39319 } attrs { replace: true } health_report { overall_health: HEALTHY } } peers { permanent_uuid: "0a2179fdb8414425a4e95d022e3fa368" member_type: NON_VOTER last_known_addr { host: "127.0.107.196" port: 41347 } attrs { promote: true } health_report { overall_health: UNKNOWN } } }
I20260713 08:58:56.593889  1644 consensus_queue.cc:237] T 364aba805ded42519babd3ea7942942d P 6d5dba3d74114150a8df50c551bcf441 [LEADER]: Queue going to LEADER mode. State: All replicated index: 0, Majority replicated index: 1, Committed index: 1, Last appended: 1.1, Last appended by leader: 0, Current term: 1, Majority size: 2, State: 0, Mode: LEADER, active raft config: opid_index: 2 OBSOLETE_local: false peers { permanent_uuid: "3d77ab7b0ade4b518853bfbf5120f441" member_type: VOTER last_known_addr { host: "127.0.107.193" port: 37327 } attrs { replace: true } } peers { permanent_uuid: "6d5dba3d74114150a8df50c551bcf441" member_type: VOTER last_known_addr { host: "127.0.107.194" port: 46679 } } peers { permanent_uuid: "214a3e42357a4fb0b5de323c02127f26" member_type: VOTER last_known_addr { host: "127.0.107.195" port: 39319 } } peers { permanent_uuid: "0a2179fdb8414425a4e95d022e3fa368" member_type: NON_VOTER last_known_addr { host: "127.0.107.196" port: 41347 } attrs { promote: true } }
I20260713 08:58:56.600374  1569 raft_consensus.cc:1275] T 364aba805ded42519babd3ea7942942d P 3d77ab7b0ade4b518853bfbf5120f441 [term 1 FOLLOWER]: Refusing update from remote peer 6d5dba3d74114150a8df50c551bcf441: Log matching property violated. Preceding OpId in replica: term: 1 index: 1. Preceding OpId from leader: term: 1 index: 2. (index mismatch)
I20260713 08:58:56.601856  1783 consensus_queue.cc:1048] T 364aba805ded42519babd3ea7942942d P 6d5dba3d74114150a8df50c551bcf441 [LEADER]: Connected to new peer: Peer: permanent_uuid: "3d77ab7b0ade4b518853bfbf5120f441" member_type: VOTER last_known_addr { host: "127.0.107.193" port: 37327 } attrs { replace: true }, Status: LMP_MISMATCH, Last received: 0.0, Next index: 2, Last known committed idx: 1, Time since last communication: 0.000s
I20260713 08:58:56.603889  1717 raft_consensus.cc:1275] T 364aba805ded42519babd3ea7942942d P 214a3e42357a4fb0b5de323c02127f26 [term 1 FOLLOWER]: Refusing update from remote peer 6d5dba3d74114150a8df50c551bcf441: Log matching property violated. Preceding OpId in replica: term: 1 index: 1. Preceding OpId from leader: term: 1 index: 2. (index mismatch)
I20260713 08:58:56.605166  1783 consensus_queue.cc:1048] T 364aba805ded42519babd3ea7942942d P 6d5dba3d74114150a8df50c551bcf441 [LEADER]: Connected to new peer: Peer: permanent_uuid: "214a3e42357a4fb0b5de323c02127f26" member_type: VOTER last_known_addr { host: "127.0.107.195" port: 39319 }, Status: LMP_MISMATCH, Last received: 0.0, Next index: 2, Last known committed idx: 1, Time since last communication: 0.000s
I20260713 08:58:56.609721  2038 raft_consensus.cc:2955] T 364aba805ded42519babd3ea7942942d P 6d5dba3d74114150a8df50c551bcf441 [term 1 LEADER]: Committing config change with OpId 1.2: config changed from index -1 to 2, NON_VOTER 0a2179fdb8414425a4e95d022e3fa368 (127.0.107.196) added. New config: { opid_index: 2 OBSOLETE_local: false peers { permanent_uuid: "3d77ab7b0ade4b518853bfbf5120f441" member_type: VOTER last_known_addr { host: "127.0.107.193" port: 37327 } attrs { replace: true } } peers { permanent_uuid: "6d5dba3d74114150a8df50c551bcf441" member_type: VOTER last_known_addr { host: "127.0.107.194" port: 46679 } } peers { permanent_uuid: "214a3e42357a4fb0b5de323c02127f26" member_type: VOTER last_known_addr { host: "127.0.107.195" port: 39319 } } peers { permanent_uuid: "0a2179fdb8414425a4e95d022e3fa368" member_type: NON_VOTER last_known_addr { host: "127.0.107.196" port: 41347 } attrs { promote: true } } }
W20260713 08:58:56.614027  1608 consensus_peers.cc:597] T 364aba805ded42519babd3ea7942942d P 6d5dba3d74114150a8df50c551bcf441 -> Peer 0a2179fdb8414425a4e95d022e3fa368 (127.0.107.196:41347): Couldn't send request to peer 0a2179fdb8414425a4e95d022e3fa368. Error code: TABLET_NOT_FOUND (6). Status: Not found: Tablet not found: 364aba805ded42519babd3ea7942942d. This is attempt 1: this message will repeat every 5th retry.
I20260713 08:58:56.613098  1566 raft_consensus.cc:2955] T 364aba805ded42519babd3ea7942942d P 3d77ab7b0ade4b518853bfbf5120f441 [term 1 FOLLOWER]: Committing config change with OpId 1.2: config changed from index -1 to 2, NON_VOTER 0a2179fdb8414425a4e95d022e3fa368 (127.0.107.196) added. New config: { opid_index: 2 OBSOLETE_local: false peers { permanent_uuid: "3d77ab7b0ade4b518853bfbf5120f441" member_type: VOTER last_known_addr { host: "127.0.107.193" port: 37327 } attrs { replace: true } } peers { permanent_uuid: "6d5dba3d74114150a8df50c551bcf441" member_type: VOTER last_known_addr { host: "127.0.107.194" port: 46679 } } peers { permanent_uuid: "214a3e42357a4fb0b5de323c02127f26" member_type: VOTER last_known_addr { host: "127.0.107.195" port: 39319 } } peers { permanent_uuid: "0a2179fdb8414425a4e95d022e3fa368" member_type: NON_VOTER last_known_addr { host: "127.0.107.196" port: 41347 } attrs { promote: true } } }
I20260713 08:58:56.626652  1468 catalog_manager.cc:5697] T 364aba805ded42519babd3ea7942942d P 6d5dba3d74114150a8df50c551bcf441 reported cstate change: config changed from index -1 to 2, NON_VOTER 0a2179fdb8414425a4e95d022e3fa368 (127.0.107.196) added. New cstate: current_term: 1 leader_uuid: "6d5dba3d74114150a8df50c551bcf441" committed_config { opid_index: 2 OBSOLETE_local: false peers { permanent_uuid: "3d77ab7b0ade4b518853bfbf5120f441" member_type: VOTER last_known_addr { host: "127.0.107.193" port: 37327 } attrs { replace: true } health_report { overall_health: HEALTHY } } peers { permanent_uuid: "6d5dba3d74114150a8df50c551bcf441" member_type: VOTER last_known_addr { host: "127.0.107.194" port: 46679 } health_report { overall_health: HEALTHY } } peers { permanent_uuid: "214a3e42357a4fb0b5de323c02127f26" member_type: VOTER last_known_addr { host: "127.0.107.195" port: 39319 } health_report { overall_health: HEALTHY } } peers { permanent_uuid: "0a2179fdb8414425a4e95d022e3fa368" member_type: NON_VOTER last_known_addr { host: "127.0.107.196" port: 41347 } attrs { promote: true } health_report { overall_health: UNKNOWN } } }
I20260713 08:58:56.626500  1717 raft_consensus.cc:2955] T 364aba805ded42519babd3ea7942942d P 214a3e42357a4fb0b5de323c02127f26 [term 1 FOLLOWER]: Committing config change with OpId 1.2: config changed from index -1 to 2, NON_VOTER 0a2179fdb8414425a4e95d022e3fa368 (127.0.107.196) added. New config: { opid_index: 2 OBSOLETE_local: false peers { permanent_uuid: "3d77ab7b0ade4b518853bfbf5120f441" member_type: VOTER last_known_addr { host: "127.0.107.193" port: 37327 } attrs { replace: true } } peers { permanent_uuid: "6d5dba3d74114150a8df50c551bcf441" member_type: VOTER last_known_addr { host: "127.0.107.194" port: 46679 } } peers { permanent_uuid: "214a3e42357a4fb0b5de323c02127f26" member_type: VOTER last_known_addr { host: "127.0.107.195" port: 39319 } } peers { permanent_uuid: "0a2179fdb8414425a4e95d022e3fa368" member_type: NON_VOTER last_known_addr { host: "127.0.107.196" port: 41347 } attrs { promote: true } } }
I20260713 08:58:56.879606  2043 ts_tablet_manager.cc:933] T 4f38a797c9914aaebe5015a21a596298 P 0a2179fdb8414425a4e95d022e3fa368: Initiating tablet copy from peer 214a3e42357a4fb0b5de323c02127f26 (127.0.107.195:39319)
I20260713 08:58:56.882018  2043 tablet_copy_client.cc:323] T 4f38a797c9914aaebe5015a21a596298 P 0a2179fdb8414425a4e95d022e3fa368: tablet copy: Beginning tablet copy session from remote peer at address 127.0.107.195:39319
I20260713 08:58:56.894097  1729 tablet_copy_service.cc:140] P 214a3e42357a4fb0b5de323c02127f26: Received BeginTabletCopySession request for tablet 4f38a797c9914aaebe5015a21a596298 from peer 0a2179fdb8414425a4e95d022e3fa368 ({username='slave'} at 127.0.0.1:53174)
I20260713 08:58:56.894662  1729 tablet_copy_service.cc:161] P 214a3e42357a4fb0b5de323c02127f26: Beginning new tablet copy session on tablet 4f38a797c9914aaebe5015a21a596298 from peer 0a2179fdb8414425a4e95d022e3fa368 at {username='slave'} at 127.0.0.1:53174: session id = 0a2179fdb8414425a4e95d022e3fa368-4f38a797c9914aaebe5015a21a596298
I20260713 08:58:56.901266  1729 tablet_copy_source_session.cc:215] T 4f38a797c9914aaebe5015a21a596298 P 214a3e42357a4fb0b5de323c02127f26: Tablet Copy: opened 0 blocks and 1 log segments
I20260713 08:58:56.906929  2043 data_dirs.cc:400] Could only allocate 1 dirs of requested 3 for tablet 4f38a797c9914aaebe5015a21a596298. 1 dirs total, 0 dirs full, 0 dirs failed
I20260713 08:58:56.917148  2043 tablet_copy_client.cc:806] T 4f38a797c9914aaebe5015a21a596298 P 0a2179fdb8414425a4e95d022e3fa368: tablet copy: Starting download of 0 data blocks...
I20260713 08:58:56.917703  2043 tablet_copy_client.cc:670] T 4f38a797c9914aaebe5015a21a596298 P 0a2179fdb8414425a4e95d022e3fa368: tablet copy: Starting download of 1 WAL segments...
I20260713 08:58:56.921653  2043 tablet_copy_client.cc:538] T 4f38a797c9914aaebe5015a21a596298 P 0a2179fdb8414425a4e95d022e3fa368: tablet copy: Tablet Copy complete. Replacing tablet superblock.
I20260713 08:58:56.927525  2043 tablet_bootstrap.cc:492] T 4f38a797c9914aaebe5015a21a596298 P 0a2179fdb8414425a4e95d022e3fa368: Bootstrap starting.
I20260713 08:58:56.944077  2043 tablet_bootstrap.cc:492] T 4f38a797c9914aaebe5015a21a596298 P 0a2179fdb8414425a4e95d022e3fa368: Bootstrap replayed 1/1 log segments. Stats: ops{read=2 overwritten=0 applied=2 ignored=0} inserts{seen=0 ignored=0} mutations{seen=0 ignored=0} orphaned_commits=0. Pending: 0 replicates
I20260713 08:58:56.944968  2043 tablet_bootstrap.cc:492] T 4f38a797c9914aaebe5015a21a596298 P 0a2179fdb8414425a4e95d022e3fa368: Bootstrap complete.
I20260713 08:58:56.945308  2047 ts_tablet_manager.cc:933] T 272dc392d51b4f4998a511202cc56878 P 0a2179fdb8414425a4e95d022e3fa368: Initiating tablet copy from peer 214a3e42357a4fb0b5de323c02127f26 (127.0.107.195:39319)
I20260713 08:58:56.945451  2043 ts_tablet_manager.cc:1403] T 4f38a797c9914aaebe5015a21a596298 P 0a2179fdb8414425a4e95d022e3fa368: Time spent bootstrapping tablet: real 0.018s	user 0.016s	sys 0.001s
I20260713 08:58:56.947273  2047 tablet_copy_client.cc:323] T 272dc392d51b4f4998a511202cc56878 P 0a2179fdb8414425a4e95d022e3fa368: tablet copy: Beginning tablet copy session from remote peer at address 127.0.107.195:39319
I20260713 08:58:56.948983  1729 tablet_copy_service.cc:140] P 214a3e42357a4fb0b5de323c02127f26: Received BeginTabletCopySession request for tablet 272dc392d51b4f4998a511202cc56878 from peer 0a2179fdb8414425a4e95d022e3fa368 ({username='slave'} at 127.0.0.1:53174)
I20260713 08:58:56.948398  2043 raft_consensus.cc:359] T 4f38a797c9914aaebe5015a21a596298 P 0a2179fdb8414425a4e95d022e3fa368 [term 1 LEARNER]: Replica starting. Triggering 0 pending ops. Active config: opid_index: 2 OBSOLETE_local: false peers { permanent_uuid: "3d77ab7b0ade4b518853bfbf5120f441" member_type: VOTER last_known_addr { host: "127.0.107.193" port: 37327 } attrs { replace: true } } peers { permanent_uuid: "6d5dba3d74114150a8df50c551bcf441" member_type: VOTER last_known_addr { host: "127.0.107.194" port: 46679 } } peers { permanent_uuid: "214a3e42357a4fb0b5de323c02127f26" member_type: VOTER last_known_addr { host: "127.0.107.195" port: 39319 } } peers { permanent_uuid: "0a2179fdb8414425a4e95d022e3fa368" member_type: NON_VOTER last_known_addr { host: "127.0.107.196" port: 41347 } attrs { promote: true } }
I20260713 08:58:56.949540  1729 tablet_copy_service.cc:161] P 214a3e42357a4fb0b5de323c02127f26: Beginning new tablet copy session on tablet 272dc392d51b4f4998a511202cc56878 from peer 0a2179fdb8414425a4e95d022e3fa368 at {username='slave'} at 127.0.0.1:53174: session id = 0a2179fdb8414425a4e95d022e3fa368-272dc392d51b4f4998a511202cc56878
I20260713 08:58:56.949573  2043 raft_consensus.cc:740] T 4f38a797c9914aaebe5015a21a596298 P 0a2179fdb8414425a4e95d022e3fa368 [term 1 LEARNER]: Becoming Follower/Learner. State: Replica: 0a2179fdb8414425a4e95d022e3fa368, State: Initialized, Role: LEARNER
I20260713 08:58:56.950381  2043 consensus_queue.cc:260] T 4f38a797c9914aaebe5015a21a596298 P 0a2179fdb8414425a4e95d022e3fa368 [NON_LEADER]: Queue going to NON_LEADER mode. State: All replicated index: 0, Majority replicated index: 0, Committed index: 2, Last appended: 1.2, Last appended by leader: 2, Current term: 0, Majority size: -1, State: 0, Mode: NON_LEADER, active raft config: opid_index: 2 OBSOLETE_local: false peers { permanent_uuid: "3d77ab7b0ade4b518853bfbf5120f441" member_type: VOTER last_known_addr { host: "127.0.107.193" port: 37327 } attrs { replace: true } } peers { permanent_uuid: "6d5dba3d74114150a8df50c551bcf441" member_type: VOTER last_known_addr { host: "127.0.107.194" port: 46679 } } peers { permanent_uuid: "214a3e42357a4fb0b5de323c02127f26" member_type: VOTER last_known_addr { host: "127.0.107.195" port: 39319 } } peers { permanent_uuid: "0a2179fdb8414425a4e95d022e3fa368" member_type: NON_VOTER last_known_addr { host: "127.0.107.196" port: 41347 } attrs { promote: true } }
I20260713 08:58:56.953410  2043 ts_tablet_manager.cc:1434] T 4f38a797c9914aaebe5015a21a596298 P 0a2179fdb8414425a4e95d022e3fa368: Time spent starting tablet: real 0.008s	user 0.006s	sys 0.000s
I20260713 08:58:56.955642  1728 tablet_copy_service.cc:342] P 214a3e42357a4fb0b5de323c02127f26: Request end of tablet copy session 0a2179fdb8414425a4e95d022e3fa368-4f38a797c9914aaebe5015a21a596298 received from {username='slave'} at 127.0.0.1:53174
I20260713 08:58:56.956153  1728 tablet_copy_service.cc:434] P 214a3e42357a4fb0b5de323c02127f26: ending tablet copy session 0a2179fdb8414425a4e95d022e3fa368-4f38a797c9914aaebe5015a21a596298 on tablet 4f38a797c9914aaebe5015a21a596298 with peer 0a2179fdb8414425a4e95d022e3fa368
I20260713 08:58:56.961563  1729 tablet_copy_source_session.cc:215] T 272dc392d51b4f4998a511202cc56878 P 214a3e42357a4fb0b5de323c02127f26: Tablet Copy: opened 0 blocks and 1 log segments
I20260713 08:58:56.964880  2047 data_dirs.cc:400] Could only allocate 1 dirs of requested 3 for tablet 272dc392d51b4f4998a511202cc56878. 1 dirs total, 0 dirs full, 0 dirs failed
I20260713 08:58:56.982080  2047 tablet_copy_client.cc:806] T 272dc392d51b4f4998a511202cc56878 P 0a2179fdb8414425a4e95d022e3fa368: tablet copy: Starting download of 0 data blocks...
I20260713 08:58:56.982564  2047 tablet_copy_client.cc:670] T 272dc392d51b4f4998a511202cc56878 P 0a2179fdb8414425a4e95d022e3fa368: tablet copy: Starting download of 1 WAL segments...
I20260713 08:58:56.985648  2047 tablet_copy_client.cc:538] T 272dc392d51b4f4998a511202cc56878 P 0a2179fdb8414425a4e95d022e3fa368: tablet copy: Tablet Copy complete. Replacing tablet superblock.
I20260713 08:58:56.993391  2047 tablet_bootstrap.cc:492] T 272dc392d51b4f4998a511202cc56878 P 0a2179fdb8414425a4e95d022e3fa368: Bootstrap starting.
I20260713 08:58:57.015923  2047 tablet_bootstrap.cc:492] T 272dc392d51b4f4998a511202cc56878 P 0a2179fdb8414425a4e95d022e3fa368: Bootstrap replayed 1/1 log segments. Stats: ops{read=2 overwritten=0 applied=2 ignored=0} inserts{seen=0 ignored=0} mutations{seen=0 ignored=0} orphaned_commits=0. Pending: 0 replicates
I20260713 08:58:57.016678  2047 tablet_bootstrap.cc:492] T 272dc392d51b4f4998a511202cc56878 P 0a2179fdb8414425a4e95d022e3fa368: Bootstrap complete.
I20260713 08:58:57.017378  2047 ts_tablet_manager.cc:1403] T 272dc392d51b4f4998a511202cc56878 P 0a2179fdb8414425a4e95d022e3fa368: Time spent bootstrapping tablet: real 0.024s	user 0.014s	sys 0.007s
I20260713 08:58:57.020182  2047 raft_consensus.cc:359] T 272dc392d51b4f4998a511202cc56878 P 0a2179fdb8414425a4e95d022e3fa368 [term 1 LEARNER]: Replica starting. Triggering 0 pending ops. Active config: opid_index: 2 OBSOLETE_local: false peers { permanent_uuid: "3d77ab7b0ade4b518853bfbf5120f441" member_type: VOTER last_known_addr { host: "127.0.107.193" port: 37327 } } peers { permanent_uuid: "6d5dba3d74114150a8df50c551bcf441" member_type: VOTER last_known_addr { host: "127.0.107.194" port: 46679 } attrs { replace: true } } peers { permanent_uuid: "214a3e42357a4fb0b5de323c02127f26" member_type: VOTER last_known_addr { host: "127.0.107.195" port: 39319 } } peers { permanent_uuid: "0a2179fdb8414425a4e95d022e3fa368" member_type: NON_VOTER last_known_addr { host: "127.0.107.196" port: 41347 } attrs { promote: true } }
I20260713 08:58:57.020954  2047 raft_consensus.cc:740] T 272dc392d51b4f4998a511202cc56878 P 0a2179fdb8414425a4e95d022e3fa368 [term 1 LEARNER]: Becoming Follower/Learner. State: Replica: 0a2179fdb8414425a4e95d022e3fa368, State: Initialized, Role: LEARNER
I20260713 08:58:57.021555  2047 consensus_queue.cc:260] T 272dc392d51b4f4998a511202cc56878 P 0a2179fdb8414425a4e95d022e3fa368 [NON_LEADER]: Queue going to NON_LEADER mode. State: All replicated index: 0, Majority replicated index: 0, Committed index: 2, Last appended: 1.2, Last appended by leader: 2, Current term: 0, Majority size: -1, State: 0, Mode: NON_LEADER, active raft config: opid_index: 2 OBSOLETE_local: false peers { permanent_uuid: "3d77ab7b0ade4b518853bfbf5120f441" member_type: VOTER last_known_addr { host: "127.0.107.193" port: 37327 } } peers { permanent_uuid: "6d5dba3d74114150a8df50c551bcf441" member_type: VOTER last_known_addr { host: "127.0.107.194" port: 46679 } attrs { replace: true } } peers { permanent_uuid: "214a3e42357a4fb0b5de323c02127f26" member_type: VOTER last_known_addr { host: "127.0.107.195" port: 39319 } } peers { permanent_uuid: "0a2179fdb8414425a4e95d022e3fa368" member_type: NON_VOTER last_known_addr { host: "127.0.107.196" port: 41347 } attrs { promote: true } }
I20260713 08:58:57.023645  2047 ts_tablet_manager.cc:1434] T 272dc392d51b4f4998a511202cc56878 P 0a2179fdb8414425a4e95d022e3fa368: Time spent starting tablet: real 0.006s	user 0.008s	sys 0.000s
I20260713 08:58:57.025130  1729 tablet_copy_service.cc:342] P 214a3e42357a4fb0b5de323c02127f26: Request end of tablet copy session 0a2179fdb8414425a4e95d022e3fa368-272dc392d51b4f4998a511202cc56878 received from {username='slave'} at 127.0.0.1:53174
I20260713 08:58:57.025529  1729 tablet_copy_service.cc:434] P 214a3e42357a4fb0b5de323c02127f26: ending tablet copy session 0a2179fdb8414425a4e95d022e3fa368-272dc392d51b4f4998a511202cc56878 on tablet 272dc392d51b4f4998a511202cc56878 with peer 0a2179fdb8414425a4e95d022e3fa368
I20260713 08:58:57.149499  2047 ts_tablet_manager.cc:933] T cd054429ece443f085317348e6d7d247 P 0a2179fdb8414425a4e95d022e3fa368: Initiating tablet copy from peer 3d77ab7b0ade4b518853bfbf5120f441 (127.0.107.193:37327)
I20260713 08:58:57.150918  2047 tablet_copy_client.cc:323] T cd054429ece443f085317348e6d7d247 P 0a2179fdb8414425a4e95d022e3fa368: tablet copy: Beginning tablet copy session from remote peer at address 127.0.107.193:37327
I20260713 08:58:57.164861  1580 tablet_copy_service.cc:140] P 3d77ab7b0ade4b518853bfbf5120f441: Received BeginTabletCopySession request for tablet cd054429ece443f085317348e6d7d247 from peer 0a2179fdb8414425a4e95d022e3fa368 ({username='slave'} at 127.0.0.1:45018)
I20260713 08:58:57.165365  1580 tablet_copy_service.cc:161] P 3d77ab7b0ade4b518853bfbf5120f441: Beginning new tablet copy session on tablet cd054429ece443f085317348e6d7d247 from peer 0a2179fdb8414425a4e95d022e3fa368 at {username='slave'} at 127.0.0.1:45018: session id = 0a2179fdb8414425a4e95d022e3fa368-cd054429ece443f085317348e6d7d247
I20260713 08:58:57.171051  1580 tablet_copy_source_session.cc:215] T cd054429ece443f085317348e6d7d247 P 3d77ab7b0ade4b518853bfbf5120f441: Tablet Copy: opened 0 blocks and 1 log segments
I20260713 08:58:57.173434  2047 data_dirs.cc:400] Could only allocate 1 dirs of requested 3 for tablet cd054429ece443f085317348e6d7d247. 1 dirs total, 0 dirs full, 0 dirs failed
I20260713 08:58:57.182538  2047 tablet_copy_client.cc:806] T cd054429ece443f085317348e6d7d247 P 0a2179fdb8414425a4e95d022e3fa368: tablet copy: Starting download of 0 data blocks...
I20260713 08:58:57.182972  2047 tablet_copy_client.cc:670] T cd054429ece443f085317348e6d7d247 P 0a2179fdb8414425a4e95d022e3fa368: tablet copy: Starting download of 1 WAL segments...
I20260713 08:58:57.186231  2043 ts_tablet_manager.cc:933] T 364aba805ded42519babd3ea7942942d P 0a2179fdb8414425a4e95d022e3fa368: Initiating tablet copy from peer 6d5dba3d74114150a8df50c551bcf441 (127.0.107.194:46679)
I20260713 08:58:57.186554  2047 tablet_copy_client.cc:538] T cd054429ece443f085317348e6d7d247 P 0a2179fdb8414425a4e95d022e3fa368: tablet copy: Tablet Copy complete. Replacing tablet superblock.
I20260713 08:58:57.187780  2043 tablet_copy_client.cc:323] T 364aba805ded42519babd3ea7942942d P 0a2179fdb8414425a4e95d022e3fa368: tablet copy: Beginning tablet copy session from remote peer at address 127.0.107.194:46679
I20260713 08:58:57.195302  2047 tablet_bootstrap.cc:492] T cd054429ece443f085317348e6d7d247 P 0a2179fdb8414425a4e95d022e3fa368: Bootstrap starting.
I20260713 08:58:57.198110  1655 tablet_copy_service.cc:140] P 6d5dba3d74114150a8df50c551bcf441: Received BeginTabletCopySession request for tablet 364aba805ded42519babd3ea7942942d from peer 0a2179fdb8414425a4e95d022e3fa368 ({username='slave'} at 127.0.0.1:60936)
I20260713 08:58:57.198602  1655 tablet_copy_service.cc:161] P 6d5dba3d74114150a8df50c551bcf441: Beginning new tablet copy session on tablet 364aba805ded42519babd3ea7942942d from peer 0a2179fdb8414425a4e95d022e3fa368 at {username='slave'} at 127.0.0.1:60936: session id = 0a2179fdb8414425a4e95d022e3fa368-364aba805ded42519babd3ea7942942d
I20260713 08:58:57.203361  1655 tablet_copy_source_session.cc:215] T 364aba805ded42519babd3ea7942942d P 6d5dba3d74114150a8df50c551bcf441: Tablet Copy: opened 0 blocks and 1 log segments
I20260713 08:58:57.205642  2043 data_dirs.cc:400] Could only allocate 1 dirs of requested 3 for tablet 364aba805ded42519babd3ea7942942d. 1 dirs total, 0 dirs full, 0 dirs failed
I20260713 08:58:57.217120  2047 tablet_bootstrap.cc:492] T cd054429ece443f085317348e6d7d247 P 0a2179fdb8414425a4e95d022e3fa368: Bootstrap replayed 1/1 log segments. Stats: ops{read=2 overwritten=0 applied=2 ignored=0} inserts{seen=0 ignored=0} mutations{seen=0 ignored=0} orphaned_commits=0. Pending: 0 replicates
I20260713 08:58:57.217933  2047 tablet_bootstrap.cc:492] T cd054429ece443f085317348e6d7d247 P 0a2179fdb8414425a4e95d022e3fa368: Bootstrap complete.
I20260713 08:58:57.218163  2043 tablet_copy_client.cc:806] T 364aba805ded42519babd3ea7942942d P 0a2179fdb8414425a4e95d022e3fa368: tablet copy: Starting download of 0 data blocks...
I20260713 08:58:57.218562  2047 ts_tablet_manager.cc:1403] T cd054429ece443f085317348e6d7d247 P 0a2179fdb8414425a4e95d022e3fa368: Time spent bootstrapping tablet: real 0.023s	user 0.016s	sys 0.008s
I20260713 08:58:57.218741  2043 tablet_copy_client.cc:670] T 364aba805ded42519babd3ea7942942d P 0a2179fdb8414425a4e95d022e3fa368: tablet copy: Starting download of 1 WAL segments...
I20260713 08:58:57.221369  2047 raft_consensus.cc:359] T cd054429ece443f085317348e6d7d247 P 0a2179fdb8414425a4e95d022e3fa368 [term 1 LEARNER]: Replica starting. Triggering 0 pending ops. Active config: opid_index: 2 OBSOLETE_local: false peers { permanent_uuid: "3d77ab7b0ade4b518853bfbf5120f441" member_type: VOTER last_known_addr { host: "127.0.107.193" port: 37327 } } peers { permanent_uuid: "6d5dba3d74114150a8df50c551bcf441" member_type: VOTER last_known_addr { host: "127.0.107.194" port: 46679 } } peers { permanent_uuid: "214a3e42357a4fb0b5de323c02127f26" member_type: VOTER last_known_addr { host: "127.0.107.195" port: 39319 } attrs { replace: true } } peers { permanent_uuid: "0a2179fdb8414425a4e95d022e3fa368" member_type: NON_VOTER last_known_addr { host: "127.0.107.196" port: 41347 } attrs { promote: true } }
I20260713 08:58:57.221920  2043 tablet_copy_client.cc:538] T 364aba805ded42519babd3ea7942942d P 0a2179fdb8414425a4e95d022e3fa368: tablet copy: Tablet Copy complete. Replacing tablet superblock.
I20260713 08:58:57.222198  2047 raft_consensus.cc:740] T cd054429ece443f085317348e6d7d247 P 0a2179fdb8414425a4e95d022e3fa368 [term 1 LEARNER]: Becoming Follower/Learner. State: Replica: 0a2179fdb8414425a4e95d022e3fa368, State: Initialized, Role: LEARNER
I20260713 08:58:57.222846  2047 consensus_queue.cc:260] T cd054429ece443f085317348e6d7d247 P 0a2179fdb8414425a4e95d022e3fa368 [NON_LEADER]: Queue going to NON_LEADER mode. State: All replicated index: 0, Majority replicated index: 0, Committed index: 2, Last appended: 1.2, Last appended by leader: 2, Current term: 0, Majority size: -1, State: 0, Mode: NON_LEADER, active raft config: opid_index: 2 OBSOLETE_local: false peers { permanent_uuid: "3d77ab7b0ade4b518853bfbf5120f441" member_type: VOTER last_known_addr { host: "127.0.107.193" port: 37327 } } peers { permanent_uuid: "6d5dba3d74114150a8df50c551bcf441" member_type: VOTER last_known_addr { host: "127.0.107.194" port: 46679 } } peers { permanent_uuid: "214a3e42357a4fb0b5de323c02127f26" member_type: VOTER last_known_addr { host: "127.0.107.195" port: 39319 } attrs { replace: true } } peers { permanent_uuid: "0a2179fdb8414425a4e95d022e3fa368" member_type: NON_VOTER last_known_addr { host: "127.0.107.196" port: 41347 } attrs { promote: true } }
I20260713 08:58:57.224959  2047 ts_tablet_manager.cc:1434] T cd054429ece443f085317348e6d7d247 P 0a2179fdb8414425a4e95d022e3fa368: Time spent starting tablet: real 0.006s	user 0.002s	sys 0.004s
I20260713 08:58:57.226922  1580 tablet_copy_service.cc:342] P 3d77ab7b0ade4b518853bfbf5120f441: Request end of tablet copy session 0a2179fdb8414425a4e95d022e3fa368-cd054429ece443f085317348e6d7d247 received from {username='slave'} at 127.0.0.1:45018
I20260713 08:58:57.227312  1580 tablet_copy_service.cc:434] P 3d77ab7b0ade4b518853bfbf5120f441: ending tablet copy session 0a2179fdb8414425a4e95d022e3fa368-cd054429ece443f085317348e6d7d247 on tablet cd054429ece443f085317348e6d7d247 with peer 0a2179fdb8414425a4e95d022e3fa368
I20260713 08:58:57.232949  2043 tablet_bootstrap.cc:492] T 364aba805ded42519babd3ea7942942d P 0a2179fdb8414425a4e95d022e3fa368: Bootstrap starting.
I20260713 08:58:57.250399  2043 tablet_bootstrap.cc:492] T 364aba805ded42519babd3ea7942942d P 0a2179fdb8414425a4e95d022e3fa368: Bootstrap replayed 1/1 log segments. Stats: ops{read=2 overwritten=0 applied=2 ignored=0} inserts{seen=0 ignored=0} mutations{seen=0 ignored=0} orphaned_commits=0. Pending: 0 replicates
I20260713 08:58:57.251012  2043 tablet_bootstrap.cc:492] T 364aba805ded42519babd3ea7942942d P 0a2179fdb8414425a4e95d022e3fa368: Bootstrap complete.
I20260713 08:58:57.251439  2043 ts_tablet_manager.cc:1403] T 364aba805ded42519babd3ea7942942d P 0a2179fdb8414425a4e95d022e3fa368: Time spent bootstrapping tablet: real 0.019s	user 0.017s	sys 0.000s
I20260713 08:58:57.253337  2043 raft_consensus.cc:359] T 364aba805ded42519babd3ea7942942d P 0a2179fdb8414425a4e95d022e3fa368 [term 1 LEARNER]: Replica starting. Triggering 0 pending ops. Active config: opid_index: 2 OBSOLETE_local: false peers { permanent_uuid: "3d77ab7b0ade4b518853bfbf5120f441" member_type: VOTER last_known_addr { host: "127.0.107.193" port: 37327 } attrs { replace: true } } peers { permanent_uuid: "6d5dba3d74114150a8df50c551bcf441" member_type: VOTER last_known_addr { host: "127.0.107.194" port: 46679 } } peers { permanent_uuid: "214a3e42357a4fb0b5de323c02127f26" member_type: VOTER last_known_addr { host: "127.0.107.195" port: 39319 } } peers { permanent_uuid: "0a2179fdb8414425a4e95d022e3fa368" member_type: NON_VOTER last_known_addr { host: "127.0.107.196" port: 41347 } attrs { promote: true } }
I20260713 08:58:57.253850  2043 raft_consensus.cc:740] T 364aba805ded42519babd3ea7942942d P 0a2179fdb8414425a4e95d022e3fa368 [term 1 LEARNER]: Becoming Follower/Learner. State: Replica: 0a2179fdb8414425a4e95d022e3fa368, State: Initialized, Role: LEARNER
I20260713 08:58:57.254292  2043 consensus_queue.cc:260] T 364aba805ded42519babd3ea7942942d P 0a2179fdb8414425a4e95d022e3fa368 [NON_LEADER]: Queue going to NON_LEADER mode. State: All replicated index: 0, Majority replicated index: 0, Committed index: 2, Last appended: 1.2, Last appended by leader: 2, Current term: 0, Majority size: -1, State: 0, Mode: NON_LEADER, active raft config: opid_index: 2 OBSOLETE_local: false peers { permanent_uuid: "3d77ab7b0ade4b518853bfbf5120f441" member_type: VOTER last_known_addr { host: "127.0.107.193" port: 37327 } attrs { replace: true } } peers { permanent_uuid: "6d5dba3d74114150a8df50c551bcf441" member_type: VOTER last_known_addr { host: "127.0.107.194" port: 46679 } } peers { permanent_uuid: "214a3e42357a4fb0b5de323c02127f26" member_type: VOTER last_known_addr { host: "127.0.107.195" port: 39319 } } peers { permanent_uuid: "0a2179fdb8414425a4e95d022e3fa368" member_type: NON_VOTER last_known_addr { host: "127.0.107.196" port: 41347 } attrs { promote: true } }
I20260713 08:58:57.256070  2043 ts_tablet_manager.cc:1434] T 364aba805ded42519babd3ea7942942d P 0a2179fdb8414425a4e95d022e3fa368: Time spent starting tablet: real 0.004s	user 0.004s	sys 0.000s
I20260713 08:58:57.257467  1655 tablet_copy_service.cc:342] P 6d5dba3d74114150a8df50c551bcf441: Request end of tablet copy session 0a2179fdb8414425a4e95d022e3fa368-364aba805ded42519babd3ea7942942d received from {username='slave'} at 127.0.0.1:60936
I20260713 08:58:57.257858  1655 tablet_copy_service.cc:434] P 6d5dba3d74114150a8df50c551bcf441: ending tablet copy session 0a2179fdb8414425a4e95d022e3fa368-364aba805ded42519babd3ea7942942d on tablet 364aba805ded42519babd3ea7942942d with peer 0a2179fdb8414425a4e95d022e3fa368
I20260713 08:58:57.319087  1983 raft_consensus.cc:1217] T 4f38a797c9914aaebe5015a21a596298 P 0a2179fdb8414425a4e95d022e3fa368 [term 1 LEARNER]: Deduplicated request from leader. Original: 1.1->[1.2-1.2]   Dedup: 1.2->[]
I20260713 08:58:57.393303  1983 raft_consensus.cc:1217] T 272dc392d51b4f4998a511202cc56878 P 0a2179fdb8414425a4e95d022e3fa368 [term 1 LEARNER]: Deduplicated request from leader. Original: 1.1->[1.2-1.2]   Dedup: 1.2->[]
I20260713 08:58:57.577086  1983 raft_consensus.cc:1217] T 364aba805ded42519babd3ea7942942d P 0a2179fdb8414425a4e95d022e3fa368 [term 1 LEARNER]: Deduplicated request from leader. Original: 1.1->[1.2-1.2]   Dedup: 1.2->[]
I20260713 08:58:57.712855  1983 raft_consensus.cc:1217] T cd054429ece443f085317348e6d7d247 P 0a2179fdb8414425a4e95d022e3fa368 [term 1 LEARNER]: Deduplicated request from leader. Original: 1.1->[1.2-1.2]   Dedup: 1.2->[]
I20260713 08:58:57.886587  2053 raft_consensus.cc:1064] T 4f38a797c9914aaebe5015a21a596298 P 214a3e42357a4fb0b5de323c02127f26: attempting to promote NON_VOTER 0a2179fdb8414425a4e95d022e3fa368 to VOTER
I20260713 08:58:57.888622  2053 consensus_queue.cc:237] T 4f38a797c9914aaebe5015a21a596298 P 214a3e42357a4fb0b5de323c02127f26 [LEADER]: Queue going to LEADER mode. State: All replicated index: 0, Majority replicated index: 2, Committed index: 2, Last appended: 1.2, Last appended by leader: 0, Current term: 1, Majority size: 3, State: 0, Mode: LEADER, active raft config: opid_index: 3 OBSOLETE_local: false peers { permanent_uuid: "3d77ab7b0ade4b518853bfbf5120f441" member_type: VOTER last_known_addr { host: "127.0.107.193" port: 37327 } attrs { replace: true } } peers { permanent_uuid: "6d5dba3d74114150a8df50c551bcf441" member_type: VOTER last_known_addr { host: "127.0.107.194" port: 46679 } } peers { permanent_uuid: "214a3e42357a4fb0b5de323c02127f26" member_type: VOTER last_known_addr { host: "127.0.107.195" port: 39319 } } peers { permanent_uuid: "0a2179fdb8414425a4e95d022e3fa368" member_type: VOTER last_known_addr { host: "127.0.107.196" port: 41347 } attrs { promote: false } }
I20260713 08:58:57.894733  1983 raft_consensus.cc:1275] T 4f38a797c9914aaebe5015a21a596298 P 0a2179fdb8414425a4e95d022e3fa368 [term 1 LEARNER]: Refusing update from remote peer 214a3e42357a4fb0b5de323c02127f26: Log matching property violated. Preceding OpId in replica: term: 1 index: 2. Preceding OpId from leader: term: 1 index: 3. (index mismatch)
I20260713 08:58:57.896297  1644 raft_consensus.cc:1275] T 4f38a797c9914aaebe5015a21a596298 P 6d5dba3d74114150a8df50c551bcf441 [term 1 FOLLOWER]: Refusing update from remote peer 214a3e42357a4fb0b5de323c02127f26: Log matching property violated. Preceding OpId in replica: term: 1 index: 2. Preceding OpId from leader: term: 1 index: 3. (index mismatch)
I20260713 08:58:57.896646  1814 consensus_queue.cc:1048] T 4f38a797c9914aaebe5015a21a596298 P 214a3e42357a4fb0b5de323c02127f26 [LEADER]: Connected to new peer: Peer: permanent_uuid: "0a2179fdb8414425a4e95d022e3fa368" member_type: VOTER last_known_addr { host: "127.0.107.196" port: 41347 } attrs { promote: false }, Status: LMP_MISMATCH, Last received: 0.0, Next index: 3, Last known committed idx: 2, Time since last communication: 0.001s
I20260713 08:58:57.898207  2064 consensus_queue.cc:1048] T 4f38a797c9914aaebe5015a21a596298 P 214a3e42357a4fb0b5de323c02127f26 [LEADER]: Connected to new peer: Peer: permanent_uuid: "6d5dba3d74114150a8df50c551bcf441" member_type: VOTER last_known_addr { host: "127.0.107.194" port: 46679 }, Status: LMP_MISMATCH, Last received: 0.0, Next index: 3, Last known committed idx: 2, Time since last communication: 0.000s
I20260713 08:58:57.908624  1566 raft_consensus.cc:1275] T 4f38a797c9914aaebe5015a21a596298 P 3d77ab7b0ade4b518853bfbf5120f441 [term 1 FOLLOWER]: Refusing update from remote peer 214a3e42357a4fb0b5de323c02127f26: Log matching property violated. Preceding OpId in replica: term: 1 index: 2. Preceding OpId from leader: term: 1 index: 3. (index mismatch)
I20260713 08:58:57.915086  1814 consensus_queue.cc:1048] T 4f38a797c9914aaebe5015a21a596298 P 214a3e42357a4fb0b5de323c02127f26 [LEADER]: Connected to new peer: Peer: permanent_uuid: "3d77ab7b0ade4b518853bfbf5120f441" member_type: VOTER last_known_addr { host: "127.0.107.193" port: 37327 } attrs { replace: true }, Status: LMP_MISMATCH, Last received: 0.0, Next index: 3, Last known committed idx: 2, Time since last communication: 0.000s
I20260713 08:58:57.932669  1814 raft_consensus.cc:2955] T 4f38a797c9914aaebe5015a21a596298 P 214a3e42357a4fb0b5de323c02127f26 [term 1 LEADER]: Committing config change with OpId 1.3: config changed from index 2 to 3, 0a2179fdb8414425a4e95d022e3fa368 (127.0.107.196) changed from NON_VOTER to VOTER. New config: { opid_index: 3 OBSOLETE_local: false peers { permanent_uuid: "3d77ab7b0ade4b518853bfbf5120f441" member_type: VOTER last_known_addr { host: "127.0.107.193" port: 37327 } attrs { replace: true } } peers { permanent_uuid: "6d5dba3d74114150a8df50c551bcf441" member_type: VOTER last_known_addr { host: "127.0.107.194" port: 46679 } } peers { permanent_uuid: "214a3e42357a4fb0b5de323c02127f26" member_type: VOTER last_known_addr { host: "127.0.107.195" port: 39319 } } peers { permanent_uuid: "0a2179fdb8414425a4e95d022e3fa368" member_type: VOTER last_known_addr { host: "127.0.107.196" port: 41347 } attrs { promote: false } } }
