I20260713 09:01:54.034155  6651 raft_consensus.cc:2749] T f0ee78188ca64f52a5db1cb6dc1c322c P d8483d8d39ae4908adccade94567de49 [term 1 FOLLOWER]: Leader election lost for term 1. Reason: could not achieve majority
I20260713 09:01:54.031061  6531 leader_election.cc:304] T 24eb2fd7a2174b98a87d1b5d148ca56b P ef8ec7b7d03440c38d6e05f600941e5f [CANDIDATE]: Term 1 election: Election decided. Result: candidate won. Election summary: received 2 responses out of 3 voters: 2 yes votes; 0 no votes. yes voters: d8483d8d39ae4908adccade94567de49, ef8ec7b7d03440c38d6e05f600941e5f; no voters: 
I20260713 09:01:54.037971  6494 raft_consensus.cc:2468] T 24eb2fd7a2174b98a87d1b5d148ca56b P 74466207e3d04809916e4c7802c6c379 [term 1 FOLLOWER]: Leader election vote request: Granting yes vote for candidate ef8ec7b7d03440c38d6e05f600941e5f in term 1.
I20260713 09:01:54.039268  6658 raft_consensus.cc:2804] T 24eb2fd7a2174b98a87d1b5d148ca56b P ef8ec7b7d03440c38d6e05f600941e5f [term 1 FOLLOWER]: Leader election won for term 1
I20260713 09:01:54.039716  6457 leader_election.cc:304] T 160c2ede2a3943f8958311193cd908d6 P 74466207e3d04809916e4c7802c6c379 [CANDIDATE]: Term 1 pre-election: Election decided. Result: candidate won. Election summary: received 2 responses out of 3 voters: 2 yes votes; 0 no votes. yes voters: 74466207e3d04809916e4c7802c6c379, d8483d8d39ae4908adccade94567de49; no voters: 
I20260713 09:01:54.040130  6658 raft_consensus.cc:697] T 24eb2fd7a2174b98a87d1b5d148ca56b P ef8ec7b7d03440c38d6e05f600941e5f [term 1 LEADER]: Becoming Leader. State: Replica: ef8ec7b7d03440c38d6e05f600941e5f, State: Running, Role: LEADER
I20260713 09:01:54.041266  6566 tablet_service.cc:1917] Received RequestConsensusVote() RPC: tablet_id: "160c2ede2a3943f8958311193cd908d6" candidate_uuid: "74466207e3d04809916e4c7802c6c379" candidate_term: 1 candidate_status { last_received { term: 0 index: 0 } } ignore_live_leader: false dest_uuid: "ef8ec7b7d03440c38d6e05f600941e5f" is_pre_election: true
I20260713 09:01:54.041316  6658 consensus_queue.cc:237] T 24eb2fd7a2174b98a87d1b5d148ca56b P ef8ec7b7d03440c38d6e05f600941e5f [LEADER]: Queue going to LEADER mode. State: All replicated index: 0, Majority replicated index: 0, Committed index: 0, Last appended: 0.0, Last appended by leader: 0, Current term: 1, Majority size: 2, State: 0, Mode: LEADER, active raft config: opid_index: -1 OBSOLETE_local: false peers { permanent_uuid: "d8483d8d39ae4908adccade94567de49" member_type: VOTER last_known_addr { host: "127.5.167.129" port: 42317 } } peers { permanent_uuid: "74466207e3d04809916e4c7802c6c379" member_type: VOTER last_known_addr { host: "127.5.167.130" port: 35517 } } peers { permanent_uuid: "ef8ec7b7d03440c38d6e05f600941e5f" member_type: VOTER last_known_addr { host: "127.5.167.131" port: 37793 } }
I20260713 09:01:54.042770  6565 raft_consensus.cc:2468] T 1b67470bba58464890b4690af29f45b5 P ef8ec7b7d03440c38d6e05f600941e5f [term 1 FOLLOWER]: Leader election vote request: Granting yes vote for candidate 74466207e3d04809916e4c7802c6c379 in term 1.
I20260713 09:01:54.044056  6457 leader_election.cc:304] T 1b67470bba58464890b4690af29f45b5 P 74466207e3d04809916e4c7802c6c379 [CANDIDATE]: Term 1 election: Election decided. Result: candidate won. Election summary: received 2 responses out of 3 voters: 2 yes votes; 0 no votes. yes voters: 74466207e3d04809916e4c7802c6c379, ef8ec7b7d03440c38d6e05f600941e5f; no voters: 
I20260713 09:01:54.041114  6667 raft_consensus.cc:2804] T 160c2ede2a3943f8958311193cd908d6 P 74466207e3d04809916e4c7802c6c379 [term 0 FOLLOWER]: Leader pre-election won for term 1
I20260713 09:01:54.044647  6667 raft_consensus.cc:493] T 160c2ede2a3943f8958311193cd908d6 P 74466207e3d04809916e4c7802c6c379 [term 0 FOLLOWER]: Starting leader election (no leader contacted us within the election timeout)
I20260713 09:01:54.044796  6615 raft_consensus.cc:2804] T 1b67470bba58464890b4690af29f45b5 P 74466207e3d04809916e4c7802c6c379 [term 1 FOLLOWER]: Leader election won for term 1
I20260713 09:01:54.045033  6667 raft_consensus.cc:3060] T 160c2ede2a3943f8958311193cd908d6 P 74466207e3d04809916e4c7802c6c379 [term 0 FOLLOWER]: Advancing to term 1
I20260713 09:01:54.045336  6615 raft_consensus.cc:697] T 1b67470bba58464890b4690af29f45b5 P 74466207e3d04809916e4c7802c6c379 [term 1 LEADER]: Becoming Leader. State: Replica: 74466207e3d04809916e4c7802c6c379, State: Running, Role: LEADER
I20260713 09:01:54.046437  6615 consensus_queue.cc:237] T 1b67470bba58464890b4690af29f45b5 P 74466207e3d04809916e4c7802c6c379 [LEADER]: Queue going to LEADER mode. State: All replicated index: 0, Majority replicated index: 0, Committed index: 0, Last appended: 0.0, Last appended by leader: 0, Current term: 1, Majority size: 2, State: 0, Mode: LEADER, active raft config: opid_index: -1 OBSOLETE_local: false peers { permanent_uuid: "d8483d8d39ae4908adccade94567de49" member_type: VOTER last_known_addr { host: "127.5.167.129" port: 42317 } } peers { permanent_uuid: "74466207e3d04809916e4c7802c6c379" member_type: VOTER last_known_addr { host: "127.5.167.130" port: 35517 } } peers { permanent_uuid: "ef8ec7b7d03440c38d6e05f600941e5f" member_type: VOTER last_known_addr { host: "127.5.167.131" port: 37793 } }
I20260713 09:01:54.054399  6419 raft_consensus.cc:2468] T 1b67470bba58464890b4690af29f45b5 P d8483d8d39ae4908adccade94567de49 [term 1 FOLLOWER]: Leader election vote request: Granting yes vote for candidate 74466207e3d04809916e4c7802c6c379 in term 1.
I20260713 09:01:54.058804  6610 raft_consensus.cc:359] T 160c2ede2a3943f8958311193cd908d6 P ef8ec7b7d03440c38d6e05f600941e5f [term 0 FOLLOWER]: Replica starting. Triggering 0 pending ops. Active config: opid_index: -1 OBSOLETE_local: false peers { permanent_uuid: "d8483d8d39ae4908adccade94567de49" member_type: VOTER last_known_addr { host: "127.5.167.129" port: 42317 } } peers { permanent_uuid: "74466207e3d04809916e4c7802c6c379" member_type: VOTER last_known_addr { host: "127.5.167.130" port: 35517 } } peers { permanent_uuid: "ef8ec7b7d03440c38d6e05f600941e5f" member_type: VOTER last_known_addr { host: "127.5.167.131" port: 37793 } }
I20260713 09:01:54.059764  6610 raft_consensus.cc:385] T 160c2ede2a3943f8958311193cd908d6 P ef8ec7b7d03440c38d6e05f600941e5f [term 0 FOLLOWER]: Consensus starting up: Expiring failure detector timer to make a prompt election more likely
I20260713 09:01:54.060130  6610 raft_consensus.cc:740] T 160c2ede2a3943f8958311193cd908d6 P ef8ec7b7d03440c38d6e05f600941e5f [term 0 FOLLOWER]: Becoming Follower/Learner. State: Replica: ef8ec7b7d03440c38d6e05f600941e5f, State: Initialized, Role: FOLLOWER
W20260713 09:01:54.062196  6457 leader_election.cc:343] T 160c2ede2a3943f8958311193cd908d6 P 74466207e3d04809916e4c7802c6c379 [CANDIDATE]: Term 1 pre-election: Tablet error from VoteRequest() call to peer ef8ec7b7d03440c38d6e05f600941e5f (127.5.167.131:37793): Illegal state: must be running to vote when last-logged opid is not known
I20260713 09:01:54.064448  6667 raft_consensus.cc:515] T 160c2ede2a3943f8958311193cd908d6 P 74466207e3d04809916e4c7802c6c379 [term 1 FOLLOWER]: Starting leader election with config: opid_index: -1 OBSOLETE_local: false peers { permanent_uuid: "d8483d8d39ae4908adccade94567de49" member_type: VOTER last_known_addr { host: "127.5.167.129" port: 42317 } } peers { permanent_uuid: "74466207e3d04809916e4c7802c6c379" member_type: VOTER last_known_addr { host: "127.5.167.130" port: 35517 } } peers { permanent_uuid: "ef8ec7b7d03440c38d6e05f600941e5f" member_type: VOTER last_known_addr { host: "127.5.167.131" port: 37793 } }
I20260713 09:01:54.074153  6610 consensus_queue.cc:260] T 160c2ede2a3943f8958311193cd908d6 P ef8ec7b7d03440c38d6e05f600941e5f [NON_LEADER]: Queue going to NON_LEADER mode. State: All replicated index: 0, Majority replicated index: 0, Committed index: 0, Last appended: 0.0, Last appended by leader: 0, Current term: 0, Majority size: -1, State: 0, Mode: NON_LEADER, active raft config: opid_index: -1 OBSOLETE_local: false peers { permanent_uuid: "d8483d8d39ae4908adccade94567de49" member_type: VOTER last_known_addr { host: "127.5.167.129" port: 42317 } } peers { permanent_uuid: "74466207e3d04809916e4c7802c6c379" member_type: VOTER last_known_addr { host: "127.5.167.130" port: 35517 } } peers { permanent_uuid: "ef8ec7b7d03440c38d6e05f600941e5f" member_type: VOTER last_known_addr { host: "127.5.167.131" port: 37793 } }
I20260713 09:01:54.075340  6667 leader_election.cc:290] T 160c2ede2a3943f8958311193cd908d6 P 74466207e3d04809916e4c7802c6c379 [CANDIDATE]: Term 1 election: Requested vote from peers d8483d8d39ae4908adccade94567de49 (127.5.167.129:42317), ef8ec7b7d03440c38d6e05f600941e5f (127.5.167.131:37793)
I20260713 09:01:54.076499  6419 tablet_service.cc:1917] Received RequestConsensusVote() RPC: tablet_id: "160c2ede2a3943f8958311193cd908d6" candidate_uuid: "74466207e3d04809916e4c7802c6c379" candidate_term: 1 candidate_status { last_received { term: 0 index: 0 } } ignore_live_leader: false dest_uuid: "d8483d8d39ae4908adccade94567de49"
I20260713 09:01:54.076861  6566 tablet_service.cc:1917] Received RequestConsensusVote() RPC: tablet_id: "160c2ede2a3943f8958311193cd908d6" candidate_uuid: "74466207e3d04809916e4c7802c6c379" candidate_term: 1 candidate_status { last_received { term: 0 index: 0 } } ignore_live_leader: false dest_uuid: "ef8ec7b7d03440c38d6e05f600941e5f"
I20260713 09:01:54.077082  6610 ts_tablet_manager.cc:1434] T 160c2ede2a3943f8958311193cd908d6 P ef8ec7b7d03440c38d6e05f600941e5f: Time spent starting tablet: real 0.066s	user 0.003s	sys 0.005s
I20260713 09:01:54.077121  6419 raft_consensus.cc:3060] T 160c2ede2a3943f8958311193cd908d6 P d8483d8d39ae4908adccade94567de49 [term 0 FOLLOWER]: Advancing to term 1
I20260713 09:01:54.077512  6566 raft_consensus.cc:3060] T 160c2ede2a3943f8958311193cd908d6 P ef8ec7b7d03440c38d6e05f600941e5f [term 0 FOLLOWER]: Advancing to term 1
I20260713 09:01:54.082147  6534 leader_election.cc:304] T 86edfa62c1ba4cb498818e2b646b8cd3 P ef8ec7b7d03440c38d6e05f600941e5f [CANDIDATE]: Term 1 pre-election: Election decided. Result: candidate lost. Election summary: received 3 responses out of 3 voters: 1 yes votes; 2 no votes. yes voters: ef8ec7b7d03440c38d6e05f600941e5f; no voters: 74466207e3d04809916e4c7802c6c379, d8483d8d39ae4908adccade94567de49
I20260713 09:01:54.083520  6657 raft_consensus.cc:3060] T 86edfa62c1ba4cb498818e2b646b8cd3 P ef8ec7b7d03440c38d6e05f600941e5f [term 0 FOLLOWER]: Advancing to term 1
I20260713 09:01:54.086954  6419 raft_consensus.cc:2468] T 160c2ede2a3943f8958311193cd908d6 P d8483d8d39ae4908adccade94567de49 [term 1 FOLLOWER]: Leader election vote request: Granting yes vote for candidate 74466207e3d04809916e4c7802c6c379 in term 1.
I20260713 09:01:54.088475  6457 leader_election.cc:304] T 160c2ede2a3943f8958311193cd908d6 P 74466207e3d04809916e4c7802c6c379 [CANDIDATE]: Term 1 election: Election decided. Result: candidate won. Election summary: received 2 responses out of 3 voters: 2 yes votes; 0 no votes. yes voters: 74466207e3d04809916e4c7802c6c379, d8483d8d39ae4908adccade94567de49; no voters: 
I20260713 09:01:54.089324  6667 raft_consensus.cc:2804] T 160c2ede2a3943f8958311193cd908d6 P 74466207e3d04809916e4c7802c6c379 [term 1 FOLLOWER]: Leader election won for term 1
I20260713 09:01:54.089495  6657 raft_consensus.cc:2749] T 86edfa62c1ba4cb498818e2b646b8cd3 P ef8ec7b7d03440c38d6e05f600941e5f [term 1 FOLLOWER]: Leader pre-election lost for term 1. Reason: could not achieve majority
I20260713 09:01:54.090057  6667 raft_consensus.cc:697] T 160c2ede2a3943f8958311193cd908d6 P 74466207e3d04809916e4c7802c6c379 [term 1 LEADER]: Becoming Leader. State: Replica: 74466207e3d04809916e4c7802c6c379, State: Running, Role: LEADER
I20260713 09:01:54.090361  6655 consensus_queue.cc:1048] T 96d21c2391b24dd8b713457a5bb118ce P d8483d8d39ae4908adccade94567de49 [LEADER]: Connected to new peer: Peer: permanent_uuid: "74466207e3d04809916e4c7802c6c379" member_type: VOTER last_known_addr { host: "127.5.167.130" port: 35517 }, Status: LMP_MISMATCH, Last received: 0.0, Next index: 1, Last known committed idx: 0, Time since last communication: 0.000s
I20260713 09:01:54.091063  6667 consensus_queue.cc:237] T 160c2ede2a3943f8958311193cd908d6 P 74466207e3d04809916e4c7802c6c379 [LEADER]: Queue going to LEADER mode. State: All replicated index: 0, Majority replicated index: 0, Committed index: 0, Last appended: 0.0, Last appended by leader: 0, Current term: 1, Majority size: 2, State: 0, Mode: LEADER, active raft config: opid_index: -1 OBSOLETE_local: false peers { permanent_uuid: "d8483d8d39ae4908adccade94567de49" member_type: VOTER last_known_addr { host: "127.5.167.129" port: 42317 } } peers { permanent_uuid: "74466207e3d04809916e4c7802c6c379" member_type: VOTER last_known_addr { host: "127.5.167.130" port: 35517 } } peers { permanent_uuid: "ef8ec7b7d03440c38d6e05f600941e5f" member_type: VOTER last_known_addr { host: "127.5.167.131" port: 37793 } }
I20260713 09:01:54.095408  6566 raft_consensus.cc:2468] T 160c2ede2a3943f8958311193cd908d6 P ef8ec7b7d03440c38d6e05f600941e5f [term 1 FOLLOWER]: Leader election vote request: Granting yes vote for candidate 74466207e3d04809916e4c7802c6c379 in term 1.
I20260713 09:01:54.108525  6657 consensus_queue.cc:1048] T 94386aeacd0e4be9bd6307c4797239b1 P ef8ec7b7d03440c38d6e05f600941e5f [LEADER]: Connected to new peer: Peer: permanent_uuid: "d8483d8d39ae4908adccade94567de49" member_type: VOTER last_known_addr { host: "127.5.167.129" port: 42317 }, Status: LMP_MISMATCH, Last received: 0.0, Next index: 1, Last known committed idx: 0, Time since last communication: 0.000s
I20260713 09:01:54.126261  6658 consensus_queue.cc:1048] T 94386aeacd0e4be9bd6307c4797239b1 P ef8ec7b7d03440c38d6e05f600941e5f [LEADER]: Connected to new peer: Peer: permanent_uuid: "74466207e3d04809916e4c7802c6c379" member_type: VOTER last_known_addr { host: "127.5.167.130" port: 35517 }, Status: LMP_MISMATCH, Last received: 0.0, Next index: 1, Last known committed idx: 0, Time since last communication: 0.000s
I20260713 09:01:54.135592  6315 catalog_manager.cc:5697] T 24eb2fd7a2174b98a87d1b5d148ca56b P ef8ec7b7d03440c38d6e05f600941e5f reported cstate change: term changed from 0 to 1, leader changed from <none> to ef8ec7b7d03440c38d6e05f600941e5f (127.5.167.131). New cstate: current_term: 1 leader_uuid: "ef8ec7b7d03440c38d6e05f600941e5f" committed_config { opid_index: -1 OBSOLETE_local: false peers { permanent_uuid: "d8483d8d39ae4908adccade94567de49" member_type: VOTER last_known_addr { host: "127.5.167.129" port: 42317 } health_report { overall_health: UNKNOWN } } peers { permanent_uuid: "74466207e3d04809916e4c7802c6c379" member_type: VOTER last_known_addr { host: "127.5.167.130" port: 35517 } health_report { overall_health: UNKNOWN } } peers { permanent_uuid: "ef8ec7b7d03440c38d6e05f600941e5f" member_type: VOTER last_known_addr { host: "127.5.167.131" port: 37793 } health_report { overall_health: HEALTHY } } }
I20260713 09:01:54.137293  6315 catalog_manager.cc:5697] T f0ee78188ca64f52a5db1cb6dc1c322c P ef8ec7b7d03440c38d6e05f600941e5f reported cstate change: term changed from 0 to 1, leader changed from <none> to ef8ec7b7d03440c38d6e05f600941e5f (127.5.167.131). New cstate: current_term: 1 leader_uuid: "ef8ec7b7d03440c38d6e05f600941e5f" committed_config { opid_index: -1 OBSOLETE_local: false peers { permanent_uuid: "d8483d8d39ae4908adccade94567de49" member_type: VOTER last_known_addr { host: "127.5.167.129" port: 42317 } health_report { overall_health: UNKNOWN } } peers { permanent_uuid: "74466207e3d04809916e4c7802c6c379" member_type: VOTER last_known_addr { host: "127.5.167.130" port: 35517 } health_report { overall_health: UNKNOWN } } peers { permanent_uuid: "ef8ec7b7d03440c38d6e05f600941e5f" member_type: VOTER last_known_addr { host: "127.5.167.131" port: 37793 } health_report { overall_health: HEALTHY } } }
I20260713 09:01:54.146101  6654 consensus_queue.cc:1048] T d02593abc3cb490ebd81f032adae9d91 P ef8ec7b7d03440c38d6e05f600941e5f [LEADER]: Connected to new peer: Peer: permanent_uuid: "74466207e3d04809916e4c7802c6c379" member_type: VOTER last_known_addr { host: "127.5.167.130" port: 35517 }, Status: LMP_MISMATCH, Last received: 0.0, Next index: 1, Last known committed idx: 0, Time since last communication: 0.000s
I20260713 09:01:54.148260  6316 catalog_manager.cc:5697] T 915d28d72f5f4f83b0291761d65ec395 P 74466207e3d04809916e4c7802c6c379 reported cstate change: term changed from 0 to 1, leader changed from <none> to 74466207e3d04809916e4c7802c6c379 (127.5.167.130). New cstate: current_term: 1 leader_uuid: "74466207e3d04809916e4c7802c6c379" committed_config { opid_index: -1 OBSOLETE_local: false peers { permanent_uuid: "d8483d8d39ae4908adccade94567de49" member_type: VOTER last_known_addr { host: "127.5.167.129" port: 42317 } health_report { overall_health: UNKNOWN } } peers { permanent_uuid: "74466207e3d04809916e4c7802c6c379" member_type: VOTER last_known_addr { host: "127.5.167.130" port: 35517 } health_report { overall_health: HEALTHY } } peers { permanent_uuid: "ef8ec7b7d03440c38d6e05f600941e5f" member_type: VOTER last_known_addr { host: "127.5.167.131" port: 37793 } health_report { overall_health: UNKNOWN } } }
I20260713 09:01:54.150409  6316 catalog_manager.cc:5697] T 86edfa62c1ba4cb498818e2b646b8cd3 P 74466207e3d04809916e4c7802c6c379 reported cstate change: term changed from 0 to 1, leader changed from <none> to 74466207e3d04809916e4c7802c6c379 (127.5.167.130). New cstate: current_term: 1 leader_uuid: "74466207e3d04809916e4c7802c6c379" committed_config { opid_index: -1 OBSOLETE_local: false peers { permanent_uuid: "d8483d8d39ae4908adccade94567de49" member_type: VOTER last_known_addr { host: "127.5.167.129" port: 42317 } health_report { overall_health: UNKNOWN } } peers { permanent_uuid: "ef8ec7b7d03440c38d6e05f600941e5f" member_type: VOTER last_known_addr { host: "127.5.167.131" port: 37793 } health_report { overall_health: UNKNOWN } } peers { permanent_uuid: "74466207e3d04809916e4c7802c6c379" member_type: VOTER last_known_addr { host: "127.5.167.130" port: 35517 } health_report { overall_health: HEALTHY } } }
I20260713 09:01:54.152052  6316 catalog_manager.cc:5697] T 160c2ede2a3943f8958311193cd908d6 P 74466207e3d04809916e4c7802c6c379 reported cstate change: term changed from 0 to 1, leader changed from <none> to 74466207e3d04809916e4c7802c6c379 (127.5.167.130). New cstate: current_term: 1 leader_uuid: "74466207e3d04809916e4c7802c6c379" committed_config { opid_index: -1 OBSOLETE_local: false peers { permanent_uuid: "d8483d8d39ae4908adccade94567de49" member_type: VOTER last_known_addr { host: "127.5.167.129" port: 42317 } health_report { overall_health: UNKNOWN } } peers { permanent_uuid: "74466207e3d04809916e4c7802c6c379" member_type: VOTER last_known_addr { host: "127.5.167.130" port: 35517 } health_report { overall_health: HEALTHY } } peers { permanent_uuid: "ef8ec7b7d03440c38d6e05f600941e5f" member_type: VOTER last_known_addr { host: "127.5.167.131" port: 37793 } health_report { overall_health: UNKNOWN } } }
I20260713 09:01:54.153631  6316 catalog_manager.cc:5697] T 1b67470bba58464890b4690af29f45b5 P 74466207e3d04809916e4c7802c6c379 reported cstate change: term changed from 0 to 1, leader changed from <none> to 74466207e3d04809916e4c7802c6c379 (127.5.167.130). New cstate: current_term: 1 leader_uuid: "74466207e3d04809916e4c7802c6c379" committed_config { opid_index: -1 OBSOLETE_local: false peers { permanent_uuid: "d8483d8d39ae4908adccade94567de49" member_type: VOTER last_known_addr { host: "127.5.167.129" port: 42317 } health_report { overall_health: UNKNOWN } } peers { permanent_uuid: "74466207e3d04809916e4c7802c6c379" member_type: VOTER last_known_addr { host: "127.5.167.130" port: 35517 } health_report { overall_health: HEALTHY } } peers { permanent_uuid: "ef8ec7b7d03440c38d6e05f600941e5f" member_type: VOTER last_known_addr { host: "127.5.167.131" port: 37793 } health_report { overall_health: UNKNOWN } } }
I20260713 09:01:54.155959  6419 raft_consensus.cc:3060] T d02593abc3cb490ebd81f032adae9d91 P d8483d8d39ae4908adccade94567de49 [term 0 FOLLOWER]: Advancing to term 1
I20260713 09:01:54.163986  6658 consensus_queue.cc:1048] T d02593abc3cb490ebd81f032adae9d91 P ef8ec7b7d03440c38d6e05f600941e5f [LEADER]: Connected to new peer: Peer: permanent_uuid: "d8483d8d39ae4908adccade94567de49" member_type: VOTER last_known_addr { host: "127.5.167.129" port: 42317 }, Status: LMP_MISMATCH, Last received: 0.0, Next index: 1, Last known committed idx: 0, Time since last communication: 0.000s
I20260713 09:01:54.206930  6493 tablet_service.cc:2072] Received LeaderStepDown RPC: tablet_id: "86edfa62c1ba4cb498818e2b646b8cd3"
dest_uuid: "74466207e3d04809916e4c7802c6c379"
mode: GRACEFUL
new_leader_uuid: "d8483d8d39ae4908adccade94567de49"
 from {username='slave'} at 127.0.0.1:45308
I20260713 09:01:54.207448  6493 raft_consensus.cc:606] T 86edfa62c1ba4cb498818e2b646b8cd3 P 74466207e3d04809916e4c7802c6c379 [term 1 LEADER]: Received request to transfer leadership to TS d8483d8d39ae4908adccade94567de49
I20260713 09:01:54.212198  6493 tablet_service.cc:2072] Received LeaderStepDown RPC: tablet_id: "915d28d72f5f4f83b0291761d65ec395"
dest_uuid: "74466207e3d04809916e4c7802c6c379"
mode: GRACEFUL
new_leader_uuid: "d8483d8d39ae4908adccade94567de49"
 from {username='slave'} at 127.0.0.1:45308
I20260713 09:01:54.212711  6493 raft_consensus.cc:606] T 915d28d72f5f4f83b0291761d65ec395 P 74466207e3d04809916e4c7802c6c379 [term 1 LEADER]: Received request to transfer leadership to TS d8483d8d39ae4908adccade94567de49
I20260713 09:01:54.220278  6493 tablet_service.cc:2072] Received LeaderStepDown RPC: tablet_id: "d9da5d2ca65e4c77adb42f1d37ffd70f"
dest_uuid: "74466207e3d04809916e4c7802c6c379"
mode: GRACEFUL
new_leader_uuid: "d8483d8d39ae4908adccade94567de49"
 from {username='slave'} at 127.0.0.1:45308
I20260713 09:01:54.220824  6493 raft_consensus.cc:606] T d9da5d2ca65e4c77adb42f1d37ffd70f P 74466207e3d04809916e4c7802c6c379 [term 1 LEADER]: Received request to transfer leadership to TS d8483d8d39ae4908adccade94567de49
I20260713 09:01:54.225695  6493 tablet_service.cc:2072] Received LeaderStepDown RPC: tablet_id: "1b67470bba58464890b4690af29f45b5"
dest_uuid: "74466207e3d04809916e4c7802c6c379"
mode: GRACEFUL
new_leader_uuid: "d8483d8d39ae4908adccade94567de49"
 from {username='slave'} at 127.0.0.1:45308
I20260713 09:01:54.226343  6493 raft_consensus.cc:606] T 1b67470bba58464890b4690af29f45b5 P 74466207e3d04809916e4c7802c6c379 [term 1 LEADER]: Received request to transfer leadership to TS d8483d8d39ae4908adccade94567de49
I20260713 09:01:54.239959  6566 tablet_service.cc:2072] Received LeaderStepDown RPC: tablet_id: "94386aeacd0e4be9bd6307c4797239b1"
dest_uuid: "ef8ec7b7d03440c38d6e05f600941e5f"
mode: GRACEFUL
new_leader_uuid: "74466207e3d04809916e4c7802c6c379"
 from {username='slave'} at 127.0.0.1:36268
I20260713 09:01:54.240597  6566 raft_consensus.cc:606] T 94386aeacd0e4be9bd6307c4797239b1 P ef8ec7b7d03440c38d6e05f600941e5f [term 1 LEADER]: Received request to transfer leadership to TS 74466207e3d04809916e4c7802c6c379
I20260713 09:01:54.245177  6667 consensus_queue.cc:1048] T 915d28d72f5f4f83b0291761d65ec395 P 74466207e3d04809916e4c7802c6c379 [LEADER]: Connected to new peer: Peer: permanent_uuid: "ef8ec7b7d03440c38d6e05f600941e5f" member_type: VOTER last_known_addr { host: "127.5.167.131" port: 37793 }, Status: LMP_MISMATCH, Last received: 0.0, Next index: 1, Last known committed idx: 0, Time since last communication: 0.000s
I20260713 09:01:54.245893  6566 tablet_service.cc:2072] Received LeaderStepDown RPC: tablet_id: "d02593abc3cb490ebd81f032adae9d91"
dest_uuid: "ef8ec7b7d03440c38d6e05f600941e5f"
mode: GRACEFUL
new_leader_uuid: "74466207e3d04809916e4c7802c6c379"
 from {username='slave'} at 127.0.0.1:36268
I20260713 09:01:54.246490  6566 raft_consensus.cc:606] T d02593abc3cb490ebd81f032adae9d91 P ef8ec7b7d03440c38d6e05f600941e5f [term 1 LEADER]: Received request to transfer leadership to TS 74466207e3d04809916e4c7802c6c379
I20260713 09:01:54.252259  6565 tablet_service.cc:2072] Received LeaderStepDown RPC: tablet_id: "f0ee78188ca64f52a5db1cb6dc1c322c"
dest_uuid: "ef8ec7b7d03440c38d6e05f600941e5f"
mode: GRACEFUL
new_leader_uuid: "74466207e3d04809916e4c7802c6c379"
 from {username='slave'} at 127.0.0.1:36268
I20260713 09:01:54.252817  6565 raft_consensus.cc:606] T f0ee78188ca64f52a5db1cb6dc1c322c P ef8ec7b7d03440c38d6e05f600941e5f [term 1 LEADER]: Received request to transfer leadership to TS 74466207e3d04809916e4c7802c6c379
I20260713 09:01:54.256742  6653 consensus_queue.cc:1048] T 915d28d72f5f4f83b0291761d65ec395 P 74466207e3d04809916e4c7802c6c379 [LEADER]: Connected to new peer: Peer: permanent_uuid: "d8483d8d39ae4908adccade94567de49" member_type: VOTER last_known_addr { host: "127.5.167.129" port: 42317 }, Status: LMP_MISMATCH, Last received: 0.0, Next index: 1, Last known committed idx: 0, Time since last communication: 0.000s
I20260713 09:01:54.262586  6565 tablet_service.cc:2072] Received LeaderStepDown RPC: tablet_id: "24eb2fd7a2174b98a87d1b5d148ca56b"
dest_uuid: "ef8ec7b7d03440c38d6e05f600941e5f"
mode: GRACEFUL
new_leader_uuid: "74466207e3d04809916e4c7802c6c379"
 from {username='slave'} at 127.0.0.1:36268
I20260713 09:01:54.263340  6565 raft_consensus.cc:606] T 24eb2fd7a2174b98a87d1b5d148ca56b P ef8ec7b7d03440c38d6e05f600941e5f [term 1 LEADER]: Received request to transfer leadership to TS 74466207e3d04809916e4c7802c6c379
I20260713 09:01:54.267536  6650 raft_consensus.cc:993] T 915d28d72f5f4f83b0291761d65ec395 P 74466207e3d04809916e4c7802c6c379: : Instructing follower d8483d8d39ae4908adccade94567de49 to start an election
I20260713 09:01:54.268000  6650 raft_consensus.cc:1081] T 915d28d72f5f4f83b0291761d65ec395 P 74466207e3d04809916e4c7802c6c379 [term 1 LEADER]: Signalling peer d8483d8d39ae4908adccade94567de49 to start an election
I20260713 09:01:54.269048  6493 tablet_service.cc:2072] Received LeaderStepDown RPC: tablet_id: "160c2ede2a3943f8958311193cd908d6"
dest_uuid: "74466207e3d04809916e4c7802c6c379"
mode: GRACEFUL
new_leader_uuid: "ef8ec7b7d03440c38d6e05f600941e5f"
 from {username='slave'} at 127.0.0.1:45308
I20260713 09:01:54.269696  6493 raft_consensus.cc:606] T 160c2ede2a3943f8958311193cd908d6 P 74466207e3d04809916e4c7802c6c379 [term 1 LEADER]: Received request to transfer leadership to TS ef8ec7b7d03440c38d6e05f600941e5f
I20260713 09:01:54.269822  6419 tablet_service.cc:2044] Received Run Leader Election RPC: tablet_id: "915d28d72f5f4f83b0291761d65ec395"
dest_uuid: "d8483d8d39ae4908adccade94567de49"
 from {username='slave'} at 127.0.0.1:44376
I20260713 09:01:54.270488  6419 raft_consensus.cc:493] T 915d28d72f5f4f83b0291761d65ec395 P d8483d8d39ae4908adccade94567de49 [term 1 FOLLOWER]: Starting forced leader election (received explicit request)
I20260713 09:01:54.270869  6419 raft_consensus.cc:3060] T 915d28d72f5f4f83b0291761d65ec395 P d8483d8d39ae4908adccade94567de49 [term 1 FOLLOWER]: Advancing to term 2
I20260713 09:01:54.275825  6419 raft_consensus.cc:515] T 915d28d72f5f4f83b0291761d65ec395 P d8483d8d39ae4908adccade94567de49 [term 2 FOLLOWER]: Starting forced leader election with config: opid_index: -1 OBSOLETE_local: false peers { permanent_uuid: "d8483d8d39ae4908adccade94567de49" member_type: VOTER last_known_addr { host: "127.5.167.129" port: 42317 } } peers { permanent_uuid: "74466207e3d04809916e4c7802c6c379" member_type: VOTER last_known_addr { host: "127.5.167.130" port: 35517 } } peers { permanent_uuid: "ef8ec7b7d03440c38d6e05f600941e5f" member_type: VOTER last_known_addr { host: "127.5.167.131" port: 37793 } }
I20260713 09:01:54.277509  6419 leader_election.cc:290] T 915d28d72f5f4f83b0291761d65ec395 P d8483d8d39ae4908adccade94567de49 [CANDIDATE]: Term 2 election: Requested vote from peers 74466207e3d04809916e4c7802c6c379 (127.5.167.130:35517), ef8ec7b7d03440c38d6e05f600941e5f (127.5.167.131:37793)
I20260713 09:01:54.278328  6493 tablet_service.cc:1917] Received RequestConsensusVote() RPC: tablet_id: "915d28d72f5f4f83b0291761d65ec395" candidate_uuid: "d8483d8d39ae4908adccade94567de49" candidate_term: 2 candidate_status { last_received { term: 1 index: 1 } } ignore_live_leader: true dest_uuid: "74466207e3d04809916e4c7802c6c379"
I20260713 09:01:54.278627  6565 tablet_service.cc:1917] Received RequestConsensusVote() RPC: tablet_id: "915d28d72f5f4f83b0291761d65ec395" candidate_uuid: "d8483d8d39ae4908adccade94567de49" candidate_term: 2 candidate_status { last_received { term: 1 index: 1 } } ignore_live_leader: true dest_uuid: "ef8ec7b7d03440c38d6e05f600941e5f"
I20260713 09:01:54.278944  6493 raft_consensus.cc:3055] T 915d28d72f5f4f83b0291761d65ec395 P 74466207e3d04809916e4c7802c6c379 [term 1 LEADER]: Stepping down as leader of term 1
I20260713 09:01:54.279194  6565 raft_consensus.cc:3060] T 915d28d72f5f4f83b0291761d65ec395 P ef8ec7b7d03440c38d6e05f600941e5f [term 1 FOLLOWER]: Advancing to term 2
I20260713 09:01:54.279296  6493 raft_consensus.cc:740] T 915d28d72f5f4f83b0291761d65ec395 P 74466207e3d04809916e4c7802c6c379 [term 1 LEADER]: Becoming Follower/Learner. State: Replica: 74466207e3d04809916e4c7802c6c379, State: Running, Role: LEADER
I20260713 09:01:54.280202  6493 consensus_queue.cc:260] T 915d28d72f5f4f83b0291761d65ec395 P 74466207e3d04809916e4c7802c6c379 [NON_LEADER]: Queue going to NON_LEADER mode. State: All replicated index: 0, Majority replicated index: 1, Committed index: 1, Last appended: 1.1, Last appended by leader: 1, Current term: 1, Majority size: -1, State: 0, Mode: NON_LEADER, active raft config: opid_index: -1 OBSOLETE_local: false peers { permanent_uuid: "d8483d8d39ae4908adccade94567de49" member_type: VOTER last_known_addr { host: "127.5.167.129" port: 42317 } } peers { permanent_uuid: "74466207e3d04809916e4c7802c6c379" member_type: VOTER last_known_addr { host: "127.5.167.130" port: 35517 } } peers { permanent_uuid: "ef8ec7b7d03440c38d6e05f600941e5f" member_type: VOTER last_known_addr { host: "127.5.167.131" port: 37793 } }
I20260713 09:01:54.281443  6493 raft_consensus.cc:3060] T 915d28d72f5f4f83b0291761d65ec395 P 74466207e3d04809916e4c7802c6c379 [term 1 FOLLOWER]: Advancing to term 2
I20260713 09:01:54.284554  6565 raft_consensus.cc:2468] T 915d28d72f5f4f83b0291761d65ec395 P ef8ec7b7d03440c38d6e05f600941e5f [term 2 FOLLOWER]: Leader election vote request: Granting yes vote for candidate d8483d8d39ae4908adccade94567de49 in term 2.
I20260713 09:01:54.285535  6382 leader_election.cc:304] T 915d28d72f5f4f83b0291761d65ec395 P d8483d8d39ae4908adccade94567de49 [CANDIDATE]: Term 2 election: Election decided. Result: candidate won. Election summary: received 2 responses out of 3 voters: 2 yes votes; 0 no votes. yes voters: d8483d8d39ae4908adccade94567de49, ef8ec7b7d03440c38d6e05f600941e5f; no voters: 
I20260713 09:01:54.286329  6655 raft_consensus.cc:2804] T 915d28d72f5f4f83b0291761d65ec395 P d8483d8d39ae4908adccade94567de49 [term 2 FOLLOWER]: Leader election won for term 2
I20260713 09:01:54.286736  6655 raft_consensus.cc:697] T 915d28d72f5f4f83b0291761d65ec395 P d8483d8d39ae4908adccade94567de49 [term 2 LEADER]: Becoming Leader. State: Replica: d8483d8d39ae4908adccade94567de49, State: Running, Role: LEADER
I20260713 09:01:54.286721  6493 raft_consensus.cc:2468] T 915d28d72f5f4f83b0291761d65ec395 P 74466207e3d04809916e4c7802c6c379 [term 2 FOLLOWER]: Leader election vote request: Granting yes vote for candidate d8483d8d39ae4908adccade94567de49 in term 2.
I20260713 09:01:54.287571  6655 consensus_queue.cc:237] T 915d28d72f5f4f83b0291761d65ec395 P d8483d8d39ae4908adccade94567de49 [LEADER]: Queue going to LEADER mode. State: All replicated index: 0, Majority replicated index: 1, Committed index: 1, Last appended: 1.1, Last appended by leader: 1, Current term: 2, Majority size: 2, State: 0, Mode: LEADER, active raft config: opid_index: -1 OBSOLETE_local: false peers { permanent_uuid: "d8483d8d39ae4908adccade94567de49" member_type: VOTER last_known_addr { host: "127.5.167.129" port: 42317 } } peers { permanent_uuid: "74466207e3d04809916e4c7802c6c379" member_type: VOTER last_known_addr { host: "127.5.167.130" port: 35517 } } peers { permanent_uuid: "ef8ec7b7d03440c38d6e05f600941e5f" member_type: VOTER last_known_addr { host: "127.5.167.131" port: 37793 } }
I20260713 09:01:54.294139  6315 catalog_manager.cc:5697] T 915d28d72f5f4f83b0291761d65ec395 P d8483d8d39ae4908adccade94567de49 reported cstate change: term changed from 1 to 2, leader changed from 74466207e3d04809916e4c7802c6c379 (127.5.167.130) to d8483d8d39ae4908adccade94567de49 (127.5.167.129). New cstate: current_term: 2 leader_uuid: "d8483d8d39ae4908adccade94567de49" committed_config { opid_index: -1 OBSOLETE_local: false peers { permanent_uuid: "d8483d8d39ae4908adccade94567de49" member_type: VOTER last_known_addr { host: "127.5.167.129" port: 42317 } health_report { overall_health: HEALTHY } } peers { permanent_uuid: "74466207e3d04809916e4c7802c6c379" member_type: VOTER last_known_addr { host: "127.5.167.130" port: 35517 } health_report { overall_health: UNKNOWN } } peers { permanent_uuid: "ef8ec7b7d03440c38d6e05f600941e5f" member_type: VOTER last_known_addr { host: "127.5.167.131" port: 37793 } health_report { overall_health: UNKNOWN } } }
I20260713 09:01:54.382725  6650 consensus_queue.cc:1048] T d9da5d2ca65e4c77adb42f1d37ffd70f P 74466207e3d04809916e4c7802c6c379 [LEADER]: Connected to new peer: Peer: permanent_uuid: "d8483d8d39ae4908adccade94567de49" member_type: VOTER last_known_addr { host: "127.5.167.129" port: 42317 }, Status: LMP_MISMATCH, Last received: 0.0, Next index: 1, Last known committed idx: 0, Time since last communication: 0.000s
I20260713 09:01:54.383558  6653 consensus_queue.cc:1048] T d9da5d2ca65e4c77adb42f1d37ffd70f P 74466207e3d04809916e4c7802c6c379 [LEADER]: Connected to new peer: Peer: permanent_uuid: "ef8ec7b7d03440c38d6e05f600941e5f" member_type: VOTER last_known_addr { host: "127.5.167.131" port: 37793 }, Status: LMP_MISMATCH, Last received: 0.0, Next index: 1, Last known committed idx: 0, Time since last communication: 0.000s
I20260713 09:01:54.392339  6653 raft_consensus.cc:993] T d9da5d2ca65e4c77adb42f1d37ffd70f P 74466207e3d04809916e4c7802c6c379: : Instructing follower d8483d8d39ae4908adccade94567de49 to start an election
I20260713 09:01:54.392777  6653 raft_consensus.cc:1081] T d9da5d2ca65e4c77adb42f1d37ffd70f P 74466207e3d04809916e4c7802c6c379 [term 1 LEADER]: Signalling peer d8483d8d39ae4908adccade94567de49 to start an election
I20260713 09:01:54.395231  6418 tablet_service.cc:2044] Received Run Leader Election RPC: tablet_id: "d9da5d2ca65e4c77adb42f1d37ffd70f"
dest_uuid: "d8483d8d39ae4908adccade94567de49"
 from {username='slave'} at 127.0.0.1:44376
I20260713 09:01:54.397439  6418 raft_consensus.cc:493] T d9da5d2ca65e4c77adb42f1d37ffd70f P d8483d8d39ae4908adccade94567de49 [term 1 FOLLOWER]: Starting forced leader election (received explicit request)
I20260713 09:01:54.397832  6418 raft_consensus.cc:3060] T d9da5d2ca65e4c77adb42f1d37ffd70f P d8483d8d39ae4908adccade94567de49 [term 1 FOLLOWER]: Advancing to term 2
I20260713 09:01:54.405133  6418 raft_consensus.cc:515] T d9da5d2ca65e4c77adb42f1d37ffd70f P d8483d8d39ae4908adccade94567de49 [term 2 FOLLOWER]: Starting forced leader election with config: opid_index: -1 OBSOLETE_local: false peers { permanent_uuid: "d8483d8d39ae4908adccade94567de49" member_type: VOTER last_known_addr { host: "127.5.167.129" port: 42317 } } peers { permanent_uuid: "74466207e3d04809916e4c7802c6c379" member_type: VOTER last_known_addr { host: "127.5.167.130" port: 35517 } } peers { permanent_uuid: "ef8ec7b7d03440c38d6e05f600941e5f" member_type: VOTER last_known_addr { host: "127.5.167.131" port: 37793 } }
I20260713 09:01:54.409441  6418 leader_election.cc:290] T d9da5d2ca65e4c77adb42f1d37ffd70f P d8483d8d39ae4908adccade94567de49 [CANDIDATE]: Term 2 election: Requested vote from peers 74466207e3d04809916e4c7802c6c379 (127.5.167.130:35517), ef8ec7b7d03440c38d6e05f600941e5f (127.5.167.131:37793)
I20260713 09:01:54.410195  6493 tablet_service.cc:1917] Received RequestConsensusVote() RPC: tablet_id: "d9da5d2ca65e4c77adb42f1d37ffd70f" candidate_uuid: "d8483d8d39ae4908adccade94567de49" candidate_term: 2 candidate_status { last_received { term: 1 index: 1 } } ignore_live_leader: true dest_uuid: "74466207e3d04809916e4c7802c6c379"
I20260713 09:01:54.410423  6565 tablet_service.cc:1917] Received RequestConsensusVote() RPC: tablet_id: "d9da5d2ca65e4c77adb42f1d37ffd70f" candidate_uuid: "d8483d8d39ae4908adccade94567de49" candidate_term: 2 candidate_status { last_received { term: 1 index: 1 } } ignore_live_leader: true dest_uuid: "ef8ec7b7d03440c38d6e05f600941e5f"
I20260713 09:01:54.410806  6493 raft_consensus.cc:3055] T d9da5d2ca65e4c77adb42f1d37ffd70f P 74466207e3d04809916e4c7802c6c379 [term 1 LEADER]: Stepping down as leader of term 1
I20260713 09:01:54.410979  6565 raft_consensus.cc:3060] T d9da5d2ca65e4c77adb42f1d37ffd70f P ef8ec7b7d03440c38d6e05f600941e5f [term 1 FOLLOWER]: Advancing to term 2
I20260713 09:01:54.411207  6493 raft_consensus.cc:740] T d9da5d2ca65e4c77adb42f1d37ffd70f P 74466207e3d04809916e4c7802c6c379 [term 1 LEADER]: Becoming Follower/Learner. State: Replica: 74466207e3d04809916e4c7802c6c379, State: Running, Role: LEADER
I20260713 09:01:54.412025  6493 consensus_queue.cc:260] T d9da5d2ca65e4c77adb42f1d37ffd70f P 74466207e3d04809916e4c7802c6c379 [NON_LEADER]: Queue going to NON_LEADER mode. State: All replicated index: 0, Majority replicated index: 1, Committed index: 1, Last appended: 1.1, Last appended by leader: 1, Current term: 1, Majority size: -1, State: 0, Mode: NON_LEADER, active raft config: opid_index: -1 OBSOLETE_local: false peers { permanent_uuid: "d8483d8d39ae4908adccade94567de49" member_type: VOTER last_known_addr { host: "127.5.167.129" port: 42317 } } peers { permanent_uuid: "74466207e3d04809916e4c7802c6c379" member_type: VOTER last_known_addr { host: "127.5.167.130" port: 35517 } } peers { permanent_uuid: "ef8ec7b7d03440c38d6e05f600941e5f" member_type: VOTER last_known_addr { host: "127.5.167.131" port: 37793 } }
I20260713 09:01:54.413209  6493 raft_consensus.cc:3060] T d9da5d2ca65e4c77adb42f1d37ffd70f P 74466207e3d04809916e4c7802c6c379 [term 1 FOLLOWER]: Advancing to term 2
I20260713 09:01:54.417827  6565 raft_consensus.cc:2468] T d9da5d2ca65e4c77adb42f1d37ffd70f P ef8ec7b7d03440c38d6e05f600941e5f [term 2 FOLLOWER]: Leader election vote request: Granting yes vote for candidate d8483d8d39ae4908adccade94567de49 in term 2.
I20260713 09:01:54.419225  6382 leader_election.cc:304] T d9da5d2ca65e4c77adb42f1d37ffd70f P d8483d8d39ae4908adccade94567de49 [CANDIDATE]: Term 2 election: Election decided. Result: candidate won. Election summary: received 2 responses out of 3 voters: 2 yes votes; 0 no votes. yes voters: d8483d8d39ae4908adccade94567de49, ef8ec7b7d03440c38d6e05f600941e5f; no voters: 
I20260713 09:01:54.419997  6655 raft_consensus.cc:2804] T d9da5d2ca65e4c77adb42f1d37ffd70f P d8483d8d39ae4908adccade94567de49 [term 2 FOLLOWER]: Leader election won for term 2
I20260713 09:01:54.420054  6493 raft_consensus.cc:2468] T d9da5d2ca65e4c77adb42f1d37ffd70f P 74466207e3d04809916e4c7802c6c379 [term 2 FOLLOWER]: Leader election vote request: Granting yes vote for candidate d8483d8d39ae4908adccade94567de49 in term 2.
I20260713 09:01:54.420526  6655 raft_consensus.cc:697] T d9da5d2ca65e4c77adb42f1d37ffd70f P d8483d8d39ae4908adccade94567de49 [term 2 LEADER]: Becoming Leader. State: Replica: d8483d8d39ae4908adccade94567de49, State: Running, Role: LEADER
I20260713 09:01:54.421383  6655 consensus_queue.cc:237] T d9da5d2ca65e4c77adb42f1d37ffd70f P d8483d8d39ae4908adccade94567de49 [LEADER]: Queue going to LEADER mode. State: All replicated index: 0, Majority replicated index: 1, Committed index: 1, Last appended: 1.1, Last appended by leader: 1, Current term: 2, Majority size: 2, State: 0, Mode: LEADER, active raft config: opid_index: -1 OBSOLETE_local: false peers { permanent_uuid: "d8483d8d39ae4908adccade94567de49" member_type: VOTER last_known_addr { host: "127.5.167.129" port: 42317 } } peers { permanent_uuid: "74466207e3d04809916e4c7802c6c379" member_type: VOTER last_known_addr { host: "127.5.167.130" port: 35517 } } peers { permanent_uuid: "ef8ec7b7d03440c38d6e05f600941e5f" member_type: VOTER last_known_addr { host: "127.5.167.131" port: 37793 } }
I20260713 09:01:54.427542  6315 catalog_manager.cc:5697] T d9da5d2ca65e4c77adb42f1d37ffd70f P d8483d8d39ae4908adccade94567de49 reported cstate change: term changed from 1 to 2, leader changed from 74466207e3d04809916e4c7802c6c379 (127.5.167.130) to d8483d8d39ae4908adccade94567de49 (127.5.167.129). New cstate: current_term: 2 leader_uuid: "d8483d8d39ae4908adccade94567de49" committed_config { opid_index: -1 OBSOLETE_local: false peers { permanent_uuid: "d8483d8d39ae4908adccade94567de49" member_type: VOTER last_known_addr { host: "127.5.167.129" port: 42317 } health_report { overall_health: HEALTHY } } peers { permanent_uuid: "74466207e3d04809916e4c7802c6c379" member_type: VOTER last_known_addr { host: "127.5.167.130" port: 35517 } health_report { overall_health: UNKNOWN } } peers { permanent_uuid: "ef8ec7b7d03440c38d6e05f600941e5f" member_type: VOTER last_known_addr { host: "127.5.167.131" port: 37793 } health_report { overall_health: UNKNOWN } } }
I20260713 09:01:54.435104  6658 consensus_queue.cc:1048] T f0ee78188ca64f52a5db1cb6dc1c322c P ef8ec7b7d03440c38d6e05f600941e5f [LEADER]: Connected to new peer: Peer: permanent_uuid: "74466207e3d04809916e4c7802c6c379" member_type: VOTER last_known_addr { host: "127.5.167.130" port: 35517 }, Status: LMP_MISMATCH, Last received: 0.0, Next index: 1, Last known committed idx: 0, Time since last communication: 0.000s
I20260713 09:01:54.441567  6614 raft_consensus.cc:993] T f0ee78188ca64f52a5db1cb6dc1c322c P ef8ec7b7d03440c38d6e05f600941e5f: : Instructing follower 74466207e3d04809916e4c7802c6c379 to start an election
I20260713 09:01:54.442032  6661 raft_consensus.cc:1081] T f0ee78188ca64f52a5db1cb6dc1c322c P ef8ec7b7d03440c38d6e05f600941e5f [term 1 LEADER]: Signalling peer 74466207e3d04809916e4c7802c6c379 to start an election
I20260713 09:01:54.443847  6494 tablet_service.cc:2044] Received Run Leader Election RPC: tablet_id: "f0ee78188ca64f52a5db1cb6dc1c322c"
dest_uuid: "74466207e3d04809916e4c7802c6c379"
 from {username='slave'} at 127.0.0.1:45302
I20260713 09:01:54.444375  6494 raft_consensus.cc:493] T f0ee78188ca64f52a5db1cb6dc1c322c P 74466207e3d04809916e4c7802c6c379 [term 1 FOLLOWER]: Starting forced leader election (received explicit request)
I20260713 09:01:54.444716  6494 raft_consensus.cc:3060] T f0ee78188ca64f52a5db1cb6dc1c322c P 74466207e3d04809916e4c7802c6c379 [term 1 FOLLOWER]: Advancing to term 2
I20260713 09:01:54.446782  6661 consensus_queue.cc:1048] T f0ee78188ca64f52a5db1cb6dc1c322c P ef8ec7b7d03440c38d6e05f600941e5f [LEADER]: Connected to new peer: Peer: permanent_uuid: "d8483d8d39ae4908adccade94567de49" member_type: VOTER last_known_addr { host: "127.5.167.129" port: 42317 }, Status: LMP_MISMATCH, Last received: 0.0, Next index: 1, Last known committed idx: 0, Time since last communication: 0.000s
I20260713 09:01:54.450902  6494 raft_consensus.cc:515] T f0ee78188ca64f52a5db1cb6dc1c322c P 74466207e3d04809916e4c7802c6c379 [term 2 FOLLOWER]: Starting forced leader election with config: opid_index: -1 OBSOLETE_local: false peers { permanent_uuid: "d8483d8d39ae4908adccade94567de49" member_type: VOTER last_known_addr { host: "127.5.167.129" port: 42317 } } peers { permanent_uuid: "74466207e3d04809916e4c7802c6c379" member_type: VOTER last_known_addr { host: "127.5.167.130" port: 35517 } } peers { permanent_uuid: "ef8ec7b7d03440c38d6e05f600941e5f" member_type: VOTER last_known_addr { host: "127.5.167.131" port: 37793 } }
I20260713 09:01:54.452055  6493 raft_consensus.cc:1240] T f0ee78188ca64f52a5db1cb6dc1c322c P 74466207e3d04809916e4c7802c6c379 [term 2 FOLLOWER]: Rejecting Update request from peer ef8ec7b7d03440c38d6e05f600941e5f for earlier term 1. Current term is 2. Ops: []
I20260713 09:01:54.453877  6419 tablet_service.cc:1917] Received RequestConsensusVote() RPC: tablet_id: "f0ee78188ca64f52a5db1cb6dc1c322c" candidate_uuid: "74466207e3d04809916e4c7802c6c379" candidate_term: 2 candidate_status { last_received { term: 1 index: 1 } } ignore_live_leader: true dest_uuid: "d8483d8d39ae4908adccade94567de49"
I20260713 09:01:54.454483  6419 raft_consensus.cc:3060] T f0ee78188ca64f52a5db1cb6dc1c322c P d8483d8d39ae4908adccade94567de49 [term 1 FOLLOWER]: Advancing to term 2
I20260713 09:01:54.454696  6565 tablet_service.cc:1917] Received RequestConsensusVote() RPC: tablet_id: "f0ee78188ca64f52a5db1cb6dc1c322c" candidate_uuid: "74466207e3d04809916e4c7802c6c379" candidate_term: 2 candidate_status { last_received { term: 1 index: 1 } } ignore_live_leader: true dest_uuid: "ef8ec7b7d03440c38d6e05f600941e5f"
I20260713 09:01:54.455271  6565 raft_consensus.cc:3055] T f0ee78188ca64f52a5db1cb6dc1c322c P ef8ec7b7d03440c38d6e05f600941e5f [term 1 LEADER]: Stepping down as leader of term 1
I20260713 09:01:54.455603  6565 raft_consensus.cc:740] T f0ee78188ca64f52a5db1cb6dc1c322c P ef8ec7b7d03440c38d6e05f600941e5f [term 1 LEADER]: Becoming Follower/Learner. State: Replica: ef8ec7b7d03440c38d6e05f600941e5f, State: Running, Role: LEADER
I20260713 09:01:54.456377  6565 consensus_queue.cc:260] T f0ee78188ca64f52a5db1cb6dc1c322c P ef8ec7b7d03440c38d6e05f600941e5f [NON_LEADER]: Queue going to NON_LEADER mode. State: All replicated index: 0, Majority replicated index: 1, Committed index: 1, Last appended: 1.1, Last appended by leader: 1, Current term: 1, Majority size: -1, State: 0, Mode: NON_LEADER, active raft config: opid_index: -1 OBSOLETE_local: false peers { permanent_uuid: "d8483d8d39ae4908adccade94567de49" member_type: VOTER last_known_addr { host: "127.5.167.129" port: 42317 } } peers { permanent_uuid: "74466207e3d04809916e4c7802c6c379" member_type: VOTER last_known_addr { host: "127.5.167.130" port: 35517 } } peers { permanent_uuid: "ef8ec7b7d03440c38d6e05f600941e5f" member_type: VOTER last_known_addr { host: "127.5.167.131" port: 37793 } }
I20260713 09:01:54.457118  6658 consensus_queue.cc:1059] T f0ee78188ca64f52a5db1cb6dc1c322c P ef8ec7b7d03440c38d6e05f600941e5f [NON_LEADER]: Peer responded invalid term: Peer: permanent_uuid: "74466207e3d04809916e4c7802c6c379" member_type: VOTER last_known_addr { host: "127.5.167.130" port: 35517 }, Status: INVALID_TERM, Last received: 1.1, Next index: 2, Last known committed idx: 0, Time since last communication: 0.000s
I20260713 09:01:54.460426  6661 consensus_queue.cc:1048] T 24eb2fd7a2174b98a87d1b5d148ca56b P ef8ec7b7d03440c38d6e05f600941e5f [LEADER]: Connected to new peer: Peer: permanent_uuid: "d8483d8d39ae4908adccade94567de49" member_type: VOTER last_known_addr { host: "127.5.167.129" port: 42317 }, Status: LMP_MISMATCH, Last received: 0.0, Next index: 1, Last known committed idx: 0, Time since last communication: 0.000s
I20260713 09:01:54.462482  6419 raft_consensus.cc:2468] T f0ee78188ca64f52a5db1cb6dc1c322c P d8483d8d39ae4908adccade94567de49 [term 2 FOLLOWER]: Leader election vote request: Granting yes vote for candidate 74466207e3d04809916e4c7802c6c379 in term 2.
I20260713 09:01:54.457314  6494 leader_election.cc:290] T f0ee78188ca64f52a5db1cb6dc1c322c P 74466207e3d04809916e4c7802c6c379 [CANDIDATE]: Term 2 election: Requested vote from peers d8483d8d39ae4908adccade94567de49 (127.5.167.129:42317), ef8ec7b7d03440c38d6e05f600941e5f (127.5.167.131:37793)
I20260713 09:01:54.463333  6565 raft_consensus.cc:3060] T f0ee78188ca64f52a5db1cb6dc1c322c P ef8ec7b7d03440c38d6e05f600941e5f [term 1 FOLLOWER]: Advancing to term 2
I20260713 09:01:54.463881  6457 leader_election.cc:304] T f0ee78188ca64f52a5db1cb6dc1c322c P 74466207e3d04809916e4c7802c6c379 [CANDIDATE]: Term 2 election: Election decided. Result: candidate won. Election summary: received 2 responses out of 3 voters: 2 yes votes; 0 no votes. yes voters: 74466207e3d04809916e4c7802c6c379, d8483d8d39ae4908adccade94567de49; no voters: 
I20260713 09:01:54.464730  6615 raft_consensus.cc:2804] T f0ee78188ca64f52a5db1cb6dc1c322c P 74466207e3d04809916e4c7802c6c379 [term 2 FOLLOWER]: Leader election won for term 2
I20260713 09:01:54.465234  6615 raft_consensus.cc:697] T f0ee78188ca64f52a5db1cb6dc1c322c P 74466207e3d04809916e4c7802c6c379 [term 2 LEADER]: Becoming Leader. State: Replica: 74466207e3d04809916e4c7802c6c379, State: Running, Role: LEADER
I20260713 09:01:54.466084  6615 consensus_queue.cc:237] T f0ee78188ca64f52a5db1cb6dc1c322c P 74466207e3d04809916e4c7802c6c379 [LEADER]: Queue going to LEADER mode. State: All replicated index: 0, Majority replicated index: 0, Committed index: 0, Last appended: 1.1, Last appended by leader: 1, Current term: 2, Majority size: 2, State: 0, Mode: LEADER, active raft config: opid_index: -1 OBSOLETE_local: false peers { permanent_uuid: "d8483d8d39ae4908adccade94567de49" member_type: VOTER last_known_addr { host: "127.5.167.129" port: 42317 } } peers { permanent_uuid: "74466207e3d04809916e4c7802c6c379" member_type: VOTER last_known_addr { host: "127.5.167.130" port: 35517 } } peers { permanent_uuid: "ef8ec7b7d03440c38d6e05f600941e5f" member_type: VOTER last_known_addr { host: "127.5.167.131" port: 37793 } }
I20260713 09:01:54.472467  6565 raft_consensus.cc:2468] T f0ee78188ca64f52a5db1cb6dc1c322c P ef8ec7b7d03440c38d6e05f600941e5f [term 2 FOLLOWER]: Leader election vote request: Granting yes vote for candidate 74466207e3d04809916e4c7802c6c379 in term 2.
I20260713 09:01:54.476648  6658 consensus_queue.cc:1048] T 24eb2fd7a2174b98a87d1b5d148ca56b P ef8ec7b7d03440c38d6e05f600941e5f [LEADER]: Connected to new peer: Peer: permanent_uuid: "74466207e3d04809916e4c7802c6c379" member_type: VOTER last_known_addr { host: "127.5.167.130" port: 35517 }, Status: LMP_MISMATCH, Last received: 0.0, Next index: 1, Last known committed idx: 0, Time since last communication: 0.000s
