I20260713 09:01:50.879665  6273 consensus_queue.cc:237] T 2b7d9feea18248dcbda7e6f526a951db P f466967b018d4bd0a415a00a96bdcbca [LEADER]: Queue going to LEADER mode. State: All replicated index: 0, Majority replicated index: 2, Committed index: 2, Last appended: 2.2, Last appended by leader: 2, Current term: 3, Majority size: 2, State: 0, Mode: LEADER, active raft config: opid_index: -1 OBSOLETE_local: false peers { permanent_uuid: "f466967b018d4bd0a415a00a96bdcbca" member_type: VOTER last_known_addr { host: "127.5.164.193" port: 39021 } } peers { permanent_uuid: "550f9fc01bd54387b06696c505c8b203" member_type: VOTER last_known_addr { host: "127.5.164.194" port: 35247 } } peers { permanent_uuid: "6021a0180f2947e8966d72d15f7f8951" member_type: VOTER last_known_addr { host: "127.5.164.195" port: 33589 } }
I20260713 09:01:50.888504  6063 raft_consensus.cc:1275] T c9d14e134c64425c867c5151a71c9f7d P 6021a0180f2947e8966d72d15f7f8951 [term 4 FOLLOWER]: Refusing update from remote peer f466967b018d4bd0a415a00a96bdcbca: Log matching property violated. Preceding OpId in replica: term: 3 index: 3. Preceding OpId from leader: term: 4 index: 4. (index mismatch)
I20260713 09:01:50.888676  5808 catalog_manager.cc:5697] T 2b7d9feea18248dcbda7e6f526a951db P f466967b018d4bd0a415a00a96bdcbca reported cstate change: term changed from 2 to 3, leader changed from 550f9fc01bd54387b06696c505c8b203 (127.5.164.194) to f466967b018d4bd0a415a00a96bdcbca (127.5.164.193). New cstate: current_term: 3 leader_uuid: "f466967b018d4bd0a415a00a96bdcbca" committed_config { opid_index: -1 OBSOLETE_local: false peers { permanent_uuid: "f466967b018d4bd0a415a00a96bdcbca" member_type: VOTER last_known_addr { host: "127.5.164.193" port: 39021 } health_report { overall_health: HEALTHY } } peers { permanent_uuid: "550f9fc01bd54387b06696c505c8b203" member_type: VOTER last_known_addr { host: "127.5.164.194" port: 35247 } health_report { overall_health: UNKNOWN } } peers { permanent_uuid: "6021a0180f2947e8966d72d15f7f8951" member_type: VOTER last_known_addr { host: "127.5.164.195" port: 33589 } health_report { overall_health: UNKNOWN } } }
I20260713 09:01:50.889818  6273 consensus_queue.cc:1048] T c9d14e134c64425c867c5151a71c9f7d P f466967b018d4bd0a415a00a96bdcbca [LEADER]: Connected to new peer: Peer: permanent_uuid: "6021a0180f2947e8966d72d15f7f8951" member_type: VOTER last_known_addr { host: "127.5.164.195" port: 33589 }, Status: LMP_MISMATCH, Last received: 0.0, Next index: 4, Last known committed idx: 3, Time since last communication: 0.000s
I20260713 09:01:50.903213  5989 raft_consensus.cc:1275] T c9d14e134c64425c867c5151a71c9f7d P 550f9fc01bd54387b06696c505c8b203 [term 4 FOLLOWER]: Refusing update from remote peer f466967b018d4bd0a415a00a96bdcbca: Log matching property violated. Preceding OpId in replica: term: 3 index: 3. Preceding OpId from leader: term: 4 index: 4. (index mismatch)
I20260713 09:01:50.905782  6273 consensus_queue.cc:1048] T c9d14e134c64425c867c5151a71c9f7d P f466967b018d4bd0a415a00a96bdcbca [LEADER]: Connected to new peer: Peer: permanent_uuid: "550f9fc01bd54387b06696c505c8b203" member_type: VOTER last_known_addr { host: "127.5.164.194" port: 35247 }, Status: LMP_MISMATCH, Last received: 0.0, Next index: 4, Last known committed idx: 3, Time since last communication: 0.000s
I20260713 09:01:50.920343  6262 raft_consensus.cc:993] T d380f45d79104d3f8f844f49d2c43e2e P 550f9fc01bd54387b06696c505c8b203: : Instructing follower 6021a0180f2947e8966d72d15f7f8951 to start an election
I20260713 09:01:50.920893  6272 raft_consensus.cc:1081] T d380f45d79104d3f8f844f49d2c43e2e P 550f9fc01bd54387b06696c505c8b203 [term 2 LEADER]: Signalling peer 6021a0180f2947e8966d72d15f7f8951 to start an election
I20260713 09:01:50.922472  6063 tablet_service.cc:2044] Received Run Leader Election RPC: tablet_id: "d380f45d79104d3f8f844f49d2c43e2e"
dest_uuid: "6021a0180f2947e8966d72d15f7f8951"
 from {username='slave'} at 127.0.0.1:52018
I20260713 09:01:50.923003  6063 raft_consensus.cc:493] T d380f45d79104d3f8f844f49d2c43e2e P 6021a0180f2947e8966d72d15f7f8951 [term 2 FOLLOWER]: Starting forced leader election (received explicit request)
I20260713 09:01:50.923259  6063 raft_consensus.cc:3060] T d380f45d79104d3f8f844f49d2c43e2e P 6021a0180f2947e8966d72d15f7f8951 [term 2 FOLLOWER]: Advancing to term 3
I20260713 09:01:50.927671  6063 raft_consensus.cc:515] T d380f45d79104d3f8f844f49d2c43e2e P 6021a0180f2947e8966d72d15f7f8951 [term 3 FOLLOWER]: Starting forced leader election with config: opid_index: -1 OBSOLETE_local: false peers { permanent_uuid: "f466967b018d4bd0a415a00a96bdcbca" member_type: VOTER last_known_addr { host: "127.5.164.193" port: 39021 } } peers { permanent_uuid: "550f9fc01bd54387b06696c505c8b203" member_type: VOTER last_known_addr { host: "127.5.164.194" port: 35247 } } peers { permanent_uuid: "6021a0180f2947e8966d72d15f7f8951" member_type: VOTER last_known_addr { host: "127.5.164.195" port: 33589 } }
I20260713 09:01:50.929153  6063 leader_election.cc:290] T d380f45d79104d3f8f844f49d2c43e2e P 6021a0180f2947e8966d72d15f7f8951 [CANDIDATE]: Term 3 election: Requested vote from peers f466967b018d4bd0a415a00a96bdcbca (127.5.164.193:39021), 550f9fc01bd54387b06696c505c8b203 (127.5.164.194:35247)
I20260713 09:01:50.929817  5912 tablet_service.cc:1917] Received RequestConsensusVote() RPC: tablet_id: "d380f45d79104d3f8f844f49d2c43e2e" candidate_uuid: "6021a0180f2947e8966d72d15f7f8951" candidate_term: 3 candidate_status { last_received { term: 2 index: 2 } } ignore_live_leader: true dest_uuid: "f466967b018d4bd0a415a00a96bdcbca"
I20260713 09:01:50.930332  5912 raft_consensus.cc:3060] T d380f45d79104d3f8f844f49d2c43e2e P f466967b018d4bd0a415a00a96bdcbca [term 2 FOLLOWER]: Advancing to term 3
I20260713 09:01:50.930310  5989 tablet_service.cc:1917] Received RequestConsensusVote() RPC: tablet_id: "d380f45d79104d3f8f844f49d2c43e2e" candidate_uuid: "6021a0180f2947e8966d72d15f7f8951" candidate_term: 3 candidate_status { last_received { term: 2 index: 2 } } ignore_live_leader: true dest_uuid: "550f9fc01bd54387b06696c505c8b203"
I20260713 09:01:50.930935  5989 raft_consensus.cc:3055] T d380f45d79104d3f8f844f49d2c43e2e P 550f9fc01bd54387b06696c505c8b203 [term 2 LEADER]: Stepping down as leader of term 2
I20260713 09:01:50.931151  5989 raft_consensus.cc:740] T d380f45d79104d3f8f844f49d2c43e2e P 550f9fc01bd54387b06696c505c8b203 [term 2 LEADER]: Becoming Follower/Learner. State: Replica: 550f9fc01bd54387b06696c505c8b203, State: Running, Role: LEADER
I20260713 09:01:50.931895  5989 consensus_queue.cc:260] T d380f45d79104d3f8f844f49d2c43e2e P 550f9fc01bd54387b06696c505c8b203 [NON_LEADER]: Queue going to NON_LEADER mode. State: All replicated index: 0, Majority replicated index: 2, Committed index: 2, Last appended: 2.2, Last appended by leader: 2, Current term: 2, Majority size: -1, State: 0, Mode: NON_LEADER, active raft config: opid_index: -1 OBSOLETE_local: false peers { permanent_uuid: "f466967b018d4bd0a415a00a96bdcbca" member_type: VOTER last_known_addr { host: "127.5.164.193" port: 39021 } } peers { permanent_uuid: "550f9fc01bd54387b06696c505c8b203" member_type: VOTER last_known_addr { host: "127.5.164.194" port: 35247 } } peers { permanent_uuid: "6021a0180f2947e8966d72d15f7f8951" member_type: VOTER last_known_addr { host: "127.5.164.195" port: 33589 } }
I20260713 09:01:50.932806  5989 raft_consensus.cc:3060] T d380f45d79104d3f8f844f49d2c43e2e P 550f9fc01bd54387b06696c505c8b203 [term 2 FOLLOWER]: Advancing to term 3
I20260713 09:01:50.934430  5912 raft_consensus.cc:2468] T d380f45d79104d3f8f844f49d2c43e2e P f466967b018d4bd0a415a00a96bdcbca [term 3 FOLLOWER]: Leader election vote request: Granting yes vote for candidate 6021a0180f2947e8966d72d15f7f8951 in term 3.
I20260713 09:01:50.935273  6026 leader_election.cc:304] T d380f45d79104d3f8f844f49d2c43e2e P 6021a0180f2947e8966d72d15f7f8951 [CANDIDATE]: Term 3 election: Election decided. Result: candidate won. Election summary: received 2 responses out of 3 voters: 2 yes votes; 0 no votes. yes voters: 6021a0180f2947e8966d72d15f7f8951, f466967b018d4bd0a415a00a96bdcbca; no voters: 
I20260713 09:01:50.936110  6271 raft_consensus.cc:2804] T d380f45d79104d3f8f844f49d2c43e2e P 6021a0180f2947e8966d72d15f7f8951 [term 3 FOLLOWER]: Leader election won for term 3
I20260713 09:01:50.936617  6271 raft_consensus.cc:697] T d380f45d79104d3f8f844f49d2c43e2e P 6021a0180f2947e8966d72d15f7f8951 [term 3 LEADER]: Becoming Leader. State: Replica: 6021a0180f2947e8966d72d15f7f8951, State: Running, Role: LEADER
I20260713 09:01:50.937412  6271 consensus_queue.cc:237] T d380f45d79104d3f8f844f49d2c43e2e P 6021a0180f2947e8966d72d15f7f8951 [LEADER]: Queue going to LEADER mode. State: All replicated index: 0, Majority replicated index: 2, Committed index: 2, Last appended: 2.2, Last appended by leader: 2, Current term: 3, Majority size: 2, State: 0, Mode: LEADER, active raft config: opid_index: -1 OBSOLETE_local: false peers { permanent_uuid: "f466967b018d4bd0a415a00a96bdcbca" member_type: VOTER last_known_addr { host: "127.5.164.193" port: 39021 } } peers { permanent_uuid: "550f9fc01bd54387b06696c505c8b203" member_type: VOTER last_known_addr { host: "127.5.164.194" port: 35247 } } peers { permanent_uuid: "6021a0180f2947e8966d72d15f7f8951" member_type: VOTER last_known_addr { host: "127.5.164.195" port: 33589 } }
I20260713 09:01:50.941504  5989 raft_consensus.cc:2468] T d380f45d79104d3f8f844f49d2c43e2e P 550f9fc01bd54387b06696c505c8b203 [term 3 FOLLOWER]: Leader election vote request: Granting yes vote for candidate 6021a0180f2947e8966d72d15f7f8951 in term 3.
I20260713 09:01:50.945765  5810 catalog_manager.cc:5697] T d380f45d79104d3f8f844f49d2c43e2e P 6021a0180f2947e8966d72d15f7f8951 reported cstate change: term changed from 2 to 3, leader changed from 550f9fc01bd54387b06696c505c8b203 (127.5.164.194) to 6021a0180f2947e8966d72d15f7f8951 (127.5.164.195). New cstate: current_term: 3 leader_uuid: "6021a0180f2947e8966d72d15f7f8951" committed_config { opid_index: -1 OBSOLETE_local: false peers { permanent_uuid: "f466967b018d4bd0a415a00a96bdcbca" member_type: VOTER last_known_addr { host: "127.5.164.193" port: 39021 } health_report { overall_health: UNKNOWN } } peers { permanent_uuid: "550f9fc01bd54387b06696c505c8b203" member_type: VOTER last_known_addr { host: "127.5.164.194" port: 35247 } health_report { overall_health: UNKNOWN } } peers { permanent_uuid: "6021a0180f2947e8966d72d15f7f8951" member_type: VOTER last_known_addr { host: "127.5.164.195" port: 33589 } health_report { overall_health: HEALTHY } } }
I20260713 09:01:50.964617  6063 raft_consensus.cc:1275] T 3027706e3ac549488d88647e6306507d P 6021a0180f2947e8966d72d15f7f8951 [term 5 FOLLOWER]: Refusing update from remote peer f466967b018d4bd0a415a00a96bdcbca: Log matching property violated. Preceding OpId in replica: term: 4 index: 4. Preceding OpId from leader: term: 5 index: 5. (index mismatch)
I20260713 09:01:50.965742  6273 consensus_queue.cc:1048] T 3027706e3ac549488d88647e6306507d P f466967b018d4bd0a415a00a96bdcbca [LEADER]: Connected to new peer: Peer: permanent_uuid: "6021a0180f2947e8966d72d15f7f8951" member_type: VOTER last_known_addr { host: "127.5.164.195" port: 33589 }, Status: LMP_MISMATCH, Last received: 0.0, Next index: 5, Last known committed idx: 4, Time since last communication: 0.000s
I20260713 09:01:50.966981  5989 raft_consensus.cc:1275] T 3b2f9cbcd3754e6b93868a32caff37c5 P 550f9fc01bd54387b06696c505c8b203 [term 4 FOLLOWER]: Refusing update from remote peer 6021a0180f2947e8966d72d15f7f8951: Log matching property violated. Preceding OpId in replica: term: 3 index: 2. Preceding OpId from leader: term: 4 index: 3. (index mismatch)
I20260713 09:01:50.968286  6281 consensus_queue.cc:1048] T 3b2f9cbcd3754e6b93868a32caff37c5 P 6021a0180f2947e8966d72d15f7f8951 [LEADER]: Connected to new peer: Peer: permanent_uuid: "550f9fc01bd54387b06696c505c8b203" member_type: VOTER last_known_addr { host: "127.5.164.194" port: 35247 }, Status: LMP_MISMATCH, Last received: 0.0, Next index: 3, Last known committed idx: 2, Time since last communication: 0.000s
I20260713 09:01:50.976732  5989 raft_consensus.cc:1275] T 3027706e3ac549488d88647e6306507d P 550f9fc01bd54387b06696c505c8b203 [term 5 FOLLOWER]: Refusing update from remote peer f466967b018d4bd0a415a00a96bdcbca: Log matching property violated. Preceding OpId in replica: term: 4 index: 4. Preceding OpId from leader: term: 5 index: 5. (index mismatch)
I20260713 09:01:50.978319  6293 consensus_queue.cc:1048] T 3027706e3ac549488d88647e6306507d P f466967b018d4bd0a415a00a96bdcbca [LEADER]: Connected to new peer: Peer: permanent_uuid: "550f9fc01bd54387b06696c505c8b203" member_type: VOTER last_known_addr { host: "127.5.164.194" port: 35247 }, Status: LMP_MISMATCH, Last received: 0.0, Next index: 5, Last known committed idx: 4, Time since last communication: 0.001s
I20260713 09:01:50.980298  5912 raft_consensus.cc:1275] T 3b2f9cbcd3754e6b93868a32caff37c5 P f466967b018d4bd0a415a00a96bdcbca [term 4 FOLLOWER]: Refusing update from remote peer 6021a0180f2947e8966d72d15f7f8951: Log matching property violated. Preceding OpId in replica: term: 3 index: 2. Preceding OpId from leader: term: 4 index: 3. (index mismatch)
I20260713 09:01:50.981580  6271 consensus_queue.cc:1048] T 3b2f9cbcd3754e6b93868a32caff37c5 P 6021a0180f2947e8966d72d15f7f8951 [LEADER]: Connected to new peer: Peer: permanent_uuid: "f466967b018d4bd0a415a00a96bdcbca" member_type: VOTER last_known_addr { host: "127.5.164.193" port: 39021 }, Status: LMP_MISMATCH, Last received: 0.0, Next index: 3, Last known committed idx: 2, Time since last communication: 0.000s
I20260713 09:01:51.273043  6063 raft_consensus.cc:1275] T 2b7d9feea18248dcbda7e6f526a951db P 6021a0180f2947e8966d72d15f7f8951 [term 3 FOLLOWER]: Refusing update from remote peer f466967b018d4bd0a415a00a96bdcbca: Log matching property violated. Preceding OpId in replica: term: 2 index: 2. Preceding OpId from leader: term: 3 index: 3. (index mismatch)
I20260713 09:01:51.274189  6273 consensus_queue.cc:1048] T 2b7d9feea18248dcbda7e6f526a951db P f466967b018d4bd0a415a00a96bdcbca [LEADER]: Connected to new peer: Peer: permanent_uuid: "6021a0180f2947e8966d72d15f7f8951" member_type: VOTER last_known_addr { host: "127.5.164.195" port: 33589 }, Status: LMP_MISMATCH, Last received: 0.0, Next index: 3, Last known committed idx: 2, Time since last communication: 0.000s
I20260713 09:01:51.282563  5989 raft_consensus.cc:1275] T 2b7d9feea18248dcbda7e6f526a951db P 550f9fc01bd54387b06696c505c8b203 [term 3 FOLLOWER]: Refusing update from remote peer f466967b018d4bd0a415a00a96bdcbca: Log matching property violated. Preceding OpId in replica: term: 2 index: 2. Preceding OpId from leader: term: 3 index: 3. (index mismatch)
I20260713 09:01:51.284147  6273 consensus_queue.cc:1048] T 2b7d9feea18248dcbda7e6f526a951db P f466967b018d4bd0a415a00a96bdcbca [LEADER]: Connected to new peer: Peer: permanent_uuid: "550f9fc01bd54387b06696c505c8b203" member_type: VOTER last_known_addr { host: "127.5.164.194" port: 35247 }, Status: LMP_MISMATCH, Last received: 0.0, Next index: 3, Last known committed idx: 2, Time since last communication: 0.000s
I20260713 09:01:51.357283  5914 raft_consensus.cc:1275] T d380f45d79104d3f8f844f49d2c43e2e P f466967b018d4bd0a415a00a96bdcbca [term 3 FOLLOWER]: Refusing update from remote peer 6021a0180f2947e8966d72d15f7f8951: Log matching property violated. Preceding OpId in replica: term: 2 index: 2. Preceding OpId from leader: term: 3 index: 3. (index mismatch)
I20260713 09:01:51.358661  6271 consensus_queue.cc:1048] T d380f45d79104d3f8f844f49d2c43e2e P 6021a0180f2947e8966d72d15f7f8951 [LEADER]: Connected to new peer: Peer: permanent_uuid: "f466967b018d4bd0a415a00a96bdcbca" member_type: VOTER last_known_addr { host: "127.5.164.193" port: 39021 }, Status: LMP_MISMATCH, Last received: 0.0, Next index: 3, Last known committed idx: 2, Time since last communication: 0.000s
I20260713 09:01:51.367281  5989 raft_consensus.cc:1275] T d380f45d79104d3f8f844f49d2c43e2e P 550f9fc01bd54387b06696c505c8b203 [term 3 FOLLOWER]: Refusing update from remote peer 6021a0180f2947e8966d72d15f7f8951: Log matching property violated. Preceding OpId in replica: term: 2 index: 2. Preceding OpId from leader: term: 3 index: 3. (index mismatch)
I20260713 09:01:51.369052  6271 consensus_queue.cc:1048] T d380f45d79104d3f8f844f49d2c43e2e P 6021a0180f2947e8966d72d15f7f8951 [LEADER]: Connected to new peer: Peer: permanent_uuid: "550f9fc01bd54387b06696c505c8b203" member_type: VOTER last_known_addr { host: "127.5.164.194" port: 35247 }, Status: LMP_MISMATCH, Last received: 0.0, Next index: 3, Last known committed idx: 2, Time since last communication: 0.000s
I20260713 09:01:51.425699  5779 auto_leader_rebalancer.cc:141] leader rebalance for table test-workload
I20260713 09:01:51.431308  5779 tablet_server.cc:179] TabletServer@127.5.164.193:0 shutting down...
I20260713 09:01:51.458784  5779 ts_tablet_manager.cc:1507] Shutting down tablet manager...
I20260713 09:01:51.459422  5779 tablet_replica.cc:333] T c9d14e134c64425c867c5151a71c9f7d P f466967b018d4bd0a415a00a96bdcbca: stopping tablet replica
I20260713 09:01:51.460119  5779 raft_consensus.cc:2243] T c9d14e134c64425c867c5151a71c9f7d P f466967b018d4bd0a415a00a96bdcbca [term 4 LEADER]: Raft consensus shutting down.
I20260713 09:01:51.461267  5779 raft_consensus.cc:2272] T c9d14e134c64425c867c5151a71c9f7d P f466967b018d4bd0a415a00a96bdcbca [term 4 FOLLOWER]: Raft consensus is shut down!
I20260713 09:01:51.464012  5779 tablet_replica.cc:333] T e6538b325c604463855e3a269e4bb692 P f466967b018d4bd0a415a00a96bdcbca: stopping tablet replica
I20260713 09:01:51.464607  5779 raft_consensus.cc:2243] T e6538b325c604463855e3a269e4bb692 P f466967b018d4bd0a415a00a96bdcbca [term 3 FOLLOWER]: Raft consensus shutting down.
I20260713 09:01:51.464999  5779 raft_consensus.cc:2272] T e6538b325c604463855e3a269e4bb692 P f466967b018d4bd0a415a00a96bdcbca [term 3 FOLLOWER]: Raft consensus is shut down!
I20260713 09:01:51.466450  5779 tablet_replica.cc:333] T 3b2f9cbcd3754e6b93868a32caff37c5 P f466967b018d4bd0a415a00a96bdcbca: stopping tablet replica
I20260713 09:01:51.466898  5779 raft_consensus.cc:2243] T 3b2f9cbcd3754e6b93868a32caff37c5 P f466967b018d4bd0a415a00a96bdcbca [term 4 FOLLOWER]: Raft consensus shutting down.
I20260713 09:01:51.467267  5779 raft_consensus.cc:2272] T 3b2f9cbcd3754e6b93868a32caff37c5 P f466967b018d4bd0a415a00a96bdcbca [term 4 FOLLOWER]: Raft consensus is shut down!
I20260713 09:01:51.469306  5779 tablet_replica.cc:333] T 3027706e3ac549488d88647e6306507d P f466967b018d4bd0a415a00a96bdcbca: stopping tablet replica
I20260713 09:01:51.469779  5779 raft_consensus.cc:2243] T 3027706e3ac549488d88647e6306507d P f466967b018d4bd0a415a00a96bdcbca [term 5 LEADER]: Raft consensus shutting down.
I20260713 09:01:51.470445  5779 raft_consensus.cc:2272] T 3027706e3ac549488d88647e6306507d P f466967b018d4bd0a415a00a96bdcbca [term 5 FOLLOWER]: Raft consensus is shut down!
I20260713 09:01:51.472311  5779 tablet_replica.cc:333] T 2b7d9feea18248dcbda7e6f526a951db P f466967b018d4bd0a415a00a96bdcbca: stopping tablet replica
I20260713 09:01:51.472811  5779 raft_consensus.cc:2243] T 2b7d9feea18248dcbda7e6f526a951db P f466967b018d4bd0a415a00a96bdcbca [term 3 LEADER]: Raft consensus shutting down.
I20260713 09:01:51.473457  5779 raft_consensus.cc:2272] T 2b7d9feea18248dcbda7e6f526a951db P f466967b018d4bd0a415a00a96bdcbca [term 3 FOLLOWER]: Raft consensus is shut down!
I20260713 09:01:51.475077  5779 tablet_replica.cc:333] T 41184d7469bf4e2e83b0f235c4f9c84f P f466967b018d4bd0a415a00a96bdcbca: stopping tablet replica
I20260713 09:01:51.475529  5779 raft_consensus.cc:2243] T 41184d7469bf4e2e83b0f235c4f9c84f P f466967b018d4bd0a415a00a96bdcbca [term 3 FOLLOWER]: Raft consensus shutting down.
I20260713 09:01:51.475908  5779 raft_consensus.cc:2272] T 41184d7469bf4e2e83b0f235c4f9c84f P f466967b018d4bd0a415a00a96bdcbca [term 3 FOLLOWER]: Raft consensus is shut down!
I20260713 09:01:51.477427  5779 tablet_replica.cc:333] T 1aab96e3a8ed4730b705edc12f88902c P f466967b018d4bd0a415a00a96bdcbca: stopping tablet replica
I20260713 09:01:51.477880  5779 raft_consensus.cc:2243] T 1aab96e3a8ed4730b705edc12f88902c P f466967b018d4bd0a415a00a96bdcbca [term 3 FOLLOWER]: Raft consensus shutting down.
I20260713 09:01:51.478266  5779 raft_consensus.cc:2272] T 1aab96e3a8ed4730b705edc12f88902c P f466967b018d4bd0a415a00a96bdcbca [term 3 FOLLOWER]: Raft consensus is shut down!
I20260713 09:01:51.479769  5779 tablet_replica.cc:333] T 0656a4c8a17445e6b04c6dcf31f45c41 P f466967b018d4bd0a415a00a96bdcbca: stopping tablet replica
I20260713 09:01:51.480197  5779 raft_consensus.cc:2243] T 0656a4c8a17445e6b04c6dcf31f45c41 P f466967b018d4bd0a415a00a96bdcbca [term 1 FOLLOWER]: Raft consensus shutting down.
I20260713 09:01:51.480616  5779 raft_consensus.cc:2272] T 0656a4c8a17445e6b04c6dcf31f45c41 P f466967b018d4bd0a415a00a96bdcbca [term 1 FOLLOWER]: Raft consensus is shut down!
I20260713 09:01:51.482034  5779 tablet_replica.cc:333] T d380f45d79104d3f8f844f49d2c43e2e P f466967b018d4bd0a415a00a96bdcbca: stopping tablet replica
I20260713 09:01:51.482494  5779 raft_consensus.cc:2243] T d380f45d79104d3f8f844f49d2c43e2e P f466967b018d4bd0a415a00a96bdcbca [term 3 FOLLOWER]: Raft consensus shutting down.
I20260713 09:01:51.482880  5779 raft_consensus.cc:2272] T d380f45d79104d3f8f844f49d2c43e2e P f466967b018d4bd0a415a00a96bdcbca [term 3 FOLLOWER]: Raft consensus is shut down!
I20260713 09:01:51.574239  5779 tablet_server.cc:196] TabletServer@127.5.164.193:0 shutdown complete.
I20260713 09:01:51.591969  5779 tablet_server.cc:179] TabletServer@127.5.164.194:0 shutting down...
I20260713 09:01:51.614493  5779 ts_tablet_manager.cc:1507] Shutting down tablet manager...
I20260713 09:01:51.615051  5779 tablet_replica.cc:333] T d380f45d79104d3f8f844f49d2c43e2e P 550f9fc01bd54387b06696c505c8b203: stopping tablet replica
I20260713 09:01:51.615535  5779 raft_consensus.cc:2243] T d380f45d79104d3f8f844f49d2c43e2e P 550f9fc01bd54387b06696c505c8b203 [term 3 FOLLOWER]: Raft consensus shutting down.
I20260713 09:01:51.615891  5779 raft_consensus.cc:2272] T d380f45d79104d3f8f844f49d2c43e2e P 550f9fc01bd54387b06696c505c8b203 [term 3 FOLLOWER]: Raft consensus is shut down!
I20260713 09:01:51.617820  5779 tablet_replica.cc:333] T 0656a4c8a17445e6b04c6dcf31f45c41 P 550f9fc01bd54387b06696c505c8b203: stopping tablet replica
I20260713 09:01:51.618310  5779 raft_consensus.cc:2243] T 0656a4c8a17445e6b04c6dcf31f45c41 P 550f9fc01bd54387b06696c505c8b203 [term 1 FOLLOWER]: Raft consensus shutting down.
I20260713 09:01:51.618673  5779 raft_consensus.cc:2272] T 0656a4c8a17445e6b04c6dcf31f45c41 P 550f9fc01bd54387b06696c505c8b203 [term 1 FOLLOWER]: Raft consensus is shut down!
I20260713 09:01:51.620178  5779 tablet_replica.cc:333] T c9d14e134c64425c867c5151a71c9f7d P 550f9fc01bd54387b06696c505c8b203: stopping tablet replica
I20260713 09:01:51.620714  5779 raft_consensus.cc:2243] T c9d14e134c64425c867c5151a71c9f7d P 550f9fc01bd54387b06696c505c8b203 [term 4 FOLLOWER]: Raft consensus shutting down.
I20260713 09:01:51.621080  5779 raft_consensus.cc:2272] T c9d14e134c64425c867c5151a71c9f7d P 550f9fc01bd54387b06696c505c8b203 [term 4 FOLLOWER]: Raft consensus is shut down!
I20260713 09:01:51.622782  5779 tablet_replica.cc:333] T 2b7d9feea18248dcbda7e6f526a951db P 550f9fc01bd54387b06696c505c8b203: stopping tablet replica
I20260713 09:01:51.623307  5779 raft_consensus.cc:2243] T 2b7d9feea18248dcbda7e6f526a951db P 550f9fc01bd54387b06696c505c8b203 [term 3 FOLLOWER]: Raft consensus shutting down.
I20260713 09:01:51.623683  5779 raft_consensus.cc:2272] T 2b7d9feea18248dcbda7e6f526a951db P 550f9fc01bd54387b06696c505c8b203 [term 3 FOLLOWER]: Raft consensus is shut down!
I20260713 09:01:51.625561  5779 tablet_replica.cc:333] T 3027706e3ac549488d88647e6306507d P 550f9fc01bd54387b06696c505c8b203: stopping tablet replica
I20260713 09:01:51.626017  5779 raft_consensus.cc:2243] T 3027706e3ac549488d88647e6306507d P 550f9fc01bd54387b06696c505c8b203 [term 5 FOLLOWER]: Raft consensus shutting down.
I20260713 09:01:51.626413  5779 raft_consensus.cc:2272] T 3027706e3ac549488d88647e6306507d P 550f9fc01bd54387b06696c505c8b203 [term 5 FOLLOWER]: Raft consensus is shut down!
I20260713 09:01:51.628551  5779 tablet_replica.cc:333] T 3b2f9cbcd3754e6b93868a32caff37c5 P 550f9fc01bd54387b06696c505c8b203: stopping tablet replica
I20260713 09:01:51.629107  5779 raft_consensus.cc:2243] T 3b2f9cbcd3754e6b93868a32caff37c5 P 550f9fc01bd54387b06696c505c8b203 [term 4 FOLLOWER]: Raft consensus shutting down.
I20260713 09:01:51.629500  5779 raft_consensus.cc:2272] T 3b2f9cbcd3754e6b93868a32caff37c5 P 550f9fc01bd54387b06696c505c8b203 [term 4 FOLLOWER]: Raft consensus is shut down!
W20260713 09:01:51.630024  5952 proxy.cc:239] Call had error, refreshing address and retrying: Network error: Client connection negotiation failed: client connection to 127.5.164.193:39021: connect: Connection refused (error 111)
I20260713 09:01:51.631773  5779 tablet_replica.cc:333] T 1aab96e3a8ed4730b705edc12f88902c P 550f9fc01bd54387b06696c505c8b203: stopping tablet replica
I20260713 09:01:51.632448  5779 raft_consensus.cc:2243] T 1aab96e3a8ed4730b705edc12f88902c P 550f9fc01bd54387b06696c505c8b203 [term 3 LEADER]: Raft consensus shutting down.
I20260713 09:01:51.633270  5779 raft_consensus.cc:2272] T 1aab96e3a8ed4730b705edc12f88902c P 550f9fc01bd54387b06696c505c8b203 [term 3 FOLLOWER]: Raft consensus is shut down!
W20260713 09:01:51.633329  5952 consensus_peers.cc:597] T e6538b325c604463855e3a269e4bb692 P 550f9fc01bd54387b06696c505c8b203 -> Peer f466967b018d4bd0a415a00a96bdcbca (127.5.164.193:39021): Couldn't send request to peer f466967b018d4bd0a415a00a96bdcbca. Status: Network error: Client connection negotiation failed: client connection to 127.5.164.193:39021: connect: Connection refused (error 111). This is attempt 1: this message will repeat every 5th retry.
I20260713 09:01:51.634936  5779 tablet_replica.cc:333] T 41184d7469bf4e2e83b0f235c4f9c84f P 550f9fc01bd54387b06696c505c8b203: stopping tablet replica
I20260713 09:01:51.635349  5779 raft_consensus.cc:2243] T 41184d7469bf4e2e83b0f235c4f9c84f P 550f9fc01bd54387b06696c505c8b203 [term 3 LEADER]: Raft consensus shutting down.
I20260713 09:01:51.636008  5779 raft_consensus.cc:2272] T 41184d7469bf4e2e83b0f235c4f9c84f P 550f9fc01bd54387b06696c505c8b203 [term 3 FOLLOWER]: Raft consensus is shut down!
I20260713 09:01:51.637683  5779 tablet_replica.cc:333] T e6538b325c604463855e3a269e4bb692 P 550f9fc01bd54387b06696c505c8b203: stopping tablet replica
I20260713 09:01:51.638110  5779 raft_consensus.cc:2243] T e6538b325c604463855e3a269e4bb692 P 550f9fc01bd54387b06696c505c8b203 [term 3 LEADER]: Raft consensus shutting down.
I20260713 09:01:51.638792  5779 raft_consensus.cc:2272] T e6538b325c604463855e3a269e4bb692 P 550f9fc01bd54387b06696c505c8b203 [term 3 FOLLOWER]: Raft consensus is shut down!
W20260713 09:01:51.641614  6026 consensus_peers.cc:597] T 0656a4c8a17445e6b04c6dcf31f45c41 P 6021a0180f2947e8966d72d15f7f8951 -> Peer f466967b018d4bd0a415a00a96bdcbca (127.5.164.193:39021): Couldn't send request to peer f466967b018d4bd0a415a00a96bdcbca. Status: Network error: Client connection negotiation failed: client connection to 127.5.164.193:39021: connect: Connection refused (error 111). This is attempt 1: this message will repeat every 5th retry.
I20260713 09:01:51.664601  5779 tablet_server.cc:196] TabletServer@127.5.164.194:0 shutdown complete.
I20260713 09:01:51.679870  5779 tablet_server.cc:179] TabletServer@127.5.164.195:0 shutting down...
I20260713 09:01:51.701414  5779 ts_tablet_manager.cc:1507] Shutting down tablet manager...
I20260713 09:01:51.702133  5779 tablet_replica.cc:333] T e6538b325c604463855e3a269e4bb692 P 6021a0180f2947e8966d72d15f7f8951: stopping tablet replica
I20260713 09:01:51.702693  5779 raft_consensus.cc:2243] T e6538b325c604463855e3a269e4bb692 P 6021a0180f2947e8966d72d15f7f8951 [term 3 FOLLOWER]: Raft consensus shutting down.
I20260713 09:01:51.703136  5779 raft_consensus.cc:2272] T e6538b325c604463855e3a269e4bb692 P 6021a0180f2947e8966d72d15f7f8951 [term 3 FOLLOWER]: Raft consensus is shut down!
I20260713 09:01:51.704793  5779 tablet_replica.cc:333] T 2b7d9feea18248dcbda7e6f526a951db P 6021a0180f2947e8966d72d15f7f8951: stopping tablet replica
I20260713 09:01:51.705286  5779 raft_consensus.cc:2243] T 2b7d9feea18248dcbda7e6f526a951db P 6021a0180f2947e8966d72d15f7f8951 [term 3 FOLLOWER]: Raft consensus shutting down.
I20260713 09:01:51.705672  5779 raft_consensus.cc:2272] T 2b7d9feea18248dcbda7e6f526a951db P 6021a0180f2947e8966d72d15f7f8951 [term 3 FOLLOWER]: Raft consensus is shut down!
I20260713 09:01:51.707571  5779 tablet_replica.cc:333] T 41184d7469bf4e2e83b0f235c4f9c84f P 6021a0180f2947e8966d72d15f7f8951: stopping tablet replica
I20260713 09:01:51.708050  5779 raft_consensus.cc:2243] T 41184d7469bf4e2e83b0f235c4f9c84f P 6021a0180f2947e8966d72d15f7f8951 [term 3 FOLLOWER]: Raft consensus shutting down.
I20260713 09:01:51.708455  5779 raft_consensus.cc:2272] T 41184d7469bf4e2e83b0f235c4f9c84f P 6021a0180f2947e8966d72d15f7f8951 [term 3 FOLLOWER]: Raft consensus is shut down!
I20260713 09:01:51.710057  5779 tablet_replica.cc:333] T 1aab96e3a8ed4730b705edc12f88902c P 6021a0180f2947e8966d72d15f7f8951: stopping tablet replica
I20260713 09:01:51.710533  5779 raft_consensus.cc:2243] T 1aab96e3a8ed4730b705edc12f88902c P 6021a0180f2947e8966d72d15f7f8951 [term 3 FOLLOWER]: Raft consensus shutting down.
I20260713 09:01:51.710907  5779 raft_consensus.cc:2272] T 1aab96e3a8ed4730b705edc12f88902c P 6021a0180f2947e8966d72d15f7f8951 [term 3 FOLLOWER]: Raft consensus is shut down!
I20260713 09:01:51.712379  5779 tablet_replica.cc:333] T d380f45d79104d3f8f844f49d2c43e2e P 6021a0180f2947e8966d72d15f7f8951: stopping tablet replica
I20260713 09:01:51.712891  5779 raft_consensus.cc:2243] T d380f45d79104d3f8f844f49d2c43e2e P 6021a0180f2947e8966d72d15f7f8951 [term 3 LEADER]: Raft consensus shutting down.
I20260713 09:01:51.713558  5779 raft_consensus.cc:2272] T d380f45d79104d3f8f844f49d2c43e2e P 6021a0180f2947e8966d72d15f7f8951 [term 3 FOLLOWER]: Raft consensus is shut down!
I20260713 09:01:51.715296  5779 tablet_replica.cc:333] T 0656a4c8a17445e6b04c6dcf31f45c41 P 6021a0180f2947e8966d72d15f7f8951: stopping tablet replica
I20260713 09:01:51.715785  5779 raft_consensus.cc:2243] T 0656a4c8a17445e6b04c6dcf31f45c41 P 6021a0180f2947e8966d72d15f7f8951 [term 1 LEADER]: Raft consensus shutting down.
I20260713 09:01:51.716483  5779 raft_consensus.cc:2272] T 0656a4c8a17445e6b04c6dcf31f45c41 P 6021a0180f2947e8966d72d15f7f8951 [term 1 FOLLOWER]: Raft consensus is shut down!
I20260713 09:01:51.718055  5779 tablet_replica.cc:333] T 3b2f9cbcd3754e6b93868a32caff37c5 P 6021a0180f2947e8966d72d15f7f8951: stopping tablet replica
I20260713 09:01:51.718504  5779 raft_consensus.cc:2243] T 3b2f9cbcd3754e6b93868a32caff37c5 P 6021a0180f2947e8966d72d15f7f8951 [term 4 LEADER]: Raft consensus shutting down.
I20260713 09:01:51.719111  5779 raft_consensus.cc:2272] T 3b2f9cbcd3754e6b93868a32caff37c5 P 6021a0180f2947e8966d72d15f7f8951 [term 4 FOLLOWER]: Raft consensus is shut down!
I20260713 09:01:51.720791  5779 tablet_replica.cc:333] T 3027706e3ac549488d88647e6306507d P 6021a0180f2947e8966d72d15f7f8951: stopping tablet replica
I20260713 09:01:51.721232  5779 raft_consensus.cc:2243] T 3027706e3ac549488d88647e6306507d P 6021a0180f2947e8966d72d15f7f8951 [term 5 FOLLOWER]: Raft consensus shutting down.
I20260713 09:01:51.721614  5779 raft_consensus.cc:2272] T 3027706e3ac549488d88647e6306507d P 6021a0180f2947e8966d72d15f7f8951 [term 5 FOLLOWER]: Raft consensus is shut down!
I20260713 09:01:51.723250  5779 tablet_replica.cc:333] T c9d14e134c64425c867c5151a71c9f7d P 6021a0180f2947e8966d72d15f7f8951: stopping tablet replica
I20260713 09:01:51.723809  5779 raft_consensus.cc:2243] T c9d14e134c64425c867c5151a71c9f7d P 6021a0180f2947e8966d72d15f7f8951 [term 4 FOLLOWER]: Raft consensus shutting down.
I20260713 09:01:51.724149  5779 raft_consensus.cc:2272] T c9d14e134c64425c867c5151a71c9f7d P 6021a0180f2947e8966d72d15f7f8951 [term 4 FOLLOWER]: Raft consensus is shut down!
I20260713 09:01:51.750555  5779 tablet_server.cc:196] TabletServer@127.5.164.195:0 shutdown complete.
I20260713 09:01:51.766722  5779 master.cc:562] Master@127.5.164.254:38681 shutting down...
I20260713 09:01:51.865072  5779 raft_consensus.cc:2243] T 00000000000000000000000000000000 P af4fccfd5bd04eb6b1a0347782236ef9 [term 1 LEADER]: Raft consensus shutting down.
I20260713 09:01:51.865571  5779 raft_consensus.cc:2272] T 00000000000000000000000000000000 P af4fccfd5bd04eb6b1a0347782236ef9 [term 1 FOLLOWER]: Raft consensus is shut down!
I20260713 09:01:51.865842  5779 tablet_replica.cc:333] T 00000000000000000000000000000000 P af4fccfd5bd04eb6b1a0347782236ef9: stopping tablet replica
I20260713 09:01:51.885164  5779 master.cc:584] Master@127.5.164.254:38681 shutdown complete.
550f9fc01bd54387b06696c505c8b203  4
6021a0180f2947e8966d72d15f7f8951  1
f466967b018d4bd0a415a00a96bdcbca  4
[       OK ] LeaderRebalancerTest.FunctionalTestForDivided (13689 ms)
[ RUN      ] LeaderRebalancerTest.FunctionalTestForNotDivided
I20260713 09:01:51.923863  5779 internal_mini_cluster.cc:156] Creating distributed mini masters. Addrs: 127.5.164.254:42355
I20260713 09:01:51.925037  5779 file_cache.cc:504] Constructed file cache file cache with capacity 419430
W20260713 09:01:51.930472  6306 instance_detector.cc:116] could not retrieve Azure instance metadata: Network error: curl error: HTTP response code said error: The requested URL returned error: 404
W20260713 09:01:51.930667  6305 instance_detector.cc:116] could not retrieve AWS instance metadata: Network error: curl error: HTTP response code said error: The requested URL returned error: 404
W20260713 09:01:51.932217  6308 instance_detector.cc:116] could not retrieve OpenStack instance metadata: Network error: curl error: HTTP response code said error: The requested URL returned error: 404
I20260713 09:01:51.932924  5779 server_base.cc:1061] running on GCE node
I20260713 09:01:51.933755  5779 hybrid_clock.cc:584] initializing the hybrid clock with 'system_unsync' time source
W20260713 09:01:51.933956  5779 system_unsync_time.cc:38] NTP support is disabled. Clock error bounds will not be accurate. This configuration is not suitable for distributed clusters.
I20260713 09:01:51.934118  5779 hybrid_clock.cc:648] HybridClock initialized: now 1783933311934101 us; error 0 us; skew 500 ppm
I20260713 09:01:51.934636  5779 server_base.cc:861] Flag tcmalloc_max_total_thread_cache_bytes is not working since tcmalloc is not enabled.
I20260713 09:01:51.937081  5779 webserver.cc:533] Webserver started at http://127.5.164.254:41555/ using document root <none> and password file <none>
I20260713 09:01:51.937554  5779 fs_manager.cc:362] Metadata directory not provided
I20260713 09:01:51.937752  5779 fs_manager.cc:368] Using write-ahead log directory (fs_wal_dir) as metadata directory
I20260713 09:01:51.938015  5779 server_base.cc:909] This appears to be a new deployment of Kudu; creating new FS layout
I20260713 09:01:51.939069  5779 fs_manager.cc:1068] Generated new instance metadata in path /tmp/dist-test-taskKJFKn7/test-tmp/auto_leader_rebalancer-test.0.LeaderRebalancerTest.FunctionalTestForNotDivided.1783933298069111-5779-0/minicluster-data/master-0-root/instance:
uuid: "0b4d4538faa04c32a56d84db9949021c"
format_stamp: "Formatted at 2026-07-13 09:01:51 on dist-test-slave-7v4z"
I20260713 09:01:51.943288  5779 fs_manager.cc:696] Time spent creating directory manager: real 0.004s	user 0.000s	sys 0.006s
I20260713 09:01:51.946396  6313 log_block_manager.cc:4127] Time spent loading block containers with low live blocks: real 0.000s	user 0.000s	sys 0.000s
I20260713 09:01:51.947216  5779 fs_manager.cc:730] Time spent opening block manager: real 0.002s	user 0.001s	sys 0.000s
I20260713 09:01:51.947461  5779 fs_manager.cc:647] Opened local filesystem: /tmp/dist-test-taskKJFKn7/test-tmp/auto_leader_rebalancer-test.0.LeaderRebalancerTest.FunctionalTestForNotDivided.1783933298069111-5779-0/minicluster-data/master-0-root
uuid: "0b4d4538faa04c32a56d84db9949021c"
format_stamp: "Formatted at 2026-07-13 09:01:51 on dist-test-slave-7v4z"
I20260713 09:01:51.947691  5779 fs_report.cc:389] FS layout report
--------------------
wal directory: /tmp/dist-test-taskKJFKn7/test-tmp/auto_leader_rebalancer-test.0.LeaderRebalancerTest.FunctionalTestForNotDivided.1783933298069111-5779-0/minicluster-data/master-0-root
metadata directory: /tmp/dist-test-taskKJFKn7/test-tmp/auto_leader_rebalancer-test.0.LeaderRebalancerTest.FunctionalTestForNotDivided.1783933298069111-5779-0/minicluster-data/master-0-root
1 data directories: /tmp/dist-test-taskKJFKn7/test-tmp/auto_leader_rebalancer-test.0.LeaderRebalancerTest.FunctionalTestForNotDivided.1783933298069111-5779-0/minicluster-data/master-0-root/data
Total live blocks: 0
Total live bytes: 0
Total live bytes (after alignment): 0
Total number of LBM containers: 0 (0 full)
Did not check for missing blocks
Did not check for orphaned blocks
Total full LBM containers with extra space: 0 (0 repaired)
Total full LBM container extra space in bytes: 0 (0 repaired)
Total incomplete LBM containers: 0 (0 repaired)
Total LBM partial records: 0 (0 repaired)
Total corrupted LBM metadata records in RocksDB: 0 (0 repaired)
I20260713 09:01:51.961721  5779 rpc_server.cc:225] running with OpenSSL 1.1.1  11 Sep 2018
I20260713 09:01:51.962874  5779 kserver.cc:163] Server-wide thread pool size limit: 3276
I20260713 09:01:52.001166  5779 rpc_server.cc:307] RPC server started. Bound to: 127.5.164.254:42355
I20260713 09:01:52.001263  6364 acceptor_pool.cc:272] collecting diagnostics on the listening RPC socket 127.5.164.254:42355 every 8 connection(s)
I20260713 09:01:52.005251  6365 data_dirs.cc:400] Could only allocate 1 dirs of requested 3 for tablet 00000000000000000000000000000000. 1 dirs total, 0 dirs full, 0 dirs failed
I20260713 09:01:52.015027  6365 tablet_bootstrap.cc:492] T 00000000000000000000000000000000 P 0b4d4538faa04c32a56d84db9949021c: Bootstrap starting.
I20260713 09:01:52.019863  6365 tablet_bootstrap.cc:654] T 00000000000000000000000000000000 P 0b4d4538faa04c32a56d84db9949021c: Neither blocks nor log segments found. Creating new log.
I20260713 09:01:52.024025  6365 tablet_bootstrap.cc:492] T 00000000000000000000000000000000 P 0b4d4538faa04c32a56d84db9949021c: No bootstrap required, opened a new log
I20260713 09:01:52.026180  6365 raft_consensus.cc:359] T 00000000000000000000000000000000 P 0b4d4538faa04c32a56d84db9949021c [term 0 FOLLOWER]: Replica starting. Triggering 0 pending ops. Active config: opid_index: -1 OBSOLETE_local: true peers { permanent_uuid: "0b4d4538faa04c32a56d84db9949021c" member_type: VOTER }
I20260713 09:01:52.026556  6365 raft_consensus.cc:385] T 00000000000000000000000000000000 P 0b4d4538faa04c32a56d84db9949021c [term 0 FOLLOWER]: Consensus starting up: Expiring failure detector timer to make a prompt election more likely
I20260713 09:01:52.026852  6365 raft_consensus.cc:740] T 00000000000000000000000000000000 P 0b4d4538faa04c32a56d84db9949021c [term 0 FOLLOWER]: Becoming Follower/Learner. State: Replica: 0b4d4538faa04c32a56d84db9949021c, State: Initialized, Role: FOLLOWER
I20260713 09:01:52.027459  6365 consensus_queue.cc:260] T 00000000000000000000000000000000 P 0b4d4538faa04c32a56d84db9949021c [NON_LEADER]: Queue going to NON_LEADER mode. State: All replicated index: 0, Majority replicated index: 0, Committed index: 0, Last appended: 0.0, Last appended by leader: 0, Current term: 0, Majority size: -1, State: 0, Mode: NON_LEADER, active raft config: opid_index: -1 OBSOLETE_local: true peers { permanent_uuid: "0b4d4538faa04c32a56d84db9949021c" member_type: VOTER }
I20260713 09:01:52.027930  6365 raft_consensus.cc:399] T 00000000000000000000000000000000 P 0b4d4538faa04c32a56d84db9949021c [term 0 FOLLOWER]: Only one voter in the Raft config. Triggering election immediately
I20260713 09:01:52.028189  6365 raft_consensus.cc:493] T 00000000000000000000000000000000 P 0b4d4538faa04c32a56d84db9949021c [term 0 FOLLOWER]: Starting leader election (initial election of a single-replica configuration)
I20260713 09:01:52.028519  6365 raft_consensus.cc:3060] T 00000000000000000000000000000000 P 0b4d4538faa04c32a56d84db9949021c [term 0 FOLLOWER]: Advancing to term 1
I20260713 09:01:52.032593  6365 raft_consensus.cc:515] T 00000000000000000000000000000000 P 0b4d4538faa04c32a56d84db9949021c [term 1 FOLLOWER]: Starting leader election with config: opid_index: -1 OBSOLETE_local: true peers { permanent_uuid: "0b4d4538faa04c32a56d84db9949021c" member_type: VOTER }
I20260713 09:01:52.033130  6365 leader_election.cc:304] T 00000000000000000000000000000000 P 0b4d4538faa04c32a56d84db9949021c [CANDIDATE]: Term 1 election: Election decided. Result: candidate won. Election summary: received 1 responses out of 1 voters: 1 yes votes; 0 no votes. yes voters: 0b4d4538faa04c32a56d84db9949021c; no voters: 
I20260713 09:01:52.034233  6365 leader_election.cc:290] T 00000000000000000000000000000000 P 0b4d4538faa04c32a56d84db9949021c [CANDIDATE]: Term 1 election: Requested vote from peers 
I20260713 09:01:52.034600  6368 raft_consensus.cc:2804] T 00000000000000000000000000000000 P 0b4d4538faa04c32a56d84db9949021c [term 1 FOLLOWER]: Leader election won for term 1
I20260713 09:01:52.035902  6368 raft_consensus.cc:697] T 00000000000000000000000000000000 P 0b4d4538faa04c32a56d84db9949021c [term 1 LEADER]: Becoming Leader. State: Replica: 0b4d4538faa04c32a56d84db9949021c, State: Running, Role: LEADER
I20260713 09:01:52.036633  6368 consensus_queue.cc:237] T 00000000000000000000000000000000 P 0b4d4538faa04c32a56d84db9949021c [LEADER]: Queue going to LEADER mode. State: All replicated index: 0, Majority replicated index: 0, Committed index: 0, Last appended: 0.0, Last appended by leader: 0, Current term: 1, Majority size: 1, State: 0, Mode: LEADER, active raft config: opid_index: -1 OBSOLETE_local: true peers { permanent_uuid: "0b4d4538faa04c32a56d84db9949021c" member_type: VOTER }
I20260713 09:01:52.037426  6365 sys_catalog.cc:565] T 00000000000000000000000000000000 P 0b4d4538faa04c32a56d84db9949021c [sys.catalog]: configured and running, proceeding with master startup.
I20260713 09:01:52.039561  6369 sys_catalog.cc:455] T 00000000000000000000000000000000 P 0b4d4538faa04c32a56d84db9949021c [sys.catalog]: SysCatalogTable state changed. Reason: RaftConsensus started. Latest consensus state: current_term: 1 leader_uuid: "0b4d4538faa04c32a56d84db9949021c" committed_config { opid_index: -1 OBSOLETE_local: true peers { permanent_uuid: "0b4d4538faa04c32a56d84db9949021c" member_type: VOTER } }
I20260713 09:01:52.039557  6370 sys_catalog.cc:455] T 00000000000000000000000000000000 P 0b4d4538faa04c32a56d84db9949021c [sys.catalog]: SysCatalogTable state changed. Reason: New leader 0b4d4538faa04c32a56d84db9949021c. Latest consensus state: current_term: 1 leader_uuid: "0b4d4538faa04c32a56d84db9949021c" committed_config { opid_index: -1 OBSOLETE_local: true peers { permanent_uuid: "0b4d4538faa04c32a56d84db9949021c" member_type: VOTER } }
I20260713 09:01:52.040367  6370 sys_catalog.cc:458] T 00000000000000000000000000000000 P 0b4d4538faa04c32a56d84db9949021c [sys.catalog]: This master's current role is: LEADER
I20260713 09:01:52.040336  6369 sys_catalog.cc:458] T 00000000000000000000000000000000 P 0b4d4538faa04c32a56d84db9949021c [sys.catalog]: This master's current role is: LEADER
I20260713 09:01:52.043316  6374 catalog_manager.cc:1511] Loading table and tablet metadata into memory...
I20260713 09:01:52.052698  6374 catalog_manager.cc:1520] Initializing Kudu cluster ID...
I20260713 09:01:52.053658  5779 internal_mini_cluster.cc:184] Waiting to initialize catalog manager on master 0
I20260713 09:01:52.061468  6374 catalog_manager.cc:1383] Generated new cluster ID: 79375832d832495888ef70e0cbe8612b
I20260713 09:01:52.061743  6374 catalog_manager.cc:1531] Initializing Kudu internal certificate authority...
I20260713 09:01:52.094378  6374 catalog_manager.cc:1406] Generated new certificate authority record
I20260713 09:01:52.095708  6374 catalog_manager.cc:1540] Loading token signing keys...
I20260713 09:01:52.107016  6374 catalog_manager.cc:6070] T 00000000000000000000000000000000 P 0b4d4538faa04c32a56d84db9949021c: Generated new TSK 0
I20260713 09:01:52.107599  6374 catalog_manager.cc:1550] Initializing in-progress tserver states...
I20260713 09:01:52.119802  5779 file_cache.cc:504] Constructed file cache file cache with capacity 419430
W20260713 09:01:52.125451  6386 instance_detector.cc:116] could not retrieve AWS instance metadata: Network error: curl error: HTTP response code said error: The requested URL returned error: 404
W20260713 09:01:52.126572  6387 instance_detector.cc:116] could not retrieve Azure instance metadata: Network error: curl error: HTTP response code said error: The requested URL returned error: 404
I20260713 09:01:52.128216  5779 server_base.cc:1061] running on GCE node
W20260713 09:01:52.128659  6389 instance_detector.cc:116] could not retrieve OpenStack instance metadata: Network error: curl error: HTTP response code said error: The requested URL returned error: 404
I20260713 09:01:52.129465  5779 hybrid_clock.cc:584] initializing the hybrid clock with 'system_unsync' time source
W20260713 09:01:52.129648  5779 system_unsync_time.cc:38] NTP support is disabled. Clock error bounds will not be accurate. This configuration is not suitable for distributed clusters.
I20260713 09:01:52.129843  5779 hybrid_clock.cc:648] HybridClock initialized: now 1783933312129825 us; error 0 us; skew 500 ppm
I20260713 09:01:52.130368  5779 server_base.cc:861] Flag tcmalloc_max_total_thread_cache_bytes is not working since tcmalloc is not enabled.
I20260713 09:01:52.132776  5779 webserver.cc:533] Webserver started at http://127.5.164.193:43699/ using document root <none> and password file <none>
I20260713 09:01:52.133232  5779 fs_manager.cc:362] Metadata directory not provided
I20260713 09:01:52.133430  5779 fs_manager.cc:368] Using write-ahead log directory (fs_wal_dir) as metadata directory
I20260713 09:01:52.133684  5779 server_base.cc:909] This appears to be a new deployment of Kudu; creating new FS layout
I20260713 09:01:52.134699  5779 fs_manager.cc:1068] Generated new instance metadata in path /tmp/dist-test-taskKJFKn7/test-tmp/auto_leader_rebalancer-test.0.LeaderRebalancerTest.FunctionalTestForNotDivided.1783933298069111-5779-0/minicluster-data/ts-0-root/instance:
uuid: "0a396460a13c4e4b9309e124b005c541"
format_stamp: "Formatted at 2026-07-13 09:01:52 on dist-test-slave-7v4z"
I20260713 09:01:52.138990  5779 fs_manager.cc:696] Time spent creating directory manager: real 0.004s	user 0.002s	sys 0.004s
I20260713 09:01:52.142086  6394 log_block_manager.cc:4127] Time spent loading block containers with low live blocks: real 0.000s	user 0.000s	sys 0.000s
I20260713 09:01:52.142787  5779 fs_manager.cc:730] Time spent opening block manager: real 0.002s	user 0.001s	sys 0.000s
I20260713 09:01:52.143057  5779 fs_manager.cc:647] Opened local filesystem: /tmp/dist-test-taskKJFKn7/test-tmp/auto_leader_rebalancer-test.0.LeaderRebalancerTest.FunctionalTestForNotDivided.1783933298069111-5779-0/minicluster-data/ts-0-root
uuid: "0a396460a13c4e4b9309e124b005c541"
format_stamp: "Formatted at 2026-07-13 09:01:52 on dist-test-slave-7v4z"
I20260713 09:01:52.143343  5779 fs_report.cc:389] FS layout report
--------------------
wal directory: /tmp/dist-test-taskKJFKn7/test-tmp/auto_leader_rebalancer-test.0.LeaderRebalancerTest.FunctionalTestForNotDivided.1783933298069111-5779-0/minicluster-data/ts-0-root
metadata directory: /tmp/dist-test-taskKJFKn7/test-tmp/auto_leader_rebalancer-test.0.LeaderRebalancerTest.FunctionalTestForNotDivided.1783933298069111-5779-0/minicluster-data/ts-0-root
1 data directories: /tmp/dist-test-taskKJFKn7/test-tmp/auto_leader_rebalancer-test.0.LeaderRebalancerTest.FunctionalTestForNotDivided.1783933298069111-5779-0/minicluster-data/ts-0-root/data
Total live blocks: 0
Total live bytes: 0
Total live bytes (after alignment): 0
Total number of LBM containers: 0 (0 full)
Did not check for missing blocks
Did not check for orphaned blocks
Total full LBM containers with extra space: 0 (0 repaired)
Total full LBM container extra space in bytes: 0 (0 repaired)
Total incomplete LBM containers: 0 (0 repaired)
Total LBM partial records: 0 (0 repaired)
Total corrupted LBM metadata records in RocksDB: 0 (0 repaired)
I20260713 09:01:52.166214  5779 rpc_server.cc:225] running with OpenSSL 1.1.1  11 Sep 2018
I20260713 09:01:52.167461  5779 kserver.cc:163] Server-wide thread pool size limit: 3276
I20260713 09:01:52.168874  5779 txn_system_client.cc:432] TxnSystemClient initialization is disabled...
I20260713 09:01:52.170998  5779 ts_tablet_manager.cc:585] Loaded tablet metadata (0 total tablets, 0 live tablets)
I20260713 09:01:52.171204  5779 ts_tablet_manager.cc:531] Time spent load tablet metadata: real 0.000s	user 0.000s	sys 0.000s
I20260713 09:01:52.171443  5779 ts_tablet_manager.cc:616] Registered 0 tablets
I20260713 09:01:52.171626  5779 ts_tablet_manager.cc:595] Time spent register tablets: real 0.000s	user 0.000s	sys 0.000s
I20260713 09:01:52.209034  5779 rpc_server.cc:307] RPC server started. Bound to: 127.5.164.193:37245
I20260713 09:01:52.209107  6456 acceptor_pool.cc:272] collecting diagnostics on the listening RPC socket 127.5.164.193:37245 every 8 connection(s)
I20260713 09:01:52.213864  5779 file_cache.cc:504] Constructed file cache file cache with capacity 419430
W20260713 09:01:52.220460  6461 instance_detector.cc:116] could not retrieve AWS instance metadata: Network error: curl error: HTTP response code said error: The requested URL returned error: 404
