I20260713 09:02:10.249271  7458 consensus_queue.cc:260] T dc574643f9384d1581ca4d9207dce0de P 51d2ec52470546e1b6dd38cf9bac8f8e [NON_LEADER]: Queue going to NON_LEADER mode. State: All replicated index: 0, Majority replicated index: 0, Committed index: 2, Last appended: 1.2, Last appended by leader: 2, Current term: 0, Majority size: -1, State: 0, Mode: NON_LEADER, active raft config: opid_index: 2 OBSOLETE_local: false peers { permanent_uuid: "ffb94850f2c740ab9b372d1c89da7874" member_type: VOTER last_known_addr { host: "127.5.164.193" port: 43681 } } peers { permanent_uuid: "d7ddff3440de495da0bdd688a58da4e9" member_type: VOTER last_known_addr { host: "127.5.164.194" port: 43947 } } peers { permanent_uuid: "a1fd3a3f3dc94f66855bf06f127a3359" member_type: VOTER last_known_addr { host: "127.5.164.195" port: 46841 } attrs { replace: true } } peers { permanent_uuid: "51d2ec52470546e1b6dd38cf9bac8f8e" member_type: NON_VOTER last_known_addr { host: "127.5.164.196" port: 44303 } attrs { promote: true } }
I20260713 09:02:10.251559  7458 ts_tablet_manager.cc:1434] T dc574643f9384d1581ca4d9207dce0de P 51d2ec52470546e1b6dd38cf9bac8f8e: Time spent starting tablet: real 0.007s	user 0.005s	sys 0.000s
I20260713 09:02:10.254406  6998 tablet_copy_service.cc:342] P d7ddff3440de495da0bdd688a58da4e9: Request end of tablet copy session 51d2ec52470546e1b6dd38cf9bac8f8e-dc574643f9384d1581ca4d9207dce0de received from {username='slave'} at 127.0.0.1:58618
I20260713 09:02:10.254828  6998 tablet_copy_service.cc:434] P d7ddff3440de495da0bdd688a58da4e9: ending tablet copy session 51d2ec52470546e1b6dd38cf9bac8f8e-dc574643f9384d1581ca4d9207dce0de on tablet dc574643f9384d1581ca4d9207dce0de with peer 51d2ec52470546e1b6dd38cf9bac8f8e
I20260713 09:02:10.267200  7458 ts_tablet_manager.cc:933] T 959107b06366415ab646988d43094cec P 51d2ec52470546e1b6dd38cf9bac8f8e: Initiating tablet copy from peer ffb94850f2c740ab9b372d1c89da7874 (127.5.164.193:43681)
I20260713 09:02:10.268807  7458 tablet_copy_client.cc:323] T 959107b06366415ab646988d43094cec P 51d2ec52470546e1b6dd38cf9bac8f8e: tablet copy: Beginning tablet copy session from remote peer at address 127.5.164.193:43681
I20260713 09:02:10.270069  7463 tablet_bootstrap.cc:492] T 620ce9c7b73341e19dc3bee9fff09c7f P 51d2ec52470546e1b6dd38cf9bac8f8e: Bootstrap replayed 1/1 log segments. Stats: ops{read=2 overwritten=0 applied=2 ignored=0} inserts{seen=0 ignored=0} mutations{seen=0 ignored=0} orphaned_commits=0. Pending: 0 replicates
I20260713 09:02:10.271143  7463 tablet_bootstrap.cc:492] T 620ce9c7b73341e19dc3bee9fff09c7f P 51d2ec52470546e1b6dd38cf9bac8f8e: Bootstrap complete.
I20260713 09:02:10.270980  6923 tablet_copy_service.cc:140] P ffb94850f2c740ab9b372d1c89da7874: Received BeginTabletCopySession request for tablet 959107b06366415ab646988d43094cec from peer 51d2ec52470546e1b6dd38cf9bac8f8e ({username='slave'} at 127.0.0.1:41810)
I20260713 09:02:10.271648  6923 tablet_copy_service.cc:161] P ffb94850f2c740ab9b372d1c89da7874: Beginning new tablet copy session on tablet 959107b06366415ab646988d43094cec from peer 51d2ec52470546e1b6dd38cf9bac8f8e at {username='slave'} at 127.0.0.1:41810: session id = 51d2ec52470546e1b6dd38cf9bac8f8e-959107b06366415ab646988d43094cec
I20260713 09:02:10.271884  7463 ts_tablet_manager.cc:1403] T 620ce9c7b73341e19dc3bee9fff09c7f P 51d2ec52470546e1b6dd38cf9bac8f8e: Time spent bootstrapping tablet: real 0.024s	user 0.016s	sys 0.008s
I20260713 09:02:10.274962  7463 raft_consensus.cc:359] T 620ce9c7b73341e19dc3bee9fff09c7f P 51d2ec52470546e1b6dd38cf9bac8f8e [term 1 LEARNER]: Replica starting. Triggering 0 pending ops. Active config: opid_index: 2 OBSOLETE_local: false peers { permanent_uuid: "ffb94850f2c740ab9b372d1c89da7874" member_type: VOTER last_known_addr { host: "127.5.164.193" port: 43681 } attrs { replace: true } } peers { permanent_uuid: "d7ddff3440de495da0bdd688a58da4e9" member_type: VOTER last_known_addr { host: "127.5.164.194" port: 43947 } } peers { permanent_uuid: "a1fd3a3f3dc94f66855bf06f127a3359" member_type: VOTER last_known_addr { host: "127.5.164.195" port: 46841 } } peers { permanent_uuid: "51d2ec52470546e1b6dd38cf9bac8f8e" member_type: NON_VOTER last_known_addr { host: "127.5.164.196" port: 44303 } attrs { promote: true } }
I20260713 09:02:10.275776  7463 raft_consensus.cc:740] T 620ce9c7b73341e19dc3bee9fff09c7f P 51d2ec52470546e1b6dd38cf9bac8f8e [term 1 LEARNER]: Becoming Follower/Learner. State: Replica: 51d2ec52470546e1b6dd38cf9bac8f8e, State: Initialized, Role: LEARNER
I20260713 09:02:10.276549  7463 consensus_queue.cc:260] T 620ce9c7b73341e19dc3bee9fff09c7f P 51d2ec52470546e1b6dd38cf9bac8f8e [NON_LEADER]: Queue going to NON_LEADER mode. State: All replicated index: 0, Majority replicated index: 0, Committed index: 2, Last appended: 1.2, Last appended by leader: 2, Current term: 0, Majority size: -1, State: 0, Mode: NON_LEADER, active raft config: opid_index: 2 OBSOLETE_local: false peers { permanent_uuid: "ffb94850f2c740ab9b372d1c89da7874" member_type: VOTER last_known_addr { host: "127.5.164.193" port: 43681 } attrs { replace: true } } peers { permanent_uuid: "d7ddff3440de495da0bdd688a58da4e9" member_type: VOTER last_known_addr { host: "127.5.164.194" port: 43947 } } peers { permanent_uuid: "a1fd3a3f3dc94f66855bf06f127a3359" member_type: VOTER last_known_addr { host: "127.5.164.195" port: 46841 } } peers { permanent_uuid: "51d2ec52470546e1b6dd38cf9bac8f8e" member_type: NON_VOTER last_known_addr { host: "127.5.164.196" port: 44303 } attrs { promote: true } }
I20260713 09:02:10.279027  7463 ts_tablet_manager.cc:1434] T 620ce9c7b73341e19dc3bee9fff09c7f P 51d2ec52470546e1b6dd38cf9bac8f8e: Time spent starting tablet: real 0.007s	user 0.006s	sys 0.000s
I20260713 09:02:10.279696  6923 tablet_copy_source_session.cc:215] T 959107b06366415ab646988d43094cec P ffb94850f2c740ab9b372d1c89da7874: Tablet Copy: opened 0 blocks and 1 log segments
I20260713 09:02:10.280761  7072 tablet_copy_service.cc:342] P a1fd3a3f3dc94f66855bf06f127a3359: Request end of tablet copy session 51d2ec52470546e1b6dd38cf9bac8f8e-620ce9c7b73341e19dc3bee9fff09c7f received from {username='slave'} at 127.0.0.1:37738
I20260713 09:02:10.281217  7072 tablet_copy_service.cc:434] P a1fd3a3f3dc94f66855bf06f127a3359: ending tablet copy session 51d2ec52470546e1b6dd38cf9bac8f8e-620ce9c7b73341e19dc3bee9fff09c7f on tablet 620ce9c7b73341e19dc3bee9fff09c7f with peer 51d2ec52470546e1b6dd38cf9bac8f8e
I20260713 09:02:10.285354  7458 data_dirs.cc:400] Could only allocate 1 dirs of requested 3 for tablet 959107b06366415ab646988d43094cec. 1 dirs total, 0 dirs full, 0 dirs failed
I20260713 09:02:10.298969  7458 tablet_copy_client.cc:806] T 959107b06366415ab646988d43094cec P 51d2ec52470546e1b6dd38cf9bac8f8e: tablet copy: Starting download of 0 data blocks...
I20260713 09:02:10.299553  7458 tablet_copy_client.cc:670] T 959107b06366415ab646988d43094cec P 51d2ec52470546e1b6dd38cf9bac8f8e: tablet copy: Starting download of 1 WAL segments...
I20260713 09:02:10.303560  7458 tablet_copy_client.cc:538] T 959107b06366415ab646988d43094cec P 51d2ec52470546e1b6dd38cf9bac8f8e: tablet copy: Tablet Copy complete. Replacing tablet superblock.
I20260713 09:02:10.309486  7458 tablet_bootstrap.cc:492] T 959107b06366415ab646988d43094cec P 51d2ec52470546e1b6dd38cf9bac8f8e: Bootstrap starting.
I20260713 09:02:10.325776  7458 tablet_bootstrap.cc:492] T 959107b06366415ab646988d43094cec P 51d2ec52470546e1b6dd38cf9bac8f8e: Bootstrap replayed 1/1 log segments. Stats: ops{read=2 overwritten=0 applied=2 ignored=0} inserts{seen=0 ignored=0} mutations{seen=0 ignored=0} orphaned_commits=0. Pending: 0 replicates
I20260713 09:02:10.326508  7458 tablet_bootstrap.cc:492] T 959107b06366415ab646988d43094cec P 51d2ec52470546e1b6dd38cf9bac8f8e: Bootstrap complete.
I20260713 09:02:10.327056  7458 ts_tablet_manager.cc:1403] T 959107b06366415ab646988d43094cec P 51d2ec52470546e1b6dd38cf9bac8f8e: Time spent bootstrapping tablet: real 0.018s	user 0.015s	sys 0.000s
I20260713 09:02:10.329380  7458 raft_consensus.cc:359] T 959107b06366415ab646988d43094cec P 51d2ec52470546e1b6dd38cf9bac8f8e [term 1 LEARNER]: Replica starting. Triggering 0 pending ops. Active config: opid_index: 2 OBSOLETE_local: false peers { permanent_uuid: "ffb94850f2c740ab9b372d1c89da7874" member_type: VOTER last_known_addr { host: "127.5.164.193" port: 43681 } } peers { permanent_uuid: "d7ddff3440de495da0bdd688a58da4e9" member_type: VOTER last_known_addr { host: "127.5.164.194" port: 43947 } attrs { replace: true } } peers { permanent_uuid: "a1fd3a3f3dc94f66855bf06f127a3359" member_type: VOTER last_known_addr { host: "127.5.164.195" port: 46841 } } peers { permanent_uuid: "51d2ec52470546e1b6dd38cf9bac8f8e" member_type: NON_VOTER last_known_addr { host: "127.5.164.196" port: 44303 } attrs { promote: true } }
I20260713 09:02:10.330289  7458 raft_consensus.cc:740] T 959107b06366415ab646988d43094cec P 51d2ec52470546e1b6dd38cf9bac8f8e [term 1 LEARNER]: Becoming Follower/Learner. State: Replica: 51d2ec52470546e1b6dd38cf9bac8f8e, State: Initialized, Role: LEARNER
I20260713 09:02:10.331017  7458 consensus_queue.cc:260] T 959107b06366415ab646988d43094cec P 51d2ec52470546e1b6dd38cf9bac8f8e [NON_LEADER]: Queue going to NON_LEADER mode. State: All replicated index: 0, Majority replicated index: 0, Committed index: 2, Last appended: 1.2, Last appended by leader: 2, Current term: 0, Majority size: -1, State: 0, Mode: NON_LEADER, active raft config: opid_index: 2 OBSOLETE_local: false peers { permanent_uuid: "ffb94850f2c740ab9b372d1c89da7874" member_type: VOTER last_known_addr { host: "127.5.164.193" port: 43681 } } peers { permanent_uuid: "d7ddff3440de495da0bdd688a58da4e9" member_type: VOTER last_known_addr { host: "127.5.164.194" port: 43947 } attrs { replace: true } } peers { permanent_uuid: "a1fd3a3f3dc94f66855bf06f127a3359" member_type: VOTER last_known_addr { host: "127.5.164.195" port: 46841 } } peers { permanent_uuid: "51d2ec52470546e1b6dd38cf9bac8f8e" member_type: NON_VOTER last_known_addr { host: "127.5.164.196" port: 44303 } attrs { promote: true } }
I20260713 09:02:10.333261  7458 ts_tablet_manager.cc:1434] T 959107b06366415ab646988d43094cec P 51d2ec52470546e1b6dd38cf9bac8f8e: Time spent starting tablet: real 0.006s	user 0.008s	sys 0.000s
I20260713 09:02:10.335044  6923 tablet_copy_service.cc:342] P ffb94850f2c740ab9b372d1c89da7874: Request end of tablet copy session 51d2ec52470546e1b6dd38cf9bac8f8e-959107b06366415ab646988d43094cec received from {username='slave'} at 127.0.0.1:41810
I20260713 09:02:10.335492  6923 tablet_copy_service.cc:434] P ffb94850f2c740ab9b372d1c89da7874: ending tablet copy session 51d2ec52470546e1b6dd38cf9bac8f8e-959107b06366415ab646988d43094cec on tablet 959107b06366415ab646988d43094cec with peer 51d2ec52470546e1b6dd38cf9bac8f8e
I20260713 09:02:10.533147  7329 raft_consensus.cc:1217] T c9634a12dfa54241848ba7457e5c5379 P 51d2ec52470546e1b6dd38cf9bac8f8e [term 1 LEARNER]: Deduplicated request from leader. Original: 1.1->[1.2-1.2]   Dedup: 1.2->[]
I20260713 09:02:10.721139  7329 raft_consensus.cc:1217] T dc574643f9384d1581ca4d9207dce0de P 51d2ec52470546e1b6dd38cf9bac8f8e [term 1 LEARNER]: Deduplicated request from leader. Original: 1.1->[1.2-1.2]   Dedup: 1.2->[]
I20260713 09:02:10.804955  7329 raft_consensus.cc:1217] T 620ce9c7b73341e19dc3bee9fff09c7f P 51d2ec52470546e1b6dd38cf9bac8f8e [term 1 LEARNER]: Deduplicated request from leader. Original: 1.1->[1.2-1.2]   Dedup: 1.2->[]
I20260713 09:02:10.878945  7329 raft_consensus.cc:1217] T 959107b06366415ab646988d43094cec P 51d2ec52470546e1b6dd38cf9bac8f8e [term 1 LEARNER]: Deduplicated request from leader. Original: 1.1->[1.2-1.2]   Dedup: 1.2->[]
I20260713 09:02:11.058053  7147 raft_consensus.cc:1064] T c9634a12dfa54241848ba7457e5c5379 P d7ddff3440de495da0bdd688a58da4e9: attempting to promote NON_VOTER 51d2ec52470546e1b6dd38cf9bac8f8e to VOTER
I20260713 09:02:11.060272  7147 consensus_queue.cc:237] T c9634a12dfa54241848ba7457e5c5379 P d7ddff3440de495da0bdd688a58da4e9 [LEADER]: Queue going to LEADER mode. State: All replicated index: 0, Majority replicated index: 2, Committed index: 2, Last appended: 1.2, Last appended by leader: 0, Current term: 1, Majority size: 3, State: 0, Mode: LEADER, active raft config: opid_index: 3 OBSOLETE_local: false peers { permanent_uuid: "ffb94850f2c740ab9b372d1c89da7874" member_type: VOTER last_known_addr { host: "127.5.164.193" port: 43681 } } peers { permanent_uuid: "d7ddff3440de495da0bdd688a58da4e9" member_type: VOTER last_known_addr { host: "127.5.164.194" port: 43947 } } peers { permanent_uuid: "a1fd3a3f3dc94f66855bf06f127a3359" member_type: VOTER last_known_addr { host: "127.5.164.195" port: 46841 } attrs { replace: true } } peers { permanent_uuid: "51d2ec52470546e1b6dd38cf9bac8f8e" member_type: VOTER last_known_addr { host: "127.5.164.196" port: 44303 } attrs { promote: false } }
I20260713 09:02:11.065954  7329 raft_consensus.cc:1275] T c9634a12dfa54241848ba7457e5c5379 P 51d2ec52470546e1b6dd38cf9bac8f8e [term 1 LEARNER]: Refusing update from remote peer d7ddff3440de495da0bdd688a58da4e9: Log matching property violated. Preceding OpId in replica: term: 1 index: 2. Preceding OpId from leader: term: 1 index: 3. (index mismatch)
I20260713 09:02:11.066550  7059 raft_consensus.cc:1275] T c9634a12dfa54241848ba7457e5c5379 P a1fd3a3f3dc94f66855bf06f127a3359 [term 1 FOLLOWER]: Refusing update from remote peer d7ddff3440de495da0bdd688a58da4e9: Log matching property violated. Preceding OpId in replica: term: 1 index: 2. Preceding OpId from leader: term: 1 index: 3. (index mismatch)
I20260713 09:02:11.067337  6912 raft_consensus.cc:1275] T c9634a12dfa54241848ba7457e5c5379 P ffb94850f2c740ab9b372d1c89da7874 [term 1 FOLLOWER]: Refusing update from remote peer d7ddff3440de495da0bdd688a58da4e9: Log matching property violated. Preceding OpId in replica: term: 1 index: 2. Preceding OpId from leader: term: 1 index: 3. (index mismatch)
I20260713 09:02:11.067421  7147 consensus_queue.cc:1048] T c9634a12dfa54241848ba7457e5c5379 P d7ddff3440de495da0bdd688a58da4e9 [LEADER]: Connected to new peer: Peer: permanent_uuid: "51d2ec52470546e1b6dd38cf9bac8f8e" member_type: VOTER last_known_addr { host: "127.5.164.196" port: 44303 } attrs { promote: false }, Status: LMP_MISMATCH, Last received: 0.0, Next index: 3, Last known committed idx: 2, Time since last communication: 0.000s
I20260713 09:02:11.068265  7438 consensus_queue.cc:1048] T c9634a12dfa54241848ba7457e5c5379 P d7ddff3440de495da0bdd688a58da4e9 [LEADER]: Connected to new peer: Peer: permanent_uuid: "a1fd3a3f3dc94f66855bf06f127a3359" member_type: VOTER last_known_addr { host: "127.5.164.195" port: 46841 } attrs { replace: true }, Status: LMP_MISMATCH, Last received: 0.0, Next index: 3, Last known committed idx: 2, Time since last communication: 0.000s
I20260713 09:02:11.069203  7470 consensus_queue.cc:1048] T c9634a12dfa54241848ba7457e5c5379 P d7ddff3440de495da0bdd688a58da4e9 [LEADER]: Connected to new peer: Peer: permanent_uuid: "ffb94850f2c740ab9b372d1c89da7874" member_type: VOTER last_known_addr { host: "127.5.164.193" port: 43681 }, Status: LMP_MISMATCH, Last received: 0.0, Next index: 3, Last known committed idx: 2, Time since last communication: 0.000s
I20260713 09:02:11.091557  7470 raft_consensus.cc:2955] T c9634a12dfa54241848ba7457e5c5379 P d7ddff3440de495da0bdd688a58da4e9 [term 1 LEADER]: Committing config change with OpId 1.3: config changed from index 2 to 3, 51d2ec52470546e1b6dd38cf9bac8f8e (127.5.164.196) changed from NON_VOTER to VOTER. New config: { opid_index: 3 OBSOLETE_local: false peers { permanent_uuid: "ffb94850f2c740ab9b372d1c89da7874" member_type: VOTER last_known_addr { host: "127.5.164.193" port: 43681 } } peers { permanent_uuid: "d7ddff3440de495da0bdd688a58da4e9" member_type: VOTER last_known_addr { host: "127.5.164.194" port: 43947 } } peers { permanent_uuid: "a1fd3a3f3dc94f66855bf06f127a3359" member_type: VOTER last_known_addr { host: "127.5.164.195" port: 46841 } attrs { replace: true } } peers { permanent_uuid: "51d2ec52470546e1b6dd38cf9bac8f8e" member_type: VOTER last_known_addr { host: "127.5.164.196" port: 44303 } attrs { promote: false } } }
I20260713 09:02:11.093528  7329 raft_consensus.cc:2955] T c9634a12dfa54241848ba7457e5c5379 P 51d2ec52470546e1b6dd38cf9bac8f8e [term 1 FOLLOWER]: Committing config change with OpId 1.3: config changed from index 2 to 3, 51d2ec52470546e1b6dd38cf9bac8f8e (127.5.164.196) changed from NON_VOTER to VOTER. New config: { opid_index: 3 OBSOLETE_local: false peers { permanent_uuid: "ffb94850f2c740ab9b372d1c89da7874" member_type: VOTER last_known_addr { host: "127.5.164.193" port: 43681 } } peers { permanent_uuid: "d7ddff3440de495da0bdd688a58da4e9" member_type: VOTER last_known_addr { host: "127.5.164.194" port: 43947 } } peers { permanent_uuid: "a1fd3a3f3dc94f66855bf06f127a3359" member_type: VOTER last_known_addr { host: "127.5.164.195" port: 46841 } attrs { replace: true } } peers { permanent_uuid: "51d2ec52470546e1b6dd38cf9bac8f8e" member_type: VOTER last_known_addr { host: "127.5.164.196" port: 44303 } attrs { promote: false } } }
I20260713 09:02:11.095245  6912 raft_consensus.cc:2955] T c9634a12dfa54241848ba7457e5c5379 P ffb94850f2c740ab9b372d1c89da7874 [term 1 FOLLOWER]: Committing config change with OpId 1.3: config changed from index 2 to 3, 51d2ec52470546e1b6dd38cf9bac8f8e (127.5.164.196) changed from NON_VOTER to VOTER. New config: { opid_index: 3 OBSOLETE_local: false peers { permanent_uuid: "ffb94850f2c740ab9b372d1c89da7874" member_type: VOTER last_known_addr { host: "127.5.164.193" port: 43681 } } peers { permanent_uuid: "d7ddff3440de495da0bdd688a58da4e9" member_type: VOTER last_known_addr { host: "127.5.164.194" port: 43947 } } peers { permanent_uuid: "a1fd3a3f3dc94f66855bf06f127a3359" member_type: VOTER last_known_addr { host: "127.5.164.195" port: 46841 } attrs { replace: true } } peers { permanent_uuid: "51d2ec52470546e1b6dd38cf9bac8f8e" member_type: VOTER last_known_addr { host: "127.5.164.196" port: 44303 } attrs { promote: false } } }
I20260713 09:02:11.103036  7059 raft_consensus.cc:2955] T c9634a12dfa54241848ba7457e5c5379 P a1fd3a3f3dc94f66855bf06f127a3359 [term 1 FOLLOWER]: Committing config change with OpId 1.3: config changed from index 2 to 3, 51d2ec52470546e1b6dd38cf9bac8f8e (127.5.164.196) changed from NON_VOTER to VOTER. New config: { opid_index: 3 OBSOLETE_local: false peers { permanent_uuid: "ffb94850f2c740ab9b372d1c89da7874" member_type: VOTER last_known_addr { host: "127.5.164.193" port: 43681 } } peers { permanent_uuid: "d7ddff3440de495da0bdd688a58da4e9" member_type: VOTER last_known_addr { host: "127.5.164.194" port: 43947 } } peers { permanent_uuid: "a1fd3a3f3dc94f66855bf06f127a3359" member_type: VOTER last_known_addr { host: "127.5.164.195" port: 46841 } attrs { replace: true } } peers { permanent_uuid: "51d2ec52470546e1b6dd38cf9bac8f8e" member_type: VOTER last_known_addr { host: "127.5.164.196" port: 44303 } attrs { promote: false } } }
I20260713 09:02:11.107975  6808 catalog_manager.cc:5697] T c9634a12dfa54241848ba7457e5c5379 P 51d2ec52470546e1b6dd38cf9bac8f8e reported cstate change: config changed from index 2 to 3, 51d2ec52470546e1b6dd38cf9bac8f8e (127.5.164.196) changed from NON_VOTER to VOTER. New cstate: current_term: 1 leader_uuid: "d7ddff3440de495da0bdd688a58da4e9" committed_config { opid_index: 3 OBSOLETE_local: false peers { permanent_uuid: "ffb94850f2c740ab9b372d1c89da7874" member_type: VOTER last_known_addr { host: "127.5.164.193" port: 43681 } } peers { permanent_uuid: "d7ddff3440de495da0bdd688a58da4e9" member_type: VOTER last_known_addr { host: "127.5.164.194" port: 43947 } } peers { permanent_uuid: "a1fd3a3f3dc94f66855bf06f127a3359" member_type: VOTER last_known_addr { host: "127.5.164.195" port: 46841 } attrs { replace: true } } peers { permanent_uuid: "51d2ec52470546e1b6dd38cf9bac8f8e" member_type: VOTER last_known_addr { host: "127.5.164.196" port: 44303 } attrs { promote: false } } }
I20260713 09:02:11.127002  6988 consensus_queue.cc:237] T c9634a12dfa54241848ba7457e5c5379 P d7ddff3440de495da0bdd688a58da4e9 [LEADER]: Queue going to LEADER mode. State: All replicated index: 0, Majority replicated index: 3, Committed index: 3, Last appended: 1.3, Last appended by leader: 0, Current term: 1, Majority size: 2, State: 0, Mode: LEADER, active raft config: opid_index: 4 OBSOLETE_local: false peers { permanent_uuid: "ffb94850f2c740ab9b372d1c89da7874" member_type: VOTER last_known_addr { host: "127.5.164.193" port: 43681 } } peers { permanent_uuid: "d7ddff3440de495da0bdd688a58da4e9" member_type: VOTER last_known_addr { host: "127.5.164.194" port: 43947 } } peers { permanent_uuid: "51d2ec52470546e1b6dd38cf9bac8f8e" member_type: VOTER last_known_addr { host: "127.5.164.196" port: 44303 } attrs { promote: false } }
I20260713 09:02:11.134364  7329 raft_consensus.cc:1275] T c9634a12dfa54241848ba7457e5c5379 P 51d2ec52470546e1b6dd38cf9bac8f8e [term 1 FOLLOWER]: Refusing update from remote peer d7ddff3440de495da0bdd688a58da4e9: Log matching property violated. Preceding OpId in replica: term: 1 index: 3. Preceding OpId from leader: term: 1 index: 4. (index mismatch)
I20260713 09:02:11.134364  6912 raft_consensus.cc:1275] T c9634a12dfa54241848ba7457e5c5379 P ffb94850f2c740ab9b372d1c89da7874 [term 1 FOLLOWER]: Refusing update from remote peer d7ddff3440de495da0bdd688a58da4e9: Log matching property violated. Preceding OpId in replica: term: 1 index: 3. Preceding OpId from leader: term: 1 index: 4. (index mismatch)
I20260713 09:02:11.136086  7147 consensus_queue.cc:1048] T c9634a12dfa54241848ba7457e5c5379 P d7ddff3440de495da0bdd688a58da4e9 [LEADER]: Connected to new peer: Peer: permanent_uuid: "ffb94850f2c740ab9b372d1c89da7874" member_type: VOTER last_known_addr { host: "127.5.164.193" port: 43681 }, Status: LMP_MISMATCH, Last received: 0.0, Next index: 4, Last known committed idx: 3, Time since last communication: 0.000s
I20260713 09:02:11.139755  7147 consensus_queue.cc:1048] T c9634a12dfa54241848ba7457e5c5379 P d7ddff3440de495da0bdd688a58da4e9 [LEADER]: Connected to new peer: Peer: permanent_uuid: "51d2ec52470546e1b6dd38cf9bac8f8e" member_type: VOTER last_known_addr { host: "127.5.164.196" port: 44303 } attrs { promote: false }, Status: LMP_MISMATCH, Last received: 0.0, Next index: 4, Last known committed idx: 3, Time since last communication: 0.000s
I20260713 09:02:11.143195  7470 raft_consensus.cc:2955] T c9634a12dfa54241848ba7457e5c5379 P d7ddff3440de495da0bdd688a58da4e9 [term 1 LEADER]: Committing config change with OpId 1.4: config changed from index 3 to 4, VOTER a1fd3a3f3dc94f66855bf06f127a3359 (127.5.164.195) evicted. New config: { opid_index: 4 OBSOLETE_local: false peers { permanent_uuid: "ffb94850f2c740ab9b372d1c89da7874" member_type: VOTER last_known_addr { host: "127.5.164.193" port: 43681 } } peers { permanent_uuid: "d7ddff3440de495da0bdd688a58da4e9" member_type: VOTER last_known_addr { host: "127.5.164.194" port: 43947 } } peers { permanent_uuid: "51d2ec52470546e1b6dd38cf9bac8f8e" member_type: VOTER last_known_addr { host: "127.5.164.196" port: 44303 } attrs { promote: false } } }
I20260713 09:02:11.144130  6912 raft_consensus.cc:2955] T c9634a12dfa54241848ba7457e5c5379 P ffb94850f2c740ab9b372d1c89da7874 [term 1 FOLLOWER]: Committing config change with OpId 1.4: config changed from index 3 to 4, VOTER a1fd3a3f3dc94f66855bf06f127a3359 (127.5.164.195) evicted. New config: { opid_index: 4 OBSOLETE_local: false peers { permanent_uuid: "ffb94850f2c740ab9b372d1c89da7874" member_type: VOTER last_known_addr { host: "127.5.164.193" port: 43681 } } peers { permanent_uuid: "d7ddff3440de495da0bdd688a58da4e9" member_type: VOTER last_known_addr { host: "127.5.164.194" port: 43947 } } peers { permanent_uuid: "51d2ec52470546e1b6dd38cf9bac8f8e" member_type: VOTER last_known_addr { host: "127.5.164.196" port: 44303 } attrs { promote: false } } }
I20260713 09:02:11.146826  7438 raft_consensus.cc:1064] T dc574643f9384d1581ca4d9207dce0de P d7ddff3440de495da0bdd688a58da4e9: attempting to promote NON_VOTER 51d2ec52470546e1b6dd38cf9bac8f8e to VOTER
I20260713 09:02:11.147238  7329 raft_consensus.cc:2955] T c9634a12dfa54241848ba7457e5c5379 P 51d2ec52470546e1b6dd38cf9bac8f8e [term 1 FOLLOWER]: Committing config change with OpId 1.4: config changed from index 3 to 4, VOTER a1fd3a3f3dc94f66855bf06f127a3359 (127.5.164.195) evicted. New config: { opid_index: 4 OBSOLETE_local: false peers { permanent_uuid: "ffb94850f2c740ab9b372d1c89da7874" member_type: VOTER last_known_addr { host: "127.5.164.193" port: 43681 } } peers { permanent_uuid: "d7ddff3440de495da0bdd688a58da4e9" member_type: VOTER last_known_addr { host: "127.5.164.194" port: 43947 } } peers { permanent_uuid: "51d2ec52470546e1b6dd38cf9bac8f8e" member_type: VOTER last_known_addr { host: "127.5.164.196" port: 44303 } attrs { promote: false } } }
I20260713 09:02:11.149437  7438 consensus_queue.cc:237] T dc574643f9384d1581ca4d9207dce0de P d7ddff3440de495da0bdd688a58da4e9 [LEADER]: Queue going to LEADER mode. State: All replicated index: 0, Majority replicated index: 2, Committed index: 2, Last appended: 1.2, Last appended by leader: 0, Current term: 1, Majority size: 3, State: 0, Mode: LEADER, active raft config: opid_index: 3 OBSOLETE_local: false peers { permanent_uuid: "ffb94850f2c740ab9b372d1c89da7874" member_type: VOTER last_known_addr { host: "127.5.164.193" port: 43681 } } peers { permanent_uuid: "d7ddff3440de495da0bdd688a58da4e9" member_type: VOTER last_known_addr { host: "127.5.164.194" port: 43947 } } peers { permanent_uuid: "a1fd3a3f3dc94f66855bf06f127a3359" member_type: VOTER last_known_addr { host: "127.5.164.195" port: 46841 } attrs { replace: true } } peers { permanent_uuid: "51d2ec52470546e1b6dd38cf9bac8f8e" member_type: VOTER last_known_addr { host: "127.5.164.196" port: 44303 } attrs { promote: false } }
I20260713 09:02:11.160422  6797 catalog_manager.cc:5210] ChangeConfig:REMOVE_PEER RPC for tablet c9634a12dfa54241848ba7457e5c5379 with cas_config_opid_index 3: ChangeConfig:REMOVE_PEER succeeded (attempt 1)
I20260713 09:02:11.159549  6811 catalog_manager.cc:5697] T c9634a12dfa54241848ba7457e5c5379 P ffb94850f2c740ab9b372d1c89da7874 reported cstate change: config changed from index 3 to 4, VOTER a1fd3a3f3dc94f66855bf06f127a3359 (127.5.164.195) evicted. New cstate: current_term: 1 leader_uuid: "d7ddff3440de495da0bdd688a58da4e9" committed_config { opid_index: 4 OBSOLETE_local: false peers { permanent_uuid: "ffb94850f2c740ab9b372d1c89da7874" member_type: VOTER last_known_addr { host: "127.5.164.193" port: 43681 } } peers { permanent_uuid: "d7ddff3440de495da0bdd688a58da4e9" member_type: VOTER last_known_addr { host: "127.5.164.194" port: 43947 } } peers { permanent_uuid: "51d2ec52470546e1b6dd38cf9bac8f8e" member_type: VOTER last_known_addr { host: "127.5.164.196" port: 44303 } attrs { promote: false } } }
I20260713 09:02:11.166391  7329 raft_consensus.cc:1275] T dc574643f9384d1581ca4d9207dce0de P 51d2ec52470546e1b6dd38cf9bac8f8e [term 1 LEARNER]: Refusing update from remote peer d7ddff3440de495da0bdd688a58da4e9: Log matching property violated. Preceding OpId in replica: term: 1 index: 2. Preceding OpId from leader: term: 1 index: 3. (index mismatch)
I20260713 09:02:11.168524  7059 raft_consensus.cc:1275] T dc574643f9384d1581ca4d9207dce0de P a1fd3a3f3dc94f66855bf06f127a3359 [term 1 FOLLOWER]: Refusing update from remote peer d7ddff3440de495da0bdd688a58da4e9: Log matching property violated. Preceding OpId in replica: term: 1 index: 2. Preceding OpId from leader: term: 1 index: 3. (index mismatch)
I20260713 09:02:11.168597  6912 raft_consensus.cc:1275] T dc574643f9384d1581ca4d9207dce0de P ffb94850f2c740ab9b372d1c89da7874 [term 1 FOLLOWER]: Refusing update from remote peer d7ddff3440de495da0bdd688a58da4e9: Log matching property violated. Preceding OpId in replica: term: 1 index: 2. Preceding OpId from leader: term: 1 index: 3. (index mismatch)
I20260713 09:02:11.169956  7147 consensus_queue.cc:1048] T dc574643f9384d1581ca4d9207dce0de P d7ddff3440de495da0bdd688a58da4e9 [LEADER]: Connected to new peer: Peer: permanent_uuid: "51d2ec52470546e1b6dd38cf9bac8f8e" member_type: VOTER last_known_addr { host: "127.5.164.196" port: 44303 } attrs { promote: false }, Status: LMP_MISMATCH, Last received: 0.0, Next index: 3, Last known committed idx: 2, Time since last communication: 0.000s
I20260713 09:02:11.171545  7147 consensus_queue.cc:1048] T dc574643f9384d1581ca4d9207dce0de P d7ddff3440de495da0bdd688a58da4e9 [LEADER]: Connected to new peer: Peer: permanent_uuid: "ffb94850f2c740ab9b372d1c89da7874" member_type: VOTER last_known_addr { host: "127.5.164.193" port: 43681 }, Status: LMP_MISMATCH, Last received: 0.0, Next index: 3, Last known committed idx: 2, Time since last communication: 0.000s
I20260713 09:02:11.173380  7470 consensus_queue.cc:1048] T dc574643f9384d1581ca4d9207dce0de P d7ddff3440de495da0bdd688a58da4e9 [LEADER]: Connected to new peer: Peer: permanent_uuid: "a1fd3a3f3dc94f66855bf06f127a3359" member_type: VOTER last_known_addr { host: "127.5.164.195" port: 46841 } attrs { replace: true }, Status: LMP_MISMATCH, Last received: 0.0, Next index: 3, Last known committed idx: 2, Time since last communication: 0.000s
I20260713 09:02:11.173971  7051 tablet_service.cc:1558] Processing DeleteTablet for tablet c9634a12dfa54241848ba7457e5c5379 with delete_type TABLET_DATA_TOMBSTONED (TS a1fd3a3f3dc94f66855bf06f127a3359 not found in new config with opid_index 4) from {username='slave'} at 127.0.0.1:37694
I20260713 09:02:11.186419  7470 raft_consensus.cc:2955] T dc574643f9384d1581ca4d9207dce0de P d7ddff3440de495da0bdd688a58da4e9 [term 1 LEADER]: Committing config change with OpId 1.3: config changed from index 2 to 3, 51d2ec52470546e1b6dd38cf9bac8f8e (127.5.164.196) changed from NON_VOTER to VOTER. New config: { opid_index: 3 OBSOLETE_local: false peers { permanent_uuid: "ffb94850f2c740ab9b372d1c89da7874" member_type: VOTER last_known_addr { host: "127.5.164.193" port: 43681 } } peers { permanent_uuid: "d7ddff3440de495da0bdd688a58da4e9" member_type: VOTER last_known_addr { host: "127.5.164.194" port: 43947 } } peers { permanent_uuid: "a1fd3a3f3dc94f66855bf06f127a3359" member_type: VOTER last_known_addr { host: "127.5.164.195" port: 46841 } attrs { replace: true } } peers { permanent_uuid: "51d2ec52470546e1b6dd38cf9bac8f8e" member_type: VOTER last_known_addr { host: "127.5.164.196" port: 44303 } attrs { promote: false } } }
I20260713 09:02:11.187750  6912 raft_consensus.cc:2955] T dc574643f9384d1581ca4d9207dce0de P ffb94850f2c740ab9b372d1c89da7874 [term 1 FOLLOWER]: Committing config change with OpId 1.3: config changed from index 2 to 3, 51d2ec52470546e1b6dd38cf9bac8f8e (127.5.164.196) changed from NON_VOTER to VOTER. New config: { opid_index: 3 OBSOLETE_local: false peers { permanent_uuid: "ffb94850f2c740ab9b372d1c89da7874" member_type: VOTER last_known_addr { host: "127.5.164.193" port: 43681 } } peers { permanent_uuid: "d7ddff3440de495da0bdd688a58da4e9" member_type: VOTER last_known_addr { host: "127.5.164.194" port: 43947 } } peers { permanent_uuid: "a1fd3a3f3dc94f66855bf06f127a3359" member_type: VOTER last_known_addr { host: "127.5.164.195" port: 46841 } attrs { replace: true } } peers { permanent_uuid: "51d2ec52470546e1b6dd38cf9bac8f8e" member_type: VOTER last_known_addr { host: "127.5.164.196" port: 44303 } attrs { promote: false } } }
I20260713 09:02:11.202281  7473 raft_consensus.cc:1064] T 620ce9c7b73341e19dc3bee9fff09c7f P a1fd3a3f3dc94f66855bf06f127a3359: attempting to promote NON_VOTER 51d2ec52470546e1b6dd38cf9bac8f8e to VOTER
I20260713 09:02:11.202603  7329 raft_consensus.cc:2955] T dc574643f9384d1581ca4d9207dce0de P 51d2ec52470546e1b6dd38cf9bac8f8e [term 1 FOLLOWER]: Committing config change with OpId 1.3: config changed from index 2 to 3, 51d2ec52470546e1b6dd38cf9bac8f8e (127.5.164.196) changed from NON_VOTER to VOTER. New config: { opid_index: 3 OBSOLETE_local: false peers { permanent_uuid: "ffb94850f2c740ab9b372d1c89da7874" member_type: VOTER last_known_addr { host: "127.5.164.193" port: 43681 } } peers { permanent_uuid: "d7ddff3440de495da0bdd688a58da4e9" member_type: VOTER last_known_addr { host: "127.5.164.194" port: 43947 } } peers { permanent_uuid: "a1fd3a3f3dc94f66855bf06f127a3359" member_type: VOTER last_known_addr { host: "127.5.164.195" port: 46841 } attrs { replace: true } } peers { permanent_uuid: "51d2ec52470546e1b6dd38cf9bac8f8e" member_type: VOTER last_known_addr { host: "127.5.164.196" port: 44303 } attrs { promote: false } } }
I20260713 09:02:11.203222  6810 catalog_manager.cc:5697] T dc574643f9384d1581ca4d9207dce0de P d7ddff3440de495da0bdd688a58da4e9 reported cstate change: config changed from index 2 to 3, 51d2ec52470546e1b6dd38cf9bac8f8e (127.5.164.196) changed from NON_VOTER to VOTER. New cstate: current_term: 1 leader_uuid: "d7ddff3440de495da0bdd688a58da4e9" committed_config { opid_index: 3 OBSOLETE_local: false peers { permanent_uuid: "ffb94850f2c740ab9b372d1c89da7874" member_type: VOTER last_known_addr { host: "127.5.164.193" port: 43681 } health_report { overall_health: HEALTHY } } peers { permanent_uuid: "d7ddff3440de495da0bdd688a58da4e9" member_type: VOTER last_known_addr { host: "127.5.164.194" port: 43947 } health_report { overall_health: HEALTHY } } peers { permanent_uuid: "a1fd3a3f3dc94f66855bf06f127a3359" member_type: VOTER last_known_addr { host: "127.5.164.195" port: 46841 } attrs { replace: true } health_report { overall_health: UNKNOWN } } peers { permanent_uuid: "51d2ec52470546e1b6dd38cf9bac8f8e" member_type: VOTER last_known_addr { host: "127.5.164.196" port: 44303 } attrs { promote: false } health_report { overall_health: UNKNOWN } } }
I20260713 09:02:11.205163  7473 consensus_queue.cc:237] T 620ce9c7b73341e19dc3bee9fff09c7f P a1fd3a3f3dc94f66855bf06f127a3359 [LEADER]: Queue going to LEADER mode. State: All replicated index: 0, Majority replicated index: 2, Committed index: 2, Last appended: 1.2, Last appended by leader: 0, Current term: 1, Majority size: 3, State: 0, Mode: LEADER, active raft config: opid_index: 3 OBSOLETE_local: false peers { permanent_uuid: "ffb94850f2c740ab9b372d1c89da7874" member_type: VOTER last_known_addr { host: "127.5.164.193" port: 43681 } attrs { replace: true } } peers { permanent_uuid: "d7ddff3440de495da0bdd688a58da4e9" member_type: VOTER last_known_addr { host: "127.5.164.194" port: 43947 } } peers { permanent_uuid: "a1fd3a3f3dc94f66855bf06f127a3359" member_type: VOTER last_known_addr { host: "127.5.164.195" port: 46841 } } peers { permanent_uuid: "51d2ec52470546e1b6dd38cf9bac8f8e" member_type: VOTER last_known_addr { host: "127.5.164.196" port: 44303 } attrs { promote: false } }
I20260713 09:02:11.213927  7485 tablet_replica.cc:333] T c9634a12dfa54241848ba7457e5c5379 P a1fd3a3f3dc94f66855bf06f127a3359: stopping tablet replica
I20260713 09:02:11.214985  7485 raft_consensus.cc:2243] T c9634a12dfa54241848ba7457e5c5379 P a1fd3a3f3dc94f66855bf06f127a3359 [term 1 FOLLOWER]: Raft consensus shutting down.
I20260713 09:02:11.215610  7485 raft_consensus.cc:2272] T c9634a12dfa54241848ba7457e5c5379 P a1fd3a3f3dc94f66855bf06f127a3359 [term 1 FOLLOWER]: Raft consensus is shut down!
I20260713 09:02:11.220677  7485 ts_tablet_manager.cc:1916] T c9634a12dfa54241848ba7457e5c5379 P a1fd3a3f3dc94f66855bf06f127a3359: Deleting tablet data with delete state TABLET_DATA_TOMBSTONED
I20260713 09:02:11.221903  7329 raft_consensus.cc:1275] T 620ce9c7b73341e19dc3bee9fff09c7f P 51d2ec52470546e1b6dd38cf9bac8f8e [term 1 LEARNER]: Refusing update from remote peer a1fd3a3f3dc94f66855bf06f127a3359: Log matching property violated. Preceding OpId in replica: term: 1 index: 2. Preceding OpId from leader: term: 1 index: 3. (index mismatch)
I20260713 09:02:11.224699  6912 raft_consensus.cc:1275] T 620ce9c7b73341e19dc3bee9fff09c7f P ffb94850f2c740ab9b372d1c89da7874 [term 1 FOLLOWER]: Refusing update from remote peer a1fd3a3f3dc94f66855bf06f127a3359: Log matching property violated. Preceding OpId in replica: term: 1 index: 2. Preceding OpId from leader: term: 1 index: 3. (index mismatch)
I20260713 09:02:11.227648  6988 raft_consensus.cc:1275] T 620ce9c7b73341e19dc3bee9fff09c7f P d7ddff3440de495da0bdd688a58da4e9 [term 1 FOLLOWER]: Refusing update from remote peer a1fd3a3f3dc94f66855bf06f127a3359: Log matching property violated. Preceding OpId in replica: term: 1 index: 2. Preceding OpId from leader: term: 1 index: 3. (index mismatch)
I20260713 09:02:11.224304  7405 consensus_queue.cc:1048] T 620ce9c7b73341e19dc3bee9fff09c7f P a1fd3a3f3dc94f66855bf06f127a3359 [LEADER]: Connected to new peer: Peer: permanent_uuid: "51d2ec52470546e1b6dd38cf9bac8f8e" member_type: VOTER last_known_addr { host: "127.5.164.196" port: 44303 } attrs { promote: false }, Status: LMP_MISMATCH, Last received: 0.0, Next index: 3, Last known committed idx: 2, Time since last communication: 0.004s
I20260713 09:02:11.229046  7471 consensus_queue.cc:1048] T 620ce9c7b73341e19dc3bee9fff09c7f P a1fd3a3f3dc94f66855bf06f127a3359 [LEADER]: Connected to new peer: Peer: permanent_uuid: "ffb94850f2c740ab9b372d1c89da7874" member_type: VOTER last_known_addr { host: "127.5.164.193" port: 43681 } attrs { replace: true }, Status: LMP_MISMATCH, Last received: 0.0, Next index: 3, Last known committed idx: 2, Time since last communication: 0.000s
I20260713 09:02:11.231829  7472 consensus_queue.cc:1048] T 620ce9c7b73341e19dc3bee9fff09c7f P a1fd3a3f3dc94f66855bf06f127a3359 [LEADER]: Connected to new peer: Peer: permanent_uuid: "d7ddff3440de495da0bdd688a58da4e9" member_type: VOTER last_known_addr { host: "127.5.164.194" port: 43947 }, Status: LMP_MISMATCH, Last received: 0.0, Next index: 3, Last known committed idx: 2, Time since last communication: 0.000s
I20260713 09:02:11.235039  6988 consensus_queue.cc:237] T dc574643f9384d1581ca4d9207dce0de P d7ddff3440de495da0bdd688a58da4e9 [LEADER]: Queue going to LEADER mode. State: All replicated index: 0, Majority replicated index: 3, Committed index: 3, Last appended: 1.3, Last appended by leader: 0, Current term: 1, Majority size: 2, State: 0, Mode: LEADER, active raft config: opid_index: 4 OBSOLETE_local: false peers { permanent_uuid: "ffb94850f2c740ab9b372d1c89da7874" member_type: VOTER last_known_addr { host: "127.5.164.193" port: 43681 } } peers { permanent_uuid: "d7ddff3440de495da0bdd688a58da4e9" member_type: VOTER last_known_addr { host: "127.5.164.194" port: 43947 } } peers { permanent_uuid: "51d2ec52470546e1b6dd38cf9bac8f8e" member_type: VOTER last_known_addr { host: "127.5.164.196" port: 44303 } attrs { promote: false } }
I20260713 09:02:11.236049  7059 raft_consensus.cc:2955] T dc574643f9384d1581ca4d9207dce0de P a1fd3a3f3dc94f66855bf06f127a3359 [term 1 FOLLOWER]: Committing config change with OpId 1.3: config changed from index 2 to 3, 51d2ec52470546e1b6dd38cf9bac8f8e (127.5.164.196) changed from NON_VOTER to VOTER. New config: { opid_index: 3 OBSOLETE_local: false peers { permanent_uuid: "ffb94850f2c740ab9b372d1c89da7874" member_type: VOTER last_known_addr { host: "127.5.164.193" port: 43681 } } peers { permanent_uuid: "d7ddff3440de495da0bdd688a58da4e9" member_type: VOTER last_known_addr { host: "127.5.164.194" port: 43947 } } peers { permanent_uuid: "a1fd3a3f3dc94f66855bf06f127a3359" member_type: VOTER last_known_addr { host: "127.5.164.195" port: 46841 } attrs { replace: true } } peers { permanent_uuid: "51d2ec52470546e1b6dd38cf9bac8f8e" member_type: VOTER last_known_addr { host: "127.5.164.196" port: 44303 } attrs { promote: false } } }
I20260713 09:02:11.241952  7485 ts_tablet_manager.cc:1929] T c9634a12dfa54241848ba7457e5c5379 P a1fd3a3f3dc94f66855bf06f127a3359: tablet deleted with delete type TABLET_DATA_TOMBSTONED: last-logged OpId 1.3
I20260713 09:02:11.242434  7485 log.cc:1199] T c9634a12dfa54241848ba7457e5c5379 P a1fd3a3f3dc94f66855bf06f127a3359: Deleting WAL directory at /tmp/dist-test-taskKJFKn7/test-tmp/auto_leader_rebalancer-test.0.LeaderRebalancerTest.AddTserver.1783933298069111-5779-0/minicluster-data/ts-2-root/wals/c9634a12dfa54241848ba7457e5c5379
I20260713 09:02:11.244009  7329 raft_consensus.cc:1275] T dc574643f9384d1581ca4d9207dce0de P 51d2ec52470546e1b6dd38cf9bac8f8e [term 1 FOLLOWER]: Refusing update from remote peer d7ddff3440de495da0bdd688a58da4e9: Log matching property violated. Preceding OpId in replica: term: 1 index: 3. Preceding OpId from leader: term: 1 index: 4. (index mismatch)
I20260713 09:02:11.245630  6912 raft_consensus.cc:1275] T dc574643f9384d1581ca4d9207dce0de P ffb94850f2c740ab9b372d1c89da7874 [term 1 FOLLOWER]: Refusing update from remote peer d7ddff3440de495da0bdd688a58da4e9: Log matching property violated. Preceding OpId in replica: term: 1 index: 3. Preceding OpId from leader: term: 1 index: 4. (index mismatch)
I20260713 09:02:11.248409  7147 consensus_queue.cc:1048] T dc574643f9384d1581ca4d9207dce0de P d7ddff3440de495da0bdd688a58da4e9 [LEADER]: Connected to new peer: Peer: permanent_uuid: "ffb94850f2c740ab9b372d1c89da7874" member_type: VOTER last_known_addr { host: "127.5.164.193" port: 43681 }, Status: LMP_MISMATCH, Last received: 0.0, Next index: 4, Last known committed idx: 3, Time since last communication: 0.000s
I20260713 09:02:11.249646  7147 consensus_queue.cc:1048] T dc574643f9384d1581ca4d9207dce0de P d7ddff3440de495da0bdd688a58da4e9 [LEADER]: Connected to new peer: Peer: permanent_uuid: "51d2ec52470546e1b6dd38cf9bac8f8e" member_type: VOTER last_known_addr { host: "127.5.164.196" port: 44303 } attrs { promote: false }, Status: LMP_MISMATCH, Last received: 0.0, Next index: 4, Last known committed idx: 3, Time since last communication: 0.000s
I20260713 09:02:11.262028  6798 catalog_manager.cc:5028] TS a1fd3a3f3dc94f66855bf06f127a3359 (127.5.164.195:46841): tablet c9634a12dfa54241848ba7457e5c5379 (table test-workload [id=9a7348e7b9ef4a3988df09dbb90920e1]) successfully deleted
I20260713 09:02:11.266814  7438 raft_consensus.cc:2955] T dc574643f9384d1581ca4d9207dce0de P d7ddff3440de495da0bdd688a58da4e9 [term 1 LEADER]: Committing config change with OpId 1.4: config changed from index 3 to 4, VOTER a1fd3a3f3dc94f66855bf06f127a3359 (127.5.164.195) evicted. New config: { opid_index: 4 OBSOLETE_local: false peers { permanent_uuid: "ffb94850f2c740ab9b372d1c89da7874" member_type: VOTER last_known_addr { host: "127.5.164.193" port: 43681 } } peers { permanent_uuid: "d7ddff3440de495da0bdd688a58da4e9" member_type: VOTER last_known_addr { host: "127.5.164.194" port: 43947 } } peers { permanent_uuid: "51d2ec52470546e1b6dd38cf9bac8f8e" member_type: VOTER last_known_addr { host: "127.5.164.196" port: 44303 } attrs { promote: false } } }
I20260713 09:02:11.267001  7471 raft_consensus.cc:2955] T 620ce9c7b73341e19dc3bee9fff09c7f P a1fd3a3f3dc94f66855bf06f127a3359 [term 1 LEADER]: Committing config change with OpId 1.3: config changed from index 2 to 3, 51d2ec52470546e1b6dd38cf9bac8f8e (127.5.164.196) changed from NON_VOTER to VOTER. New config: { opid_index: 3 OBSOLETE_local: false peers { permanent_uuid: "ffb94850f2c740ab9b372d1c89da7874" member_type: VOTER last_known_addr { host: "127.5.164.193" port: 43681 } attrs { replace: true } } peers { permanent_uuid: "d7ddff3440de495da0bdd688a58da4e9" member_type: VOTER last_known_addr { host: "127.5.164.194" port: 43947 } } peers { permanent_uuid: "a1fd3a3f3dc94f66855bf06f127a3359" member_type: VOTER last_known_addr { host: "127.5.164.195" port: 46841 } } peers { permanent_uuid: "51d2ec52470546e1b6dd38cf9bac8f8e" member_type: VOTER last_known_addr { host: "127.5.164.196" port: 44303 } attrs { promote: false } } }
I20260713 09:02:11.269167  7329 raft_consensus.cc:2955] T dc574643f9384d1581ca4d9207dce0de P 51d2ec52470546e1b6dd38cf9bac8f8e [term 1 FOLLOWER]: Committing config change with OpId 1.4: config changed from index 3 to 4, VOTER a1fd3a3f3dc94f66855bf06f127a3359 (127.5.164.195) evicted. New config: { opid_index: 4 OBSOLETE_local: false peers { permanent_uuid: "ffb94850f2c740ab9b372d1c89da7874" member_type: VOTER last_known_addr { host: "127.5.164.193" port: 43681 } } peers { permanent_uuid: "d7ddff3440de495da0bdd688a58da4e9" member_type: VOTER last_known_addr { host: "127.5.164.194" port: 43947 } } peers { permanent_uuid: "51d2ec52470546e1b6dd38cf9bac8f8e" member_type: VOTER last_known_addr { host: "127.5.164.196" port: 44303 } attrs { promote: false } } }
I20260713 09:02:11.274309  6986 raft_consensus.cc:2955] T 620ce9c7b73341e19dc3bee9fff09c7f P d7ddff3440de495da0bdd688a58da4e9 [term 1 FOLLOWER]: Committing config change with OpId 1.3: config changed from index 2 to 3, 51d2ec52470546e1b6dd38cf9bac8f8e (127.5.164.196) changed from NON_VOTER to VOTER. New config: { opid_index: 3 OBSOLETE_local: false peers { permanent_uuid: "ffb94850f2c740ab9b372d1c89da7874" member_type: VOTER last_known_addr { host: "127.5.164.193" port: 43681 } attrs { replace: true } } peers { permanent_uuid: "d7ddff3440de495da0bdd688a58da4e9" member_type: VOTER last_known_addr { host: "127.5.164.194" port: 43947 } } peers { permanent_uuid: "a1fd3a3f3dc94f66855bf06f127a3359" member_type: VOTER last_known_addr { host: "127.5.164.195" port: 46841 } } peers { permanent_uuid: "51d2ec52470546e1b6dd38cf9bac8f8e" member_type: VOTER last_known_addr { host: "127.5.164.196" port: 44303 } attrs { promote: false } } }
I20260713 09:02:11.278301  6797 catalog_manager.cc:5210] ChangeConfig:REMOVE_PEER RPC for tablet dc574643f9384d1581ca4d9207dce0de with cas_config_opid_index 3: ChangeConfig:REMOVE_PEER succeeded (attempt 1)
I20260713 09:02:11.274657  6912 raft_consensus.cc:2955] T dc574643f9384d1581ca4d9207dce0de P ffb94850f2c740ab9b372d1c89da7874 [term 1 FOLLOWER]: Committing config change with OpId 1.4: config changed from index 3 to 4, VOTER a1fd3a3f3dc94f66855bf06f127a3359 (127.5.164.195) evicted. New config: { opid_index: 4 OBSOLETE_local: false peers { permanent_uuid: "ffb94850f2c740ab9b372d1c89da7874" member_type: VOTER last_known_addr { host: "127.5.164.193" port: 43681 } } peers { permanent_uuid: "d7ddff3440de495da0bdd688a58da4e9" member_type: VOTER last_known_addr { host: "127.5.164.194" port: 43947 } } peers { permanent_uuid: "51d2ec52470546e1b6dd38cf9bac8f8e" member_type: VOTER last_known_addr { host: "127.5.164.196" port: 44303 } attrs { promote: false } } }
I20260713 09:02:11.274468  6910 raft_consensus.cc:2955] T 620ce9c7b73341e19dc3bee9fff09c7f P ffb94850f2c740ab9b372d1c89da7874 [term 1 FOLLOWER]: Committing config change with OpId 1.3: config changed from index 2 to 3, 51d2ec52470546e1b6dd38cf9bac8f8e (127.5.164.196) changed from NON_VOTER to VOTER. New config: { opid_index: 3 OBSOLETE_local: false peers { permanent_uuid: "ffb94850f2c740ab9b372d1c89da7874" member_type: VOTER last_known_addr { host: "127.5.164.193" port: 43681 } attrs { replace: true } } peers { permanent_uuid: "d7ddff3440de495da0bdd688a58da4e9" member_type: VOTER last_known_addr { host: "127.5.164.194" port: 43947 } } peers { permanent_uuid: "a1fd3a3f3dc94f66855bf06f127a3359" member_type: VOTER last_known_addr { host: "127.5.164.195" port: 46841 } } peers { permanent_uuid: "51d2ec52470546e1b6dd38cf9bac8f8e" member_type: VOTER last_known_addr { host: "127.5.164.196" port: 44303 } attrs { promote: false } } }
I20260713 09:02:11.284349  6810 catalog_manager.cc:5697] T dc574643f9384d1581ca4d9207dce0de P d7ddff3440de495da0bdd688a58da4e9 reported cstate change: config changed from index 3 to 4, VOTER a1fd3a3f3dc94f66855bf06f127a3359 (127.5.164.195) evicted. New cstate: current_term: 1 leader_uuid: "d7ddff3440de495da0bdd688a58da4e9" committed_config { opid_index: 4 OBSOLETE_local: false peers { permanent_uuid: "ffb94850f2c740ab9b372d1c89da7874" member_type: VOTER last_known_addr { host: "127.5.164.193" port: 43681 } health_report { overall_health: HEALTHY } } peers { permanent_uuid: "d7ddff3440de495da0bdd688a58da4e9" member_type: VOTER last_known_addr { host: "127.5.164.194" port: 43947 } health_report { overall_health: HEALTHY } } peers { permanent_uuid: "51d2ec52470546e1b6dd38cf9bac8f8e" member_type: VOTER last_known_addr { host: "127.5.164.196" port: 44303 } attrs { promote: false } health_report { overall_health: HEALTHY } } }
I20260713 09:02:11.294605  7329 raft_consensus.cc:2955] T 620ce9c7b73341e19dc3bee9fff09c7f P 51d2ec52470546e1b6dd38cf9bac8f8e [term 1 FOLLOWER]: Committing config change with OpId 1.3: config changed from index 2 to 3, 51d2ec52470546e1b6dd38cf9bac8f8e (127.5.164.196) changed from NON_VOTER to VOTER. New config: { opid_index: 3 OBSOLETE_local: false peers { permanent_uuid: "ffb94850f2c740ab9b372d1c89da7874" member_type: VOTER last_known_addr { host: "127.5.164.193" port: 43681 } attrs { replace: true } } peers { permanent_uuid: "d7ddff3440de495da0bdd688a58da4e9" member_type: VOTER last_known_addr { host: "127.5.164.194" port: 43947 } } peers { permanent_uuid: "a1fd3a3f3dc94f66855bf06f127a3359" member_type: VOTER last_known_addr { host: "127.5.164.195" port: 46841 } } peers { permanent_uuid: "51d2ec52470546e1b6dd38cf9bac8f8e" member_type: VOTER last_known_addr { host: "127.5.164.196" port: 44303 } attrs { promote: false } } }
