I20260713 09:01:48.828219  5948 tablet_service.cc:1917] Received RequestConsensusVote() RPC: tablet_id: "f0784e2992554e82a192763694a3b612" candidate_uuid: "f3da3d4e50684f059f66a24f203df107" candidate_term: 3 candidate_status { last_received { term: 2 index: 2 } } ignore_live_leader: true dest_uuid: "f7b8713fefc14d45a1160dd58bf3639e"
I20260713 09:01:48.828575  6021 tablet_service.cc:1917] Received RequestConsensusVote() RPC: tablet_id: "f0784e2992554e82a192763694a3b612" candidate_uuid: "f3da3d4e50684f059f66a24f203df107" candidate_term: 3 candidate_status { last_received { term: 2 index: 2 } } ignore_live_leader: true dest_uuid: "0aa18b58418d4324b5d3125af3b77f00"
I20260713 09:01:48.828781  5948 raft_consensus.cc:3055] T f0784e2992554e82a192763694a3b612 P f7b8713fefc14d45a1160dd58bf3639e [term 2 LEADER]: Stepping down as leader of term 2
I20260713 09:01:48.829077  5948 raft_consensus.cc:740] T f0784e2992554e82a192763694a3b612 P f7b8713fefc14d45a1160dd58bf3639e [term 2 LEADER]: Becoming Follower/Learner. State: Replica: f7b8713fefc14d45a1160dd58bf3639e, State: Running, Role: LEADER
I20260713 09:01:48.829095  6021 raft_consensus.cc:3060] T f0784e2992554e82a192763694a3b612 P 0aa18b58418d4324b5d3125af3b77f00 [term 2 FOLLOWER]: Advancing to term 3
I20260713 09:01:48.829924  5948 consensus_queue.cc:260] T f0784e2992554e82a192763694a3b612 P f7b8713fefc14d45a1160dd58bf3639e [NON_LEADER]: Queue going to NON_LEADER mode. State: All replicated index: 0, Majority replicated index: 2, Committed index: 2, Last appended: 2.2, Last appended by leader: 2, Current term: 2, Majority size: -1, State: 0, Mode: NON_LEADER, active raft config: opid_index: -1 OBSOLETE_local: false peers { permanent_uuid: "f3da3d4e50684f059f66a24f203df107" member_type: VOTER last_known_addr { host: "127.5.154.193" port: 40029 } } peers { permanent_uuid: "f7b8713fefc14d45a1160dd58bf3639e" member_type: VOTER last_known_addr { host: "127.5.154.194" port: 33255 } } peers { permanent_uuid: "0aa18b58418d4324b5d3125af3b77f00" member_type: VOTER last_known_addr { host: "127.5.154.195" port: 45413 } }
I20260713 09:01:48.831071  5948 raft_consensus.cc:3060] T f0784e2992554e82a192763694a3b612 P f7b8713fefc14d45a1160dd58bf3639e [term 2 FOLLOWER]: Advancing to term 3
I20260713 09:01:48.835956  6021 raft_consensus.cc:2468] T f0784e2992554e82a192763694a3b612 P 0aa18b58418d4324b5d3125af3b77f00 [term 3 FOLLOWER]: Leader election vote request: Granting yes vote for candidate f3da3d4e50684f059f66a24f203df107 in term 3.
I20260713 09:01:48.836872  5948 raft_consensus.cc:2468] T f0784e2992554e82a192763694a3b612 P f7b8713fefc14d45a1160dd58bf3639e [term 3 FOLLOWER]: Leader election vote request: Granting yes vote for candidate f3da3d4e50684f059f66a24f203df107 in term 3.
I20260713 09:01:48.837029  5840 leader_election.cc:304] T f0784e2992554e82a192763694a3b612 P f3da3d4e50684f059f66a24f203df107 [CANDIDATE]: Term 3 election: Election decided. Result: candidate won. Election summary: received 2 responses out of 3 voters: 2 yes votes; 0 no votes. yes voters: 0aa18b58418d4324b5d3125af3b77f00, f3da3d4e50684f059f66a24f203df107; no voters: 
I20260713 09:01:48.837839  6206 raft_consensus.cc:2804] T f0784e2992554e82a192763694a3b612 P f3da3d4e50684f059f66a24f203df107 [term 3 FOLLOWER]: Leader election won for term 3
I20260713 09:01:48.838316  6206 raft_consensus.cc:697] T f0784e2992554e82a192763694a3b612 P f3da3d4e50684f059f66a24f203df107 [term 3 LEADER]: Becoming Leader. State: Replica: f3da3d4e50684f059f66a24f203df107, State: Running, Role: LEADER
I20260713 09:01:48.839133  6206 consensus_queue.cc:237] T f0784e2992554e82a192763694a3b612 P f3da3d4e50684f059f66a24f203df107 [LEADER]: Queue going to LEADER mode. State: All replicated index: 0, Majority replicated index: 2, Committed index: 2, Last appended: 2.2, Last appended by leader: 2, Current term: 3, Majority size: 2, State: 0, Mode: LEADER, active raft config: opid_index: -1 OBSOLETE_local: false peers { permanent_uuid: "f3da3d4e50684f059f66a24f203df107" member_type: VOTER last_known_addr { host: "127.5.154.193" port: 40029 } } peers { permanent_uuid: "f7b8713fefc14d45a1160dd58bf3639e" member_type: VOTER last_known_addr { host: "127.5.154.194" port: 33255 } } peers { permanent_uuid: "0aa18b58418d4324b5d3125af3b77f00" member_type: VOTER last_known_addr { host: "127.5.154.195" port: 45413 } }
I20260713 09:01:48.846114  5771 catalog_manager.cc:5697] T f0784e2992554e82a192763694a3b612 P f3da3d4e50684f059f66a24f203df107 reported cstate change: term changed from 2 to 3, leader changed from f7b8713fefc14d45a1160dd58bf3639e (127.5.154.194) to f3da3d4e50684f059f66a24f203df107 (127.5.154.193). New cstate: current_term: 3 leader_uuid: "f3da3d4e50684f059f66a24f203df107" committed_config { opid_index: -1 OBSOLETE_local: false peers { permanent_uuid: "f3da3d4e50684f059f66a24f203df107" member_type: VOTER last_known_addr { host: "127.5.154.193" port: 40029 } health_report { overall_health: HEALTHY } } peers { permanent_uuid: "f7b8713fefc14d45a1160dd58bf3639e" member_type: VOTER last_known_addr { host: "127.5.154.194" port: 33255 } health_report { overall_health: UNKNOWN } } peers { permanent_uuid: "0aa18b58418d4324b5d3125af3b77f00" member_type: VOTER last_known_addr { host: "127.5.154.195" port: 45413 } health_report { overall_health: UNKNOWN } } }
I20260713 09:01:48.851920  6205 raft_consensus.cc:993] T 55512f5fc0654a1fba18483bfc1ff37d P f7b8713fefc14d45a1160dd58bf3639e: : Instructing follower 0aa18b58418d4324b5d3125af3b77f00 to start an election
I20260713 09:01:48.852371  6184 raft_consensus.cc:1081] T 55512f5fc0654a1fba18483bfc1ff37d P f7b8713fefc14d45a1160dd58bf3639e [term 3 LEADER]: Signalling peer 0aa18b58418d4324b5d3125af3b77f00 to start an election
I20260713 09:01:48.853884  6021 tablet_service.cc:2044] Received Run Leader Election RPC: tablet_id: "55512f5fc0654a1fba18483bfc1ff37d"
dest_uuid: "0aa18b58418d4324b5d3125af3b77f00"
 from {username='slave'} at 127.0.0.1:52064
I20260713 09:01:48.854380  6021 raft_consensus.cc:493] T 55512f5fc0654a1fba18483bfc1ff37d P 0aa18b58418d4324b5d3125af3b77f00 [term 3 FOLLOWER]: Starting forced leader election (received explicit request)
I20260713 09:01:48.854642  6021 raft_consensus.cc:3060] T 55512f5fc0654a1fba18483bfc1ff37d P 0aa18b58418d4324b5d3125af3b77f00 [term 3 FOLLOWER]: Advancing to term 4
I20260713 09:01:48.858843  6021 raft_consensus.cc:515] T 55512f5fc0654a1fba18483bfc1ff37d P 0aa18b58418d4324b5d3125af3b77f00 [term 4 FOLLOWER]: Starting forced leader election with config: opid_index: -1 OBSOLETE_local: false peers { permanent_uuid: "f3da3d4e50684f059f66a24f203df107" member_type: VOTER last_known_addr { host: "127.5.154.193" port: 40029 } } peers { permanent_uuid: "f7b8713fefc14d45a1160dd58bf3639e" member_type: VOTER last_known_addr { host: "127.5.154.194" port: 33255 } } peers { permanent_uuid: "0aa18b58418d4324b5d3125af3b77f00" member_type: VOTER last_known_addr { host: "127.5.154.195" port: 45413 } }
I20260713 09:01:48.860311  6021 leader_election.cc:290] T 55512f5fc0654a1fba18483bfc1ff37d P 0aa18b58418d4324b5d3125af3b77f00 [CANDIDATE]: Term 4 election: Requested vote from peers f3da3d4e50684f059f66a24f203df107 (127.5.154.193:40029), f7b8713fefc14d45a1160dd58bf3639e (127.5.154.194:33255)
I20260713 09:01:48.861207  5873 tablet_service.cc:1917] Received RequestConsensusVote() RPC: tablet_id: "55512f5fc0654a1fba18483bfc1ff37d" candidate_uuid: "0aa18b58418d4324b5d3125af3b77f00" candidate_term: 4 candidate_status { last_received { term: 3 index: 3 } } ignore_live_leader: true dest_uuid: "f3da3d4e50684f059f66a24f203df107"
I20260713 09:01:48.861351  5948 tablet_service.cc:1917] Received RequestConsensusVote() RPC: tablet_id: "55512f5fc0654a1fba18483bfc1ff37d" candidate_uuid: "0aa18b58418d4324b5d3125af3b77f00" candidate_term: 4 candidate_status { last_received { term: 3 index: 3 } } ignore_live_leader: true dest_uuid: "f7b8713fefc14d45a1160dd58bf3639e"
I20260713 09:01:48.861739  5873 raft_consensus.cc:3060] T 55512f5fc0654a1fba18483bfc1ff37d P f3da3d4e50684f059f66a24f203df107 [term 3 FOLLOWER]: Advancing to term 4
I20260713 09:01:48.861879  5948 raft_consensus.cc:3055] T 55512f5fc0654a1fba18483bfc1ff37d P f7b8713fefc14d45a1160dd58bf3639e [term 3 LEADER]: Stepping down as leader of term 3
I20260713 09:01:48.862532  5948 raft_consensus.cc:740] T 55512f5fc0654a1fba18483bfc1ff37d P f7b8713fefc14d45a1160dd58bf3639e [term 3 LEADER]: Becoming Follower/Learner. State: Replica: f7b8713fefc14d45a1160dd58bf3639e, State: Running, Role: LEADER
I20260713 09:01:48.863338  5948 consensus_queue.cc:260] T 55512f5fc0654a1fba18483bfc1ff37d P f7b8713fefc14d45a1160dd58bf3639e [NON_LEADER]: Queue going to NON_LEADER mode. State: All replicated index: 0, Majority replicated index: 3, Committed index: 3, Last appended: 3.3, Last appended by leader: 3, Current term: 3, Majority size: -1, State: 0, Mode: NON_LEADER, active raft config: opid_index: -1 OBSOLETE_local: false peers { permanent_uuid: "f3da3d4e50684f059f66a24f203df107" member_type: VOTER last_known_addr { host: "127.5.154.193" port: 40029 } } peers { permanent_uuid: "f7b8713fefc14d45a1160dd58bf3639e" member_type: VOTER last_known_addr { host: "127.5.154.194" port: 33255 } } peers { permanent_uuid: "0aa18b58418d4324b5d3125af3b77f00" member_type: VOTER last_known_addr { host: "127.5.154.195" port: 45413 } }
I20260713 09:01:48.865020  5948 raft_consensus.cc:3060] T 55512f5fc0654a1fba18483bfc1ff37d P f7b8713fefc14d45a1160dd58bf3639e [term 3 FOLLOWER]: Advancing to term 4
I20260713 09:01:48.868671  5873 raft_consensus.cc:2468] T 55512f5fc0654a1fba18483bfc1ff37d P f3da3d4e50684f059f66a24f203df107 [term 4 FOLLOWER]: Leader election vote request: Granting yes vote for candidate 0aa18b58418d4324b5d3125af3b77f00 in term 4.
I20260713 09:01:48.868865  5948 raft_consensus.cc:2468] T 55512f5fc0654a1fba18483bfc1ff37d P f7b8713fefc14d45a1160dd58bf3639e [term 4 FOLLOWER]: Leader election vote request: Granting yes vote for candidate 0aa18b58418d4324b5d3125af3b77f00 in term 4.
I20260713 09:01:48.870152  5987 leader_election.cc:304] T 55512f5fc0654a1fba18483bfc1ff37d P 0aa18b58418d4324b5d3125af3b77f00 [CANDIDATE]: Term 4 election: Election decided. Result: candidate won. Election summary: received 2 responses out of 3 voters: 2 yes votes; 0 no votes. yes voters: 0aa18b58418d4324b5d3125af3b77f00, f3da3d4e50684f059f66a24f203df107; no voters: 
I20260713 09:01:48.870944  6178 raft_consensus.cc:2804] T 55512f5fc0654a1fba18483bfc1ff37d P 0aa18b58418d4324b5d3125af3b77f00 [term 4 FOLLOWER]: Leader election won for term 4
I20260713 09:01:48.871937  6178 raft_consensus.cc:697] T 55512f5fc0654a1fba18483bfc1ff37d P 0aa18b58418d4324b5d3125af3b77f00 [term 4 LEADER]: Becoming Leader. State: Replica: 0aa18b58418d4324b5d3125af3b77f00, State: Running, Role: LEADER
I20260713 09:01:48.872610  6178 consensus_queue.cc:237] T 55512f5fc0654a1fba18483bfc1ff37d P 0aa18b58418d4324b5d3125af3b77f00 [LEADER]: Queue going to LEADER mode. State: All replicated index: 0, Majority replicated index: 3, Committed index: 3, Last appended: 3.3, Last appended by leader: 3, Current term: 4, Majority size: 2, State: 0, Mode: LEADER, active raft config: opid_index: -1 OBSOLETE_local: false peers { permanent_uuid: "f3da3d4e50684f059f66a24f203df107" member_type: VOTER last_known_addr { host: "127.5.154.193" port: 40029 } } peers { permanent_uuid: "f7b8713fefc14d45a1160dd58bf3639e" member_type: VOTER last_known_addr { host: "127.5.154.194" port: 33255 } } peers { permanent_uuid: "0aa18b58418d4324b5d3125af3b77f00" member_type: VOTER last_known_addr { host: "127.5.154.195" port: 45413 } }
I20260713 09:01:48.878978  5771 catalog_manager.cc:5697] T 55512f5fc0654a1fba18483bfc1ff37d P 0aa18b58418d4324b5d3125af3b77f00 reported cstate change: term changed from 3 to 4, leader changed from f7b8713fefc14d45a1160dd58bf3639e (127.5.154.194) to 0aa18b58418d4324b5d3125af3b77f00 (127.5.154.195). New cstate: current_term: 4 leader_uuid: "0aa18b58418d4324b5d3125af3b77f00" committed_config { opid_index: -1 OBSOLETE_local: false peers { permanent_uuid: "f3da3d4e50684f059f66a24f203df107" member_type: VOTER last_known_addr { host: "127.5.154.193" port: 40029 } health_report { overall_health: UNKNOWN } } peers { permanent_uuid: "f7b8713fefc14d45a1160dd58bf3639e" member_type: VOTER last_known_addr { host: "127.5.154.194" port: 33255 } health_report { overall_health: UNKNOWN } } peers { permanent_uuid: "0aa18b58418d4324b5d3125af3b77f00" member_type: VOTER last_known_addr { host: "127.5.154.195" port: 45413 } health_report { overall_health: HEALTHY } } }
I20260713 09:01:48.901957  5948 raft_consensus.cc:1275] T bd6b896bfdf84ebb83b6ad6d3c5bd30b P f7b8713fefc14d45a1160dd58bf3639e [term 2 FOLLOWER]: Refusing update from remote peer f3da3d4e50684f059f66a24f203df107: Log matching property violated. Preceding OpId in replica: term: 1 index: 1. Preceding OpId from leader: term: 2 index: 2. (index mismatch)
I20260713 09:01:48.903177  6206 consensus_queue.cc:1048] T bd6b896bfdf84ebb83b6ad6d3c5bd30b P f3da3d4e50684f059f66a24f203df107 [LEADER]: Connected to new peer: Peer: permanent_uuid: "f7b8713fefc14d45a1160dd58bf3639e" member_type: VOTER last_known_addr { host: "127.5.154.194" port: 33255 }, Status: LMP_MISMATCH, Last received: 0.0, Next index: 2, Last known committed idx: 1, Time since last communication: 0.000s
I20260713 09:01:48.913705  6021 raft_consensus.cc:1275] T bd6b896bfdf84ebb83b6ad6d3c5bd30b P 0aa18b58418d4324b5d3125af3b77f00 [term 2 FOLLOWER]: Refusing update from remote peer f3da3d4e50684f059f66a24f203df107: Log matching property violated. Preceding OpId in replica: term: 1 index: 1. Preceding OpId from leader: term: 2 index: 2. (index mismatch)
I20260713 09:01:48.915583  6205 raft_consensus.cc:993] T 8a6280bc19f344d0975a9cf2ce7c094d P f7b8713fefc14d45a1160dd58bf3639e: : Instructing follower 0aa18b58418d4324b5d3125af3b77f00 to start an election
I20260713 09:01:48.915998  6205 raft_consensus.cc:1081] T 8a6280bc19f344d0975a9cf2ce7c094d P f7b8713fefc14d45a1160dd58bf3639e [term 1 LEADER]: Signalling peer 0aa18b58418d4324b5d3125af3b77f00 to start an election
I20260713 09:01:48.916602  6219 consensus_queue.cc:1048] T bd6b896bfdf84ebb83b6ad6d3c5bd30b P f3da3d4e50684f059f66a24f203df107 [LEADER]: Connected to new peer: Peer: permanent_uuid: "0aa18b58418d4324b5d3125af3b77f00" member_type: VOTER last_known_addr { host: "127.5.154.195" port: 45413 }, Status: LMP_MISMATCH, Last received: 0.0, Next index: 2, Last known committed idx: 1, Time since last communication: 0.001s
I20260713 09:01:48.917637  6021 tablet_service.cc:2044] Received Run Leader Election RPC: tablet_id: "8a6280bc19f344d0975a9cf2ce7c094d"
dest_uuid: "0aa18b58418d4324b5d3125af3b77f00"
 from {username='slave'} at 127.0.0.1:52064
I20260713 09:01:48.918279  6021 raft_consensus.cc:493] T 8a6280bc19f344d0975a9cf2ce7c094d P 0aa18b58418d4324b5d3125af3b77f00 [term 1 FOLLOWER]: Starting forced leader election (received explicit request)
I20260713 09:01:48.918668  6021 raft_consensus.cc:3060] T 8a6280bc19f344d0975a9cf2ce7c094d P 0aa18b58418d4324b5d3125af3b77f00 [term 1 FOLLOWER]: Advancing to term 2
I20260713 09:01:48.925833  6021 raft_consensus.cc:515] T 8a6280bc19f344d0975a9cf2ce7c094d P 0aa18b58418d4324b5d3125af3b77f00 [term 2 FOLLOWER]: Starting forced leader election with config: opid_index: -1 OBSOLETE_local: false peers { permanent_uuid: "f3da3d4e50684f059f66a24f203df107" member_type: VOTER last_known_addr { host: "127.5.154.193" port: 40029 } } peers { permanent_uuid: "f7b8713fefc14d45a1160dd58bf3639e" member_type: VOTER last_known_addr { host: "127.5.154.194" port: 33255 } } peers { permanent_uuid: "0aa18b58418d4324b5d3125af3b77f00" member_type: VOTER last_known_addr { host: "127.5.154.195" port: 45413 } }
I20260713 09:01:48.928181  6021 leader_election.cc:290] T 8a6280bc19f344d0975a9cf2ce7c094d P 0aa18b58418d4324b5d3125af3b77f00 [CANDIDATE]: Term 2 election: Requested vote from peers f3da3d4e50684f059f66a24f203df107 (127.5.154.193:40029), f7b8713fefc14d45a1160dd58bf3639e (127.5.154.194:33255)
I20260713 09:01:48.928865  5873 tablet_service.cc:1917] Received RequestConsensusVote() RPC: tablet_id: "8a6280bc19f344d0975a9cf2ce7c094d" candidate_uuid: "0aa18b58418d4324b5d3125af3b77f00" candidate_term: 2 candidate_status { last_received { term: 1 index: 1 } } ignore_live_leader: true dest_uuid: "f3da3d4e50684f059f66a24f203df107"
I20260713 09:01:48.929247  5948 tablet_service.cc:1917] Received RequestConsensusVote() RPC: tablet_id: "8a6280bc19f344d0975a9cf2ce7c094d" candidate_uuid: "0aa18b58418d4324b5d3125af3b77f00" candidate_term: 2 candidate_status { last_received { term: 1 index: 1 } } ignore_live_leader: true dest_uuid: "f7b8713fefc14d45a1160dd58bf3639e"
I20260713 09:01:48.929397  5873 raft_consensus.cc:3060] T 8a6280bc19f344d0975a9cf2ce7c094d P f3da3d4e50684f059f66a24f203df107 [term 1 FOLLOWER]: Advancing to term 2
I20260713 09:01:48.929834  5948 raft_consensus.cc:3055] T 8a6280bc19f344d0975a9cf2ce7c094d P f7b8713fefc14d45a1160dd58bf3639e [term 1 LEADER]: Stepping down as leader of term 1
I20260713 09:01:48.930141  5948 raft_consensus.cc:740] T 8a6280bc19f344d0975a9cf2ce7c094d P f7b8713fefc14d45a1160dd58bf3639e [term 1 LEADER]: Becoming Follower/Learner. State: Replica: f7b8713fefc14d45a1160dd58bf3639e, State: Running, Role: LEADER
I20260713 09:01:48.930917  5948 consensus_queue.cc:260] T 8a6280bc19f344d0975a9cf2ce7c094d P f7b8713fefc14d45a1160dd58bf3639e [NON_LEADER]: Queue going to NON_LEADER mode. State: All replicated index: 0, Majority replicated index: 1, Committed index: 1, Last appended: 1.1, Last appended by leader: 1, Current term: 1, Majority size: -1, State: 0, Mode: NON_LEADER, active raft config: opid_index: -1 OBSOLETE_local: false peers { permanent_uuid: "f3da3d4e50684f059f66a24f203df107" member_type: VOTER last_known_addr { host: "127.5.154.193" port: 40029 } } peers { permanent_uuid: "f7b8713fefc14d45a1160dd58bf3639e" member_type: VOTER last_known_addr { host: "127.5.154.194" port: 33255 } } peers { permanent_uuid: "0aa18b58418d4324b5d3125af3b77f00" member_type: VOTER last_known_addr { host: "127.5.154.195" port: 45413 } }
I20260713 09:01:48.931903  5948 raft_consensus.cc:3060] T 8a6280bc19f344d0975a9cf2ce7c094d P f7b8713fefc14d45a1160dd58bf3639e [term 1 FOLLOWER]: Advancing to term 2
I20260713 09:01:48.934290  5873 raft_consensus.cc:2468] T 8a6280bc19f344d0975a9cf2ce7c094d P f3da3d4e50684f059f66a24f203df107 [term 2 FOLLOWER]: Leader election vote request: Granting yes vote for candidate 0aa18b58418d4324b5d3125af3b77f00 in term 2.
I20260713 09:01:48.935259  5987 leader_election.cc:304] T 8a6280bc19f344d0975a9cf2ce7c094d P 0aa18b58418d4324b5d3125af3b77f00 [CANDIDATE]: Term 2 election: Election decided. Result: candidate won. Election summary: received 2 responses out of 3 voters: 2 yes votes; 0 no votes. yes voters: 0aa18b58418d4324b5d3125af3b77f00, f3da3d4e50684f059f66a24f203df107; no voters: 
I20260713 09:01:48.936033  6178 raft_consensus.cc:2804] T 8a6280bc19f344d0975a9cf2ce7c094d P 0aa18b58418d4324b5d3125af3b77f00 [term 2 FOLLOWER]: Leader election won for term 2
I20260713 09:01:48.936548  6178 raft_consensus.cc:697] T 8a6280bc19f344d0975a9cf2ce7c094d P 0aa18b58418d4324b5d3125af3b77f00 [term 2 LEADER]: Becoming Leader. State: Replica: 0aa18b58418d4324b5d3125af3b77f00, State: Running, Role: LEADER
I20260713 09:01:48.937124  5948 raft_consensus.cc:2468] T 8a6280bc19f344d0975a9cf2ce7c094d P f7b8713fefc14d45a1160dd58bf3639e [term 2 FOLLOWER]: Leader election vote request: Granting yes vote for candidate 0aa18b58418d4324b5d3125af3b77f00 in term 2.
I20260713 09:01:48.937428  6178 consensus_queue.cc:237] T 8a6280bc19f344d0975a9cf2ce7c094d P 0aa18b58418d4324b5d3125af3b77f00 [LEADER]: Queue going to LEADER mode. State: All replicated index: 0, Majority replicated index: 1, Committed index: 1, Last appended: 1.1, Last appended by leader: 1, Current term: 2, Majority size: 2, State: 0, Mode: LEADER, active raft config: opid_index: -1 OBSOLETE_local: false peers { permanent_uuid: "f3da3d4e50684f059f66a24f203df107" member_type: VOTER last_known_addr { host: "127.5.154.193" port: 40029 } } peers { permanent_uuid: "f7b8713fefc14d45a1160dd58bf3639e" member_type: VOTER last_known_addr { host: "127.5.154.194" port: 33255 } } peers { permanent_uuid: "0aa18b58418d4324b5d3125af3b77f00" member_type: VOTER last_known_addr { host: "127.5.154.195" port: 45413 } }
I20260713 09:01:48.944213  5771 catalog_manager.cc:5697] T 8a6280bc19f344d0975a9cf2ce7c094d P 0aa18b58418d4324b5d3125af3b77f00 reported cstate change: term changed from 1 to 2, leader changed from f7b8713fefc14d45a1160dd58bf3639e (127.5.154.194) to 0aa18b58418d4324b5d3125af3b77f00 (127.5.154.195). New cstate: current_term: 2 leader_uuid: "0aa18b58418d4324b5d3125af3b77f00" committed_config { opid_index: -1 OBSOLETE_local: false peers { permanent_uuid: "f3da3d4e50684f059f66a24f203df107" member_type: VOTER last_known_addr { host: "127.5.154.193" port: 40029 } health_report { overall_health: UNKNOWN } } peers { permanent_uuid: "f7b8713fefc14d45a1160dd58bf3639e" member_type: VOTER last_known_addr { host: "127.5.154.194" port: 33255 } health_report { overall_health: UNKNOWN } } peers { permanent_uuid: "0aa18b58418d4324b5d3125af3b77f00" member_type: VOTER last_known_addr { host: "127.5.154.195" port: 45413 } health_report { overall_health: HEALTHY } } }
I20260713 09:01:49.067934  5948 raft_consensus.cc:1275] T 8bbeabc463cd470bbaf5efe0f8efb374 P f7b8713fefc14d45a1160dd58bf3639e [term 5 FOLLOWER]: Refusing update from remote peer f3da3d4e50684f059f66a24f203df107: Log matching property violated. Preceding OpId in replica: term: 4 index: 4. Preceding OpId from leader: term: 5 index: 5. (index mismatch)
I20260713 09:01:49.069041  6219 consensus_queue.cc:1048] T 8bbeabc463cd470bbaf5efe0f8efb374 P f3da3d4e50684f059f66a24f203df107 [LEADER]: Connected to new peer: Peer: permanent_uuid: "f7b8713fefc14d45a1160dd58bf3639e" member_type: VOTER last_known_addr { host: "127.5.154.194" port: 33255 }, Status: LMP_MISMATCH, Last received: 0.0, Next index: 5, Last known committed idx: 4, Time since last communication: 0.000s
I20260713 09:01:49.071542  6021 raft_consensus.cc:1275] T 8bbeabc463cd470bbaf5efe0f8efb374 P 0aa18b58418d4324b5d3125af3b77f00 [term 5 FOLLOWER]: Refusing update from remote peer f3da3d4e50684f059f66a24f203df107: Log matching property violated. Preceding OpId in replica: term: 4 index: 4. Preceding OpId from leader: term: 5 index: 5. (index mismatch)
I20260713 09:01:49.073207  6219 consensus_queue.cc:1048] T 8bbeabc463cd470bbaf5efe0f8efb374 P f3da3d4e50684f059f66a24f203df107 [LEADER]: Connected to new peer: Peer: permanent_uuid: "0aa18b58418d4324b5d3125af3b77f00" member_type: VOTER last_known_addr { host: "127.5.154.195" port: 45413 }, Status: LMP_MISMATCH, Last received: 0.0, Next index: 5, Last known committed idx: 4, Time since last communication: 0.000s
I20260713 09:01:49.253580  6021 raft_consensus.cc:1275] T f0784e2992554e82a192763694a3b612 P 0aa18b58418d4324b5d3125af3b77f00 [term 3 FOLLOWER]: Refusing update from remote peer f3da3d4e50684f059f66a24f203df107: Log matching property violated. Preceding OpId in replica: term: 2 index: 2. Preceding OpId from leader: term: 3 index: 3. (index mismatch)
I20260713 09:01:49.254717  6219 consensus_queue.cc:1048] T f0784e2992554e82a192763694a3b612 P f3da3d4e50684f059f66a24f203df107 [LEADER]: Connected to new peer: Peer: permanent_uuid: "0aa18b58418d4324b5d3125af3b77f00" member_type: VOTER last_known_addr { host: "127.5.154.195" port: 45413 }, Status: LMP_MISMATCH, Last received: 0.0, Next index: 3, Last known committed idx: 2, Time since last communication: 0.000s
I20260713 09:01:49.263648  5948 raft_consensus.cc:1275] T f0784e2992554e82a192763694a3b612 P f7b8713fefc14d45a1160dd58bf3639e [term 3 FOLLOWER]: Refusing update from remote peer f3da3d4e50684f059f66a24f203df107: Log matching property violated. Preceding OpId in replica: term: 2 index: 2. Preceding OpId from leader: term: 3 index: 3. (index mismatch)
I20260713 09:01:49.265128  6206 consensus_queue.cc:1048] T f0784e2992554e82a192763694a3b612 P f3da3d4e50684f059f66a24f203df107 [LEADER]: Connected to new peer: Peer: permanent_uuid: "f7b8713fefc14d45a1160dd58bf3639e" member_type: VOTER last_known_addr { host: "127.5.154.194" port: 33255 }, Status: LMP_MISMATCH, Last received: 0.0, Next index: 3, Last known committed idx: 2, Time since last communication: 0.000s
I20260713 09:01:49.322463  5948 raft_consensus.cc:1275] T 8a6280bc19f344d0975a9cf2ce7c094d P f7b8713fefc14d45a1160dd58bf3639e [term 2 FOLLOWER]: Refusing update from remote peer 0aa18b58418d4324b5d3125af3b77f00: Log matching property violated. Preceding OpId in replica: term: 1 index: 1. Preceding OpId from leader: term: 2 index: 2. (index mismatch)
I20260713 09:01:49.323683  6178 consensus_queue.cc:1048] T 8a6280bc19f344d0975a9cf2ce7c094d P 0aa18b58418d4324b5d3125af3b77f00 [LEADER]: Connected to new peer: Peer: permanent_uuid: "f7b8713fefc14d45a1160dd58bf3639e" member_type: VOTER last_known_addr { host: "127.5.154.194" port: 33255 }, Status: LMP_MISMATCH, Last received: 0.0, Next index: 2, Last known committed idx: 1, Time since last communication: 0.000s
I20260713 09:01:49.332088  5873 raft_consensus.cc:1275] T 8a6280bc19f344d0975a9cf2ce7c094d P f3da3d4e50684f059f66a24f203df107 [term 2 FOLLOWER]: Refusing update from remote peer 0aa18b58418d4324b5d3125af3b77f00: Log matching property violated. Preceding OpId in replica: term: 1 index: 1. Preceding OpId from leader: term: 2 index: 2. (index mismatch)
I20260713 09:01:49.333849  6229 consensus_queue.cc:1048] T 8a6280bc19f344d0975a9cf2ce7c094d P 0aa18b58418d4324b5d3125af3b77f00 [LEADER]: Connected to new peer: Peer: permanent_uuid: "f3da3d4e50684f059f66a24f203df107" member_type: VOTER last_known_addr { host: "127.5.154.193" port: 40029 }, Status: LMP_MISMATCH, Last received: 0.0, Next index: 2, Last known committed idx: 1, Time since last communication: 0.001s
I20260713 09:01:49.359977  5948 raft_consensus.cc:1275] T 55512f5fc0654a1fba18483bfc1ff37d P f7b8713fefc14d45a1160dd58bf3639e [term 4 FOLLOWER]: Refusing update from remote peer 0aa18b58418d4324b5d3125af3b77f00: Log matching property violated. Preceding OpId in replica: term: 3 index: 3. Preceding OpId from leader: term: 4 index: 4. (index mismatch)
I20260713 09:01:49.361075  6178 consensus_queue.cc:1048] T 55512f5fc0654a1fba18483bfc1ff37d P 0aa18b58418d4324b5d3125af3b77f00 [LEADER]: Connected to new peer: Peer: permanent_uuid: "f7b8713fefc14d45a1160dd58bf3639e" member_type: VOTER last_known_addr { host: "127.5.154.194" port: 33255 }, Status: LMP_MISMATCH, Last received: 0.0, Next index: 4, Last known committed idx: 3, Time since last communication: 0.000s
I20260713 09:01:49.369755  5873 raft_consensus.cc:1275] T 55512f5fc0654a1fba18483bfc1ff37d P f3da3d4e50684f059f66a24f203df107 [term 4 FOLLOWER]: Refusing update from remote peer 0aa18b58418d4324b5d3125af3b77f00: Log matching property violated. Preceding OpId in replica: term: 3 index: 3. Preceding OpId from leader: term: 4 index: 4. (index mismatch)
I20260713 09:01:49.371066  6229 consensus_queue.cc:1048] T 55512f5fc0654a1fba18483bfc1ff37d P 0aa18b58418d4324b5d3125af3b77f00 [LEADER]: Connected to new peer: Peer: permanent_uuid: "f3da3d4e50684f059f66a24f203df107" member_type: VOTER last_known_addr { host: "127.5.154.193" port: 40029 }, Status: LMP_MISMATCH, Last received: 0.0, Next index: 4, Last known committed idx: 3, Time since last communication: 0.000s
I20260713 09:01:49.394980  5739 auto_leader_rebalancer.cc:141] leader rebalance for table test-workload
I20260713 09:01:49.401522  5739 tablet_server.cc:179] TabletServer@127.5.154.193:0 shutting down...
W20260713 09:01:49.412688  5987 proxy.cc:239] Call had error, refreshing address and retrying: Remote error: Service unavailable: service kudu.consensus.ConsensusService not registered on TabletServer
W20260713 09:01:49.417542  5987 consensus_peers.cc:597] T fef3d8c45e284d1ead62e075caeaa52a P 0aa18b58418d4324b5d3125af3b77f00 -> Peer f3da3d4e50684f059f66a24f203df107 (127.5.154.193:40029): Couldn't send request to peer f3da3d4e50684f059f66a24f203df107. Status: Remote error: Service unavailable: service kudu.consensus.ConsensusService not registered on TabletServer. This is attempt 1: this message will repeat every 5th retry.
I20260713 09:01:49.434154  5739 ts_tablet_manager.cc:1507] Shutting down tablet manager...
I20260713 09:01:49.434862  5739 tablet_replica.cc:333] T 8a6280bc19f344d0975a9cf2ce7c094d P f3da3d4e50684f059f66a24f203df107: stopping tablet replica
I20260713 09:01:49.435585  5739 raft_consensus.cc:2243] T 8a6280bc19f344d0975a9cf2ce7c094d P f3da3d4e50684f059f66a24f203df107 [term 2 FOLLOWER]: Raft consensus shutting down.
I20260713 09:01:49.436065  5739 raft_consensus.cc:2272] T 8a6280bc19f344d0975a9cf2ce7c094d P f3da3d4e50684f059f66a24f203df107 [term 2 FOLLOWER]: Raft consensus is shut down!
I20260713 09:01:49.439117  5739 tablet_replica.cc:333] T 3c5dd2c9188f429a9b677f9d2fe9abda P f3da3d4e50684f059f66a24f203df107: stopping tablet replica
I20260713 09:01:49.439694  5739 raft_consensus.cc:2243] T 3c5dd2c9188f429a9b677f9d2fe9abda P f3da3d4e50684f059f66a24f203df107 [term 2 FOLLOWER]: Raft consensus shutting down.
I20260713 09:01:49.440171  5739 raft_consensus.cc:2272] T 3c5dd2c9188f429a9b677f9d2fe9abda P f3da3d4e50684f059f66a24f203df107 [term 2 FOLLOWER]: Raft consensus is shut down!
I20260713 09:01:49.441795  5739 tablet_replica.cc:333] T bd6b896bfdf84ebb83b6ad6d3c5bd30b P f3da3d4e50684f059f66a24f203df107: stopping tablet replica
I20260713 09:01:49.442370  5739 raft_consensus.cc:2243] T bd6b896bfdf84ebb83b6ad6d3c5bd30b P f3da3d4e50684f059f66a24f203df107 [term 2 LEADER]: Raft consensus shutting down.
I20260713 09:01:49.443020  5739 raft_consensus.cc:2272] T bd6b896bfdf84ebb83b6ad6d3c5bd30b P f3da3d4e50684f059f66a24f203df107 [term 2 FOLLOWER]: Raft consensus is shut down!
I20260713 09:01:49.444698  5739 tablet_replica.cc:333] T 8002c4d6ee514089a96cf40feebff5d9 P f3da3d4e50684f059f66a24f203df107: stopping tablet replica
I20260713 09:01:49.445163  5739 raft_consensus.cc:2243] T 8002c4d6ee514089a96cf40feebff5d9 P f3da3d4e50684f059f66a24f203df107 [term 2 FOLLOWER]: Raft consensus shutting down.
I20260713 09:01:49.445564  5739 raft_consensus.cc:2272] T 8002c4d6ee514089a96cf40feebff5d9 P f3da3d4e50684f059f66a24f203df107 [term 2 FOLLOWER]: Raft consensus is shut down!
I20260713 09:01:49.447001  5739 tablet_replica.cc:333] T af73444bffd840158ae386d1d397945b P f3da3d4e50684f059f66a24f203df107: stopping tablet replica
I20260713 09:01:49.447448  5739 raft_consensus.cc:2243] T af73444bffd840158ae386d1d397945b P f3da3d4e50684f059f66a24f203df107 [term 3 FOLLOWER]: Raft consensus shutting down.
I20260713 09:01:49.447865  5739 raft_consensus.cc:2272] T af73444bffd840158ae386d1d397945b P f3da3d4e50684f059f66a24f203df107 [term 3 FOLLOWER]: Raft consensus is shut down!
I20260713 09:01:49.449627  5739 tablet_replica.cc:333] T fef3d8c45e284d1ead62e075caeaa52a P f3da3d4e50684f059f66a24f203df107: stopping tablet replica
I20260713 09:01:49.450012  5739 raft_consensus.cc:2243] T fef3d8c45e284d1ead62e075caeaa52a P f3da3d4e50684f059f66a24f203df107 [term 2 FOLLOWER]: Raft consensus shutting down.
I20260713 09:01:49.450402  5739 raft_consensus.cc:2272] T fef3d8c45e284d1ead62e075caeaa52a P f3da3d4e50684f059f66a24f203df107 [term 2 FOLLOWER]: Raft consensus is shut down!
I20260713 09:01:49.452299  5739 tablet_replica.cc:333] T 8bbeabc463cd470bbaf5efe0f8efb374 P f3da3d4e50684f059f66a24f203df107: stopping tablet replica
I20260713 09:01:49.452800  5739 raft_consensus.cc:2243] T 8bbeabc463cd470bbaf5efe0f8efb374 P f3da3d4e50684f059f66a24f203df107 [term 5 LEADER]: Raft consensus shutting down.
I20260713 09:01:49.453570  5739 raft_consensus.cc:2272] T 8bbeabc463cd470bbaf5efe0f8efb374 P f3da3d4e50684f059f66a24f203df107 [term 5 FOLLOWER]: Raft consensus is shut down!
I20260713 09:01:49.455245  5739 tablet_replica.cc:333] T 55512f5fc0654a1fba18483bfc1ff37d P f3da3d4e50684f059f66a24f203df107: stopping tablet replica
I20260713 09:01:49.455696  5739 raft_consensus.cc:2243] T 55512f5fc0654a1fba18483bfc1ff37d P f3da3d4e50684f059f66a24f203df107 [term 4 FOLLOWER]: Raft consensus shutting down.
I20260713 09:01:49.456079  5739 raft_consensus.cc:2272] T 55512f5fc0654a1fba18483bfc1ff37d P f3da3d4e50684f059f66a24f203df107 [term 4 FOLLOWER]: Raft consensus is shut down!
I20260713 09:01:49.457746  5739 tablet_replica.cc:333] T f0784e2992554e82a192763694a3b612 P f3da3d4e50684f059f66a24f203df107: stopping tablet replica
I20260713 09:01:49.458261  5739 raft_consensus.cc:2243] T f0784e2992554e82a192763694a3b612 P f3da3d4e50684f059f66a24f203df107 [term 3 LEADER]: Raft consensus shutting down.
I20260713 09:01:49.458945  5739 raft_consensus.cc:2272] T f0784e2992554e82a192763694a3b612 P f3da3d4e50684f059f66a24f203df107 [term 3 FOLLOWER]: Raft consensus is shut down!
I20260713 09:01:49.555348  5739 tablet_server.cc:196] TabletServer@127.5.154.193:0 shutdown complete.
W20260713 09:01:49.557580  5913 consensus_peers.cc:597] T af73444bffd840158ae386d1d397945b P f7b8713fefc14d45a1160dd58bf3639e -> Peer f3da3d4e50684f059f66a24f203df107 (127.5.154.193:40029): Couldn't send request to peer f3da3d4e50684f059f66a24f203df107. Status: Network error: Client connection negotiation failed: client connection to 127.5.154.193:40029: connect: Connection refused (error 111). This is attempt 1: this message will repeat every 5th retry.
I20260713 09:01:49.574470  5739 tablet_server.cc:179] TabletServer@127.5.154.194:0 shutting down...
I20260713 09:01:49.597227  5739 ts_tablet_manager.cc:1507] Shutting down tablet manager...
I20260713 09:01:49.597985  5739 tablet_replica.cc:333] T bd6b896bfdf84ebb83b6ad6d3c5bd30b P f7b8713fefc14d45a1160dd58bf3639e: stopping tablet replica
I20260713 09:01:49.598611  5739 raft_consensus.cc:2243] T bd6b896bfdf84ebb83b6ad6d3c5bd30b P f7b8713fefc14d45a1160dd58bf3639e [term 2 FOLLOWER]: Raft consensus shutting down.
I20260713 09:01:49.599022  5739 raft_consensus.cc:2272] T bd6b896bfdf84ebb83b6ad6d3c5bd30b P f7b8713fefc14d45a1160dd58bf3639e [term 2 FOLLOWER]: Raft consensus is shut down!
I20260713 09:01:49.601063  5739 tablet_replica.cc:333] T 8002c4d6ee514089a96cf40feebff5d9 P f7b8713fefc14d45a1160dd58bf3639e: stopping tablet replica
I20260713 09:01:49.601615  5739 raft_consensus.cc:2243] T 8002c4d6ee514089a96cf40feebff5d9 P f7b8713fefc14d45a1160dd58bf3639e [term 2 LEADER]: Raft consensus shutting down.
I20260713 09:01:49.602458  5739 raft_consensus.cc:2272] T 8002c4d6ee514089a96cf40feebff5d9 P f7b8713fefc14d45a1160dd58bf3639e [term 2 FOLLOWER]: Raft consensus is shut down!
I20260713 09:01:49.604295  5739 tablet_replica.cc:333] T 8a6280bc19f344d0975a9cf2ce7c094d P f7b8713fefc14d45a1160dd58bf3639e: stopping tablet replica
I20260713 09:01:49.604811  5739 raft_consensus.cc:2243] T 8a6280bc19f344d0975a9cf2ce7c094d P f7b8713fefc14d45a1160dd58bf3639e [term 2 FOLLOWER]: Raft consensus shutting down.
I20260713 09:01:49.605194  5739 raft_consensus.cc:2272] T 8a6280bc19f344d0975a9cf2ce7c094d P f7b8713fefc14d45a1160dd58bf3639e [term 2 FOLLOWER]: Raft consensus is shut down!
I20260713 09:01:49.607054  5739 tablet_replica.cc:333] T 3c5dd2c9188f429a9b677f9d2fe9abda P f7b8713fefc14d45a1160dd58bf3639e: stopping tablet replica
I20260713 09:01:49.607539  5739 raft_consensus.cc:2243] T 3c5dd2c9188f429a9b677f9d2fe9abda P f7b8713fefc14d45a1160dd58bf3639e [term 2 LEADER]: Raft consensus shutting down.
I20260713 09:01:49.608229  5739 raft_consensus.cc:2272] T 3c5dd2c9188f429a9b677f9d2fe9abda P f7b8713fefc14d45a1160dd58bf3639e [term 2 FOLLOWER]: Raft consensus is shut down!
I20260713 09:01:49.609802  5739 tablet_replica.cc:333] T fef3d8c45e284d1ead62e075caeaa52a P f7b8713fefc14d45a1160dd58bf3639e: stopping tablet replica
I20260713 09:01:49.610345  5739 raft_consensus.cc:2243] T fef3d8c45e284d1ead62e075caeaa52a P f7b8713fefc14d45a1160dd58bf3639e [term 2 FOLLOWER]: Raft consensus shutting down.
I20260713 09:01:49.610736  5739 raft_consensus.cc:2272] T fef3d8c45e284d1ead62e075caeaa52a P f7b8713fefc14d45a1160dd58bf3639e [term 2 FOLLOWER]: Raft consensus is shut down!
I20260713 09:01:49.612311  5739 tablet_replica.cc:333] T 8bbeabc463cd470bbaf5efe0f8efb374 P f7b8713fefc14d45a1160dd58bf3639e: stopping tablet replica
I20260713 09:01:49.613102  5739 raft_consensus.cc:2243] T 8bbeabc463cd470bbaf5efe0f8efb374 P f7b8713fefc14d45a1160dd58bf3639e [term 5 FOLLOWER]: Raft consensus shutting down.
I20260713 09:01:49.613574  5739 raft_consensus.cc:2272] T 8bbeabc463cd470bbaf5efe0f8efb374 P f7b8713fefc14d45a1160dd58bf3639e [term 5 FOLLOWER]: Raft consensus is shut down!
I20260713 09:01:49.615932  5739 tablet_replica.cc:333] T 55512f5fc0654a1fba18483bfc1ff37d P f7b8713fefc14d45a1160dd58bf3639e: stopping tablet replica
I20260713 09:01:49.616454  5739 raft_consensus.cc:2243] T 55512f5fc0654a1fba18483bfc1ff37d P f7b8713fefc14d45a1160dd58bf3639e [term 4 FOLLOWER]: Raft consensus shutting down.
I20260713 09:01:49.616879  5739 raft_consensus.cc:2272] T 55512f5fc0654a1fba18483bfc1ff37d P f7b8713fefc14d45a1160dd58bf3639e [term 4 FOLLOWER]: Raft consensus is shut down!
I20260713 09:01:49.619222  5739 tablet_replica.cc:333] T af73444bffd840158ae386d1d397945b P f7b8713fefc14d45a1160dd58bf3639e: stopping tablet replica
I20260713 09:01:49.619750  5739 raft_consensus.cc:2243] T af73444bffd840158ae386d1d397945b P f7b8713fefc14d45a1160dd58bf3639e [term 3 LEADER]: Raft consensus shutting down.
I20260713 09:01:49.620532  5739 raft_consensus.cc:2272] T af73444bffd840158ae386d1d397945b P f7b8713fefc14d45a1160dd58bf3639e [term 3 FOLLOWER]: Raft consensus is shut down!
I20260713 09:01:49.622480  5739 tablet_replica.cc:333] T f0784e2992554e82a192763694a3b612 P f7b8713fefc14d45a1160dd58bf3639e: stopping tablet replica
I20260713 09:01:49.622927  5739 raft_consensus.cc:2243] T f0784e2992554e82a192763694a3b612 P f7b8713fefc14d45a1160dd58bf3639e [term 3 FOLLOWER]: Raft consensus shutting down.
I20260713 09:01:49.623312  5739 raft_consensus.cc:2272] T f0784e2992554e82a192763694a3b612 P f7b8713fefc14d45a1160dd58bf3639e [term 3 FOLLOWER]: Raft consensus is shut down!
I20260713 09:01:49.650441  5739 tablet_server.cc:196] TabletServer@127.5.154.194:0 shutdown complete.
I20260713 09:01:49.665668  5739 tablet_server.cc:179] TabletServer@127.5.154.195:0 shutting down...
I20260713 09:01:49.691893  5739 ts_tablet_manager.cc:1507] Shutting down tablet manager...
I20260713 09:01:49.692581  5739 tablet_replica.cc:333] T f0784e2992554e82a192763694a3b612 P 0aa18b58418d4324b5d3125af3b77f00: stopping tablet replica
I20260713 09:01:49.693146  5739 raft_consensus.cc:2243] T f0784e2992554e82a192763694a3b612 P 0aa18b58418d4324b5d3125af3b77f00 [term 3 FOLLOWER]: Raft consensus shutting down.
I20260713 09:01:49.693580  5739 raft_consensus.cc:2272] T f0784e2992554e82a192763694a3b612 P 0aa18b58418d4324b5d3125af3b77f00 [term 3 FOLLOWER]: Raft consensus is shut down!
I20260713 09:01:49.695544  5739 tablet_replica.cc:333] T 3c5dd2c9188f429a9b677f9d2fe9abda P 0aa18b58418d4324b5d3125af3b77f00: stopping tablet replica
I20260713 09:01:49.696038  5739 raft_consensus.cc:2243] T 3c5dd2c9188f429a9b677f9d2fe9abda P 0aa18b58418d4324b5d3125af3b77f00 [term 2 FOLLOWER]: Raft consensus shutting down.
I20260713 09:01:49.696457  5739 raft_consensus.cc:2272] T 3c5dd2c9188f429a9b677f9d2fe9abda P 0aa18b58418d4324b5d3125af3b77f00 [term 2 FOLLOWER]: Raft consensus is shut down!
I20260713 09:01:49.697958  5739 tablet_replica.cc:333] T 8a6280bc19f344d0975a9cf2ce7c094d P 0aa18b58418d4324b5d3125af3b77f00: stopping tablet replica
I20260713 09:01:49.698457  5739 raft_consensus.cc:2243] T 8a6280bc19f344d0975a9cf2ce7c094d P 0aa18b58418d4324b5d3125af3b77f00 [term 2 LEADER]: Raft consensus shutting down.
I20260713 09:01:49.699074  5739 raft_consensus.cc:2272] T 8a6280bc19f344d0975a9cf2ce7c094d P 0aa18b58418d4324b5d3125af3b77f00 [term 2 FOLLOWER]: Raft consensus is shut down!
I20260713 09:01:49.701344  5739 tablet_replica.cc:333] T bd6b896bfdf84ebb83b6ad6d3c5bd30b P 0aa18b58418d4324b5d3125af3b77f00: stopping tablet replica
I20260713 09:01:49.701772  5739 raft_consensus.cc:2243] T bd6b896bfdf84ebb83b6ad6d3c5bd30b P 0aa18b58418d4324b5d3125af3b77f00 [term 2 FOLLOWER]: Raft consensus shutting down.
I20260713 09:01:49.702080  5739 raft_consensus.cc:2272] T bd6b896bfdf84ebb83b6ad6d3c5bd30b P 0aa18b58418d4324b5d3125af3b77f00 [term 2 FOLLOWER]: Raft consensus is shut down!
I20260713 09:01:49.703882  5739 tablet_replica.cc:333] T 8002c4d6ee514089a96cf40feebff5d9 P 0aa18b58418d4324b5d3125af3b77f00: stopping tablet replica
I20260713 09:01:49.704288  5739 raft_consensus.cc:2243] T 8002c4d6ee514089a96cf40feebff5d9 P 0aa18b58418d4324b5d3125af3b77f00 [term 2 FOLLOWER]: Raft consensus shutting down.
I20260713 09:01:49.704591  5739 raft_consensus.cc:2272] T 8002c4d6ee514089a96cf40feebff5d9 P 0aa18b58418d4324b5d3125af3b77f00 [term 2 FOLLOWER]: Raft consensus is shut down!
I20260713 09:01:49.705963  5739 tablet_replica.cc:333] T af73444bffd840158ae386d1d397945b P 0aa18b58418d4324b5d3125af3b77f00: stopping tablet replica
I20260713 09:01:49.706442  5739 raft_consensus.cc:2243] T af73444bffd840158ae386d1d397945b P 0aa18b58418d4324b5d3125af3b77f00 [term 3 FOLLOWER]: Raft consensus shutting down.
I20260713 09:01:49.706925  5739 raft_consensus.cc:2272] T af73444bffd840158ae386d1d397945b P 0aa18b58418d4324b5d3125af3b77f00 [term 3 FOLLOWER]: Raft consensus is shut down!
I20260713 09:01:49.708663  5739 tablet_replica.cc:333] T fef3d8c45e284d1ead62e075caeaa52a P 0aa18b58418d4324b5d3125af3b77f00: stopping tablet replica
I20260713 09:01:49.709133  5739 raft_consensus.cc:2243] T fef3d8c45e284d1ead62e075caeaa52a P 0aa18b58418d4324b5d3125af3b77f00 [term 2 LEADER]: Raft consensus shutting down.
I20260713 09:01:49.709822  5739 raft_consensus.cc:2272] T fef3d8c45e284d1ead62e075caeaa52a P 0aa18b58418d4324b5d3125af3b77f00 [term 2 FOLLOWER]: Raft consensus is shut down!
I20260713 09:01:49.711311  5739 tablet_replica.cc:333] T 55512f5fc0654a1fba18483bfc1ff37d P 0aa18b58418d4324b5d3125af3b77f00: stopping tablet replica
I20260713 09:01:49.711745  5739 raft_consensus.cc:2243] T 55512f5fc0654a1fba18483bfc1ff37d P 0aa18b58418d4324b5d3125af3b77f00 [term 4 LEADER]: Raft consensus shutting down.
I20260713 09:01:49.712386  5739 raft_consensus.cc:2272] T 55512f5fc0654a1fba18483bfc1ff37d P 0aa18b58418d4324b5d3125af3b77f00 [term 4 FOLLOWER]: Raft consensus is shut down!
I20260713 09:01:49.714104  5739 tablet_replica.cc:333] T 8bbeabc463cd470bbaf5efe0f8efb374 P 0aa18b58418d4324b5d3125af3b77f00: stopping tablet replica
I20260713 09:01:49.714598  5739 raft_consensus.cc:2243] T 8bbeabc463cd470bbaf5efe0f8efb374 P 0aa18b58418d4324b5d3125af3b77f00 [term 5 FOLLOWER]: Raft consensus shutting down.
I20260713 09:01:49.714977  5739 raft_consensus.cc:2272] T 8bbeabc463cd470bbaf5efe0f8efb374 P 0aa18b58418d4324b5d3125af3b77f00 [term 5 FOLLOWER]: Raft consensus is shut down!
I20260713 09:01:49.740610  5739 tablet_server.cc:196] TabletServer@127.5.154.195:0 shutdown complete.
I20260713 09:01:49.758215  5739 master.cc:562] Master@127.5.154.254:35719 shutting down...
I20260713 09:01:49.889801  5739 raft_consensus.cc:2243] T 00000000000000000000000000000000 P 2cd8427e729b43ab956cf6d8f11ef6b5 [term 1 LEADER]: Raft consensus shutting down.
I20260713 09:01:49.890446  5739 raft_consensus.cc:2272] T 00000000000000000000000000000000 P 2cd8427e729b43ab956cf6d8f11ef6b5 [term 1 FOLLOWER]: Raft consensus is shut down!
I20260713 09:01:49.890815  5739 tablet_replica.cc:333] T 00000000000000000000000000000000 P 2cd8427e729b43ab956cf6d8f11ef6b5: stopping tablet replica
I20260713 09:01:49.910470  5739 master.cc:584] Master@127.5.154.254:35719 shutdown complete.
0aa18b58418d4324b5d3125af3b77f00  1
f3da3d4e50684f059f66a24f203df107  4
f7b8713fefc14d45a1160dd58bf3639e  4
[       OK ] LeaderRebalancerTest.FunctionalTestForDivided (12564 ms)
[ RUN      ] LeaderRebalancerTest.FunctionalTestForNotDivided
I20260713 09:01:49.951093  5739 internal_mini_cluster.cc:156] Creating distributed mini masters. Addrs: 127.5.154.254:39481
I20260713 09:01:49.952205  5739 file_cache.cc:504] Constructed file cache file cache with capacity 419430
W20260713 09:01:49.957576  6236 instance_detector.cc:116] could not retrieve AWS instance metadata: Network error: curl error: HTTP response code said error: The requested URL returned error: 404
W20260713 09:01:49.957922  6237 instance_detector.cc:116] could not retrieve Azure instance metadata: Network error: curl error: HTTP response code said error: The requested URL returned error: 404
W20260713 09:01:49.958930  6239 instance_detector.cc:116] could not retrieve OpenStack instance metadata: Network error: curl error: HTTP response code said error: The requested URL returned error: 404
I20260713 09:01:49.959841  5739 server_base.cc:1061] running on GCE node
I20260713 09:01:49.960584  5739 hybrid_clock.cc:584] initializing the hybrid clock with 'system_unsync' time source
W20260713 09:01:49.960750  5739 system_unsync_time.cc:38] NTP support is disabled. Clock error bounds will not be accurate. This configuration is not suitable for distributed clusters.
I20260713 09:01:49.960868  5739 hybrid_clock.cc:648] HybridClock initialized: now 1783933309960858 us; error 0 us; skew 500 ppm
I20260713 09:01:49.961313  5739 server_base.cc:861] Flag tcmalloc_max_total_thread_cache_bytes is not working since tcmalloc is not enabled.
I20260713 09:01:49.963683  5739 webserver.cc:533] Webserver started at http://127.5.154.254:45501/ using document root <none> and password file <none>
I20260713 09:01:49.964095  5739 fs_manager.cc:362] Metadata directory not provided
I20260713 09:01:49.964238  5739 fs_manager.cc:368] Using write-ahead log directory (fs_wal_dir) as metadata directory
I20260713 09:01:49.964453  5739 server_base.cc:909] This appears to be a new deployment of Kudu; creating new FS layout
I20260713 09:01:49.965442  5739 fs_manager.cc:1068] Generated new instance metadata in path /tmp/dist-test-taskArrJxN/test-tmp/auto_leader_rebalancer-test.0.LeaderRebalancerTest.FunctionalTestForNotDivided.1783933297224849-5739-0/minicluster-data/master-0-root/instance:
uuid: "f97c32fb43624a2ead99c32f89e97e41"
format_stamp: "Formatted at 2026-07-13 09:01:49 on dist-test-slave-10dw"
I20260713 09:01:49.969660  5739 fs_manager.cc:696] Time spent creating directory manager: real 0.004s	user 0.000s	sys 0.006s
I20260713 09:01:49.972949  6244 log_block_manager.cc:4127] Time spent loading block containers with low live blocks: real 0.000s	user 0.000s	sys 0.000s
I20260713 09:01:49.973667  5739 fs_manager.cc:730] Time spent opening block manager: real 0.002s	user 0.002s	sys 0.000s
I20260713 09:01:49.973973  5739 fs_manager.cc:647] Opened local filesystem: /tmp/dist-test-taskArrJxN/test-tmp/auto_leader_rebalancer-test.0.LeaderRebalancerTest.FunctionalTestForNotDivided.1783933297224849-5739-0/minicluster-data/master-0-root
uuid: "f97c32fb43624a2ead99c32f89e97e41"
format_stamp: "Formatted at 2026-07-13 09:01:49 on dist-test-slave-10dw"
I20260713 09:01:49.974324  5739 fs_report.cc:389] FS layout report
--------------------
wal directory: /tmp/dist-test-taskArrJxN/test-tmp/auto_leader_rebalancer-test.0.LeaderRebalancerTest.FunctionalTestForNotDivided.1783933297224849-5739-0/minicluster-data/master-0-root
metadata directory: /tmp/dist-test-taskArrJxN/test-tmp/auto_leader_rebalancer-test.0.LeaderRebalancerTest.FunctionalTestForNotDivided.1783933297224849-5739-0/minicluster-data/master-0-root
1 data directories: /tmp/dist-test-taskArrJxN/test-tmp/auto_leader_rebalancer-test.0.LeaderRebalancerTest.FunctionalTestForNotDivided.1783933297224849-5739-0/minicluster-data/master-0-root/data
Total live blocks: 0
Total live bytes: 0
Total live bytes (after alignment): 0
Total number of LBM containers: 0 (0 full)
Did not check for missing blocks
Did not check for orphaned blocks
Total full LBM containers with extra space: 0 (0 repaired)
Total full LBM container extra space in bytes: 0 (0 repaired)
Total incomplete LBM containers: 0 (0 repaired)
Total LBM partial records: 0 (0 repaired)
Total corrupted LBM metadata records in RocksDB: 0 (0 repaired)
I20260713 09:01:50.001260  5739 rpc_server.cc:225] running with OpenSSL 1.1.1  11 Sep 2018
I20260713 09:01:50.002626  5739 kserver.cc:163] Server-wide thread pool size limit: 3276
I20260713 09:01:50.040012  5739 rpc_server.cc:307] RPC server started. Bound to: 127.5.154.254:39481
I20260713 09:01:50.040110  6295 acceptor_pool.cc:272] collecting diagnostics on the listening RPC socket 127.5.154.254:39481 every 8 connection(s)
I20260713 09:01:50.043896  6296 data_dirs.cc:400] Could only allocate 1 dirs of requested 3 for tablet 00000000000000000000000000000000. 1 dirs total, 0 dirs full, 0 dirs failed
I20260713 09:01:50.052788  6296 tablet_bootstrap.cc:492] T 00000000000000000000000000000000 P f97c32fb43624a2ead99c32f89e97e41: Bootstrap starting.
I20260713 09:01:50.057133  6296 tablet_bootstrap.cc:654] T 00000000000000000000000000000000 P f97c32fb43624a2ead99c32f89e97e41: Neither blocks nor log segments found. Creating new log.
I20260713 09:01:50.061058  6296 tablet_bootstrap.cc:492] T 00000000000000000000000000000000 P f97c32fb43624a2ead99c32f89e97e41: No bootstrap required, opened a new log
I20260713 09:01:50.063076  6296 raft_consensus.cc:359] T 00000000000000000000000000000000 P f97c32fb43624a2ead99c32f89e97e41 [term 0 FOLLOWER]: Replica starting. Triggering 0 pending ops. Active config: opid_index: -1 OBSOLETE_local: true peers { permanent_uuid: "f97c32fb43624a2ead99c32f89e97e41" member_type: VOTER }
I20260713 09:01:50.063436  6296 raft_consensus.cc:385] T 00000000000000000000000000000000 P f97c32fb43624a2ead99c32f89e97e41 [term 0 FOLLOWER]: Consensus starting up: Expiring failure detector timer to make a prompt election more likely
