I20260713 09:01:38.393858  5767 catalog_manager.cc:5697] T ff8f51d936a944548e6930fb84bdb46a P 51a73f75ba5d4781882c60fc17990f96 reported cstate change: term changed from 1 to 2, leader changed from 9b458aeac71e496c8ed14a7dde771d13 (127.5.154.129) to 51a73f75ba5d4781882c60fc17990f96 (127.5.154.130). New cstate: current_term: 2 leader_uuid: "51a73f75ba5d4781882c60fc17990f96" committed_config { opid_index: -1 OBSOLETE_local: false peers { permanent_uuid: "9b458aeac71e496c8ed14a7dde771d13" member_type: VOTER last_known_addr { host: "127.5.154.129" port: 37437 } health_report { overall_health: UNKNOWN } } peers { permanent_uuid: "51a73f75ba5d4781882c60fc17990f96" member_type: VOTER last_known_addr { host: "127.5.154.130" port: 39067 } health_report { overall_health: HEALTHY } } peers { permanent_uuid: "e1ae8b3c9fe441508c4dbbda6536e34b" member_type: VOTER last_known_addr { host: "127.5.154.131" port: 44515 } health_report { overall_health: UNKNOWN } } }
I20260713 09:01:38.576697  6188 raft_consensus.cc:993] T c90bf9a306f549608c630de202bf1762 P 9b458aeac71e496c8ed14a7dde771d13: : Instructing follower 51a73f75ba5d4781882c60fc17990f96 to start an election
I20260713 09:01:38.577136  6170 raft_consensus.cc:1081] T c90bf9a306f549608c630de202bf1762 P 9b458aeac71e496c8ed14a7dde771d13 [term 1 LEADER]: Signalling peer 51a73f75ba5d4781882c60fc17990f96 to start an election
I20260713 09:01:38.578310  5948 tablet_service.cc:2044] Received Run Leader Election RPC: tablet_id: "c90bf9a306f549608c630de202bf1762"
dest_uuid: "51a73f75ba5d4781882c60fc17990f96"
 from {username='slave'} at 127.0.0.1:36178
I20260713 09:01:38.578729  5948 raft_consensus.cc:493] T c90bf9a306f549608c630de202bf1762 P 51a73f75ba5d4781882c60fc17990f96 [term 1 FOLLOWER]: Starting forced leader election (received explicit request)
I20260713 09:01:38.578989  5948 raft_consensus.cc:3060] T c90bf9a306f549608c630de202bf1762 P 51a73f75ba5d4781882c60fc17990f96 [term 1 FOLLOWER]: Advancing to term 2
I20260713 09:01:38.582784  5948 raft_consensus.cc:515] T c90bf9a306f549608c630de202bf1762 P 51a73f75ba5d4781882c60fc17990f96 [term 2 FOLLOWER]: Starting forced leader election with config: opid_index: -1 OBSOLETE_local: false peers { permanent_uuid: "9b458aeac71e496c8ed14a7dde771d13" member_type: VOTER last_known_addr { host: "127.5.154.129" port: 37437 } } peers { permanent_uuid: "51a73f75ba5d4781882c60fc17990f96" member_type: VOTER last_known_addr { host: "127.5.154.130" port: 39067 } } peers { permanent_uuid: "e1ae8b3c9fe441508c4dbbda6536e34b" member_type: VOTER last_known_addr { host: "127.5.154.131" port: 44515 } }
I20260713 09:01:38.584111  5948 leader_election.cc:290] T c90bf9a306f549608c630de202bf1762 P 51a73f75ba5d4781882c60fc17990f96 [CANDIDATE]: Term 2 election: Requested vote from peers 9b458aeac71e496c8ed14a7dde771d13 (127.5.154.129:37437), e1ae8b3c9fe441508c4dbbda6536e34b (127.5.154.131:44515)
I20260713 09:01:38.584863  5873 tablet_service.cc:1917] Received RequestConsensusVote() RPC: tablet_id: "c90bf9a306f549608c630de202bf1762" candidate_uuid: "51a73f75ba5d4781882c60fc17990f96" candidate_term: 2 candidate_status { last_received { term: 1 index: 1 } } ignore_live_leader: true dest_uuid: "9b458aeac71e496c8ed14a7dde771d13"
I20260713 09:01:38.585323  5873 raft_consensus.cc:3055] T c90bf9a306f549608c630de202bf1762 P 9b458aeac71e496c8ed14a7dde771d13 [term 1 LEADER]: Stepping down as leader of term 1
I20260713 09:01:38.585188  6021 tablet_service.cc:1917] Received RequestConsensusVote() RPC: tablet_id: "c90bf9a306f549608c630de202bf1762" candidate_uuid: "51a73f75ba5d4781882c60fc17990f96" candidate_term: 2 candidate_status { last_received { term: 1 index: 1 } } ignore_live_leader: true dest_uuid: "e1ae8b3c9fe441508c4dbbda6536e34b"
I20260713 09:01:38.585603  5873 raft_consensus.cc:740] T c90bf9a306f549608c630de202bf1762 P 9b458aeac71e496c8ed14a7dde771d13 [term 1 LEADER]: Becoming Follower/Learner. State: Replica: 9b458aeac71e496c8ed14a7dde771d13, State: Running, Role: LEADER
I20260713 09:01:38.585804  6021 raft_consensus.cc:3060] T c90bf9a306f549608c630de202bf1762 P e1ae8b3c9fe441508c4dbbda6536e34b [term 1 FOLLOWER]: Advancing to term 2
I20260713 09:01:38.586297  5873 consensus_queue.cc:260] T c90bf9a306f549608c630de202bf1762 P 9b458aeac71e496c8ed14a7dde771d13 [NON_LEADER]: Queue going to NON_LEADER mode. State: All replicated index: 0, Majority replicated index: 1, Committed index: 1, Last appended: 1.1, Last appended by leader: 1, Current term: 1, Majority size: -1, State: 0, Mode: NON_LEADER, active raft config: opid_index: -1 OBSOLETE_local: false peers { permanent_uuid: "9b458aeac71e496c8ed14a7dde771d13" member_type: VOTER last_known_addr { host: "127.5.154.129" port: 37437 } } peers { permanent_uuid: "51a73f75ba5d4781882c60fc17990f96" member_type: VOTER last_known_addr { host: "127.5.154.130" port: 39067 } } peers { permanent_uuid: "e1ae8b3c9fe441508c4dbbda6536e34b" member_type: VOTER last_known_addr { host: "127.5.154.131" port: 44515 } }
I20260713 09:01:38.587360  5873 raft_consensus.cc:3060] T c90bf9a306f549608c630de202bf1762 P 9b458aeac71e496c8ed14a7dde771d13 [term 1 FOLLOWER]: Advancing to term 2
I20260713 09:01:38.592834  6021 raft_consensus.cc:2468] T c90bf9a306f549608c630de202bf1762 P e1ae8b3c9fe441508c4dbbda6536e34b [term 2 FOLLOWER]: Leader election vote request: Granting yes vote for candidate 51a73f75ba5d4781882c60fc17990f96 in term 2.
I20260713 09:01:38.593508  5873 raft_consensus.cc:2468] T c90bf9a306f549608c630de202bf1762 P 9b458aeac71e496c8ed14a7dde771d13 [term 2 FOLLOWER]: Leader election vote request: Granting yes vote for candidate 51a73f75ba5d4781882c60fc17990f96 in term 2.
I20260713 09:01:38.594267  5913 leader_election.cc:304] T c90bf9a306f549608c630de202bf1762 P 51a73f75ba5d4781882c60fc17990f96 [CANDIDATE]: Term 2 election: Election decided. Result: candidate won. Election summary: received 2 responses out of 3 voters: 2 yes votes; 0 no votes. yes voters: 51a73f75ba5d4781882c60fc17990f96, e1ae8b3c9fe441508c4dbbda6536e34b; no voters: 
I20260713 09:01:38.595253  6189 raft_consensus.cc:2804] T c90bf9a306f549608c630de202bf1762 P 51a73f75ba5d4781882c60fc17990f96 [term 2 FOLLOWER]: Leader election won for term 2
I20260713 09:01:38.596422  6189 raft_consensus.cc:697] T c90bf9a306f549608c630de202bf1762 P 51a73f75ba5d4781882c60fc17990f96 [term 2 LEADER]: Becoming Leader. State: Replica: 51a73f75ba5d4781882c60fc17990f96, State: Running, Role: LEADER
I20260713 09:01:38.597813  6188 raft_consensus.cc:993] T ce7a4b1c8c06418aba6616a06a0cea68 P 9b458aeac71e496c8ed14a7dde771d13: : Instructing follower 51a73f75ba5d4781882c60fc17990f96 to start an election
I20260713 09:01:38.597339  6189 consensus_queue.cc:237] T c90bf9a306f549608c630de202bf1762 P 51a73f75ba5d4781882c60fc17990f96 [LEADER]: Queue going to LEADER mode. State: All replicated index: 0, Majority replicated index: 1, Committed index: 1, Last appended: 1.1, Last appended by leader: 1, Current term: 2, Majority size: 2, State: 0, Mode: LEADER, active raft config: opid_index: -1 OBSOLETE_local: false peers { permanent_uuid: "9b458aeac71e496c8ed14a7dde771d13" member_type: VOTER last_known_addr { host: "127.5.154.129" port: 37437 } } peers { permanent_uuid: "51a73f75ba5d4781882c60fc17990f96" member_type: VOTER last_known_addr { host: "127.5.154.130" port: 39067 } } peers { permanent_uuid: "e1ae8b3c9fe441508c4dbbda6536e34b" member_type: VOTER last_known_addr { host: "127.5.154.131" port: 44515 } }
I20260713 09:01:38.598193  6170 raft_consensus.cc:1081] T ce7a4b1c8c06418aba6616a06a0cea68 P 9b458aeac71e496c8ed14a7dde771d13 [term 2 LEADER]: Signalling peer 51a73f75ba5d4781882c60fc17990f96 to start an election
I20260713 09:01:38.599628  5948 tablet_service.cc:2044] Received Run Leader Election RPC: tablet_id: "ce7a4b1c8c06418aba6616a06a0cea68"
dest_uuid: "51a73f75ba5d4781882c60fc17990f96"
 from {username='slave'} at 127.0.0.1:36178
I20260713 09:01:38.600116  5948 raft_consensus.cc:493] T ce7a4b1c8c06418aba6616a06a0cea68 P 51a73f75ba5d4781882c60fc17990f96 [term 2 FOLLOWER]: Starting forced leader election (received explicit request)
I20260713 09:01:38.600394  5948 raft_consensus.cc:3060] T ce7a4b1c8c06418aba6616a06a0cea68 P 51a73f75ba5d4781882c60fc17990f96 [term 2 FOLLOWER]: Advancing to term 3
I20260713 09:01:38.605237  5948 raft_consensus.cc:515] T ce7a4b1c8c06418aba6616a06a0cea68 P 51a73f75ba5d4781882c60fc17990f96 [term 3 FOLLOWER]: Starting forced leader election with config: opid_index: -1 OBSOLETE_local: false peers { permanent_uuid: "51a73f75ba5d4781882c60fc17990f96" member_type: VOTER last_known_addr { host: "127.5.154.130" port: 39067 } } peers { permanent_uuid: "9b458aeac71e496c8ed14a7dde771d13" member_type: VOTER last_known_addr { host: "127.5.154.129" port: 37437 } } peers { permanent_uuid: "e1ae8b3c9fe441508c4dbbda6536e34b" member_type: VOTER last_known_addr { host: "127.5.154.131" port: 44515 } }
I20260713 09:01:38.605185  5767 catalog_manager.cc:5697] T c90bf9a306f549608c630de202bf1762 P 51a73f75ba5d4781882c60fc17990f96 reported cstate change: term changed from 1 to 2, leader changed from 9b458aeac71e496c8ed14a7dde771d13 (127.5.154.129) to 51a73f75ba5d4781882c60fc17990f96 (127.5.154.130). New cstate: current_term: 2 leader_uuid: "51a73f75ba5d4781882c60fc17990f96" committed_config { opid_index: -1 OBSOLETE_local: false peers { permanent_uuid: "9b458aeac71e496c8ed14a7dde771d13" member_type: VOTER last_known_addr { host: "127.5.154.129" port: 37437 } health_report { overall_health: UNKNOWN } } peers { permanent_uuid: "51a73f75ba5d4781882c60fc17990f96" member_type: VOTER last_known_addr { host: "127.5.154.130" port: 39067 } health_report { overall_health: HEALTHY } } peers { permanent_uuid: "e1ae8b3c9fe441508c4dbbda6536e34b" member_type: VOTER last_known_addr { host: "127.5.154.131" port: 44515 } health_report { overall_health: UNKNOWN } } }
I20260713 09:01:38.606843  5948 leader_election.cc:290] T ce7a4b1c8c06418aba6616a06a0cea68 P 51a73f75ba5d4781882c60fc17990f96 [CANDIDATE]: Term 3 election: Requested vote from peers 9b458aeac71e496c8ed14a7dde771d13 (127.5.154.129:37437), e1ae8b3c9fe441508c4dbbda6536e34b (127.5.154.131:44515)
I20260713 09:01:38.607872  6021 tablet_service.cc:1917] Received RequestConsensusVote() RPC: tablet_id: "ce7a4b1c8c06418aba6616a06a0cea68" candidate_uuid: "51a73f75ba5d4781882c60fc17990f96" candidate_term: 3 candidate_status { last_received { term: 2 index: 2 } } ignore_live_leader: true dest_uuid: "e1ae8b3c9fe441508c4dbbda6536e34b"
I20260713 09:01:38.607988  5873 tablet_service.cc:1917] Received RequestConsensusVote() RPC: tablet_id: "ce7a4b1c8c06418aba6616a06a0cea68" candidate_uuid: "51a73f75ba5d4781882c60fc17990f96" candidate_term: 3 candidate_status { last_received { term: 2 index: 2 } } ignore_live_leader: true dest_uuid: "9b458aeac71e496c8ed14a7dde771d13"
I20260713 09:01:38.608494  6021 raft_consensus.cc:3060] T ce7a4b1c8c06418aba6616a06a0cea68 P e1ae8b3c9fe441508c4dbbda6536e34b [term 2 FOLLOWER]: Advancing to term 3
I20260713 09:01:38.608588  5873 raft_consensus.cc:3055] T ce7a4b1c8c06418aba6616a06a0cea68 P 9b458aeac71e496c8ed14a7dde771d13 [term 2 LEADER]: Stepping down as leader of term 2
I20260713 09:01:38.608938  5873 raft_consensus.cc:740] T ce7a4b1c8c06418aba6616a06a0cea68 P 9b458aeac71e496c8ed14a7dde771d13 [term 2 LEADER]: Becoming Follower/Learner. State: Replica: 9b458aeac71e496c8ed14a7dde771d13, State: Running, Role: LEADER
I20260713 09:01:38.609612  5873 consensus_queue.cc:260] T ce7a4b1c8c06418aba6616a06a0cea68 P 9b458aeac71e496c8ed14a7dde771d13 [NON_LEADER]: Queue going to NON_LEADER mode. State: All replicated index: 0, Majority replicated index: 2, Committed index: 2, Last appended: 2.2, Last appended by leader: 2, Current term: 2, Majority size: -1, State: 0, Mode: NON_LEADER, active raft config: opid_index: -1 OBSOLETE_local: false peers { permanent_uuid: "51a73f75ba5d4781882c60fc17990f96" member_type: VOTER last_known_addr { host: "127.5.154.130" port: 39067 } } peers { permanent_uuid: "9b458aeac71e496c8ed14a7dde771d13" member_type: VOTER last_known_addr { host: "127.5.154.129" port: 37437 } } peers { permanent_uuid: "e1ae8b3c9fe441508c4dbbda6536e34b" member_type: VOTER last_known_addr { host: "127.5.154.131" port: 44515 } }
I20260713 09:01:38.610579  5873 raft_consensus.cc:3060] T ce7a4b1c8c06418aba6616a06a0cea68 P 9b458aeac71e496c8ed14a7dde771d13 [term 2 FOLLOWER]: Advancing to term 3
I20260713 09:01:38.613983  6021 raft_consensus.cc:2468] T ce7a4b1c8c06418aba6616a06a0cea68 P e1ae8b3c9fe441508c4dbbda6536e34b [term 3 FOLLOWER]: Leader election vote request: Granting yes vote for candidate 51a73f75ba5d4781882c60fc17990f96 in term 3.
I20260713 09:01:38.614985  5913 leader_election.cc:304] T ce7a4b1c8c06418aba6616a06a0cea68 P 51a73f75ba5d4781882c60fc17990f96 [CANDIDATE]: Term 3 election: Election decided. Result: candidate won. Election summary: received 2 responses out of 3 voters: 2 yes votes; 0 no votes. yes voters: 51a73f75ba5d4781882c60fc17990f96, e1ae8b3c9fe441508c4dbbda6536e34b; no voters: 
I20260713 09:01:38.615502  5873 raft_consensus.cc:2468] T ce7a4b1c8c06418aba6616a06a0cea68 P 9b458aeac71e496c8ed14a7dde771d13 [term 3 FOLLOWER]: Leader election vote request: Granting yes vote for candidate 51a73f75ba5d4781882c60fc17990f96 in term 3.
I20260713 09:01:38.615646  6189 raft_consensus.cc:2804] T ce7a4b1c8c06418aba6616a06a0cea68 P 51a73f75ba5d4781882c60fc17990f96 [term 3 FOLLOWER]: Leader election won for term 3
I20260713 09:01:38.616153  6189 raft_consensus.cc:697] T ce7a4b1c8c06418aba6616a06a0cea68 P 51a73f75ba5d4781882c60fc17990f96 [term 3 LEADER]: Becoming Leader. State: Replica: 51a73f75ba5d4781882c60fc17990f96, State: Running, Role: LEADER
I20260713 09:01:38.620757  6189 consensus_queue.cc:237] T ce7a4b1c8c06418aba6616a06a0cea68 P 51a73f75ba5d4781882c60fc17990f96 [LEADER]: Queue going to LEADER mode. State: All replicated index: 0, Majority replicated index: 2, Committed index: 2, Last appended: 2.2, Last appended by leader: 2, Current term: 3, Majority size: 2, State: 0, Mode: LEADER, active raft config: opid_index: -1 OBSOLETE_local: false peers { permanent_uuid: "51a73f75ba5d4781882c60fc17990f96" member_type: VOTER last_known_addr { host: "127.5.154.130" port: 39067 } } peers { permanent_uuid: "9b458aeac71e496c8ed14a7dde771d13" member_type: VOTER last_known_addr { host: "127.5.154.129" port: 37437 } } peers { permanent_uuid: "e1ae8b3c9fe441508c4dbbda6536e34b" member_type: VOTER last_known_addr { host: "127.5.154.131" port: 44515 } }
I20260713 09:01:38.627595  5767 catalog_manager.cc:5697] T ce7a4b1c8c06418aba6616a06a0cea68 P 51a73f75ba5d4781882c60fc17990f96 reported cstate change: term changed from 2 to 3, leader changed from 9b458aeac71e496c8ed14a7dde771d13 (127.5.154.129) to 51a73f75ba5d4781882c60fc17990f96 (127.5.154.130). New cstate: current_term: 3 leader_uuid: "51a73f75ba5d4781882c60fc17990f96" committed_config { opid_index: -1 OBSOLETE_local: false peers { permanent_uuid: "51a73f75ba5d4781882c60fc17990f96" member_type: VOTER last_known_addr { host: "127.5.154.130" port: 39067 } health_report { overall_health: HEALTHY } } peers { permanent_uuid: "9b458aeac71e496c8ed14a7dde771d13" member_type: VOTER last_known_addr { host: "127.5.154.129" port: 37437 } health_report { overall_health: UNKNOWN } } peers { permanent_uuid: "e1ae8b3c9fe441508c4dbbda6536e34b" member_type: VOTER last_known_addr { host: "127.5.154.131" port: 44515 } health_report { overall_health: UNKNOWN } } }
I20260713 09:01:38.723873  6127 raft_consensus.cc:993] T d349db3e276f49c1a2b2b390529d404a P e1ae8b3c9fe441508c4dbbda6536e34b: : Instructing follower 51a73f75ba5d4781882c60fc17990f96 to start an election
I20260713 09:01:38.724401  6182 raft_consensus.cc:1081] T d349db3e276f49c1a2b2b390529d404a P e1ae8b3c9fe441508c4dbbda6536e34b [term 3 LEADER]: Signalling peer 51a73f75ba5d4781882c60fc17990f96 to start an election
I20260713 09:01:38.725826  5948 tablet_service.cc:2044] Received Run Leader Election RPC: tablet_id: "d349db3e276f49c1a2b2b390529d404a"
dest_uuid: "51a73f75ba5d4781882c60fc17990f96"
 from {username='slave'} at 127.0.0.1:36168
I20260713 09:01:38.726276  5948 raft_consensus.cc:493] T d349db3e276f49c1a2b2b390529d404a P 51a73f75ba5d4781882c60fc17990f96 [term 3 FOLLOWER]: Starting forced leader election (received explicit request)
I20260713 09:01:38.726567  5948 raft_consensus.cc:3060] T d349db3e276f49c1a2b2b390529d404a P 51a73f75ba5d4781882c60fc17990f96 [term 3 FOLLOWER]: Advancing to term 4
I20260713 09:01:38.730527  5948 raft_consensus.cc:515] T d349db3e276f49c1a2b2b390529d404a P 51a73f75ba5d4781882c60fc17990f96 [term 4 FOLLOWER]: Starting forced leader election with config: opid_index: -1 OBSOLETE_local: false peers { permanent_uuid: "9b458aeac71e496c8ed14a7dde771d13" member_type: VOTER last_known_addr { host: "127.5.154.129" port: 37437 } } peers { permanent_uuid: "51a73f75ba5d4781882c60fc17990f96" member_type: VOTER last_known_addr { host: "127.5.154.130" port: 39067 } } peers { permanent_uuid: "e1ae8b3c9fe441508c4dbbda6536e34b" member_type: VOTER last_known_addr { host: "127.5.154.131" port: 44515 } }
I20260713 09:01:38.731845  5948 leader_election.cc:290] T d349db3e276f49c1a2b2b390529d404a P 51a73f75ba5d4781882c60fc17990f96 [CANDIDATE]: Term 4 election: Requested vote from peers 9b458aeac71e496c8ed14a7dde771d13 (127.5.154.129:37437), e1ae8b3c9fe441508c4dbbda6536e34b (127.5.154.131:44515)
I20260713 09:01:38.732705  5873 tablet_service.cc:1917] Received RequestConsensusVote() RPC: tablet_id: "d349db3e276f49c1a2b2b390529d404a" candidate_uuid: "51a73f75ba5d4781882c60fc17990f96" candidate_term: 4 candidate_status { last_received { term: 3 index: 3 } } ignore_live_leader: true dest_uuid: "9b458aeac71e496c8ed14a7dde771d13"
I20260713 09:01:38.732925  6021 tablet_service.cc:1917] Received RequestConsensusVote() RPC: tablet_id: "d349db3e276f49c1a2b2b390529d404a" candidate_uuid: "51a73f75ba5d4781882c60fc17990f96" candidate_term: 4 candidate_status { last_received { term: 3 index: 3 } } ignore_live_leader: true dest_uuid: "e1ae8b3c9fe441508c4dbbda6536e34b"
I20260713 09:01:38.733240  5873 raft_consensus.cc:3060] T d349db3e276f49c1a2b2b390529d404a P 9b458aeac71e496c8ed14a7dde771d13 [term 3 FOLLOWER]: Advancing to term 4
I20260713 09:01:38.733431  6021 raft_consensus.cc:3055] T d349db3e276f49c1a2b2b390529d404a P e1ae8b3c9fe441508c4dbbda6536e34b [term 3 LEADER]: Stepping down as leader of term 3
I20260713 09:01:38.733790  6021 raft_consensus.cc:740] T d349db3e276f49c1a2b2b390529d404a P e1ae8b3c9fe441508c4dbbda6536e34b [term 3 LEADER]: Becoming Follower/Learner. State: Replica: e1ae8b3c9fe441508c4dbbda6536e34b, State: Running, Role: LEADER
I20260713 09:01:38.734416  6021 consensus_queue.cc:260] T d349db3e276f49c1a2b2b390529d404a P e1ae8b3c9fe441508c4dbbda6536e34b [NON_LEADER]: Queue going to NON_LEADER mode. State: All replicated index: 0, Majority replicated index: 3, Committed index: 3, Last appended: 3.3, Last appended by leader: 3, Current term: 3, Majority size: -1, State: 0, Mode: NON_LEADER, active raft config: opid_index: -1 OBSOLETE_local: false peers { permanent_uuid: "9b458aeac71e496c8ed14a7dde771d13" member_type: VOTER last_known_addr { host: "127.5.154.129" port: 37437 } } peers { permanent_uuid: "51a73f75ba5d4781882c60fc17990f96" member_type: VOTER last_known_addr { host: "127.5.154.130" port: 39067 } } peers { permanent_uuid: "e1ae8b3c9fe441508c4dbbda6536e34b" member_type: VOTER last_known_addr { host: "127.5.154.131" port: 44515 } }
I20260713 09:01:38.735333  6021 raft_consensus.cc:3060] T d349db3e276f49c1a2b2b390529d404a P e1ae8b3c9fe441508c4dbbda6536e34b [term 3 FOLLOWER]: Advancing to term 4
I20260713 09:01:38.738261  5873 raft_consensus.cc:2468] T d349db3e276f49c1a2b2b390529d404a P 9b458aeac71e496c8ed14a7dde771d13 [term 4 FOLLOWER]: Leader election vote request: Granting yes vote for candidate 51a73f75ba5d4781882c60fc17990f96 in term 4.
I20260713 09:01:38.739338  5913 leader_election.cc:304] T d349db3e276f49c1a2b2b390529d404a P 51a73f75ba5d4781882c60fc17990f96 [CANDIDATE]: Term 4 election: Election decided. Result: candidate won. Election summary: received 2 responses out of 3 voters: 2 yes votes; 0 no votes. yes voters: 51a73f75ba5d4781882c60fc17990f96, 9b458aeac71e496c8ed14a7dde771d13; no voters: 
I20260713 09:01:38.739874  6021 raft_consensus.cc:2468] T d349db3e276f49c1a2b2b390529d404a P e1ae8b3c9fe441508c4dbbda6536e34b [term 4 FOLLOWER]: Leader election vote request: Granting yes vote for candidate 51a73f75ba5d4781882c60fc17990f96 in term 4.
I20260713 09:01:38.740065  6189 raft_consensus.cc:2804] T d349db3e276f49c1a2b2b390529d404a P 51a73f75ba5d4781882c60fc17990f96 [term 4 FOLLOWER]: Leader election won for term 4
I20260713 09:01:38.740602  6189 raft_consensus.cc:697] T d349db3e276f49c1a2b2b390529d404a P 51a73f75ba5d4781882c60fc17990f96 [term 4 LEADER]: Becoming Leader. State: Replica: 51a73f75ba5d4781882c60fc17990f96, State: Running, Role: LEADER
I20260713 09:01:38.741294  6189 consensus_queue.cc:237] T d349db3e276f49c1a2b2b390529d404a P 51a73f75ba5d4781882c60fc17990f96 [LEADER]: Queue going to LEADER mode. State: All replicated index: 0, Majority replicated index: 3, Committed index: 3, Last appended: 3.3, Last appended by leader: 3, Current term: 4, Majority size: 2, State: 0, Mode: LEADER, active raft config: opid_index: -1 OBSOLETE_local: false peers { permanent_uuid: "9b458aeac71e496c8ed14a7dde771d13" member_type: VOTER last_known_addr { host: "127.5.154.129" port: 37437 } } peers { permanent_uuid: "51a73f75ba5d4781882c60fc17990f96" member_type: VOTER last_known_addr { host: "127.5.154.130" port: 39067 } } peers { permanent_uuid: "e1ae8b3c9fe441508c4dbbda6536e34b" member_type: VOTER last_known_addr { host: "127.5.154.131" port: 44515 } }
I20260713 09:01:38.746860  5767 catalog_manager.cc:5697] T d349db3e276f49c1a2b2b390529d404a P 51a73f75ba5d4781882c60fc17990f96 reported cstate change: term changed from 3 to 4, leader changed from e1ae8b3c9fe441508c4dbbda6536e34b (127.5.154.131) to 51a73f75ba5d4781882c60fc17990f96 (127.5.154.130). New cstate: current_term: 4 leader_uuid: "51a73f75ba5d4781882c60fc17990f96" committed_config { opid_index: -1 OBSOLETE_local: false peers { permanent_uuid: "9b458aeac71e496c8ed14a7dde771d13" member_type: VOTER last_known_addr { host: "127.5.154.129" port: 37437 } health_report { overall_health: UNKNOWN } } peers { permanent_uuid: "51a73f75ba5d4781882c60fc17990f96" member_type: VOTER last_known_addr { host: "127.5.154.130" port: 39067 } health_report { overall_health: HEALTHY } } peers { permanent_uuid: "e1ae8b3c9fe441508c4dbbda6536e34b" member_type: VOTER last_known_addr { host: "127.5.154.131" port: 44515 } health_report { overall_health: UNKNOWN } } }
I20260713 09:01:38.758016  5873 raft_consensus.cc:1275] T 69844cced5eb43fbbc7b1d780a4f3816 P 9b458aeac71e496c8ed14a7dde771d13 [term 4 FOLLOWER]: Refusing update from remote peer 51a73f75ba5d4781882c60fc17990f96: Log matching property violated. Preceding OpId in replica: term: 3 index: 3. Preceding OpId from leader: term: 4 index: 4. (index mismatch)
I20260713 09:01:38.759117  6189 consensus_queue.cc:1048] T 69844cced5eb43fbbc7b1d780a4f3816 P 51a73f75ba5d4781882c60fc17990f96 [LEADER]: Connected to new peer: Peer: permanent_uuid: "9b458aeac71e496c8ed14a7dde771d13" member_type: VOTER last_known_addr { host: "127.5.154.129" port: 37437 }, Status: LMP_MISMATCH, Last received: 0.0, Next index: 4, Last known committed idx: 3, Time since last communication: 0.000s
I20260713 09:01:38.766381  6021 raft_consensus.cc:1275] T 69844cced5eb43fbbc7b1d780a4f3816 P e1ae8b3c9fe441508c4dbbda6536e34b [term 4 FOLLOWER]: Refusing update from remote peer 51a73f75ba5d4781882c60fc17990f96: Log matching property violated. Preceding OpId in replica: term: 3 index: 3. Preceding OpId from leader: term: 4 index: 4. (index mismatch)
I20260713 09:01:38.767966  6178 consensus_queue.cc:1048] T 69844cced5eb43fbbc7b1d780a4f3816 P 51a73f75ba5d4781882c60fc17990f96 [LEADER]: Connected to new peer: Peer: permanent_uuid: "e1ae8b3c9fe441508c4dbbda6536e34b" member_type: VOTER last_known_addr { host: "127.5.154.131" port: 44515 }, Status: LMP_MISMATCH, Last received: 0.0, Next index: 4, Last known committed idx: 3, Time since last communication: 0.000s
I20260713 09:01:38.789002  6021 raft_consensus.cc:1275] T ff8f51d936a944548e6930fb84bdb46a P e1ae8b3c9fe441508c4dbbda6536e34b [term 2 FOLLOWER]: Refusing update from remote peer 51a73f75ba5d4781882c60fc17990f96: Log matching property violated. Preceding OpId in replica: term: 1 index: 1. Preceding OpId from leader: term: 2 index: 2. (index mismatch)
I20260713 09:01:38.790163  6178 consensus_queue.cc:1048] T ff8f51d936a944548e6930fb84bdb46a P 51a73f75ba5d4781882c60fc17990f96 [LEADER]: Connected to new peer: Peer: permanent_uuid: "e1ae8b3c9fe441508c4dbbda6536e34b" member_type: VOTER last_known_addr { host: "127.5.154.131" port: 44515 }, Status: LMP_MISMATCH, Last received: 0.0, Next index: 2, Last known committed idx: 1, Time since last communication: 0.000s
I20260713 09:01:38.798026  5873 raft_consensus.cc:1275] T ff8f51d936a944548e6930fb84bdb46a P 9b458aeac71e496c8ed14a7dde771d13 [term 2 FOLLOWER]: Refusing update from remote peer 51a73f75ba5d4781882c60fc17990f96: Log matching property violated. Preceding OpId in replica: term: 1 index: 1. Preceding OpId from leader: term: 2 index: 2. (index mismatch)
I20260713 09:01:38.799250  6189 consensus_queue.cc:1048] T ff8f51d936a944548e6930fb84bdb46a P 51a73f75ba5d4781882c60fc17990f96 [LEADER]: Connected to new peer: Peer: permanent_uuid: "9b458aeac71e496c8ed14a7dde771d13" member_type: VOTER last_known_addr { host: "127.5.154.129" port: 37437 }, Status: LMP_MISMATCH, Last received: 0.0, Next index: 2, Last known committed idx: 1, Time since last communication: 0.000s
I20260713 09:01:38.988559  6021 raft_consensus.cc:1275] T c90bf9a306f549608c630de202bf1762 P e1ae8b3c9fe441508c4dbbda6536e34b [term 2 FOLLOWER]: Refusing update from remote peer 51a73f75ba5d4781882c60fc17990f96: Log matching property violated. Preceding OpId in replica: term: 1 index: 1. Preceding OpId from leader: term: 2 index: 2. (index mismatch)
I20260713 09:01:38.989725  6189 consensus_queue.cc:1048] T c90bf9a306f549608c630de202bf1762 P 51a73f75ba5d4781882c60fc17990f96 [LEADER]: Connected to new peer: Peer: permanent_uuid: "e1ae8b3c9fe441508c4dbbda6536e34b" member_type: VOTER last_known_addr { host: "127.5.154.131" port: 44515 }, Status: LMP_MISMATCH, Last received: 0.0, Next index: 2, Last known committed idx: 1, Time since last communication: 0.000s
I20260713 09:01:38.998719  5873 raft_consensus.cc:1275] T c90bf9a306f549608c630de202bf1762 P 9b458aeac71e496c8ed14a7dde771d13 [term 2 FOLLOWER]: Refusing update from remote peer 51a73f75ba5d4781882c60fc17990f96: Log matching property violated. Preceding OpId in replica: term: 1 index: 1. Preceding OpId from leader: term: 2 index: 2. (index mismatch)
I20260713 09:01:39.000418  6189 consensus_queue.cc:1048] T c90bf9a306f549608c630de202bf1762 P 51a73f75ba5d4781882c60fc17990f96 [LEADER]: Connected to new peer: Peer: permanent_uuid: "9b458aeac71e496c8ed14a7dde771d13" member_type: VOTER last_known_addr { host: "127.5.154.129" port: 37437 }, Status: LMP_MISMATCH, Last received: 0.0, Next index: 2, Last known committed idx: 1, Time since last communication: 0.000s
I20260713 09:01:39.144932  6021 raft_consensus.cc:1275] T ce7a4b1c8c06418aba6616a06a0cea68 P e1ae8b3c9fe441508c4dbbda6536e34b [term 3 FOLLOWER]: Refusing update from remote peer 51a73f75ba5d4781882c60fc17990f96: Log matching property violated. Preceding OpId in replica: term: 2 index: 2. Preceding OpId from leader: term: 3 index: 3. (index mismatch)
I20260713 09:01:39.146072  6189 consensus_queue.cc:1048] T ce7a4b1c8c06418aba6616a06a0cea68 P 51a73f75ba5d4781882c60fc17990f96 [LEADER]: Connected to new peer: Peer: permanent_uuid: "e1ae8b3c9fe441508c4dbbda6536e34b" member_type: VOTER last_known_addr { host: "127.5.154.131" port: 44515 }, Status: LMP_MISMATCH, Last received: 0.0, Next index: 3, Last known committed idx: 2, Time since last communication: 0.000s
I20260713 09:01:39.154012  5873 raft_consensus.cc:1275] T ce7a4b1c8c06418aba6616a06a0cea68 P 9b458aeac71e496c8ed14a7dde771d13 [term 3 FOLLOWER]: Refusing update from remote peer 51a73f75ba5d4781882c60fc17990f96: Log matching property violated. Preceding OpId in replica: term: 2 index: 2. Preceding OpId from leader: term: 3 index: 3. (index mismatch)
I20260713 09:01:39.155349  6203 consensus_queue.cc:1048] T ce7a4b1c8c06418aba6616a06a0cea68 P 51a73f75ba5d4781882c60fc17990f96 [LEADER]: Connected to new peer: Peer: permanent_uuid: "9b458aeac71e496c8ed14a7dde771d13" member_type: VOTER last_known_addr { host: "127.5.154.129" port: 37437 }, Status: LMP_MISMATCH, Last received: 0.0, Next index: 3, Last known committed idx: 2, Time since last communication: 0.000s
I20260713 09:01:39.201481  6021 raft_consensus.cc:1275] T d349db3e276f49c1a2b2b390529d404a P e1ae8b3c9fe441508c4dbbda6536e34b [term 4 FOLLOWER]: Refusing update from remote peer 51a73f75ba5d4781882c60fc17990f96: Log matching property violated. Preceding OpId in replica: term: 3 index: 3. Preceding OpId from leader: term: 4 index: 4. (index mismatch)
I20260713 09:01:39.202610  6203 consensus_queue.cc:1048] T d349db3e276f49c1a2b2b390529d404a P 51a73f75ba5d4781882c60fc17990f96 [LEADER]: Connected to new peer: Peer: permanent_uuid: "e1ae8b3c9fe441508c4dbbda6536e34b" member_type: VOTER last_known_addr { host: "127.5.154.131" port: 44515 }, Status: LMP_MISMATCH, Last received: 0.0, Next index: 4, Last known committed idx: 3, Time since last communication: 0.000s
I20260713 09:01:39.210861  5873 raft_consensus.cc:1275] T d349db3e276f49c1a2b2b390529d404a P 9b458aeac71e496c8ed14a7dde771d13 [term 4 FOLLOWER]: Refusing update from remote peer 51a73f75ba5d4781882c60fc17990f96: Log matching property violated. Preceding OpId in replica: term: 3 index: 3. Preceding OpId from leader: term: 4 index: 4. (index mismatch)
I20260713 09:01:39.211967  6200 consensus_queue.cc:1048] T d349db3e276f49c1a2b2b390529d404a P 51a73f75ba5d4781882c60fc17990f96 [LEADER]: Connected to new peer: Peer: permanent_uuid: "9b458aeac71e496c8ed14a7dde771d13" member_type: VOTER last_known_addr { host: "127.5.154.129" port: 37437 }, Status: LMP_MISMATCH, Last received: 0.0, Next index: 4, Last known committed idx: 3, Time since last communication: 0.000s
I20260713 09:01:41.349171  5738 auto_leader_rebalancer.cc:141] leader rebalance for table test-workload
I20260713 09:01:41.357118  5948 tablet_service.cc:2072] Received LeaderStepDown RPC: tablet_id: "31a6afe936124e8fb34c796fbf526956"
dest_uuid: "51a73f75ba5d4781882c60fc17990f96"
mode: GRACEFUL
new_leader_uuid: "9b458aeac71e496c8ed14a7dde771d13"
 from {username='slave'} at 127.0.0.1:36200
I20260713 09:01:41.358045  5948 raft_consensus.cc:606] T 31a6afe936124e8fb34c796fbf526956 P 51a73f75ba5d4781882c60fc17990f96 [term 1 LEADER]: Received request to transfer leadership to TS 9b458aeac71e496c8ed14a7dde771d13
I20260713 09:01:41.360442  5948 tablet_service.cc:2072] Received LeaderStepDown RPC: tablet_id: "c90bf9a306f549608c630de202bf1762"
dest_uuid: "51a73f75ba5d4781882c60fc17990f96"
mode: GRACEFUL
new_leader_uuid: "9b458aeac71e496c8ed14a7dde771d13"
 from {username='slave'} at 127.0.0.1:36200
I20260713 09:01:41.360878  5948 raft_consensus.cc:606] T c90bf9a306f549608c630de202bf1762 P 51a73f75ba5d4781882c60fc17990f96 [term 2 LEADER]: Received request to transfer leadership to TS 9b458aeac71e496c8ed14a7dde771d13
I20260713 09:01:41.362825  5948 tablet_service.cc:2072] Received LeaderStepDown RPC: tablet_id: "d349db3e276f49c1a2b2b390529d404a"
dest_uuid: "51a73f75ba5d4781882c60fc17990f96"
mode: GRACEFUL
new_leader_uuid: "9b458aeac71e496c8ed14a7dde771d13"
 from {username='slave'} at 127.0.0.1:36200
I20260713 09:01:41.363224  5948 raft_consensus.cc:606] T d349db3e276f49c1a2b2b390529d404a P 51a73f75ba5d4781882c60fc17990f96 [term 4 LEADER]: Received request to transfer leadership to TS 9b458aeac71e496c8ed14a7dde771d13
I20260713 09:01:41.365330  5948 tablet_service.cc:2072] Received LeaderStepDown RPC: tablet_id: "d790944cdce34cf2b3681235ab4d0ae0"
dest_uuid: "51a73f75ba5d4781882c60fc17990f96"
mode: GRACEFUL
new_leader_uuid: "e1ae8b3c9fe441508c4dbbda6536e34b"
 from {username='slave'} at 127.0.0.1:36200
I20260713 09:01:41.365746  5948 raft_consensus.cc:606] T d790944cdce34cf2b3681235ab4d0ae0 P 51a73f75ba5d4781882c60fc17990f96 [term 3 LEADER]: Received request to transfer leadership to TS e1ae8b3c9fe441508c4dbbda6536e34b
I20260713 09:01:41.367633  5948 tablet_service.cc:2072] Received LeaderStepDown RPC: tablet_id: "ff8f51d936a944548e6930fb84bdb46a"
dest_uuid: "51a73f75ba5d4781882c60fc17990f96"
mode: GRACEFUL
new_leader_uuid: "e1ae8b3c9fe441508c4dbbda6536e34b"
 from {username='slave'} at 127.0.0.1:36200
I20260713 09:01:41.368045  5948 raft_consensus.cc:606] T ff8f51d936a944548e6930fb84bdb46a P 51a73f75ba5d4781882c60fc17990f96 [term 2 LEADER]: Received request to transfer leadership to TS e1ae8b3c9fe441508c4dbbda6536e34b
I20260713 09:01:41.368965  5738 auto_leader_rebalancer.cc:479] table: test-workload, leader rebalance finish, leader transfer count: 5
I20260713 09:01:41.369398  5738 auto_leader_rebalancer.cc:554] All tables' leader rebalancing finished this round
I20260713 09:01:41.392545  6189 raft_consensus.cc:993] T d790944cdce34cf2b3681235ab4d0ae0 P 51a73f75ba5d4781882c60fc17990f96: : Instructing follower e1ae8b3c9fe441508c4dbbda6536e34b to start an election
I20260713 09:01:41.393141  6209 raft_consensus.cc:1081] T d790944cdce34cf2b3681235ab4d0ae0 P 51a73f75ba5d4781882c60fc17990f96 [term 3 LEADER]: Signalling peer e1ae8b3c9fe441508c4dbbda6536e34b to start an election
I20260713 09:01:41.394544  6020 tablet_service.cc:2044] Received Run Leader Election RPC: tablet_id: "d790944cdce34cf2b3681235ab4d0ae0"
dest_uuid: "e1ae8b3c9fe441508c4dbbda6536e34b"
 from {username='slave'} at 127.0.0.1:54260
I20260713 09:01:41.395069  6020 raft_consensus.cc:493] T d790944cdce34cf2b3681235ab4d0ae0 P e1ae8b3c9fe441508c4dbbda6536e34b [term 3 FOLLOWER]: Starting forced leader election (received explicit request)
I20260713 09:01:41.395406  6020 raft_consensus.cc:3060] T d790944cdce34cf2b3681235ab4d0ae0 P e1ae8b3c9fe441508c4dbbda6536e34b [term 3 FOLLOWER]: Advancing to term 4
I20260713 09:01:41.400651  6020 raft_consensus.cc:515] T d790944cdce34cf2b3681235ab4d0ae0 P e1ae8b3c9fe441508c4dbbda6536e34b [term 4 FOLLOWER]: Starting forced leader election with config: opid_index: -1 OBSOLETE_local: false peers { permanent_uuid: "9b458aeac71e496c8ed14a7dde771d13" member_type: VOTER last_known_addr { host: "127.5.154.129" port: 37437 } } peers { permanent_uuid: "51a73f75ba5d4781882c60fc17990f96" member_type: VOTER last_known_addr { host: "127.5.154.130" port: 39067 } } peers { permanent_uuid: "e1ae8b3c9fe441508c4dbbda6536e34b" member_type: VOTER last_known_addr { host: "127.5.154.131" port: 44515 } }
I20260713 09:01:41.402369  6020 leader_election.cc:290] T d790944cdce34cf2b3681235ab4d0ae0 P e1ae8b3c9fe441508c4dbbda6536e34b [CANDIDATE]: Term 4 election: Requested vote from peers 9b458aeac71e496c8ed14a7dde771d13 (127.5.154.129:37437), 51a73f75ba5d4781882c60fc17990f96 (127.5.154.130:39067)
I20260713 09:01:41.403501  5873 tablet_service.cc:1917] Received RequestConsensusVote() RPC: tablet_id: "d790944cdce34cf2b3681235ab4d0ae0" candidate_uuid: "e1ae8b3c9fe441508c4dbbda6536e34b" candidate_term: 4 candidate_status { last_received { term: 3 index: 2 } } ignore_live_leader: true dest_uuid: "9b458aeac71e496c8ed14a7dde771d13"
I20260713 09:01:41.403452  5948 tablet_service.cc:1917] Received RequestConsensusVote() RPC: tablet_id: "d790944cdce34cf2b3681235ab4d0ae0" candidate_uuid: "e1ae8b3c9fe441508c4dbbda6536e34b" candidate_term: 4 candidate_status { last_received { term: 3 index: 2 } } ignore_live_leader: true dest_uuid: "51a73f75ba5d4781882c60fc17990f96"
I20260713 09:01:41.404224  5873 raft_consensus.cc:3060] T d790944cdce34cf2b3681235ab4d0ae0 P 9b458aeac71e496c8ed14a7dde771d13 [term 3 FOLLOWER]: Advancing to term 4
I20260713 09:01:41.404289  5948 raft_consensus.cc:3055] T d790944cdce34cf2b3681235ab4d0ae0 P 51a73f75ba5d4781882c60fc17990f96 [term 3 LEADER]: Stepping down as leader of term 3
I20260713 09:01:41.404650  5948 raft_consensus.cc:740] T d790944cdce34cf2b3681235ab4d0ae0 P 51a73f75ba5d4781882c60fc17990f96 [term 3 LEADER]: Becoming Follower/Learner. State: Replica: 51a73f75ba5d4781882c60fc17990f96, State: Running, Role: LEADER
I20260713 09:01:41.405445  5948 consensus_queue.cc:260] T d790944cdce34cf2b3681235ab4d0ae0 P 51a73f75ba5d4781882c60fc17990f96 [NON_LEADER]: Queue going to NON_LEADER mode. State: All replicated index: 0, Majority replicated index: 2, Committed index: 2, Last appended: 3.2, Last appended by leader: 2, Current term: 3, Majority size: -1, State: 0, Mode: NON_LEADER, active raft config: opid_index: -1 OBSOLETE_local: false peers { permanent_uuid: "9b458aeac71e496c8ed14a7dde771d13" member_type: VOTER last_known_addr { host: "127.5.154.129" port: 37437 } } peers { permanent_uuid: "51a73f75ba5d4781882c60fc17990f96" member_type: VOTER last_known_addr { host: "127.5.154.130" port: 39067 } } peers { permanent_uuid: "e1ae8b3c9fe441508c4dbbda6536e34b" member_type: VOTER last_known_addr { host: "127.5.154.131" port: 44515 } }
I20260713 09:01:41.406688  5948 raft_consensus.cc:3060] T d790944cdce34cf2b3681235ab4d0ae0 P 51a73f75ba5d4781882c60fc17990f96 [term 3 FOLLOWER]: Advancing to term 4
I20260713 09:01:41.410900  5873 raft_consensus.cc:2468] T d790944cdce34cf2b3681235ab4d0ae0 P 9b458aeac71e496c8ed14a7dde771d13 [term 4 FOLLOWER]: Leader election vote request: Granting yes vote for candidate e1ae8b3c9fe441508c4dbbda6536e34b in term 4.
I20260713 09:01:41.412223  5987 leader_election.cc:304] T d790944cdce34cf2b3681235ab4d0ae0 P e1ae8b3c9fe441508c4dbbda6536e34b [CANDIDATE]: Term 4 election: Election decided. Result: candidate won. Election summary: received 2 responses out of 3 voters: 2 yes votes; 0 no votes. yes voters: 9b458aeac71e496c8ed14a7dde771d13, e1ae8b3c9fe441508c4dbbda6536e34b; no voters: 
I20260713 09:01:41.413252  6182 raft_consensus.cc:2804] T d790944cdce34cf2b3681235ab4d0ae0 P e1ae8b3c9fe441508c4dbbda6536e34b [term 4 FOLLOWER]: Leader election won for term 4
I20260713 09:01:41.413203  5948 raft_consensus.cc:2468] T d790944cdce34cf2b3681235ab4d0ae0 P 51a73f75ba5d4781882c60fc17990f96 [term 4 FOLLOWER]: Leader election vote request: Granting yes vote for candidate e1ae8b3c9fe441508c4dbbda6536e34b in term 4.
I20260713 09:01:41.414698  6182 raft_consensus.cc:697] T d790944cdce34cf2b3681235ab4d0ae0 P e1ae8b3c9fe441508c4dbbda6536e34b [term 4 LEADER]: Becoming Leader. State: Replica: e1ae8b3c9fe441508c4dbbda6536e34b, State: Running, Role: LEADER
I20260713 09:01:41.415642  6182 consensus_queue.cc:237] T d790944cdce34cf2b3681235ab4d0ae0 P e1ae8b3c9fe441508c4dbbda6536e34b [LEADER]: Queue going to LEADER mode. State: All replicated index: 0, Majority replicated index: 2, Committed index: 2, Last appended: 3.2, Last appended by leader: 2, Current term: 4, Majority size: 2, State: 0, Mode: LEADER, active raft config: opid_index: -1 OBSOLETE_local: false peers { permanent_uuid: "9b458aeac71e496c8ed14a7dde771d13" member_type: VOTER last_known_addr { host: "127.5.154.129" port: 37437 } } peers { permanent_uuid: "51a73f75ba5d4781882c60fc17990f96" member_type: VOTER last_known_addr { host: "127.5.154.130" port: 39067 } } peers { permanent_uuid: "e1ae8b3c9fe441508c4dbbda6536e34b" member_type: VOTER last_known_addr { host: "127.5.154.131" port: 44515 } }
I20260713 09:01:41.422951  5767 catalog_manager.cc:5697] T d790944cdce34cf2b3681235ab4d0ae0 P e1ae8b3c9fe441508c4dbbda6536e34b reported cstate change: term changed from 3 to 4, leader changed from 51a73f75ba5d4781882c60fc17990f96 (127.5.154.130) to e1ae8b3c9fe441508c4dbbda6536e34b (127.5.154.131). New cstate: current_term: 4 leader_uuid: "e1ae8b3c9fe441508c4dbbda6536e34b" committed_config { opid_index: -1 OBSOLETE_local: false peers { permanent_uuid: "9b458aeac71e496c8ed14a7dde771d13" member_type: VOTER last_known_addr { host: "127.5.154.129" port: 37437 } health_report { overall_health: UNKNOWN } } peers { permanent_uuid: "51a73f75ba5d4781882c60fc17990f96" member_type: VOTER last_known_addr { host: "127.5.154.130" port: 39067 } health_report { overall_health: UNKNOWN } } peers { permanent_uuid: "e1ae8b3c9fe441508c4dbbda6536e34b" member_type: VOTER last_known_addr { host: "127.5.154.131" port: 44515 } health_report { overall_health: HEALTHY } } }
I20260713 09:01:41.430231  6189 raft_consensus.cc:993] T c90bf9a306f549608c630de202bf1762 P 51a73f75ba5d4781882c60fc17990f96: : Instructing follower 9b458aeac71e496c8ed14a7dde771d13 to start an election
I20260713 09:01:41.430714  6209 raft_consensus.cc:1081] T c90bf9a306f549608c630de202bf1762 P 51a73f75ba5d4781882c60fc17990f96 [term 2 LEADER]: Signalling peer 9b458aeac71e496c8ed14a7dde771d13 to start an election
I20260713 09:01:41.432355  5873 tablet_service.cc:2044] Received Run Leader Election RPC: tablet_id: "c90bf9a306f549608c630de202bf1762"
dest_uuid: "9b458aeac71e496c8ed14a7dde771d13"
 from {username='slave'} at 127.0.0.1:57294
I20260713 09:01:41.432924  5873 raft_consensus.cc:493] T c90bf9a306f549608c630de202bf1762 P 9b458aeac71e496c8ed14a7dde771d13 [term 2 FOLLOWER]: Starting forced leader election (received explicit request)
I20260713 09:01:41.433313  5873 raft_consensus.cc:3060] T c90bf9a306f549608c630de202bf1762 P 9b458aeac71e496c8ed14a7dde771d13 [term 2 FOLLOWER]: Advancing to term 3
I20260713 09:01:41.438144  5873 raft_consensus.cc:515] T c90bf9a306f549608c630de202bf1762 P 9b458aeac71e496c8ed14a7dde771d13 [term 3 FOLLOWER]: Starting forced leader election with config: opid_index: -1 OBSOLETE_local: false peers { permanent_uuid: "9b458aeac71e496c8ed14a7dde771d13" member_type: VOTER last_known_addr { host: "127.5.154.129" port: 37437 } } peers { permanent_uuid: "51a73f75ba5d4781882c60fc17990f96" member_type: VOTER last_known_addr { host: "127.5.154.130" port: 39067 } } peers { permanent_uuid: "e1ae8b3c9fe441508c4dbbda6536e34b" member_type: VOTER last_known_addr { host: "127.5.154.131" port: 44515 } }
I20260713 09:01:41.439914  5873 leader_election.cc:290] T c90bf9a306f549608c630de202bf1762 P 9b458aeac71e496c8ed14a7dde771d13 [CANDIDATE]: Term 3 election: Requested vote from peers 51a73f75ba5d4781882c60fc17990f96 (127.5.154.130:39067), e1ae8b3c9fe441508c4dbbda6536e34b (127.5.154.131:44515)
I20260713 09:01:41.440542  5948 tablet_service.cc:1917] Received RequestConsensusVote() RPC: tablet_id: "c90bf9a306f549608c630de202bf1762" candidate_uuid: "9b458aeac71e496c8ed14a7dde771d13" candidate_term: 3 candidate_status { last_received { term: 2 index: 2 } } ignore_live_leader: true dest_uuid: "51a73f75ba5d4781882c60fc17990f96"
I20260713 09:01:41.441094  5948 raft_consensus.cc:3055] T c90bf9a306f549608c630de202bf1762 P 51a73f75ba5d4781882c60fc17990f96 [term 2 LEADER]: Stepping down as leader of term 2
I20260713 09:01:41.441295  5948 raft_consensus.cc:740] T c90bf9a306f549608c630de202bf1762 P 51a73f75ba5d4781882c60fc17990f96 [term 2 LEADER]: Becoming Follower/Learner. State: Replica: 51a73f75ba5d4781882c60fc17990f96, State: Running, Role: LEADER
I20260713 09:01:41.441283  6020 tablet_service.cc:1917] Received RequestConsensusVote() RPC: tablet_id: "c90bf9a306f549608c630de202bf1762" candidate_uuid: "9b458aeac71e496c8ed14a7dde771d13" candidate_term: 3 candidate_status { last_received { term: 2 index: 2 } } ignore_live_leader: true dest_uuid: "e1ae8b3c9fe441508c4dbbda6536e34b"
I20260713 09:01:41.441800  6020 raft_consensus.cc:3060] T c90bf9a306f549608c630de202bf1762 P e1ae8b3c9fe441508c4dbbda6536e34b [term 2 FOLLOWER]: Advancing to term 3
I20260713 09:01:41.441982  5948 consensus_queue.cc:260] T c90bf9a306f549608c630de202bf1762 P 51a73f75ba5d4781882c60fc17990f96 [NON_LEADER]: Queue going to NON_LEADER mode. State: All replicated index: 0, Majority replicated index: 2, Committed index: 2, Last appended: 2.2, Last appended by leader: 2, Current term: 2, Majority size: -1, State: 0, Mode: NON_LEADER, active raft config: opid_index: -1 OBSOLETE_local: false peers { permanent_uuid: "9b458aeac71e496c8ed14a7dde771d13" member_type: VOTER last_known_addr { host: "127.5.154.129" port: 37437 } } peers { permanent_uuid: "51a73f75ba5d4781882c60fc17990f96" member_type: VOTER last_known_addr { host: "127.5.154.130" port: 39067 } } peers { permanent_uuid: "e1ae8b3c9fe441508c4dbbda6536e34b" member_type: VOTER last_known_addr { host: "127.5.154.131" port: 44515 } }
I20260713 09:01:41.442858  5948 raft_consensus.cc:3060] T c90bf9a306f549608c630de202bf1762 P 51a73f75ba5d4781882c60fc17990f96 [term 2 FOLLOWER]: Advancing to term 3
I20260713 09:01:41.447571  6020 raft_consensus.cc:2468] T c90bf9a306f549608c630de202bf1762 P e1ae8b3c9fe441508c4dbbda6536e34b [term 3 FOLLOWER]: Leader election vote request: Granting yes vote for candidate 9b458aeac71e496c8ed14a7dde771d13 in term 3.
I20260713 09:01:41.447629  5948 raft_consensus.cc:2468] T c90bf9a306f549608c630de202bf1762 P 51a73f75ba5d4781882c60fc17990f96 [term 3 FOLLOWER]: Leader election vote request: Granting yes vote for candidate 9b458aeac71e496c8ed14a7dde771d13 in term 3.
I20260713 09:01:41.448916  5838 leader_election.cc:304] T c90bf9a306f549608c630de202bf1762 P 9b458aeac71e496c8ed14a7dde771d13 [CANDIDATE]: Term 3 election: Election decided. Result: candidate won. Election summary: received 2 responses out of 3 voters: 2 yes votes; 0 no votes. yes voters: 9b458aeac71e496c8ed14a7dde771d13, e1ae8b3c9fe441508c4dbbda6536e34b; no voters: 
I20260713 09:01:41.450414  6217 raft_consensus.cc:2804] T c90bf9a306f549608c630de202bf1762 P 9b458aeac71e496c8ed14a7dde771d13 [term 3 FOLLOWER]: Leader election won for term 3
I20260713 09:01:41.451339  6217 raft_consensus.cc:697] T c90bf9a306f549608c630de202bf1762 P 9b458aeac71e496c8ed14a7dde771d13 [term 3 LEADER]: Becoming Leader. State: Replica: 9b458aeac71e496c8ed14a7dde771d13, State: Running, Role: LEADER
I20260713 09:01:41.452109  6217 consensus_queue.cc:237] T c90bf9a306f549608c630de202bf1762 P 9b458aeac71e496c8ed14a7dde771d13 [LEADER]: Queue going to LEADER mode. State: All replicated index: 0, Majority replicated index: 2, Committed index: 2, Last appended: 2.2, Last appended by leader: 2, Current term: 3, Majority size: 2, State: 0, Mode: LEADER, active raft config: opid_index: -1 OBSOLETE_local: false peers { permanent_uuid: "9b458aeac71e496c8ed14a7dde771d13" member_type: VOTER last_known_addr { host: "127.5.154.129" port: 37437 } } peers { permanent_uuid: "51a73f75ba5d4781882c60fc17990f96" member_type: VOTER last_known_addr { host: "127.5.154.130" port: 39067 } } peers { permanent_uuid: "e1ae8b3c9fe441508c4dbbda6536e34b" member_type: VOTER last_known_addr { host: "127.5.154.131" port: 44515 } }
I20260713 09:01:41.458654  5767 catalog_manager.cc:5697] T c90bf9a306f549608c630de202bf1762 P 9b458aeac71e496c8ed14a7dde771d13 reported cstate change: term changed from 2 to 3, leader changed from 51a73f75ba5d4781882c60fc17990f96 (127.5.154.130) to 9b458aeac71e496c8ed14a7dde771d13 (127.5.154.129). New cstate: current_term: 3 leader_uuid: "9b458aeac71e496c8ed14a7dde771d13" committed_config { opid_index: -1 OBSOLETE_local: false peers { permanent_uuid: "9b458aeac71e496c8ed14a7dde771d13" member_type: VOTER last_known_addr { host: "127.5.154.129" port: 37437 } health_report { overall_health: HEALTHY } } peers { permanent_uuid: "51a73f75ba5d4781882c60fc17990f96" member_type: VOTER last_known_addr { host: "127.5.154.130" port: 39067 } health_report { overall_health: UNKNOWN } } peers { permanent_uuid: "e1ae8b3c9fe441508c4dbbda6536e34b" member_type: VOTER last_known_addr { host: "127.5.154.131" port: 44515 } health_report { overall_health: UNKNOWN } } }
I20260713 09:01:41.606993  6189 raft_consensus.cc:993] T ff8f51d936a944548e6930fb84bdb46a P 51a73f75ba5d4781882c60fc17990f96: : Instructing follower e1ae8b3c9fe441508c4dbbda6536e34b to start an election
I20260713 09:01:41.607465  6209 raft_consensus.cc:1081] T ff8f51d936a944548e6930fb84bdb46a P 51a73f75ba5d4781882c60fc17990f96 [term 2 LEADER]: Signalling peer e1ae8b3c9fe441508c4dbbda6536e34b to start an election
I20260713 09:01:41.608775  6020 tablet_service.cc:2044] Received Run Leader Election RPC: tablet_id: "ff8f51d936a944548e6930fb84bdb46a"
dest_uuid: "e1ae8b3c9fe441508c4dbbda6536e34b"
 from {username='slave'} at 127.0.0.1:54260
I20260713 09:01:41.609243  6020 raft_consensus.cc:493] T ff8f51d936a944548e6930fb84bdb46a P e1ae8b3c9fe441508c4dbbda6536e34b [term 2 FOLLOWER]: Starting forced leader election (received explicit request)
I20260713 09:01:41.609535  6020 raft_consensus.cc:3060] T ff8f51d936a944548e6930fb84bdb46a P e1ae8b3c9fe441508c4dbbda6536e34b [term 2 FOLLOWER]: Advancing to term 3
I20260713 09:01:41.613912  6020 raft_consensus.cc:515] T ff8f51d936a944548e6930fb84bdb46a P e1ae8b3c9fe441508c4dbbda6536e34b [term 3 FOLLOWER]: Starting forced leader election with config: opid_index: -1 OBSOLETE_local: false peers { permanent_uuid: "9b458aeac71e496c8ed14a7dde771d13" member_type: VOTER last_known_addr { host: "127.5.154.129" port: 37437 } } peers { permanent_uuid: "51a73f75ba5d4781882c60fc17990f96" member_type: VOTER last_known_addr { host: "127.5.154.130" port: 39067 } } peers { permanent_uuid: "e1ae8b3c9fe441508c4dbbda6536e34b" member_type: VOTER last_known_addr { host: "127.5.154.131" port: 44515 } }
I20260713 09:01:41.615420  6020 leader_election.cc:290] T ff8f51d936a944548e6930fb84bdb46a P e1ae8b3c9fe441508c4dbbda6536e34b [CANDIDATE]: Term 3 election: Requested vote from peers 9b458aeac71e496c8ed14a7dde771d13 (127.5.154.129:37437), 51a73f75ba5d4781882c60fc17990f96 (127.5.154.130:39067)
