I20260713 09:01:39.984642  5946 raft_consensus.cc:3060] T 83fedb1d9c5d423fa588329726a37484 P bd88a252fa6f462d95b7a9349832966e [term 1 FOLLOWER]: Advancing to term 2
I20260713 09:01:39.990084  5946 raft_consensus.cc:515] T 83fedb1d9c5d423fa588329726a37484 P bd88a252fa6f462d95b7a9349832966e [term 2 FOLLOWER]: Starting forced leader election with config: opid_index: -1 OBSOLETE_local: false peers { permanent_uuid: "0ca292809b0e44e1a79ad11a8e7385ad" member_type: VOTER last_known_addr { host: "127.5.154.193" port: 40577 } } peers { permanent_uuid: "bd88a252fa6f462d95b7a9349832966e" member_type: VOTER last_known_addr { host: "127.5.154.194" port: 38443 } } peers { permanent_uuid: "23147f9aea394b5a8a6ffbf47d3b4176" member_type: VOTER last_known_addr { host: "127.5.154.195" port: 43953 } }
I20260713 09:01:39.992002  5946 leader_election.cc:290] T 83fedb1d9c5d423fa588329726a37484 P bd88a252fa6f462d95b7a9349832966e [CANDIDATE]: Term 2 election: Requested vote from peers 0ca292809b0e44e1a79ad11a8e7385ad (127.5.154.193:40577), 23147f9aea394b5a8a6ffbf47d3b4176 (127.5.154.195:43953)
I20260713 09:01:39.993144  5873 tablet_service.cc:1917] Received RequestConsensusVote() RPC: tablet_id: "83fedb1d9c5d423fa588329726a37484" candidate_uuid: "bd88a252fa6f462d95b7a9349832966e" candidate_term: 2 candidate_status { last_received { term: 1 index: 1 } } ignore_live_leader: true dest_uuid: "0ca292809b0e44e1a79ad11a8e7385ad"
I20260713 09:01:39.993667  6021 tablet_service.cc:1917] Received RequestConsensusVote() RPC: tablet_id: "83fedb1d9c5d423fa588329726a37484" candidate_uuid: "bd88a252fa6f462d95b7a9349832966e" candidate_term: 2 candidate_status { last_received { term: 1 index: 1 } } ignore_live_leader: true dest_uuid: "23147f9aea394b5a8a6ffbf47d3b4176"
I20260713 09:01:39.993752  5873 raft_consensus.cc:3055] T 83fedb1d9c5d423fa588329726a37484 P 0ca292809b0e44e1a79ad11a8e7385ad [term 1 LEADER]: Stepping down as leader of term 1
I20260713 09:01:39.994143  5873 raft_consensus.cc:740] T 83fedb1d9c5d423fa588329726a37484 P 0ca292809b0e44e1a79ad11a8e7385ad [term 1 LEADER]: Becoming Follower/Learner. State: Replica: 0ca292809b0e44e1a79ad11a8e7385ad, State: Running, Role: LEADER
I20260713 09:01:39.994197  6021 raft_consensus.cc:3060] T 83fedb1d9c5d423fa588329726a37484 P 23147f9aea394b5a8a6ffbf47d3b4176 [term 1 FOLLOWER]: Advancing to term 2
I20260713 09:01:39.994853  5873 consensus_queue.cc:260] T 83fedb1d9c5d423fa588329726a37484 P 0ca292809b0e44e1a79ad11a8e7385ad [NON_LEADER]: Queue going to NON_LEADER mode. State: All replicated index: 0, Majority replicated index: 1, Committed index: 1, Last appended: 1.1, Last appended by leader: 1, Current term: 1, Majority size: -1, State: 0, Mode: NON_LEADER, active raft config: opid_index: -1 OBSOLETE_local: false peers { permanent_uuid: "0ca292809b0e44e1a79ad11a8e7385ad" member_type: VOTER last_known_addr { host: "127.5.154.193" port: 40577 } } peers { permanent_uuid: "bd88a252fa6f462d95b7a9349832966e" member_type: VOTER last_known_addr { host: "127.5.154.194" port: 38443 } } peers { permanent_uuid: "23147f9aea394b5a8a6ffbf47d3b4176" member_type: VOTER last_known_addr { host: "127.5.154.195" port: 43953 } }
I20260713 09:01:39.995855  5873 raft_consensus.cc:3060] T 83fedb1d9c5d423fa588329726a37484 P 0ca292809b0e44e1a79ad11a8e7385ad [term 1 FOLLOWER]: Advancing to term 2
I20260713 09:01:39.998832  6021 raft_consensus.cc:2468] T 83fedb1d9c5d423fa588329726a37484 P 23147f9aea394b5a8a6ffbf47d3b4176 [term 2 FOLLOWER]: Leader election vote request: Granting yes vote for candidate bd88a252fa6f462d95b7a9349832966e in term 2.
I20260713 09:01:39.999920  5912 leader_election.cc:304] T 83fedb1d9c5d423fa588329726a37484 P bd88a252fa6f462d95b7a9349832966e [CANDIDATE]: Term 2 election: Election decided. Result: candidate won. Election summary: received 2 responses out of 3 voters: 2 yes votes; 0 no votes. yes voters: 23147f9aea394b5a8a6ffbf47d3b4176, bd88a252fa6f462d95b7a9349832966e; no voters: 
I20260713 09:01:40.000290  5873 raft_consensus.cc:2468] T 83fedb1d9c5d423fa588329726a37484 P 0ca292809b0e44e1a79ad11a8e7385ad [term 2 FOLLOWER]: Leader election vote request: Granting yes vote for candidate bd88a252fa6f462d95b7a9349832966e in term 2.
I20260713 09:01:40.000873  6162 raft_consensus.cc:2804] T 83fedb1d9c5d423fa588329726a37484 P bd88a252fa6f462d95b7a9349832966e [term 2 FOLLOWER]: Leader election won for term 2
I20260713 09:01:40.001324  6162 raft_consensus.cc:697] T 83fedb1d9c5d423fa588329726a37484 P bd88a252fa6f462d95b7a9349832966e [term 2 LEADER]: Becoming Leader. State: Replica: bd88a252fa6f462d95b7a9349832966e, State: Running, Role: LEADER
I20260713 09:01:40.002156  6162 consensus_queue.cc:237] T 83fedb1d9c5d423fa588329726a37484 P bd88a252fa6f462d95b7a9349832966e [LEADER]: Queue going to LEADER mode. State: All replicated index: 0, Majority replicated index: 1, Committed index: 1, Last appended: 1.1, Last appended by leader: 1, Current term: 2, Majority size: 2, State: 0, Mode: LEADER, active raft config: opid_index: -1 OBSOLETE_local: false peers { permanent_uuid: "0ca292809b0e44e1a79ad11a8e7385ad" member_type: VOTER last_known_addr { host: "127.5.154.193" port: 40577 } } peers { permanent_uuid: "bd88a252fa6f462d95b7a9349832966e" member_type: VOTER last_known_addr { host: "127.5.154.194" port: 38443 } } peers { permanent_uuid: "23147f9aea394b5a8a6ffbf47d3b4176" member_type: VOTER last_known_addr { host: "127.5.154.195" port: 43953 } }
I20260713 09:01:40.009891  5770 catalog_manager.cc:5697] T 83fedb1d9c5d423fa588329726a37484 P bd88a252fa6f462d95b7a9349832966e reported cstate change: term changed from 1 to 2, leader changed from 0ca292809b0e44e1a79ad11a8e7385ad (127.5.154.193) to bd88a252fa6f462d95b7a9349832966e (127.5.154.194). New cstate: current_term: 2 leader_uuid: "bd88a252fa6f462d95b7a9349832966e" committed_config { opid_index: -1 OBSOLETE_local: false peers { permanent_uuid: "0ca292809b0e44e1a79ad11a8e7385ad" member_type: VOTER last_known_addr { host: "127.5.154.193" port: 40577 } health_report { overall_health: UNKNOWN } } peers { permanent_uuid: "bd88a252fa6f462d95b7a9349832966e" member_type: VOTER last_known_addr { host: "127.5.154.194" port: 38443 } health_report { overall_health: HEALTHY } } peers { permanent_uuid: "23147f9aea394b5a8a6ffbf47d3b4176" member_type: VOTER last_known_addr { host: "127.5.154.195" port: 43953 } health_report { overall_health: UNKNOWN } } }
I20260713 09:01:40.017401  5873 raft_consensus.cc:1275] T bd1d38608d0943d98ff5c4fe5ca6766e P 0ca292809b0e44e1a79ad11a8e7385ad [term 3 FOLLOWER]: Refusing update from remote peer bd88a252fa6f462d95b7a9349832966e: Log matching property violated. Preceding OpId in replica: term: 2 index: 2. Preceding OpId from leader: term: 3 index: 3. (index mismatch)
I20260713 09:01:40.018646  6162 consensus_queue.cc:1048] T bd1d38608d0943d98ff5c4fe5ca6766e P bd88a252fa6f462d95b7a9349832966e [LEADER]: Connected to new peer: Peer: permanent_uuid: "0ca292809b0e44e1a79ad11a8e7385ad" member_type: VOTER last_known_addr { host: "127.5.154.193" port: 40577 }, Status: LMP_MISMATCH, Last received: 0.0, Next index: 3, Last known committed idx: 2, Time since last communication: 0.000s
I20260713 09:01:40.027719  6021 raft_consensus.cc:1275] T bd1d38608d0943d98ff5c4fe5ca6766e P 23147f9aea394b5a8a6ffbf47d3b4176 [term 3 FOLLOWER]: Refusing update from remote peer bd88a252fa6f462d95b7a9349832966e: Log matching property violated. Preceding OpId in replica: term: 2 index: 2. Preceding OpId from leader: term: 3 index: 3. (index mismatch)
I20260713 09:01:40.028978  6162 consensus_queue.cc:1048] T bd1d38608d0943d98ff5c4fe5ca6766e P bd88a252fa6f462d95b7a9349832966e [LEADER]: Connected to new peer: Peer: permanent_uuid: "23147f9aea394b5a8a6ffbf47d3b4176" member_type: VOTER last_known_addr { host: "127.5.154.195" port: 43953 }, Status: LMP_MISMATCH, Last received: 0.0, Next index: 3, Last known committed idx: 2, Time since last communication: 0.000s
I20260713 09:01:40.159438  6021 raft_consensus.cc:1275] T 6ba459ff5a6a488582be166b2cbf7f9c P 23147f9aea394b5a8a6ffbf47d3b4176 [term 3 FOLLOWER]: Refusing update from remote peer bd88a252fa6f462d95b7a9349832966e: Log matching property violated. Preceding OpId in replica: term: 2 index: 2. Preceding OpId from leader: term: 3 index: 3. (index mismatch)
I20260713 09:01:40.160555  6162 consensus_queue.cc:1048] T 6ba459ff5a6a488582be166b2cbf7f9c P bd88a252fa6f462d95b7a9349832966e [LEADER]: Connected to new peer: Peer: permanent_uuid: "23147f9aea394b5a8a6ffbf47d3b4176" member_type: VOTER last_known_addr { host: "127.5.154.195" port: 43953 }, Status: LMP_MISMATCH, Last received: 0.0, Next index: 3, Last known committed idx: 2, Time since last communication: 0.000s
I20260713 09:01:40.170778  5873 raft_consensus.cc:1275] T 6ba459ff5a6a488582be166b2cbf7f9c P 0ca292809b0e44e1a79ad11a8e7385ad [term 3 FOLLOWER]: Refusing update from remote peer bd88a252fa6f462d95b7a9349832966e: Log matching property violated. Preceding OpId in replica: term: 2 index: 2. Preceding OpId from leader: term: 3 index: 3. (index mismatch)
I20260713 09:01:40.171986  6211 consensus_queue.cc:1048] T 6ba459ff5a6a488582be166b2cbf7f9c P bd88a252fa6f462d95b7a9349832966e [LEADER]: Connected to new peer: Peer: permanent_uuid: "0ca292809b0e44e1a79ad11a8e7385ad" member_type: VOTER last_known_addr { host: "127.5.154.193" port: 40577 }, Status: LMP_MISMATCH, Last received: 0.0, Next index: 3, Last known committed idx: 2, Time since last communication: 0.000s
I20260713 09:01:40.291044  6023 raft_consensus.cc:1275] T 259670ae10bc4027a85db36a16190d33 P 23147f9aea394b5a8a6ffbf47d3b4176 [term 3 FOLLOWER]: Refusing update from remote peer bd88a252fa6f462d95b7a9349832966e: Log matching property violated. Preceding OpId in replica: term: 2 index: 1. Preceding OpId from leader: term: 3 index: 2. (index mismatch)
I20260713 09:01:40.292101  6162 consensus_queue.cc:1048] T 259670ae10bc4027a85db36a16190d33 P bd88a252fa6f462d95b7a9349832966e [LEADER]: Connected to new peer: Peer: permanent_uuid: "23147f9aea394b5a8a6ffbf47d3b4176" member_type: VOTER last_known_addr { host: "127.5.154.195" port: 43953 }, Status: LMP_MISMATCH, Last received: 0.0, Next index: 2, Last known committed idx: 1, Time since last communication: 0.000s
I20260713 09:01:40.301342  5873 raft_consensus.cc:1275] T 259670ae10bc4027a85db36a16190d33 P 0ca292809b0e44e1a79ad11a8e7385ad [term 3 FOLLOWER]: Refusing update from remote peer bd88a252fa6f462d95b7a9349832966e: Log matching property violated. Preceding OpId in replica: term: 2 index: 1. Preceding OpId from leader: term: 3 index: 2. (index mismatch)
I20260713 09:01:40.303103  6211 consensus_queue.cc:1048] T 259670ae10bc4027a85db36a16190d33 P bd88a252fa6f462d95b7a9349832966e [LEADER]: Connected to new peer: Peer: permanent_uuid: "0ca292809b0e44e1a79ad11a8e7385ad" member_type: VOTER last_known_addr { host: "127.5.154.193" port: 40577 }, Status: LMP_MISMATCH, Last received: 0.0, Next index: 2, Last known committed idx: 1, Time since last communication: 0.000s
I20260713 09:01:40.436157  5873 raft_consensus.cc:1275] T 83fedb1d9c5d423fa588329726a37484 P 0ca292809b0e44e1a79ad11a8e7385ad [term 2 FOLLOWER]: Refusing update from remote peer bd88a252fa6f462d95b7a9349832966e: Log matching property violated. Preceding OpId in replica: term: 1 index: 1. Preceding OpId from leader: term: 2 index: 2. (index mismatch)
I20260713 09:01:40.437206  6211 consensus_queue.cc:1048] T 83fedb1d9c5d423fa588329726a37484 P bd88a252fa6f462d95b7a9349832966e [LEADER]: Connected to new peer: Peer: permanent_uuid: "0ca292809b0e44e1a79ad11a8e7385ad" member_type: VOTER last_known_addr { host: "127.5.154.193" port: 40577 }, Status: LMP_MISMATCH, Last received: 0.0, Next index: 2, Last known committed idx: 1, Time since last communication: 0.000s
I20260713 09:01:40.445083  6023 raft_consensus.cc:1275] T 83fedb1d9c5d423fa588329726a37484 P 23147f9aea394b5a8a6ffbf47d3b4176 [term 2 FOLLOWER]: Refusing update from remote peer bd88a252fa6f462d95b7a9349832966e: Log matching property violated. Preceding OpId in replica: term: 1 index: 1. Preceding OpId from leader: term: 2 index: 2. (index mismatch)
I20260713 09:01:40.447185  6219 consensus_queue.cc:1048] T 83fedb1d9c5d423fa588329726a37484 P bd88a252fa6f462d95b7a9349832966e [LEADER]: Connected to new peer: Peer: permanent_uuid: "23147f9aea394b5a8a6ffbf47d3b4176" member_type: VOTER last_known_addr { host: "127.5.154.195" port: 43953 }, Status: LMP_MISMATCH, Last received: 0.0, Next index: 2, Last known committed idx: 1, Time since last communication: 0.000s
I20260713 09:01:42.422287  5739 auto_leader_rebalancer.cc:141] leader rebalance for table test-workload
I20260713 09:01:42.429003  5946 tablet_service.cc:2072] Received LeaderStepDown RPC: tablet_id: "259670ae10bc4027a85db36a16190d33"
dest_uuid: "bd88a252fa6f462d95b7a9349832966e"
mode: GRACEFUL
new_leader_uuid: "23147f9aea394b5a8a6ffbf47d3b4176"
 from {username='slave'} at 127.0.0.1:44674
I20260713 09:01:42.429495  5946 raft_consensus.cc:606] T 259670ae10bc4027a85db36a16190d33 P bd88a252fa6f462d95b7a9349832966e [term 3 LEADER]: Received request to transfer leadership to TS 23147f9aea394b5a8a6ffbf47d3b4176
I20260713 09:01:42.431921  5946 tablet_service.cc:2072] Received LeaderStepDown RPC: tablet_id: "7a653baeec8f4eb89cbf52056b2e3f1e"
dest_uuid: "bd88a252fa6f462d95b7a9349832966e"
mode: GRACEFUL
new_leader_uuid: "0ca292809b0e44e1a79ad11a8e7385ad"
 from {username='slave'} at 127.0.0.1:44674
I20260713 09:01:42.432343  5946 raft_consensus.cc:606] T 7a653baeec8f4eb89cbf52056b2e3f1e P bd88a252fa6f462d95b7a9349832966e [term 2 LEADER]: Received request to transfer leadership to TS 0ca292809b0e44e1a79ad11a8e7385ad
I20260713 09:01:42.434281  5946 tablet_service.cc:2072] Received LeaderStepDown RPC: tablet_id: "83fedb1d9c5d423fa588329726a37484"
dest_uuid: "bd88a252fa6f462d95b7a9349832966e"
mode: GRACEFUL
new_leader_uuid: "0ca292809b0e44e1a79ad11a8e7385ad"
 from {username='slave'} at 127.0.0.1:44674
I20260713 09:01:42.434686  5946 raft_consensus.cc:606] T 83fedb1d9c5d423fa588329726a37484 P bd88a252fa6f462d95b7a9349832966e [term 2 LEADER]: Received request to transfer leadership to TS 0ca292809b0e44e1a79ad11a8e7385ad
I20260713 09:01:42.436493  5946 tablet_service.cc:2072] Received LeaderStepDown RPC: tablet_id: "bd1d38608d0943d98ff5c4fe5ca6766e"
dest_uuid: "bd88a252fa6f462d95b7a9349832966e"
mode: GRACEFUL
new_leader_uuid: "0ca292809b0e44e1a79ad11a8e7385ad"
 from {username='slave'} at 127.0.0.1:44674
I20260713 09:01:42.436822  5946 raft_consensus.cc:606] T bd1d38608d0943d98ff5c4fe5ca6766e P bd88a252fa6f462d95b7a9349832966e [term 3 LEADER]: Received request to transfer leadership to TS 0ca292809b0e44e1a79ad11a8e7385ad
I20260713 09:01:42.438535  5946 tablet_service.cc:2072] Received LeaderStepDown RPC: tablet_id: "c7b1ae996c41494998d6e03a75025dbd"
dest_uuid: "bd88a252fa6f462d95b7a9349832966e"
mode: GRACEFUL
new_leader_uuid: "23147f9aea394b5a8a6ffbf47d3b4176"
 from {username='slave'} at 127.0.0.1:44674
I20260713 09:01:42.438858  5946 raft_consensus.cc:606] T c7b1ae996c41494998d6e03a75025dbd P bd88a252fa6f462d95b7a9349832966e [term 2 LEADER]: Received request to transfer leadership to TS 23147f9aea394b5a8a6ffbf47d3b4176
I20260713 09:01:42.439635  5739 auto_leader_rebalancer.cc:479] table: test-workload, leader rebalance finish, leader transfer count: 5
I20260713 09:01:42.440009  5739 auto_leader_rebalancer.cc:554] All tables' leader rebalancing finished this round
I20260713 09:01:42.453477  6162 raft_consensus.cc:993] T bd1d38608d0943d98ff5c4fe5ca6766e P bd88a252fa6f462d95b7a9349832966e: : Instructing follower 0ca292809b0e44e1a79ad11a8e7385ad to start an election
I20260713 09:01:42.453898  6232 raft_consensus.cc:1081] T bd1d38608d0943d98ff5c4fe5ca6766e P bd88a252fa6f462d95b7a9349832966e [term 3 LEADER]: Signalling peer 0ca292809b0e44e1a79ad11a8e7385ad to start an election
I20260713 09:01:42.455199  5870 tablet_service.cc:2044] Received Run Leader Election RPC: tablet_id: "bd1d38608d0943d98ff5c4fe5ca6766e"
dest_uuid: "0ca292809b0e44e1a79ad11a8e7385ad"
 from {username='slave'} at 127.0.0.1:33252
I20260713 09:01:42.455615  5870 raft_consensus.cc:493] T bd1d38608d0943d98ff5c4fe5ca6766e P 0ca292809b0e44e1a79ad11a8e7385ad [term 3 FOLLOWER]: Starting forced leader election (received explicit request)
I20260713 09:01:42.455919  5870 raft_consensus.cc:3060] T bd1d38608d0943d98ff5c4fe5ca6766e P 0ca292809b0e44e1a79ad11a8e7385ad [term 3 FOLLOWER]: Advancing to term 4
I20260713 09:01:42.460302  5870 raft_consensus.cc:515] T bd1d38608d0943d98ff5c4fe5ca6766e P 0ca292809b0e44e1a79ad11a8e7385ad [term 4 FOLLOWER]: Starting forced leader election with config: opid_index: -1 OBSOLETE_local: false peers { permanent_uuid: "0ca292809b0e44e1a79ad11a8e7385ad" member_type: VOTER last_known_addr { host: "127.5.154.193" port: 40577 } } peers { permanent_uuid: "bd88a252fa6f462d95b7a9349832966e" member_type: VOTER last_known_addr { host: "127.5.154.194" port: 38443 } } peers { permanent_uuid: "23147f9aea394b5a8a6ffbf47d3b4176" member_type: VOTER last_known_addr { host: "127.5.154.195" port: 43953 } }
I20260713 09:01:42.462015  5870 leader_election.cc:290] T bd1d38608d0943d98ff5c4fe5ca6766e P 0ca292809b0e44e1a79ad11a8e7385ad [CANDIDATE]: Term 4 election: Requested vote from peers bd88a252fa6f462d95b7a9349832966e (127.5.154.194:38443), 23147f9aea394b5a8a6ffbf47d3b4176 (127.5.154.195:43953)
I20260713 09:01:42.463416  6023 tablet_service.cc:1917] Received RequestConsensusVote() RPC: tablet_id: "bd1d38608d0943d98ff5c4fe5ca6766e" candidate_uuid: "0ca292809b0e44e1a79ad11a8e7385ad" candidate_term: 4 candidate_status { last_received { term: 3 index: 3 } } ignore_live_leader: true dest_uuid: "23147f9aea394b5a8a6ffbf47d3b4176"
I20260713 09:01:42.462921  5946 tablet_service.cc:1917] Received RequestConsensusVote() RPC: tablet_id: "bd1d38608d0943d98ff5c4fe5ca6766e" candidate_uuid: "0ca292809b0e44e1a79ad11a8e7385ad" candidate_term: 4 candidate_status { last_received { term: 3 index: 3 } } ignore_live_leader: true dest_uuid: "bd88a252fa6f462d95b7a9349832966e"
I20260713 09:01:42.463881  6023 raft_consensus.cc:3060] T bd1d38608d0943d98ff5c4fe5ca6766e P 23147f9aea394b5a8a6ffbf47d3b4176 [term 3 FOLLOWER]: Advancing to term 4
I20260713 09:01:42.464183  5946 raft_consensus.cc:3055] T bd1d38608d0943d98ff5c4fe5ca6766e P bd88a252fa6f462d95b7a9349832966e [term 3 LEADER]: Stepping down as leader of term 3
I20260713 09:01:42.464457  5946 raft_consensus.cc:740] T bd1d38608d0943d98ff5c4fe5ca6766e P bd88a252fa6f462d95b7a9349832966e [term 3 LEADER]: Becoming Follower/Learner. State: Replica: bd88a252fa6f462d95b7a9349832966e, State: Running, Role: LEADER
I20260713 09:01:42.465147  5946 consensus_queue.cc:260] T bd1d38608d0943d98ff5c4fe5ca6766e P bd88a252fa6f462d95b7a9349832966e [NON_LEADER]: Queue going to NON_LEADER mode. State: All replicated index: 0, Majority replicated index: 3, Committed index: 3, Last appended: 3.3, Last appended by leader: 3, Current term: 3, Majority size: -1, State: 0, Mode: NON_LEADER, active raft config: opid_index: -1 OBSOLETE_local: false peers { permanent_uuid: "0ca292809b0e44e1a79ad11a8e7385ad" member_type: VOTER last_known_addr { host: "127.5.154.193" port: 40577 } } peers { permanent_uuid: "bd88a252fa6f462d95b7a9349832966e" member_type: VOTER last_known_addr { host: "127.5.154.194" port: 38443 } } peers { permanent_uuid: "23147f9aea394b5a8a6ffbf47d3b4176" member_type: VOTER last_known_addr { host: "127.5.154.195" port: 43953 } }
I20260713 09:01:42.466226  5946 raft_consensus.cc:3060] T bd1d38608d0943d98ff5c4fe5ca6766e P bd88a252fa6f462d95b7a9349832966e [term 3 FOLLOWER]: Advancing to term 4
I20260713 09:01:42.470127  6023 raft_consensus.cc:2468] T bd1d38608d0943d98ff5c4fe5ca6766e P 23147f9aea394b5a8a6ffbf47d3b4176 [term 4 FOLLOWER]: Leader election vote request: Granting yes vote for candidate 0ca292809b0e44e1a79ad11a8e7385ad in term 4.
I20260713 09:01:42.471414  5837 leader_election.cc:304] T bd1d38608d0943d98ff5c4fe5ca6766e P 0ca292809b0e44e1a79ad11a8e7385ad [CANDIDATE]: Term 4 election: Election decided. Result: candidate won. Election summary: received 2 responses out of 3 voters: 2 yes votes; 0 no votes. yes voters: 0ca292809b0e44e1a79ad11a8e7385ad, 23147f9aea394b5a8a6ffbf47d3b4176; no voters: 
I20260713 09:01:42.471731  5946 raft_consensus.cc:2468] T bd1d38608d0943d98ff5c4fe5ca6766e P bd88a252fa6f462d95b7a9349832966e [term 4 FOLLOWER]: Leader election vote request: Granting yes vote for candidate 0ca292809b0e44e1a79ad11a8e7385ad in term 4.
I20260713 09:01:42.472819  6233 raft_consensus.cc:2804] T bd1d38608d0943d98ff5c4fe5ca6766e P 0ca292809b0e44e1a79ad11a8e7385ad [term 4 FOLLOWER]: Leader election won for term 4
I20260713 09:01:42.473663  6233 raft_consensus.cc:697] T bd1d38608d0943d98ff5c4fe5ca6766e P 0ca292809b0e44e1a79ad11a8e7385ad [term 4 LEADER]: Becoming Leader. State: Replica: 0ca292809b0e44e1a79ad11a8e7385ad, State: Running, Role: LEADER
I20260713 09:01:42.474520  6233 consensus_queue.cc:237] T bd1d38608d0943d98ff5c4fe5ca6766e P 0ca292809b0e44e1a79ad11a8e7385ad [LEADER]: Queue going to LEADER mode. State: All replicated index: 0, Majority replicated index: 3, Committed index: 3, Last appended: 3.3, Last appended by leader: 3, Current term: 4, Majority size: 2, State: 0, Mode: LEADER, active raft config: opid_index: -1 OBSOLETE_local: false peers { permanent_uuid: "0ca292809b0e44e1a79ad11a8e7385ad" member_type: VOTER last_known_addr { host: "127.5.154.193" port: 40577 } } peers { permanent_uuid: "bd88a252fa6f462d95b7a9349832966e" member_type: VOTER last_known_addr { host: "127.5.154.194" port: 38443 } } peers { permanent_uuid: "23147f9aea394b5a8a6ffbf47d3b4176" member_type: VOTER last_known_addr { host: "127.5.154.195" port: 43953 } }
I20260713 09:01:42.480293  5770 catalog_manager.cc:5697] T bd1d38608d0943d98ff5c4fe5ca6766e P 0ca292809b0e44e1a79ad11a8e7385ad reported cstate change: term changed from 3 to 4, leader changed from bd88a252fa6f462d95b7a9349832966e (127.5.154.194) to 0ca292809b0e44e1a79ad11a8e7385ad (127.5.154.193). New cstate: current_term: 4 leader_uuid: "0ca292809b0e44e1a79ad11a8e7385ad" committed_config { opid_index: -1 OBSOLETE_local: false peers { permanent_uuid: "0ca292809b0e44e1a79ad11a8e7385ad" member_type: VOTER last_known_addr { host: "127.5.154.193" port: 40577 } health_report { overall_health: HEALTHY } } peers { permanent_uuid: "bd88a252fa6f462d95b7a9349832966e" member_type: VOTER last_known_addr { host: "127.5.154.194" port: 38443 } health_report { overall_health: UNKNOWN } } peers { permanent_uuid: "23147f9aea394b5a8a6ffbf47d3b4176" member_type: VOTER last_known_addr { host: "127.5.154.195" port: 43953 } health_report { overall_health: UNKNOWN } } }
I20260713 09:01:42.508121  6162 raft_consensus.cc:993] T 83fedb1d9c5d423fa588329726a37484 P bd88a252fa6f462d95b7a9349832966e: : Instructing follower 0ca292809b0e44e1a79ad11a8e7385ad to start an election
I20260713 09:01:42.508509  6232 raft_consensus.cc:1081] T 83fedb1d9c5d423fa588329726a37484 P bd88a252fa6f462d95b7a9349832966e [term 2 LEADER]: Signalling peer 0ca292809b0e44e1a79ad11a8e7385ad to start an election
I20260713 09:01:42.509788  5870 tablet_service.cc:2044] Received Run Leader Election RPC: tablet_id: "83fedb1d9c5d423fa588329726a37484"
dest_uuid: "0ca292809b0e44e1a79ad11a8e7385ad"
 from {username='slave'} at 127.0.0.1:33252
I20260713 09:01:42.510210  5870 raft_consensus.cc:493] T 83fedb1d9c5d423fa588329726a37484 P 0ca292809b0e44e1a79ad11a8e7385ad [term 2 FOLLOWER]: Starting forced leader election (received explicit request)
I20260713 09:01:42.510488  5870 raft_consensus.cc:3060] T 83fedb1d9c5d423fa588329726a37484 P 0ca292809b0e44e1a79ad11a8e7385ad [term 2 FOLLOWER]: Advancing to term 3
I20260713 09:01:42.514582  5870 raft_consensus.cc:515] T 83fedb1d9c5d423fa588329726a37484 P 0ca292809b0e44e1a79ad11a8e7385ad [term 3 FOLLOWER]: Starting forced leader election with config: opid_index: -1 OBSOLETE_local: false peers { permanent_uuid: "0ca292809b0e44e1a79ad11a8e7385ad" member_type: VOTER last_known_addr { host: "127.5.154.193" port: 40577 } } peers { permanent_uuid: "bd88a252fa6f462d95b7a9349832966e" member_type: VOTER last_known_addr { host: "127.5.154.194" port: 38443 } } peers { permanent_uuid: "23147f9aea394b5a8a6ffbf47d3b4176" member_type: VOTER last_known_addr { host: "127.5.154.195" port: 43953 } }
I20260713 09:01:42.515998  5870 leader_election.cc:290] T 83fedb1d9c5d423fa588329726a37484 P 0ca292809b0e44e1a79ad11a8e7385ad [CANDIDATE]: Term 3 election: Requested vote from peers bd88a252fa6f462d95b7a9349832966e (127.5.154.194:38443), 23147f9aea394b5a8a6ffbf47d3b4176 (127.5.154.195:43953)
I20260713 09:01:42.517068  5946 tablet_service.cc:1917] Received RequestConsensusVote() RPC: tablet_id: "83fedb1d9c5d423fa588329726a37484" candidate_uuid: "0ca292809b0e44e1a79ad11a8e7385ad" candidate_term: 3 candidate_status { last_received { term: 2 index: 2 } } ignore_live_leader: true dest_uuid: "bd88a252fa6f462d95b7a9349832966e"
I20260713 09:01:42.517119  6023 tablet_service.cc:1917] Received RequestConsensusVote() RPC: tablet_id: "83fedb1d9c5d423fa588329726a37484" candidate_uuid: "0ca292809b0e44e1a79ad11a8e7385ad" candidate_term: 3 candidate_status { last_received { term: 2 index: 2 } } ignore_live_leader: true dest_uuid: "23147f9aea394b5a8a6ffbf47d3b4176"
I20260713 09:01:42.517545  5946 raft_consensus.cc:3055] T 83fedb1d9c5d423fa588329726a37484 P bd88a252fa6f462d95b7a9349832966e [term 2 LEADER]: Stepping down as leader of term 2
I20260713 09:01:42.517606  6023 raft_consensus.cc:3060] T 83fedb1d9c5d423fa588329726a37484 P 23147f9aea394b5a8a6ffbf47d3b4176 [term 2 FOLLOWER]: Advancing to term 3
I20260713 09:01:42.517803  5946 raft_consensus.cc:740] T 83fedb1d9c5d423fa588329726a37484 P bd88a252fa6f462d95b7a9349832966e [term 2 LEADER]: Becoming Follower/Learner. State: Replica: bd88a252fa6f462d95b7a9349832966e, State: Running, Role: LEADER
I20260713 09:01:42.518491  5946 consensus_queue.cc:260] T 83fedb1d9c5d423fa588329726a37484 P bd88a252fa6f462d95b7a9349832966e [NON_LEADER]: Queue going to NON_LEADER mode. State: All replicated index: 0, Majority replicated index: 2, Committed index: 2, Last appended: 2.2, Last appended by leader: 2, Current term: 2, Majority size: -1, State: 0, Mode: NON_LEADER, active raft config: opid_index: -1 OBSOLETE_local: false peers { permanent_uuid: "0ca292809b0e44e1a79ad11a8e7385ad" member_type: VOTER last_known_addr { host: "127.5.154.193" port: 40577 } } peers { permanent_uuid: "bd88a252fa6f462d95b7a9349832966e" member_type: VOTER last_known_addr { host: "127.5.154.194" port: 38443 } } peers { permanent_uuid: "23147f9aea394b5a8a6ffbf47d3b4176" member_type: VOTER last_known_addr { host: "127.5.154.195" port: 43953 } }
I20260713 09:01:42.519234  5946 raft_consensus.cc:3060] T 83fedb1d9c5d423fa588329726a37484 P bd88a252fa6f462d95b7a9349832966e [term 2 FOLLOWER]: Advancing to term 3
I20260713 09:01:42.522001  6023 raft_consensus.cc:2468] T 83fedb1d9c5d423fa588329726a37484 P 23147f9aea394b5a8a6ffbf47d3b4176 [term 3 FOLLOWER]: Leader election vote request: Granting yes vote for candidate 0ca292809b0e44e1a79ad11a8e7385ad in term 3.
I20260713 09:01:42.522838  5837 leader_election.cc:304] T 83fedb1d9c5d423fa588329726a37484 P 0ca292809b0e44e1a79ad11a8e7385ad [CANDIDATE]: Term 3 election: Election decided. Result: candidate won. Election summary: received 2 responses out of 3 voters: 2 yes votes; 0 no votes. yes voters: 0ca292809b0e44e1a79ad11a8e7385ad, 23147f9aea394b5a8a6ffbf47d3b4176; no voters: 
I20260713 09:01:42.523219  5946 raft_consensus.cc:2468] T 83fedb1d9c5d423fa588329726a37484 P bd88a252fa6f462d95b7a9349832966e [term 3 FOLLOWER]: Leader election vote request: Granting yes vote for candidate 0ca292809b0e44e1a79ad11a8e7385ad in term 3.
I20260713 09:01:42.523371  6233 raft_consensus.cc:2804] T 83fedb1d9c5d423fa588329726a37484 P 0ca292809b0e44e1a79ad11a8e7385ad [term 3 FOLLOWER]: Leader election won for term 3
I20260713 09:01:42.523810  6233 raft_consensus.cc:697] T 83fedb1d9c5d423fa588329726a37484 P 0ca292809b0e44e1a79ad11a8e7385ad [term 3 LEADER]: Becoming Leader. State: Replica: 0ca292809b0e44e1a79ad11a8e7385ad, State: Running, Role: LEADER
I20260713 09:01:42.524446  6233 consensus_queue.cc:237] T 83fedb1d9c5d423fa588329726a37484 P 0ca292809b0e44e1a79ad11a8e7385ad [LEADER]: Queue going to LEADER mode. State: All replicated index: 0, Majority replicated index: 2, Committed index: 2, Last appended: 2.2, Last appended by leader: 2, Current term: 3, Majority size: 2, State: 0, Mode: LEADER, active raft config: opid_index: -1 OBSOLETE_local: false peers { permanent_uuid: "0ca292809b0e44e1a79ad11a8e7385ad" member_type: VOTER last_known_addr { host: "127.5.154.193" port: 40577 } } peers { permanent_uuid: "bd88a252fa6f462d95b7a9349832966e" member_type: VOTER last_known_addr { host: "127.5.154.194" port: 38443 } } peers { permanent_uuid: "23147f9aea394b5a8a6ffbf47d3b4176" member_type: VOTER last_known_addr { host: "127.5.154.195" port: 43953 } }
I20260713 09:01:42.530757  5770 catalog_manager.cc:5697] T 83fedb1d9c5d423fa588329726a37484 P 0ca292809b0e44e1a79ad11a8e7385ad reported cstate change: term changed from 2 to 3, leader changed from bd88a252fa6f462d95b7a9349832966e (127.5.154.194) to 0ca292809b0e44e1a79ad11a8e7385ad (127.5.154.193). New cstate: current_term: 3 leader_uuid: "0ca292809b0e44e1a79ad11a8e7385ad" committed_config { opid_index: -1 OBSOLETE_local: false peers { permanent_uuid: "0ca292809b0e44e1a79ad11a8e7385ad" member_type: VOTER last_known_addr { host: "127.5.154.193" port: 40577 } health_report { overall_health: HEALTHY } } peers { permanent_uuid: "bd88a252fa6f462d95b7a9349832966e" member_type: VOTER last_known_addr { host: "127.5.154.194" port: 38443 } health_report { overall_health: UNKNOWN } } peers { permanent_uuid: "23147f9aea394b5a8a6ffbf47d3b4176" member_type: VOTER last_known_addr { host: "127.5.154.195" port: 43953 } health_report { overall_health: UNKNOWN } } }
I20260713 09:01:42.589182  6162 raft_consensus.cc:993] T 7a653baeec8f4eb89cbf52056b2e3f1e P bd88a252fa6f462d95b7a9349832966e: : Instructing follower 0ca292809b0e44e1a79ad11a8e7385ad to start an election
I20260713 09:01:42.589558  6232 raft_consensus.cc:1081] T 7a653baeec8f4eb89cbf52056b2e3f1e P bd88a252fa6f462d95b7a9349832966e [term 2 LEADER]: Signalling peer 0ca292809b0e44e1a79ad11a8e7385ad to start an election
I20260713 09:01:42.590797  5870 tablet_service.cc:2044] Received Run Leader Election RPC: tablet_id: "7a653baeec8f4eb89cbf52056b2e3f1e"
dest_uuid: "0ca292809b0e44e1a79ad11a8e7385ad"
 from {username='slave'} at 127.0.0.1:33252
I20260713 09:01:42.591218  5870 raft_consensus.cc:493] T 7a653baeec8f4eb89cbf52056b2e3f1e P 0ca292809b0e44e1a79ad11a8e7385ad [term 2 FOLLOWER]: Starting forced leader election (received explicit request)
I20260713 09:01:42.591504  5870 raft_consensus.cc:3060] T 7a653baeec8f4eb89cbf52056b2e3f1e P 0ca292809b0e44e1a79ad11a8e7385ad [term 2 FOLLOWER]: Advancing to term 3
I20260713 09:01:42.595745  5870 raft_consensus.cc:515] T 7a653baeec8f4eb89cbf52056b2e3f1e P 0ca292809b0e44e1a79ad11a8e7385ad [term 3 FOLLOWER]: Starting forced leader election with config: opid_index: -1 OBSOLETE_local: false peers { permanent_uuid: "0ca292809b0e44e1a79ad11a8e7385ad" member_type: VOTER last_known_addr { host: "127.5.154.193" port: 40577 } } peers { permanent_uuid: "bd88a252fa6f462d95b7a9349832966e" member_type: VOTER last_known_addr { host: "127.5.154.194" port: 38443 } } peers { permanent_uuid: "23147f9aea394b5a8a6ffbf47d3b4176" member_type: VOTER last_known_addr { host: "127.5.154.195" port: 43953 } }
I20260713 09:01:42.597173  5870 leader_election.cc:290] T 7a653baeec8f4eb89cbf52056b2e3f1e P 0ca292809b0e44e1a79ad11a8e7385ad [CANDIDATE]: Term 3 election: Requested vote from peers bd88a252fa6f462d95b7a9349832966e (127.5.154.194:38443), 23147f9aea394b5a8a6ffbf47d3b4176 (127.5.154.195:43953)
I20260713 09:01:42.597885  5946 tablet_service.cc:1917] Received RequestConsensusVote() RPC: tablet_id: "7a653baeec8f4eb89cbf52056b2e3f1e" candidate_uuid: "0ca292809b0e44e1a79ad11a8e7385ad" candidate_term: 3 candidate_status { last_received { term: 2 index: 1 } } ignore_live_leader: true dest_uuid: "bd88a252fa6f462d95b7a9349832966e"
I20260713 09:01:42.598155  6023 tablet_service.cc:1917] Received RequestConsensusVote() RPC: tablet_id: "7a653baeec8f4eb89cbf52056b2e3f1e" candidate_uuid: "0ca292809b0e44e1a79ad11a8e7385ad" candidate_term: 3 candidate_status { last_received { term: 2 index: 1 } } ignore_live_leader: true dest_uuid: "23147f9aea394b5a8a6ffbf47d3b4176"
I20260713 09:01:42.598302  5946 raft_consensus.cc:3055] T 7a653baeec8f4eb89cbf52056b2e3f1e P bd88a252fa6f462d95b7a9349832966e [term 2 LEADER]: Stepping down as leader of term 2
I20260713 09:01:42.598672  6023 raft_consensus.cc:3060] T 7a653baeec8f4eb89cbf52056b2e3f1e P 23147f9aea394b5a8a6ffbf47d3b4176 [term 2 FOLLOWER]: Advancing to term 3
I20260713 09:01:42.598654  5946 raft_consensus.cc:740] T 7a653baeec8f4eb89cbf52056b2e3f1e P bd88a252fa6f462d95b7a9349832966e [term 2 LEADER]: Becoming Follower/Learner. State: Replica: bd88a252fa6f462d95b7a9349832966e, State: Running, Role: LEADER
I20260713 09:01:42.599399  5946 consensus_queue.cc:260] T 7a653baeec8f4eb89cbf52056b2e3f1e P bd88a252fa6f462d95b7a9349832966e [NON_LEADER]: Queue going to NON_LEADER mode. State: All replicated index: 0, Majority replicated index: 1, Committed index: 1, Last appended: 2.1, Last appended by leader: 1, Current term: 2, Majority size: -1, State: 0, Mode: NON_LEADER, active raft config: opid_index: -1 OBSOLETE_local: false peers { permanent_uuid: "0ca292809b0e44e1a79ad11a8e7385ad" member_type: VOTER last_known_addr { host: "127.5.154.193" port: 40577 } } peers { permanent_uuid: "bd88a252fa6f462d95b7a9349832966e" member_type: VOTER last_known_addr { host: "127.5.154.194" port: 38443 } } peers { permanent_uuid: "23147f9aea394b5a8a6ffbf47d3b4176" member_type: VOTER last_known_addr { host: "127.5.154.195" port: 43953 } }
I20260713 09:01:42.600170  5946 raft_consensus.cc:3060] T 7a653baeec8f4eb89cbf52056b2e3f1e P bd88a252fa6f462d95b7a9349832966e [term 2 FOLLOWER]: Advancing to term 3
I20260713 09:01:42.602979  6023 raft_consensus.cc:2468] T 7a653baeec8f4eb89cbf52056b2e3f1e P 23147f9aea394b5a8a6ffbf47d3b4176 [term 3 FOLLOWER]: Leader election vote request: Granting yes vote for candidate 0ca292809b0e44e1a79ad11a8e7385ad in term 3.
I20260713 09:01:42.603729  5946 raft_consensus.cc:2468] T 7a653baeec8f4eb89cbf52056b2e3f1e P bd88a252fa6f462d95b7a9349832966e [term 3 FOLLOWER]: Leader election vote request: Granting yes vote for candidate 0ca292809b0e44e1a79ad11a8e7385ad in term 3.
I20260713 09:01:42.603833  5837 leader_election.cc:304] T 7a653baeec8f4eb89cbf52056b2e3f1e P 0ca292809b0e44e1a79ad11a8e7385ad [CANDIDATE]: Term 3 election: Election decided. Result: candidate won. Election summary: received 2 responses out of 3 voters: 2 yes votes; 0 no votes. yes voters: 0ca292809b0e44e1a79ad11a8e7385ad, 23147f9aea394b5a8a6ffbf47d3b4176; no voters: 
I20260713 09:01:42.604524  6233 raft_consensus.cc:2804] T 7a653baeec8f4eb89cbf52056b2e3f1e P 0ca292809b0e44e1a79ad11a8e7385ad [term 3 FOLLOWER]: Leader election won for term 3
I20260713 09:01:42.604948  6233 raft_consensus.cc:697] T 7a653baeec8f4eb89cbf52056b2e3f1e P 0ca292809b0e44e1a79ad11a8e7385ad [term 3 LEADER]: Becoming Leader. State: Replica: 0ca292809b0e44e1a79ad11a8e7385ad, State: Running, Role: LEADER
I20260713 09:01:42.605629  6233 consensus_queue.cc:237] T 7a653baeec8f4eb89cbf52056b2e3f1e P 0ca292809b0e44e1a79ad11a8e7385ad [LEADER]: Queue going to LEADER mode. State: All replicated index: 0, Majority replicated index: 1, Committed index: 1, Last appended: 2.1, Last appended by leader: 1, Current term: 3, Majority size: 2, State: 0, Mode: LEADER, active raft config: opid_index: -1 OBSOLETE_local: false peers { permanent_uuid: "0ca292809b0e44e1a79ad11a8e7385ad" member_type: VOTER last_known_addr { host: "127.5.154.193" port: 40577 } } peers { permanent_uuid: "bd88a252fa6f462d95b7a9349832966e" member_type: VOTER last_known_addr { host: "127.5.154.194" port: 38443 } } peers { permanent_uuid: "23147f9aea394b5a8a6ffbf47d3b4176" member_type: VOTER last_known_addr { host: "127.5.154.195" port: 43953 } }
I20260713 09:01:42.612003  5770 catalog_manager.cc:5697] T 7a653baeec8f4eb89cbf52056b2e3f1e P 0ca292809b0e44e1a79ad11a8e7385ad reported cstate change: term changed from 2 to 3, leader changed from bd88a252fa6f462d95b7a9349832966e (127.5.154.194) to 0ca292809b0e44e1a79ad11a8e7385ad (127.5.154.193). New cstate: current_term: 3 leader_uuid: "0ca292809b0e44e1a79ad11a8e7385ad" committed_config { opid_index: -1 OBSOLETE_local: false peers { permanent_uuid: "0ca292809b0e44e1a79ad11a8e7385ad" member_type: VOTER last_known_addr { host: "127.5.154.193" port: 40577 } health_report { overall_health: HEALTHY } } peers { permanent_uuid: "bd88a252fa6f462d95b7a9349832966e" member_type: VOTER last_known_addr { host: "127.5.154.194" port: 38443 } health_report { overall_health: UNKNOWN } } peers { permanent_uuid: "23147f9aea394b5a8a6ffbf47d3b4176" member_type: VOTER last_known_addr { host: "127.5.154.195" port: 43953 } health_report { overall_health: UNKNOWN } } }
I20260713 09:01:42.619964  6162 raft_consensus.cc:993] T c7b1ae996c41494998d6e03a75025dbd P bd88a252fa6f462d95b7a9349832966e: : Instructing follower 23147f9aea394b5a8a6ffbf47d3b4176 to start an election
I20260713 09:01:42.620350  6232 raft_consensus.cc:1081] T c7b1ae996c41494998d6e03a75025dbd P bd88a252fa6f462d95b7a9349832966e [term 2 LEADER]: Signalling peer 23147f9aea394b5a8a6ffbf47d3b4176 to start an election
I20260713 09:01:42.621742  6023 tablet_service.cc:2044] Received Run Leader Election RPC: tablet_id: "c7b1ae996c41494998d6e03a75025dbd"
dest_uuid: "23147f9aea394b5a8a6ffbf47d3b4176"
 from {username='slave'} at 127.0.0.1:58696
I20260713 09:01:42.622151  6023 raft_consensus.cc:493] T c7b1ae996c41494998d6e03a75025dbd P 23147f9aea394b5a8a6ffbf47d3b4176 [term 2 FOLLOWER]: Starting forced leader election (received explicit request)
I20260713 09:01:42.622457  6023 raft_consensus.cc:3060] T c7b1ae996c41494998d6e03a75025dbd P 23147f9aea394b5a8a6ffbf47d3b4176 [term 2 FOLLOWER]: Advancing to term 3
I20260713 09:01:42.626438  6023 raft_consensus.cc:515] T c7b1ae996c41494998d6e03a75025dbd P 23147f9aea394b5a8a6ffbf47d3b4176 [term 3 FOLLOWER]: Starting forced leader election with config: opid_index: -1 OBSOLETE_local: false peers { permanent_uuid: "0ca292809b0e44e1a79ad11a8e7385ad" member_type: VOTER last_known_addr { host: "127.5.154.193" port: 40577 } } peers { permanent_uuid: "bd88a252fa6f462d95b7a9349832966e" member_type: VOTER last_known_addr { host: "127.5.154.194" port: 38443 } } peers { permanent_uuid: "23147f9aea394b5a8a6ffbf47d3b4176" member_type: VOTER last_known_addr { host: "127.5.154.195" port: 43953 } }
I20260713 09:01:42.627903  6023 leader_election.cc:290] T c7b1ae996c41494998d6e03a75025dbd P 23147f9aea394b5a8a6ffbf47d3b4176 [CANDIDATE]: Term 3 election: Requested vote from peers 0ca292809b0e44e1a79ad11a8e7385ad (127.5.154.193:40577), bd88a252fa6f462d95b7a9349832966e (127.5.154.194:38443)
I20260713 09:01:42.628590  5870 tablet_service.cc:1917] Received RequestConsensusVote() RPC: tablet_id: "c7b1ae996c41494998d6e03a75025dbd" candidate_uuid: "23147f9aea394b5a8a6ffbf47d3b4176" candidate_term: 3 candidate_status { last_received { term: 2 index: 2 } } ignore_live_leader: true dest_uuid: "0ca292809b0e44e1a79ad11a8e7385ad"
I20260713 09:01:42.628742  5946 tablet_service.cc:1917] Received RequestConsensusVote() RPC: tablet_id: "c7b1ae996c41494998d6e03a75025dbd" candidate_uuid: "23147f9aea394b5a8a6ffbf47d3b4176" candidate_term: 3 candidate_status { last_received { term: 2 index: 2 } } ignore_live_leader: true dest_uuid: "bd88a252fa6f462d95b7a9349832966e"
I20260713 09:01:42.629135  5870 raft_consensus.cc:3060] T c7b1ae996c41494998d6e03a75025dbd P 0ca292809b0e44e1a79ad11a8e7385ad [term 2 FOLLOWER]: Advancing to term 3
I20260713 09:01:42.629184  5946 raft_consensus.cc:3055] T c7b1ae996c41494998d6e03a75025dbd P bd88a252fa6f462d95b7a9349832966e [term 2 LEADER]: Stepping down as leader of term 2
I20260713 09:01:42.629513  5946 raft_consensus.cc:740] T c7b1ae996c41494998d6e03a75025dbd P bd88a252fa6f462d95b7a9349832966e [term 2 LEADER]: Becoming Follower/Learner. State: Replica: bd88a252fa6f462d95b7a9349832966e, State: Running, Role: LEADER
I20260713 09:01:42.630012  5946 consensus_queue.cc:260] T c7b1ae996c41494998d6e03a75025dbd P bd88a252fa6f462d95b7a9349832966e [NON_LEADER]: Queue going to NON_LEADER mode. State: All replicated index: 0, Majority replicated index: 2, Committed index: 2, Last appended: 2.2, Last appended by leader: 2, Current term: 2, Majority size: -1, State: 0, Mode: NON_LEADER, active raft config: opid_index: -1 OBSOLETE_local: false peers { permanent_uuid: "0ca292809b0e44e1a79ad11a8e7385ad" member_type: VOTER last_known_addr { host: "127.5.154.193" port: 40577 } } peers { permanent_uuid: "bd88a252fa6f462d95b7a9349832966e" member_type: VOTER last_known_addr { host: "127.5.154.194" port: 38443 } } peers { permanent_uuid: "23147f9aea394b5a8a6ffbf47d3b4176" member_type: VOTER last_known_addr { host: "127.5.154.195" port: 43953 } }
I20260713 09:01:42.630846  5946 raft_consensus.cc:3060] T c7b1ae996c41494998d6e03a75025dbd P bd88a252fa6f462d95b7a9349832966e [term 2 FOLLOWER]: Advancing to term 3
I20260713 09:01:42.633453  5870 raft_consensus.cc:2468] T c7b1ae996c41494998d6e03a75025dbd P 0ca292809b0e44e1a79ad11a8e7385ad [term 3 FOLLOWER]: Leader election vote request: Granting yes vote for candidate 23147f9aea394b5a8a6ffbf47d3b4176 in term 3.
I20260713 09:01:42.634596  5946 raft_consensus.cc:2468] T c7b1ae996c41494998d6e03a75025dbd P bd88a252fa6f462d95b7a9349832966e [term 3 FOLLOWER]: Leader election vote request: Granting yes vote for candidate 23147f9aea394b5a8a6ffbf47d3b4176 in term 3.
I20260713 09:01:42.634543  5988 leader_election.cc:304] T c7b1ae996c41494998d6e03a75025dbd P 23147f9aea394b5a8a6ffbf47d3b4176 [CANDIDATE]: Term 3 election: Election decided. Result: candidate won. Election summary: received 2 responses out of 3 voters: 2 yes votes; 0 no votes. yes voters: 0ca292809b0e44e1a79ad11a8e7385ad, 23147f9aea394b5a8a6ffbf47d3b4176; no voters: 
I20260713 09:01:42.635465  6231 raft_consensus.cc:2804] T c7b1ae996c41494998d6e03a75025dbd P 23147f9aea394b5a8a6ffbf47d3b4176 [term 3 FOLLOWER]: Leader election won for term 3
I20260713 09:01:42.636523  6231 raft_consensus.cc:697] T c7b1ae996c41494998d6e03a75025dbd P 23147f9aea394b5a8a6ffbf47d3b4176 [term 3 LEADER]: Becoming Leader. State: Replica: 23147f9aea394b5a8a6ffbf47d3b4176, State: Running, Role: LEADER
I20260713 09:01:42.637267  6231 consensus_queue.cc:237] T c7b1ae996c41494998d6e03a75025dbd P 23147f9aea394b5a8a6ffbf47d3b4176 [LEADER]: Queue going to LEADER mode. State: All replicated index: 0, Majority replicated index: 2, Committed index: 2, Last appended: 2.2, Last appended by leader: 2, Current term: 3, Majority size: 2, State: 0, Mode: LEADER, active raft config: opid_index: -1 OBSOLETE_local: false peers { permanent_uuid: "0ca292809b0e44e1a79ad11a8e7385ad" member_type: VOTER last_known_addr { host: "127.5.154.193" port: 40577 } } peers { permanent_uuid: "bd88a252fa6f462d95b7a9349832966e" member_type: VOTER last_known_addr { host: "127.5.154.194" port: 38443 } } peers { permanent_uuid: "23147f9aea394b5a8a6ffbf47d3b4176" member_type: VOTER last_known_addr { host: "127.5.154.195" port: 43953 } }
I20260713 09:01:42.643543  5770 catalog_manager.cc:5697] T c7b1ae996c41494998d6e03a75025dbd P 23147f9aea394b5a8a6ffbf47d3b4176 reported cstate change: term changed from 2 to 3, leader changed from bd88a252fa6f462d95b7a9349832966e (127.5.154.194) to 23147f9aea394b5a8a6ffbf47d3b4176 (127.5.154.195). New cstate: current_term: 3 leader_uuid: "23147f9aea394b5a8a6ffbf47d3b4176" committed_config { opid_index: -1 OBSOLETE_local: false peers { permanent_uuid: "0ca292809b0e44e1a79ad11a8e7385ad" member_type: VOTER last_known_addr { host: "127.5.154.193" port: 40577 } health_report { overall_health: UNKNOWN } } peers { permanent_uuid: "bd88a252fa6f462d95b7a9349832966e" member_type: VOTER last_known_addr { host: "127.5.154.194" port: 38443 } health_report { overall_health: UNKNOWN } } peers { permanent_uuid: "23147f9aea394b5a8a6ffbf47d3b4176" member_type: VOTER last_known_addr { host: "127.5.154.195" port: 43953 } health_report { overall_health: HEALTHY } } }
I20260713 09:01:42.790522  6162 raft_consensus.cc:993] T 259670ae10bc4027a85db36a16190d33 P bd88a252fa6f462d95b7a9349832966e: : Instructing follower 23147f9aea394b5a8a6ffbf47d3b4176 to start an election
I20260713 09:01:42.791007  6232 raft_consensus.cc:1081] T 259670ae10bc4027a85db36a16190d33 P bd88a252fa6f462d95b7a9349832966e [term 3 LEADER]: Signalling peer 23147f9aea394b5a8a6ffbf47d3b4176 to start an election
I20260713 09:01:42.792248  6023 tablet_service.cc:2044] Received Run Leader Election RPC: tablet_id: "259670ae10bc4027a85db36a16190d33"
dest_uuid: "23147f9aea394b5a8a6ffbf47d3b4176"
 from {username='slave'} at 127.0.0.1:58696
I20260713 09:01:42.792686  6023 raft_consensus.cc:493] T 259670ae10bc4027a85db36a16190d33 P 23147f9aea394b5a8a6ffbf47d3b4176 [term 3 FOLLOWER]: Starting forced leader election (received explicit request)
I20260713 09:01:42.792945  6023 raft_consensus.cc:3060] T 259670ae10bc4027a85db36a16190d33 P 23147f9aea394b5a8a6ffbf47d3b4176 [term 3 FOLLOWER]: Advancing to term 4
I20260713 09:01:42.796772  6023 raft_consensus.cc:515] T 259670ae10bc4027a85db36a16190d33 P 23147f9aea394b5a8a6ffbf47d3b4176 [term 4 FOLLOWER]: Starting forced leader election with config: opid_index: -1 OBSOLETE_local: false peers { permanent_uuid: "0ca292809b0e44e1a79ad11a8e7385ad" member_type: VOTER last_known_addr { host: "127.5.154.193" port: 40577 } } peers { permanent_uuid: "bd88a252fa6f462d95b7a9349832966e" member_type: VOTER last_known_addr { host: "127.5.154.194" port: 38443 } } peers { permanent_uuid: "23147f9aea394b5a8a6ffbf47d3b4176" member_type: VOTER last_known_addr { host: "127.5.154.195" port: 43953 } }
I20260713 09:01:42.798009  6023 leader_election.cc:290] T 259670ae10bc4027a85db36a16190d33 P 23147f9aea394b5a8a6ffbf47d3b4176 [CANDIDATE]: Term 4 election: Requested vote from peers 0ca292809b0e44e1a79ad11a8e7385ad (127.5.154.193:40577), bd88a252fa6f462d95b7a9349832966e (127.5.154.194:38443)
I20260713 09:01:42.798635  5870 tablet_service.cc:1917] Received RequestConsensusVote() RPC: tablet_id: "259670ae10bc4027a85db36a16190d33" candidate_uuid: "23147f9aea394b5a8a6ffbf47d3b4176" candidate_term: 4 candidate_status { last_received { term: 3 index: 2 } } ignore_live_leader: true dest_uuid: "0ca292809b0e44e1a79ad11a8e7385ad"
I20260713 09:01:42.798834  5946 tablet_service.cc:1917] Received RequestConsensusVote() RPC: tablet_id: "259670ae10bc4027a85db36a16190d33" candidate_uuid: "23147f9aea394b5a8a6ffbf47d3b4176" candidate_term: 4 candidate_status { last_received { term: 3 index: 2 } } ignore_live_leader: true dest_uuid: "bd88a252fa6f462d95b7a9349832966e"
I20260713 09:01:42.799125  5870 raft_consensus.cc:3060] T 259670ae10bc4027a85db36a16190d33 P 0ca292809b0e44e1a79ad11a8e7385ad [term 3 FOLLOWER]: Advancing to term 4
I20260713 09:01:42.799293  5946 raft_consensus.cc:3055] T 259670ae10bc4027a85db36a16190d33 P bd88a252fa6f462d95b7a9349832966e [term 3 LEADER]: Stepping down as leader of term 3
I20260713 09:01:42.799589  5946 raft_consensus.cc:740] T 259670ae10bc4027a85db36a16190d33 P bd88a252fa6f462d95b7a9349832966e [term 3 LEADER]: Becoming Follower/Learner. State: Replica: bd88a252fa6f462d95b7a9349832966e, State: Running, Role: LEADER
I20260713 09:01:42.800137  5946 consensus_queue.cc:260] T 259670ae10bc4027a85db36a16190d33 P bd88a252fa6f462d95b7a9349832966e [NON_LEADER]: Queue going to NON_LEADER mode. State: All replicated index: 0, Majority replicated index: 2, Committed index: 2, Last appended: 3.2, Last appended by leader: 2, Current term: 3, Majority size: -1, State: 0, Mode: NON_LEADER, active raft config: opid_index: -1 OBSOLETE_local: false peers { permanent_uuid: "0ca292809b0e44e1a79ad11a8e7385ad" member_type: VOTER last_known_addr { host: "127.5.154.193" port: 40577 } } peers { permanent_uuid: "bd88a252fa6f462d95b7a9349832966e" member_type: VOTER last_known_addr { host: "127.5.154.194" port: 38443 } } peers { permanent_uuid: "23147f9aea394b5a8a6ffbf47d3b4176" member_type: VOTER last_known_addr { host: "127.5.154.195" port: 43953 } }
I20260713 09:01:42.800865  5946 raft_consensus.cc:3060] T 259670ae10bc4027a85db36a16190d33 P bd88a252fa6f462d95b7a9349832966e [term 3 FOLLOWER]: Advancing to term 4
I20260713 09:01:42.803342  5870 raft_consensus.cc:2468] T 259670ae10bc4027a85db36a16190d33 P 0ca292809b0e44e1a79ad11a8e7385ad [term 4 FOLLOWER]: Leader election vote request: Granting yes vote for candidate 23147f9aea394b5a8a6ffbf47d3b4176 in term 4.
I20260713 09:01:42.804160  5988 leader_election.cc:304] T 259670ae10bc4027a85db36a16190d33 P 23147f9aea394b5a8a6ffbf47d3b4176 [CANDIDATE]: Term 4 election: Election decided. Result: candidate won. Election summary: received 2 responses out of 3 voters: 2 yes votes; 0 no votes. yes voters: 0ca292809b0e44e1a79ad11a8e7385ad, 23147f9aea394b5a8a6ffbf47d3b4176; no voters: 
I20260713 09:01:42.804419  5946 raft_consensus.cc:2468] T 259670ae10bc4027a85db36a16190d33 P bd88a252fa6f462d95b7a9349832966e [term 4 FOLLOWER]: Leader election vote request: Granting yes vote for candidate 23147f9aea394b5a8a6ffbf47d3b4176 in term 4.
I20260713 09:01:42.804777  6231 raft_consensus.cc:2804] T 259670ae10bc4027a85db36a16190d33 P 23147f9aea394b5a8a6ffbf47d3b4176 [term 4 FOLLOWER]: Leader election won for term 4
I20260713 09:01:42.805162  6231 raft_consensus.cc:697] T 259670ae10bc4027a85db36a16190d33 P 23147f9aea394b5a8a6ffbf47d3b4176 [term 4 LEADER]: Becoming Leader. State: Replica: 23147f9aea394b5a8a6ffbf47d3b4176, State: Running, Role: LEADER
