I20260713 09:01:55.224490  6850 catalog_manager.cc:5697] T a14167d80cc74a70b902d079f9716f0e P 232d961ade77473dbd778381311934bf reported cstate change: term changed from 0 to 1, leader changed from <none> to 232d961ade77473dbd778381311934bf (127.5.165.193). New cstate: current_term: 1 leader_uuid: "232d961ade77473dbd778381311934bf" committed_config { opid_index: -1 OBSOLETE_local: false peers { permanent_uuid: "232d961ade77473dbd778381311934bf" member_type: VOTER last_known_addr { host: "127.5.165.193" port: 39319 } health_report { overall_health: HEALTHY } } peers { permanent_uuid: "04a10a55140243d79efe5e1a2a6ac90a" member_type: VOTER last_known_addr { host: "127.5.165.194" port: 43285 } health_report { overall_health: UNKNOWN } } peers { permanent_uuid: "7dd56de80bc149e28145bdb202896498" member_type: VOTER last_known_addr { host: "127.5.165.195" port: 43693 } health_report { overall_health: UNKNOWN } } }
I20260713 09:01:55.230261  7244 leader_election.cc:290] T a14167d80cc74a70b902d079f9716f0e P 232d961ade77473dbd778381311934bf [CANDIDATE]: Term 1 election: Requested vote from peers 04a10a55140243d79efe5e1a2a6ac90a (127.5.165.194:43285), 7dd56de80bc149e28145bdb202896498 (127.5.165.195:43693)
I20260713 09:01:55.234477  7234 consensus_queue.cc:1048] T 3e62b1075aa64c098352b81a314e006a P 04a10a55140243d79efe5e1a2a6ac90a [LEADER]: Connected to new peer: Peer: permanent_uuid: "232d961ade77473dbd778381311934bf" member_type: VOTER last_known_addr { host: "127.5.165.193" port: 39319 }, Status: LMP_MISMATCH, Last received: 0.0, Next index: 1, Last known committed idx: 0, Time since last communication: 0.000s
I20260713 09:01:55.236727  7104 tablet_service.cc:1917] Received RequestConsensusVote() RPC: tablet_id: "a14167d80cc74a70b902d079f9716f0e" candidate_uuid: "232d961ade77473dbd778381311934bf" candidate_term: 1 candidate_status { last_received { term: 0 index: 0 } } ignore_live_leader: false dest_uuid: "7dd56de80bc149e28145bdb202896498"
I20260713 09:01:55.237406  7104 raft_consensus.cc:3060] T a14167d80cc74a70b902d079f9716f0e P 7dd56de80bc149e28145bdb202896498 [term 0 FOLLOWER]: Advancing to term 1
I20260713 09:01:55.251957  7104 raft_consensus.cc:2468] T a14167d80cc74a70b902d079f9716f0e P 7dd56de80bc149e28145bdb202896498 [term 1 FOLLOWER]: Leader election vote request: Granting yes vote for candidate 232d961ade77473dbd778381311934bf in term 1.
W20260713 09:01:55.261699  6901 auto_rebalancer.cc:288] Could not retrieve cluster info: Service unavailable: Tablet not running
I20260713 09:01:55.269726  7145 tablet_bootstrap.cc:492] T f6e57fec77e642daa85d642c85d3dfc4 P 232d961ade77473dbd778381311934bf: No bootstrap required, opened a new log
I20260713 09:01:55.270320  7145 ts_tablet_manager.cc:1403] T f6e57fec77e642daa85d642c85d3dfc4 P 232d961ade77473dbd778381311934bf: Time spent bootstrapping tablet: real 0.146s	user 0.013s	sys 0.006s
I20260713 09:01:55.270553  7144 tablet_bootstrap.cc:492] T 1bdd7591e3f841bda4def61d2c404053 P 7dd56de80bc149e28145bdb202896498: No bootstrap required, opened a new log
I20260713 09:01:55.269790  7146 tablet_bootstrap.cc:492] T f1c3fc8eb7b9469487a662dfcfe5d9d6 P 04a10a55140243d79efe5e1a2a6ac90a: No bootstrap required, opened a new log
I20260713 09:01:55.271370  7144 ts_tablet_manager.cc:1403] T 1bdd7591e3f841bda4def61d2c404053 P 7dd56de80bc149e28145bdb202896498: Time spent bootstrapping tablet: real 0.116s	user 0.015s	sys 0.002s
I20260713 09:01:55.271615  7146 ts_tablet_manager.cc:1403] T f1c3fc8eb7b9469487a662dfcfe5d9d6 P 04a10a55140243d79efe5e1a2a6ac90a: Time spent bootstrapping tablet: real 0.079s	user 0.016s	sys 0.029s
I20260713 09:01:55.273087  7145 raft_consensus.cc:359] T f6e57fec77e642daa85d642c85d3dfc4 P 232d961ade77473dbd778381311934bf [term 0 FOLLOWER]: Replica starting. Triggering 0 pending ops. Active config: opid_index: -1 OBSOLETE_local: false peers { permanent_uuid: "232d961ade77473dbd778381311934bf" member_type: VOTER last_known_addr { host: "127.5.165.193" port: 39319 } } peers { permanent_uuid: "04a10a55140243d79efe5e1a2a6ac90a" member_type: VOTER last_known_addr { host: "127.5.165.194" port: 43285 } } peers { permanent_uuid: "7dd56de80bc149e28145bdb202896498" member_type: VOTER last_known_addr { host: "127.5.165.195" port: 43693 } }
I20260713 09:01:55.273681  7145 raft_consensus.cc:385] T f6e57fec77e642daa85d642c85d3dfc4 P 232d961ade77473dbd778381311934bf [term 0 FOLLOWER]: Consensus starting up: Expiring failure detector timer to make a prompt election more likely
I20260713 09:01:55.273911  7145 raft_consensus.cc:740] T f6e57fec77e642daa85d642c85d3dfc4 P 232d961ade77473dbd778381311934bf [term 0 FOLLOWER]: Becoming Follower/Learner. State: Replica: 232d961ade77473dbd778381311934bf, State: Initialized, Role: FOLLOWER
I20260713 09:01:55.273808  7144 raft_consensus.cc:359] T 1bdd7591e3f841bda4def61d2c404053 P 7dd56de80bc149e28145bdb202896498 [term 0 FOLLOWER]: Replica starting. Triggering 0 pending ops. Active config: opid_index: -1 OBSOLETE_local: false peers { permanent_uuid: "232d961ade77473dbd778381311934bf" member_type: VOTER last_known_addr { host: "127.5.165.193" port: 39319 } } peers { permanent_uuid: "04a10a55140243d79efe5e1a2a6ac90a" member_type: VOTER last_known_addr { host: "127.5.165.194" port: 43285 } } peers { permanent_uuid: "7dd56de80bc149e28145bdb202896498" member_type: VOTER last_known_addr { host: "127.5.165.195" port: 43693 } }
I20260713 09:01:55.273969  7146 raft_consensus.cc:359] T f1c3fc8eb7b9469487a662dfcfe5d9d6 P 04a10a55140243d79efe5e1a2a6ac90a [term 0 FOLLOWER]: Replica starting. Triggering 0 pending ops. Active config: opid_index: -1 OBSOLETE_local: false peers { permanent_uuid: "232d961ade77473dbd778381311934bf" member_type: VOTER last_known_addr { host: "127.5.165.193" port: 39319 } } peers { permanent_uuid: "04a10a55140243d79efe5e1a2a6ac90a" member_type: VOTER last_known_addr { host: "127.5.165.194" port: 43285 } } peers { permanent_uuid: "7dd56de80bc149e28145bdb202896498" member_type: VOTER last_known_addr { host: "127.5.165.195" port: 43693 } }
I20260713 09:01:55.274547  7145 consensus_queue.cc:260] T f6e57fec77e642daa85d642c85d3dfc4 P 232d961ade77473dbd778381311934bf [NON_LEADER]: Queue going to NON_LEADER mode. State: All replicated index: 0, Majority replicated index: 0, Committed index: 0, Last appended: 0.0, Last appended by leader: 0, Current term: 0, Majority size: -1, State: 0, Mode: NON_LEADER, active raft config: opid_index: -1 OBSOLETE_local: false peers { permanent_uuid: "232d961ade77473dbd778381311934bf" member_type: VOTER last_known_addr { host: "127.5.165.193" port: 39319 } } peers { permanent_uuid: "04a10a55140243d79efe5e1a2a6ac90a" member_type: VOTER last_known_addr { host: "127.5.165.194" port: 43285 } } peers { permanent_uuid: "7dd56de80bc149e28145bdb202896498" member_type: VOTER last_known_addr { host: "127.5.165.195" port: 43693 } }
I20260713 09:01:55.274737  7144 raft_consensus.cc:385] T 1bdd7591e3f841bda4def61d2c404053 P 7dd56de80bc149e28145bdb202896498 [term 0 FOLLOWER]: Consensus starting up: Expiring failure detector timer to make a prompt election more likely
I20260713 09:01:55.274770  7146 raft_consensus.cc:385] T f1c3fc8eb7b9469487a662dfcfe5d9d6 P 04a10a55140243d79efe5e1a2a6ac90a [term 0 FOLLOWER]: Consensus starting up: Expiring failure detector timer to make a prompt election more likely
I20260713 09:01:55.275272  7144 raft_consensus.cc:740] T 1bdd7591e3f841bda4def61d2c404053 P 7dd56de80bc149e28145bdb202896498 [term 0 FOLLOWER]: Becoming Follower/Learner. State: Replica: 7dd56de80bc149e28145bdb202896498, State: Initialized, Role: FOLLOWER
I20260713 09:01:55.275355  7146 raft_consensus.cc:740] T f1c3fc8eb7b9469487a662dfcfe5d9d6 P 04a10a55140243d79efe5e1a2a6ac90a [term 0 FOLLOWER]: Becoming Follower/Learner. State: Replica: 04a10a55140243d79efe5e1a2a6ac90a, State: Initialized, Role: FOLLOWER
I20260713 09:01:55.276260  7146 consensus_queue.cc:260] T f1c3fc8eb7b9469487a662dfcfe5d9d6 P 04a10a55140243d79efe5e1a2a6ac90a [NON_LEADER]: Queue going to NON_LEADER mode. State: All replicated index: 0, Majority replicated index: 0, Committed index: 0, Last appended: 0.0, Last appended by leader: 0, Current term: 0, Majority size: -1, State: 0, Mode: NON_LEADER, active raft config: opid_index: -1 OBSOLETE_local: false peers { permanent_uuid: "232d961ade77473dbd778381311934bf" member_type: VOTER last_known_addr { host: "127.5.165.193" port: 39319 } } peers { permanent_uuid: "04a10a55140243d79efe5e1a2a6ac90a" member_type: VOTER last_known_addr { host: "127.5.165.194" port: 43285 } } peers { permanent_uuid: "7dd56de80bc149e28145bdb202896498" member_type: VOTER last_known_addr { host: "127.5.165.195" port: 43693 } }
I20260713 09:01:55.276244  7144 consensus_queue.cc:260] T 1bdd7591e3f841bda4def61d2c404053 P 7dd56de80bc149e28145bdb202896498 [NON_LEADER]: Queue going to NON_LEADER mode. State: All replicated index: 0, Majority replicated index: 0, Committed index: 0, Last appended: 0.0, Last appended by leader: 0, Current term: 0, Majority size: -1, State: 0, Mode: NON_LEADER, active raft config: opid_index: -1 OBSOLETE_local: false peers { permanent_uuid: "232d961ade77473dbd778381311934bf" member_type: VOTER last_known_addr { host: "127.5.165.193" port: 39319 } } peers { permanent_uuid: "04a10a55140243d79efe5e1a2a6ac90a" member_type: VOTER last_known_addr { host: "127.5.165.194" port: 43285 } } peers { permanent_uuid: "7dd56de80bc149e28145bdb202896498" member_type: VOTER last_known_addr { host: "127.5.165.195" port: 43693 } }
I20260713 09:01:55.278420  7146 ts_tablet_manager.cc:1434] T f1c3fc8eb7b9469487a662dfcfe5d9d6 P 04a10a55140243d79efe5e1a2a6ac90a: Time spent starting tablet: real 0.006s	user 0.002s	sys 0.003s
I20260713 09:01:55.279508  7146 tablet_bootstrap.cc:492] T 05dbaed105d8415e9c6f8fca65db4c4f P 04a10a55140243d79efe5e1a2a6ac90a: Bootstrap starting.
I20260713 09:01:55.278432  7145 ts_tablet_manager.cc:1434] T f6e57fec77e642daa85d642c85d3dfc4 P 232d961ade77473dbd778381311934bf: Time spent starting tablet: real 0.008s	user 0.005s	sys 0.000s
I20260713 09:01:55.284721  7145 tablet_bootstrap.cc:492] T f1c3fc8eb7b9469487a662dfcfe5d9d6 P 232d961ade77473dbd778381311934bf: Bootstrap starting.
I20260713 09:01:55.285238  7146 tablet_bootstrap.cc:654] T 05dbaed105d8415e9c6f8fca65db4c4f P 04a10a55140243d79efe5e1a2a6ac90a: Neither blocks nor log segments found. Creating new log.
I20260713 09:01:55.288913  7144 ts_tablet_manager.cc:1434] T 1bdd7591e3f841bda4def61d2c404053 P 7dd56de80bc149e28145bdb202896498: Time spent starting tablet: real 0.017s	user 0.003s	sys 0.003s
I20260713 09:01:55.289851  7144 tablet_bootstrap.cc:492] T f6e57fec77e642daa85d642c85d3dfc4 P 7dd56de80bc149e28145bdb202896498: Bootstrap starting.
I20260713 09:01:55.295513  7144 tablet_bootstrap.cc:654] T f6e57fec77e642daa85d642c85d3dfc4 P 7dd56de80bc149e28145bdb202896498: Neither blocks nor log segments found. Creating new log.
I20260713 09:01:55.296489  7145 tablet_bootstrap.cc:654] T f1c3fc8eb7b9469487a662dfcfe5d9d6 P 232d961ade77473dbd778381311934bf: Neither blocks nor log segments found. Creating new log.
I20260713 09:01:55.297343  7146 tablet_bootstrap.cc:492] T 05dbaed105d8415e9c6f8fca65db4c4f P 04a10a55140243d79efe5e1a2a6ac90a: No bootstrap required, opened a new log
I20260713 09:01:55.297824  7146 ts_tablet_manager.cc:1403] T 05dbaed105d8415e9c6f8fca65db4c4f P 04a10a55140243d79efe5e1a2a6ac90a: Time spent bootstrapping tablet: real 0.018s	user 0.008s	sys 0.008s
I20260713 09:01:55.300420  7146 raft_consensus.cc:359] T 05dbaed105d8415e9c6f8fca65db4c4f P 04a10a55140243d79efe5e1a2a6ac90a [term 0 FOLLOWER]: Replica starting. Triggering 0 pending ops. Active config: opid_index: -1 OBSOLETE_local: false peers { permanent_uuid: "232d961ade77473dbd778381311934bf" member_type: VOTER last_known_addr { host: "127.5.165.193" port: 39319 } } peers { permanent_uuid: "04a10a55140243d79efe5e1a2a6ac90a" member_type: VOTER last_known_addr { host: "127.5.165.194" port: 43285 } } peers { permanent_uuid: "7dd56de80bc149e28145bdb202896498" member_type: VOTER last_known_addr { host: "127.5.165.195" port: 43693 } }
I20260713 09:01:55.301199  7146 raft_consensus.cc:385] T 05dbaed105d8415e9c6f8fca65db4c4f P 04a10a55140243d79efe5e1a2a6ac90a [term 0 FOLLOWER]: Consensus starting up: Expiring failure detector timer to make a prompt election more likely
I20260713 09:01:55.301508  7146 raft_consensus.cc:740] T 05dbaed105d8415e9c6f8fca65db4c4f P 04a10a55140243d79efe5e1a2a6ac90a [term 0 FOLLOWER]: Becoming Follower/Learner. State: Replica: 04a10a55140243d79efe5e1a2a6ac90a, State: Initialized, Role: FOLLOWER
I20260713 09:01:55.302284  7146 consensus_queue.cc:260] T 05dbaed105d8415e9c6f8fca65db4c4f P 04a10a55140243d79efe5e1a2a6ac90a [NON_LEADER]: Queue going to NON_LEADER mode. State: All replicated index: 0, Majority replicated index: 0, Committed index: 0, Last appended: 0.0, Last appended by leader: 0, Current term: 0, Majority size: -1, State: 0, Mode: NON_LEADER, active raft config: opid_index: -1 OBSOLETE_local: false peers { permanent_uuid: "232d961ade77473dbd778381311934bf" member_type: VOTER last_known_addr { host: "127.5.165.193" port: 39319 } } peers { permanent_uuid: "04a10a55140243d79efe5e1a2a6ac90a" member_type: VOTER last_known_addr { host: "127.5.165.194" port: 43285 } } peers { permanent_uuid: "7dd56de80bc149e28145bdb202896498" member_type: VOTER last_known_addr { host: "127.5.165.195" port: 43693 } }
I20260713 09:01:55.304040  7146 ts_tablet_manager.cc:1434] T 05dbaed105d8415e9c6f8fca65db4c4f P 04a10a55140243d79efe5e1a2a6ac90a: Time spent starting tablet: real 0.006s	user 0.005s	sys 0.000s
I20260713 09:01:55.307868  7145 tablet_bootstrap.cc:492] T f1c3fc8eb7b9469487a662dfcfe5d9d6 P 232d961ade77473dbd778381311934bf: No bootstrap required, opened a new log
I20260713 09:01:55.308334  7144 tablet_bootstrap.cc:492] T f6e57fec77e642daa85d642c85d3dfc4 P 7dd56de80bc149e28145bdb202896498: No bootstrap required, opened a new log
I20260713 09:01:55.308332  7145 ts_tablet_manager.cc:1403] T f1c3fc8eb7b9469487a662dfcfe5d9d6 P 232d961ade77473dbd778381311934bf: Time spent bootstrapping tablet: real 0.024s	user 0.008s	sys 0.006s
I20260713 09:01:55.308840  7144 ts_tablet_manager.cc:1403] T f6e57fec77e642daa85d642c85d3dfc4 P 7dd56de80bc149e28145bdb202896498: Time spent bootstrapping tablet: real 0.019s	user 0.008s	sys 0.008s
I20260713 09:01:55.311336  7144 raft_consensus.cc:359] T f6e57fec77e642daa85d642c85d3dfc4 P 7dd56de80bc149e28145bdb202896498 [term 0 FOLLOWER]: Replica starting. Triggering 0 pending ops. Active config: opid_index: -1 OBSOLETE_local: false peers { permanent_uuid: "232d961ade77473dbd778381311934bf" member_type: VOTER last_known_addr { host: "127.5.165.193" port: 39319 } } peers { permanent_uuid: "04a10a55140243d79efe5e1a2a6ac90a" member_type: VOTER last_known_addr { host: "127.5.165.194" port: 43285 } } peers { permanent_uuid: "7dd56de80bc149e28145bdb202896498" member_type: VOTER last_known_addr { host: "127.5.165.195" port: 43693 } }
I20260713 09:01:55.311986  7144 raft_consensus.cc:385] T f6e57fec77e642daa85d642c85d3dfc4 P 7dd56de80bc149e28145bdb202896498 [term 0 FOLLOWER]: Consensus starting up: Expiring failure detector timer to make a prompt election more likely
I20260713 09:01:55.311949  7145 raft_consensus.cc:359] T f1c3fc8eb7b9469487a662dfcfe5d9d6 P 232d961ade77473dbd778381311934bf [term 0 FOLLOWER]: Replica starting. Triggering 0 pending ops. Active config: opid_index: -1 OBSOLETE_local: false peers { permanent_uuid: "232d961ade77473dbd778381311934bf" member_type: VOTER last_known_addr { host: "127.5.165.193" port: 39319 } } peers { permanent_uuid: "04a10a55140243d79efe5e1a2a6ac90a" member_type: VOTER last_known_addr { host: "127.5.165.194" port: 43285 } } peers { permanent_uuid: "7dd56de80bc149e28145bdb202896498" member_type: VOTER last_known_addr { host: "127.5.165.195" port: 43693 } }
I20260713 09:01:55.312820  7144 raft_consensus.cc:740] T f6e57fec77e642daa85d642c85d3dfc4 P 7dd56de80bc149e28145bdb202896498 [term 0 FOLLOWER]: Becoming Follower/Learner. State: Replica: 7dd56de80bc149e28145bdb202896498, State: Initialized, Role: FOLLOWER
I20260713 09:01:55.313591  7144 consensus_queue.cc:260] T f6e57fec77e642daa85d642c85d3dfc4 P 7dd56de80bc149e28145bdb202896498 [NON_LEADER]: Queue going to NON_LEADER mode. State: All replicated index: 0, Majority replicated index: 0, Committed index: 0, Last appended: 0.0, Last appended by leader: 0, Current term: 0, Majority size: -1, State: 0, Mode: NON_LEADER, active raft config: opid_index: -1 OBSOLETE_local: false peers { permanent_uuid: "232d961ade77473dbd778381311934bf" member_type: VOTER last_known_addr { host: "127.5.165.193" port: 39319 } } peers { permanent_uuid: "04a10a55140243d79efe5e1a2a6ac90a" member_type: VOTER last_known_addr { host: "127.5.165.194" port: 43285 } } peers { permanent_uuid: "7dd56de80bc149e28145bdb202896498" member_type: VOTER last_known_addr { host: "127.5.165.195" port: 43693 } }
I20260713 09:01:55.314316  7145 raft_consensus.cc:385] T f1c3fc8eb7b9469487a662dfcfe5d9d6 P 232d961ade77473dbd778381311934bf [term 0 FOLLOWER]: Consensus starting up: Expiring failure detector timer to make a prompt election more likely
I20260713 09:01:55.314641  7145 raft_consensus.cc:740] T f1c3fc8eb7b9469487a662dfcfe5d9d6 P 232d961ade77473dbd778381311934bf [term 0 FOLLOWER]: Becoming Follower/Learner. State: Replica: 232d961ade77473dbd778381311934bf, State: Initialized, Role: FOLLOWER
I20260713 09:01:55.315491  7144 ts_tablet_manager.cc:1434] T f6e57fec77e642daa85d642c85d3dfc4 P 7dd56de80bc149e28145bdb202896498: Time spent starting tablet: real 0.006s	user 0.005s	sys 0.000s
I20260713 09:01:55.315269  7145 consensus_queue.cc:260] T f1c3fc8eb7b9469487a662dfcfe5d9d6 P 232d961ade77473dbd778381311934bf [NON_LEADER]: Queue going to NON_LEADER mode. State: All replicated index: 0, Majority replicated index: 0, Committed index: 0, Last appended: 0.0, Last appended by leader: 0, Current term: 0, Majority size: -1, State: 0, Mode: NON_LEADER, active raft config: opid_index: -1 OBSOLETE_local: false peers { permanent_uuid: "232d961ade77473dbd778381311934bf" member_type: VOTER last_known_addr { host: "127.5.165.193" port: 39319 } } peers { permanent_uuid: "04a10a55140243d79efe5e1a2a6ac90a" member_type: VOTER last_known_addr { host: "127.5.165.194" port: 43285 } } peers { permanent_uuid: "7dd56de80bc149e28145bdb202896498" member_type: VOTER last_known_addr { host: "127.5.165.195" port: 43693 } }
I20260713 09:01:55.317283  7145 ts_tablet_manager.cc:1434] T f1c3fc8eb7b9469487a662dfcfe5d9d6 P 232d961ade77473dbd778381311934bf: Time spent starting tablet: real 0.009s	user 0.006s	sys 0.000s
I20260713 09:01:55.320997  7145 tablet_bootstrap.cc:492] T 7c3cee542563447c9dc3157b056483c9 P 232d961ade77473dbd778381311934bf: Bootstrap starting.
I20260713 09:01:55.326697  7145 tablet_bootstrap.cc:654] T 7c3cee542563447c9dc3157b056483c9 P 232d961ade77473dbd778381311934bf: Neither blocks nor log segments found. Creating new log.
I20260713 09:01:55.326086  7144 tablet_bootstrap.cc:492] T f1c3fc8eb7b9469487a662dfcfe5d9d6 P 7dd56de80bc149e28145bdb202896498: Bootstrap starting.
I20260713 09:01:55.332937  7144 tablet_bootstrap.cc:654] T f1c3fc8eb7b9469487a662dfcfe5d9d6 P 7dd56de80bc149e28145bdb202896498: Neither blocks nor log segments found. Creating new log.
I20260713 09:01:55.335239  7145 tablet_bootstrap.cc:492] T 7c3cee542563447c9dc3157b056483c9 P 232d961ade77473dbd778381311934bf: No bootstrap required, opened a new log
I20260713 09:01:55.335709  7145 ts_tablet_manager.cc:1403] T 7c3cee542563447c9dc3157b056483c9 P 232d961ade77473dbd778381311934bf: Time spent bootstrapping tablet: real 0.015s	user 0.002s	sys 0.010s
I20260713 09:01:55.337603  7144 tablet_bootstrap.cc:492] T f1c3fc8eb7b9469487a662dfcfe5d9d6 P 7dd56de80bc149e28145bdb202896498: No bootstrap required, opened a new log
I20260713 09:01:55.338021  7144 ts_tablet_manager.cc:1403] T f1c3fc8eb7b9469487a662dfcfe5d9d6 P 7dd56de80bc149e28145bdb202896498: Time spent bootstrapping tablet: real 0.012s	user 0.006s	sys 0.002s
I20260713 09:01:55.338310  7100 raft_consensus.cc:3060] T 725cda355b5d4ec5a200b4c2685d57ba P 7dd56de80bc149e28145bdb202896498 [term 0 FOLLOWER]: Advancing to term 1
I20260713 09:01:55.338212  7145 raft_consensus.cc:359] T 7c3cee542563447c9dc3157b056483c9 P 232d961ade77473dbd778381311934bf [term 0 FOLLOWER]: Replica starting. Triggering 0 pending ops. Active config: opid_index: -1 OBSOLETE_local: false peers { permanent_uuid: "232d961ade77473dbd778381311934bf" member_type: VOTER last_known_addr { host: "127.5.165.193" port: 39319 } } peers { permanent_uuid: "04a10a55140243d79efe5e1a2a6ac90a" member_type: VOTER last_known_addr { host: "127.5.165.194" port: 43285 } } peers { permanent_uuid: "7dd56de80bc149e28145bdb202896498" member_type: VOTER last_known_addr { host: "127.5.165.195" port: 43693 } }
I20260713 09:01:55.338840  7145 raft_consensus.cc:385] T 7c3cee542563447c9dc3157b056483c9 P 232d961ade77473dbd778381311934bf [term 0 FOLLOWER]: Consensus starting up: Expiring failure detector timer to make a prompt election more likely
I20260713 09:01:55.339015  7145 raft_consensus.cc:740] T 7c3cee542563447c9dc3157b056483c9 P 232d961ade77473dbd778381311934bf [term 0 FOLLOWER]: Becoming Follower/Learner. State: Replica: 232d961ade77473dbd778381311934bf, State: Initialized, Role: FOLLOWER
I20260713 09:01:55.339959  7145 consensus_queue.cc:260] T 7c3cee542563447c9dc3157b056483c9 P 232d961ade77473dbd778381311934bf [NON_LEADER]: Queue going to NON_LEADER mode. State: All replicated index: 0, Majority replicated index: 0, Committed index: 0, Last appended: 0.0, Last appended by leader: 0, Current term: 0, Majority size: -1, State: 0, Mode: NON_LEADER, active raft config: opid_index: -1 OBSOLETE_local: false peers { permanent_uuid: "232d961ade77473dbd778381311934bf" member_type: VOTER last_known_addr { host: "127.5.165.193" port: 39319 } } peers { permanent_uuid: "04a10a55140243d79efe5e1a2a6ac90a" member_type: VOTER last_known_addr { host: "127.5.165.194" port: 43285 } } peers { permanent_uuid: "7dd56de80bc149e28145bdb202896498" member_type: VOTER last_known_addr { host: "127.5.165.195" port: 43693 } }
I20260713 09:01:55.340842  7144 raft_consensus.cc:359] T f1c3fc8eb7b9469487a662dfcfe5d9d6 P 7dd56de80bc149e28145bdb202896498 [term 0 FOLLOWER]: Replica starting. Triggering 0 pending ops. Active config: opid_index: -1 OBSOLETE_local: false peers { permanent_uuid: "232d961ade77473dbd778381311934bf" member_type: VOTER last_known_addr { host: "127.5.165.193" port: 39319 } } peers { permanent_uuid: "04a10a55140243d79efe5e1a2a6ac90a" member_type: VOTER last_known_addr { host: "127.5.165.194" port: 43285 } } peers { permanent_uuid: "7dd56de80bc149e28145bdb202896498" member_type: VOTER last_known_addr { host: "127.5.165.195" port: 43693 } }
I20260713 09:01:55.341519  7144 raft_consensus.cc:385] T f1c3fc8eb7b9469487a662dfcfe5d9d6 P 7dd56de80bc149e28145bdb202896498 [term 0 FOLLOWER]: Consensus starting up: Expiring failure detector timer to make a prompt election more likely
I20260713 09:01:55.341741  7145 ts_tablet_manager.cc:1434] T 7c3cee542563447c9dc3157b056483c9 P 232d961ade77473dbd778381311934bf: Time spent starting tablet: real 0.006s	user 0.004s	sys 0.000s
I20260713 09:01:55.341776  7144 raft_consensus.cc:740] T f1c3fc8eb7b9469487a662dfcfe5d9d6 P 7dd56de80bc149e28145bdb202896498 [term 0 FOLLOWER]: Becoming Follower/Learner. State: Replica: 7dd56de80bc149e28145bdb202896498, State: Initialized, Role: FOLLOWER
I20260713 09:01:55.343168  7145 tablet_bootstrap.cc:492] T 60e2fcf6f97640b3bb4c1a10874a9c64 P 232d961ade77473dbd778381311934bf: Bootstrap starting.
I20260713 09:01:55.342792  7144 consensus_queue.cc:260] T f1c3fc8eb7b9469487a662dfcfe5d9d6 P 7dd56de80bc149e28145bdb202896498 [NON_LEADER]: Queue going to NON_LEADER mode. State: All replicated index: 0, Majority replicated index: 0, Committed index: 0, Last appended: 0.0, Last appended by leader: 0, Current term: 0, Majority size: -1, State: 0, Mode: NON_LEADER, active raft config: opid_index: -1 OBSOLETE_local: false peers { permanent_uuid: "232d961ade77473dbd778381311934bf" member_type: VOTER last_known_addr { host: "127.5.165.193" port: 39319 } } peers { permanent_uuid: "04a10a55140243d79efe5e1a2a6ac90a" member_type: VOTER last_known_addr { host: "127.5.165.194" port: 43285 } } peers { permanent_uuid: "7dd56de80bc149e28145bdb202896498" member_type: VOTER last_known_addr { host: "127.5.165.195" port: 43693 } }
I20260713 09:01:55.347936  7144 ts_tablet_manager.cc:1434] T f1c3fc8eb7b9469487a662dfcfe5d9d6 P 7dd56de80bc149e28145bdb202896498: Time spent starting tablet: real 0.010s	user 0.008s	sys 0.000s
I20260713 09:01:55.348920  7144 tablet_bootstrap.cc:492] T 7c3cee542563447c9dc3157b056483c9 P 7dd56de80bc149e28145bdb202896498: Bootstrap starting.
I20260713 09:01:55.349648  7145 tablet_bootstrap.cc:654] T 60e2fcf6f97640b3bb4c1a10874a9c64 P 232d961ade77473dbd778381311934bf: Neither blocks nor log segments found. Creating new log.
I20260713 09:01:55.350435  7244 consensus_queue.cc:1048] T 725cda355b5d4ec5a200b4c2685d57ba P 232d961ade77473dbd778381311934bf [LEADER]: Connected to new peer: Peer: permanent_uuid: "7dd56de80bc149e28145bdb202896498" member_type: VOTER last_known_addr { host: "127.5.165.195" port: 43693 }, Status: LMP_MISMATCH, Last received: 0.0, Next index: 1, Last known committed idx: 0, Time since last communication: 0.000s
I20260713 09:01:55.351737  7244 raft_consensus.cc:493] T f6e57fec77e642daa85d642c85d3dfc4 P 232d961ade77473dbd778381311934bf [term 0 FOLLOWER]: Starting pre-election (no leader contacted us within the election timeout)
I20260713 09:01:55.352195  7244 raft_consensus.cc:515] T f6e57fec77e642daa85d642c85d3dfc4 P 232d961ade77473dbd778381311934bf [term 0 FOLLOWER]: Starting pre-election with config: opid_index: -1 OBSOLETE_local: false peers { permanent_uuid: "232d961ade77473dbd778381311934bf" member_type: VOTER last_known_addr { host: "127.5.165.193" port: 39319 } } peers { permanent_uuid: "04a10a55140243d79efe5e1a2a6ac90a" member_type: VOTER last_known_addr { host: "127.5.165.194" port: 43285 } } peers { permanent_uuid: "7dd56de80bc149e28145bdb202896498" member_type: VOTER last_known_addr { host: "127.5.165.195" port: 43693 } }
I20260713 09:01:55.353328  7207 raft_consensus.cc:493] T f6e57fec77e642daa85d642c85d3dfc4 P 7dd56de80bc149e28145bdb202896498 [term 0 FOLLOWER]: Starting pre-election (no leader contacted us within the election timeout)
I20260713 09:01:55.353943  7207 raft_consensus.cc:515] T f6e57fec77e642daa85d642c85d3dfc4 P 7dd56de80bc149e28145bdb202896498 [term 0 FOLLOWER]: Starting pre-election with config: opid_index: -1 OBSOLETE_local: false peers { permanent_uuid: "232d961ade77473dbd778381311934bf" member_type: VOTER last_known_addr { host: "127.5.165.193" port: 39319 } } peers { permanent_uuid: "04a10a55140243d79efe5e1a2a6ac90a" member_type: VOTER last_known_addr { host: "127.5.165.194" port: 43285 } } peers { permanent_uuid: "7dd56de80bc149e28145bdb202896498" member_type: VOTER last_known_addr { host: "127.5.165.195" port: 43693 } }
I20260713 09:01:55.367472  7244 leader_election.cc:290] T f6e57fec77e642daa85d642c85d3dfc4 P 232d961ade77473dbd778381311934bf [CANDIDATE]: Term 1 pre-election: Requested pre-vote from peers 04a10a55140243d79efe5e1a2a6ac90a (127.5.165.194:43285), 7dd56de80bc149e28145bdb202896498 (127.5.165.195:43693)
I20260713 09:01:55.368573  7030 tablet_service.cc:1917] Received RequestConsensusVote() RPC: tablet_id: "f6e57fec77e642daa85d642c85d3dfc4" candidate_uuid: "232d961ade77473dbd778381311934bf" candidate_term: 1 candidate_status { last_received { term: 0 index: 0 } } ignore_live_leader: false dest_uuid: "04a10a55140243d79efe5e1a2a6ac90a" is_pre_election: true
I20260713 09:01:55.369266  7030 raft_consensus.cc:2468] T f6e57fec77e642daa85d642c85d3dfc4 P 04a10a55140243d79efe5e1a2a6ac90a [term 0 FOLLOWER]: Leader pre-election vote request: Granting yes vote for candidate 232d961ade77473dbd778381311934bf in term 0.
I20260713 09:01:55.370675  7234 raft_consensus.cc:493] T 05dbaed105d8415e9c6f8fca65db4c4f P 04a10a55140243d79efe5e1a2a6ac90a [term 0 FOLLOWER]: Starting pre-election (no leader contacted us within the election timeout)
I20260713 09:01:55.376232  7030 tablet_service.cc:1917] Received RequestConsensusVote() RPC: tablet_id: "f6e57fec77e642daa85d642c85d3dfc4" candidate_uuid: "7dd56de80bc149e28145bdb202896498" candidate_term: 1 candidate_status { last_received { term: 0 index: 0 } } ignore_live_leader: false dest_uuid: "04a10a55140243d79efe5e1a2a6ac90a" is_pre_election: true
I20260713 09:01:55.376590  7144 tablet_bootstrap.cc:654] T 7c3cee542563447c9dc3157b056483c9 P 7dd56de80bc149e28145bdb202896498: Neither blocks nor log segments found. Creating new log.
I20260713 09:01:55.376659  7234 raft_consensus.cc:515] T 05dbaed105d8415e9c6f8fca65db4c4f P 04a10a55140243d79efe5e1a2a6ac90a [term 0 FOLLOWER]: Starting pre-election with config: opid_index: -1 OBSOLETE_local: false peers { permanent_uuid: "232d961ade77473dbd778381311934bf" member_type: VOTER last_known_addr { host: "127.5.165.193" port: 39319 } } peers { permanent_uuid: "04a10a55140243d79efe5e1a2a6ac90a" member_type: VOTER last_known_addr { host: "127.5.165.194" port: 43285 } } peers { permanent_uuid: "7dd56de80bc149e28145bdb202896498" member_type: VOTER last_known_addr { host: "127.5.165.195" port: 43693 } }
I20260713 09:01:55.378638  7099 tablet_service.cc:1917] Received RequestConsensusVote() RPC: tablet_id: "f6e57fec77e642daa85d642c85d3dfc4" candidate_uuid: "232d961ade77473dbd778381311934bf" candidate_term: 1 candidate_status { last_received { term: 0 index: 0 } } ignore_live_leader: false dest_uuid: "7dd56de80bc149e28145bdb202896498" is_pre_election: true
I20260713 09:01:55.379136  6921 leader_election.cc:304] T f6e57fec77e642daa85d642c85d3dfc4 P 232d961ade77473dbd778381311934bf [CANDIDATE]: Term 1 pre-election: Election decided. Result: candidate won. Election summary: received 2 responses out of 3 voters: 2 yes votes; 0 no votes. yes voters: 04a10a55140243d79efe5e1a2a6ac90a, 232d961ade77473dbd778381311934bf; no voters: 
I20260713 09:01:55.379312  7099 raft_consensus.cc:2468] T f6e57fec77e642daa85d642c85d3dfc4 P 7dd56de80bc149e28145bdb202896498 [term 0 FOLLOWER]: Leader pre-election vote request: Granting yes vote for candidate 232d961ade77473dbd778381311934bf in term 0.
I20260713 09:01:55.381404  6955 tablet_service.cc:1917] Received RequestConsensusVote() RPC: tablet_id: "05dbaed105d8415e9c6f8fca65db4c4f" candidate_uuid: "04a10a55140243d79efe5e1a2a6ac90a" candidate_term: 1 candidate_status { last_received { term: 0 index: 0 } } ignore_live_leader: false dest_uuid: "232d961ade77473dbd778381311934bf" is_pre_election: true
I20260713 09:01:55.382499  7241 raft_consensus.cc:2804] T f6e57fec77e642daa85d642c85d3dfc4 P 232d961ade77473dbd778381311934bf [term 0 FOLLOWER]: Leader pre-election won for term 1
I20260713 09:01:55.382954  7241 raft_consensus.cc:493] T f6e57fec77e642daa85d642c85d3dfc4 P 232d961ade77473dbd778381311934bf [term 0 FOLLOWER]: Starting leader election (no leader contacted us within the election timeout)
I20260713 09:01:55.383236  7244 raft_consensus.cc:493] T 7c3cee542563447c9dc3157b056483c9 P 232d961ade77473dbd778381311934bf [term 0 FOLLOWER]: Starting pre-election (no leader contacted us within the election timeout)
I20260713 09:01:55.383294  7241 raft_consensus.cc:3060] T f6e57fec77e642daa85d642c85d3dfc4 P 232d961ade77473dbd778381311934bf [term 0 FOLLOWER]: Advancing to term 1
I20260713 09:01:55.383747  7099 tablet_service.cc:1917] Received RequestConsensusVote() RPC: tablet_id: "05dbaed105d8415e9c6f8fca65db4c4f" candidate_uuid: "04a10a55140243d79efe5e1a2a6ac90a" candidate_term: 1 candidate_status { last_received { term: 0 index: 0 } } ignore_live_leader: false dest_uuid: "7dd56de80bc149e28145bdb202896498" is_pre_election: true
W20260713 09:01:55.383836  6996 leader_election.cc:343] T 05dbaed105d8415e9c6f8fca65db4c4f P 04a10a55140243d79efe5e1a2a6ac90a [CANDIDATE]: Term 1 pre-election: Tablet error from VoteRequest() call to peer 232d961ade77473dbd778381311934bf (127.5.165.193:39319): Illegal state: must be running to vote when last-logged opid is not known
I20260713 09:01:55.383852  7244 raft_consensus.cc:515] T 7c3cee542563447c9dc3157b056483c9 P 232d961ade77473dbd778381311934bf [term 0 FOLLOWER]: Starting pre-election with config: opid_index: -1 OBSOLETE_local: false peers { permanent_uuid: "232d961ade77473dbd778381311934bf" member_type: VOTER last_known_addr { host: "127.5.165.193" port: 39319 } } peers { permanent_uuid: "04a10a55140243d79efe5e1a2a6ac90a" member_type: VOTER last_known_addr { host: "127.5.165.194" port: 43285 } } peers { permanent_uuid: "7dd56de80bc149e28145bdb202896498" member_type: VOTER last_known_addr { host: "127.5.165.195" port: 43693 } }
W20260713 09:01:55.385339  6995 leader_election.cc:343] T 05dbaed105d8415e9c6f8fca65db4c4f P 04a10a55140243d79efe5e1a2a6ac90a [CANDIDATE]: Term 1 pre-election: Tablet error from VoteRequest() call to peer 7dd56de80bc149e28145bdb202896498 (127.5.165.195:43693): Illegal state: must be running to vote when last-logged opid is not known
I20260713 09:01:55.385793  6995 leader_election.cc:304] T 05dbaed105d8415e9c6f8fca65db4c4f P 04a10a55140243d79efe5e1a2a6ac90a [CANDIDATE]: Term 1 pre-election: Election decided. Result: candidate lost. Election summary: received 3 responses out of 3 voters: 1 yes votes; 2 no votes. yes voters: 04a10a55140243d79efe5e1a2a6ac90a; no voters: 232d961ade77473dbd778381311934bf, 7dd56de80bc149e28145bdb202896498
I20260713 09:01:55.386632  7192 raft_consensus.cc:2749] T 05dbaed105d8415e9c6f8fca65db4c4f P 04a10a55140243d79efe5e1a2a6ac90a [term 0 FOLLOWER]: Leader pre-election lost for term 1. Reason: could not achieve majority
I20260713 09:01:55.375911  7207 leader_election.cc:290] T f6e57fec77e642daa85d642c85d3dfc4 P 7dd56de80bc149e28145bdb202896498 [CANDIDATE]: Term 1 pre-election: Requested pre-vote from peers 232d961ade77473dbd778381311934bf (127.5.165.193:39319), 04a10a55140243d79efe5e1a2a6ac90a (127.5.165.194:43285)
I20260713 09:01:55.378643  6952 tablet_service.cc:1917] Received RequestConsensusVote() RPC: tablet_id: "f6e57fec77e642daa85d642c85d3dfc4" candidate_uuid: "7dd56de80bc149e28145bdb202896498" candidate_term: 1 candidate_status { last_received { term: 0 index: 0 } } ignore_live_leader: false dest_uuid: "232d961ade77473dbd778381311934bf" is_pre_election: true
I20260713 09:01:55.389391  7099 tablet_service.cc:1917] Received RequestConsensusVote() RPC: tablet_id: "7c3cee542563447c9dc3157b056483c9" candidate_uuid: "232d961ade77473dbd778381311934bf" candidate_term: 1 candidate_status { last_received { term: 0 index: 0 } } ignore_live_leader: false dest_uuid: "7dd56de80bc149e28145bdb202896498" is_pre_election: true
W20260713 09:01:55.391481  6920 leader_election.cc:343] T 7c3cee542563447c9dc3157b056483c9 P 232d961ade77473dbd778381311934bf [CANDIDATE]: Term 1 pre-election: Tablet error from VoteRequest() call to peer 7dd56de80bc149e28145bdb202896498 (127.5.165.195:43693): Illegal state: must be running to vote when last-logged opid is not known
I20260713 09:01:55.392207  7030 raft_consensus.cc:2468] T f6e57fec77e642daa85d642c85d3dfc4 P 04a10a55140243d79efe5e1a2a6ac90a [term 0 FOLLOWER]: Leader pre-election vote request: Granting yes vote for candidate 7dd56de80bc149e28145bdb202896498 in term 0.
I20260713 09:01:55.380316  7234 leader_election.cc:290] T 05dbaed105d8415e9c6f8fca65db4c4f P 04a10a55140243d79efe5e1a2a6ac90a [CANDIDATE]: Term 1 pre-election: Requested pre-vote from peers 232d961ade77473dbd778381311934bf (127.5.165.193:39319), 7dd56de80bc149e28145bdb202896498 (127.5.165.195:43693)
I20260713 09:01:55.393325  7070 leader_election.cc:304] T f6e57fec77e642daa85d642c85d3dfc4 P 7dd56de80bc149e28145bdb202896498 [CANDIDATE]: Term 1 pre-election: Election decided. Result: candidate won. Election summary: received 2 responses out of 3 voters: 2 yes votes; 0 no votes. yes voters: 04a10a55140243d79efe5e1a2a6ac90a, 7dd56de80bc149e28145bdb202896498; no voters: 
I20260713 09:01:55.394351  7207 raft_consensus.cc:2804] T f6e57fec77e642daa85d642c85d3dfc4 P 7dd56de80bc149e28145bdb202896498 [term 0 FOLLOWER]: Leader pre-election won for term 1
I20260713 09:01:55.395709  7030 tablet_service.cc:1917] Received RequestConsensusVote() RPC: tablet_id: "7c3cee542563447c9dc3157b056483c9" candidate_uuid: "232d961ade77473dbd778381311934bf" candidate_term: 1 candidate_status { last_received { term: 0 index: 0 } } ignore_live_leader: false dest_uuid: "04a10a55140243d79efe5e1a2a6ac90a" is_pre_election: true
I20260713 09:01:55.398136  7030 raft_consensus.cc:2468] T 7c3cee542563447c9dc3157b056483c9 P 04a10a55140243d79efe5e1a2a6ac90a [term 0 FOLLOWER]: Leader pre-election vote request: Granting yes vote for candidate 232d961ade77473dbd778381311934bf in term 0.
I20260713 09:01:55.394737  7207 raft_consensus.cc:493] T f6e57fec77e642daa85d642c85d3dfc4 P 7dd56de80bc149e28145bdb202896498 [term 0 FOLLOWER]: Starting leader election (no leader contacted us within the election timeout)
I20260713 09:01:55.399726  7207 raft_consensus.cc:3060] T f6e57fec77e642daa85d642c85d3dfc4 P 7dd56de80bc149e28145bdb202896498 [term 0 FOLLOWER]: Advancing to term 1
I20260713 09:01:55.387476  7244 leader_election.cc:290] T 7c3cee542563447c9dc3157b056483c9 P 232d961ade77473dbd778381311934bf [CANDIDATE]: Term 1 pre-election: Requested pre-vote from peers 04a10a55140243d79efe5e1a2a6ac90a (127.5.165.194:43285), 7dd56de80bc149e28145bdb202896498 (127.5.165.195:43693)
I20260713 09:01:55.403949  6921 leader_election.cc:304] T 7c3cee542563447c9dc3157b056483c9 P 232d961ade77473dbd778381311934bf [CANDIDATE]: Term 1 pre-election: Election decided. Result: candidate won. Election summary: received 3 responses out of 3 voters: 2 yes votes; 1 no votes. yes voters: 04a10a55140243d79efe5e1a2a6ac90a, 232d961ade77473dbd778381311934bf; no voters: 7dd56de80bc149e28145bdb202896498
I20260713 09:01:55.405750  7244 raft_consensus.cc:2804] T 7c3cee542563447c9dc3157b056483c9 P 232d961ade77473dbd778381311934bf [term 0 FOLLOWER]: Leader pre-election won for term 1
I20260713 09:01:55.406306  7244 raft_consensus.cc:493] T 7c3cee542563447c9dc3157b056483c9 P 232d961ade77473dbd778381311934bf [term 0 FOLLOWER]: Starting leader election (no leader contacted us within the election timeout)
I20260713 09:01:55.406288  7241 raft_consensus.cc:515] T f6e57fec77e642daa85d642c85d3dfc4 P 232d961ade77473dbd778381311934bf [term 1 FOLLOWER]: Starting leader election with config: opid_index: -1 OBSOLETE_local: false peers { permanent_uuid: "232d961ade77473dbd778381311934bf" member_type: VOTER last_known_addr { host: "127.5.165.193" port: 39319 } } peers { permanent_uuid: "04a10a55140243d79efe5e1a2a6ac90a" member_type: VOTER last_known_addr { host: "127.5.165.194" port: 43285 } } peers { permanent_uuid: "7dd56de80bc149e28145bdb202896498" member_type: VOTER last_known_addr { host: "127.5.165.195" port: 43693 } }
I20260713 09:01:55.407034  7244 raft_consensus.cc:3060] T 7c3cee542563447c9dc3157b056483c9 P 232d961ade77473dbd778381311934bf [term 0 FOLLOWER]: Advancing to term 1
I20260713 09:01:55.407929  6952 raft_consensus.cc:2393] T f6e57fec77e642daa85d642c85d3dfc4 P 232d961ade77473dbd778381311934bf [term 1 FOLLOWER]: Leader pre-election vote request: Denying vote to candidate 7dd56de80bc149e28145bdb202896498 in current term 1: Already voted for candidate 232d961ade77473dbd778381311934bf in this term.
I20260713 09:01:55.408865  7241 leader_election.cc:290] T f6e57fec77e642daa85d642c85d3dfc4 P 232d961ade77473dbd778381311934bf [CANDIDATE]: Term 1 election: Requested vote from peers 04a10a55140243d79efe5e1a2a6ac90a (127.5.165.194:43285), 7dd56de80bc149e28145bdb202896498 (127.5.165.195:43693)
I20260713 09:01:55.411639  7099 tablet_service.cc:1917] Received RequestConsensusVote() RPC: tablet_id: "f6e57fec77e642daa85d642c85d3dfc4" candidate_uuid: "232d961ade77473dbd778381311934bf" candidate_term: 1 candidate_status { last_received { term: 0 index: 0 } } ignore_live_leader: false dest_uuid: "7dd56de80bc149e28145bdb202896498"
I20260713 09:01:55.412871  7207 raft_consensus.cc:515] T f6e57fec77e642daa85d642c85d3dfc4 P 7dd56de80bc149e28145bdb202896498 [term 1 FOLLOWER]: Starting leader election with config: opid_index: -1 OBSOLETE_local: false peers { permanent_uuid: "232d961ade77473dbd778381311934bf" member_type: VOTER last_known_addr { host: "127.5.165.193" port: 39319 } } peers { permanent_uuid: "04a10a55140243d79efe5e1a2a6ac90a" member_type: VOTER last_known_addr { host: "127.5.165.194" port: 43285 } } peers { permanent_uuid: "7dd56de80bc149e28145bdb202896498" member_type: VOTER last_known_addr { host: "127.5.165.195" port: 43693 } }
I20260713 09:01:55.416762  7030 tablet_service.cc:1917] Received RequestConsensusVote() RPC: tablet_id: "f6e57fec77e642daa85d642c85d3dfc4" candidate_uuid: "232d961ade77473dbd778381311934bf" candidate_term: 1 candidate_status { last_received { term: 0 index: 0 } } ignore_live_leader: false dest_uuid: "04a10a55140243d79efe5e1a2a6ac90a"
I20260713 09:01:55.417582  7099 raft_consensus.cc:2393] T f6e57fec77e642daa85d642c85d3dfc4 P 7dd56de80bc149e28145bdb202896498 [term 1 FOLLOWER]: Leader election vote request: Denying vote to candidate 232d961ade77473dbd778381311934bf in current term 1: Already voted for candidate 7dd56de80bc149e28145bdb202896498 in this term.
I20260713 09:01:55.417573  7030 raft_consensus.cc:3060] T f6e57fec77e642daa85d642c85d3dfc4 P 04a10a55140243d79efe5e1a2a6ac90a [term 0 FOLLOWER]: Advancing to term 1
I20260713 09:01:55.425699  7153 consensus_queue.cc:1048] T 725cda355b5d4ec5a200b4c2685d57ba P 232d961ade77473dbd778381311934bf [LEADER]: Connected to new peer: Peer: permanent_uuid: "04a10a55140243d79efe5e1a2a6ac90a" member_type: VOTER last_known_addr { host: "127.5.165.194" port: 43285 }, Status: LMP_MISMATCH, Last received: 0.0, Next index: 1, Last known committed idx: 0, Time since last communication: 0.000s
I20260713 09:01:55.426457  7244 raft_consensus.cc:515] T 7c3cee542563447c9dc3157b056483c9 P 232d961ade77473dbd778381311934bf [term 1 FOLLOWER]: Starting leader election with config: opid_index: -1 OBSOLETE_local: false peers { permanent_uuid: "232d961ade77473dbd778381311934bf" member_type: VOTER last_known_addr { host: "127.5.165.193" port: 39319 } } peers { permanent_uuid: "04a10a55140243d79efe5e1a2a6ac90a" member_type: VOTER last_known_addr { host: "127.5.165.194" port: 43285 } } peers { permanent_uuid: "7dd56de80bc149e28145bdb202896498" member_type: VOTER last_known_addr { host: "127.5.165.195" port: 43693 } }
I20260713 09:01:55.428928  7030 raft_consensus.cc:2468] T f6e57fec77e642daa85d642c85d3dfc4 P 04a10a55140243d79efe5e1a2a6ac90a [term 1 FOLLOWER]: Leader election vote request: Granting yes vote for candidate 232d961ade77473dbd778381311934bf in term 1.
I20260713 09:01:55.430231  7244 leader_election.cc:290] T 7c3cee542563447c9dc3157b056483c9 P 232d961ade77473dbd778381311934bf [CANDIDATE]: Term 1 election: Requested vote from peers 04a10a55140243d79efe5e1a2a6ac90a (127.5.165.194:43285), 7dd56de80bc149e28145bdb202896498 (127.5.165.195:43693)
I20260713 09:01:55.430456  7100 tablet_service.cc:1917] Received RequestConsensusVote() RPC: tablet_id: "7c3cee542563447c9dc3157b056483c9" candidate_uuid: "232d961ade77473dbd778381311934bf" candidate_term: 1 candidate_status { last_received { term: 0 index: 0 } } ignore_live_leader: false dest_uuid: "7dd56de80bc149e28145bdb202896498"
W20260713 09:01:55.431885  6920 leader_election.cc:343] T 7c3cee542563447c9dc3157b056483c9 P 232d961ade77473dbd778381311934bf [CANDIDATE]: Term 1 election: Tablet error from VoteRequest() call to peer 7dd56de80bc149e28145bdb202896498 (127.5.165.195:43693): Illegal state: must be running to vote when last-logged opid is not known
I20260713 09:01:55.433710  7144 tablet_bootstrap.cc:492] T 7c3cee542563447c9dc3157b056483c9 P 7dd56de80bc149e28145bdb202896498: No bootstrap required, opened a new log
I20260713 09:01:55.434160  7027 tablet_service.cc:1917] Received RequestConsensusVote() RPC: tablet_id: "7c3cee542563447c9dc3157b056483c9" candidate_uuid: "232d961ade77473dbd778381311934bf" candidate_term: 1 candidate_status { last_received { term: 0 index: 0 } } ignore_live_leader: false dest_uuid: "04a10a55140243d79efe5e1a2a6ac90a"
I20260713 09:01:55.434386  7144 ts_tablet_manager.cc:1403] T 7c3cee542563447c9dc3157b056483c9 P 7dd56de80bc149e28145bdb202896498: Time spent bootstrapping tablet: real 0.086s	user 0.017s	sys 0.003s
I20260713 09:01:55.434746  7027 raft_consensus.cc:3060] T 7c3cee542563447c9dc3157b056483c9 P 04a10a55140243d79efe5e1a2a6ac90a [term 0 FOLLOWER]: Advancing to term 1
I20260713 09:01:55.433706  6921 leader_election.cc:304] T f6e57fec77e642daa85d642c85d3dfc4 P 232d961ade77473dbd778381311934bf [CANDIDATE]: Term 1 election: Election decided. Result: candidate won. Election summary: received 3 responses out of 3 voters: 2 yes votes; 1 no votes. yes voters: 04a10a55140243d79efe5e1a2a6ac90a, 232d961ade77473dbd778381311934bf; no voters: 7dd56de80bc149e28145bdb202896498
I20260713 09:01:55.441648  6955 tablet_service.cc:1917] Received RequestConsensusVote() RPC: tablet_id: "f6e57fec77e642daa85d642c85d3dfc4" candidate_uuid: "7dd56de80bc149e28145bdb202896498" candidate_term: 1 candidate_status { last_received { term: 0 index: 0 } } ignore_live_leader: false dest_uuid: "232d961ade77473dbd778381311934bf"
I20260713 09:01:55.437844  7144 raft_consensus.cc:359] T 7c3cee542563447c9dc3157b056483c9 P 7dd56de80bc149e28145bdb202896498 [term 0 FOLLOWER]: Replica starting. Triggering 0 pending ops. Active config: opid_index: -1 OBSOLETE_local: false peers { permanent_uuid: "232d961ade77473dbd778381311934bf" member_type: VOTER last_known_addr { host: "127.5.165.193" port: 39319 } } peers { permanent_uuid: "04a10a55140243d79efe5e1a2a6ac90a" member_type: VOTER last_known_addr { host: "127.5.165.194" port: 43285 } } peers { permanent_uuid: "7dd56de80bc149e28145bdb202896498" member_type: VOTER last_known_addr { host: "127.5.165.195" port: 43693 } }
I20260713 09:01:55.443297  7234 raft_consensus.cc:493] T 3635ecab795b4222966db44396400159 P 04a10a55140243d79efe5e1a2a6ac90a [term 0 FOLLOWER]: Starting pre-election (no leader contacted us within the election timeout)
I20260713 09:01:55.437812  7242 raft_consensus.cc:2804] T f6e57fec77e642daa85d642c85d3dfc4 P 232d961ade77473dbd778381311934bf [term 1 FOLLOWER]: Leader election won for term 1
I20260713 09:01:55.456429  7242 raft_consensus.cc:697] T f6e57fec77e642daa85d642c85d3dfc4 P 232d961ade77473dbd778381311934bf [term 1 LEADER]: Becoming Leader. State: Replica: 232d961ade77473dbd778381311934bf, State: Running, Role: LEADER
I20260713 09:01:55.456378  7144 raft_consensus.cc:385] T 7c3cee542563447c9dc3157b056483c9 P 7dd56de80bc149e28145bdb202896498 [term 0 FOLLOWER]: Consensus starting up: Expiring failure detector timer to make a prompt election more likely
I20260713 09:01:55.457731  7144 raft_consensus.cc:740] T 7c3cee542563447c9dc3157b056483c9 P 7dd56de80bc149e28145bdb202896498 [term 0 FOLLOWER]: Becoming Follower/Learner. State: Replica: 7dd56de80bc149e28145bdb202896498, State: Initialized, Role: FOLLOWER
I20260713 09:01:55.442097  7029 tablet_service.cc:1917] Received RequestConsensusVote() RPC: tablet_id: "f6e57fec77e642daa85d642c85d3dfc4" candidate_uuid: "7dd56de80bc149e28145bdb202896498" candidate_term: 1 candidate_status { last_received { term: 0 index: 0 } } ignore_live_leader: false dest_uuid: "04a10a55140243d79efe5e1a2a6ac90a"
I20260713 09:01:55.459774  7144 consensus_queue.cc:260] T 7c3cee542563447c9dc3157b056483c9 P 7dd56de80bc149e28145bdb202896498 [NON_LEADER]: Queue going to NON_LEADER mode. State: All replicated index: 0, Majority replicated index: 0, Committed index: 0, Last appended: 0.0, Last appended by leader: 0, Current term: 0, Majority size: -1, State: 0, Mode: NON_LEADER, active raft config: opid_index: -1 OBSOLETE_local: false peers { permanent_uuid: "232d961ade77473dbd778381311934bf" member_type: VOTER last_known_addr { host: "127.5.165.193" port: 39319 } } peers { permanent_uuid: "04a10a55140243d79efe5e1a2a6ac90a" member_type: VOTER last_known_addr { host: "127.5.165.194" port: 43285 } } peers { permanent_uuid: "7dd56de80bc149e28145bdb202896498" member_type: VOTER last_known_addr { host: "127.5.165.195" port: 43693 } }
I20260713 09:01:55.456192  7234 raft_consensus.cc:515] T 3635ecab795b4222966db44396400159 P 04a10a55140243d79efe5e1a2a6ac90a [term 0 FOLLOWER]: Starting pre-election with config: opid_index: -1 OBSOLETE_local: false peers { permanent_uuid: "232d961ade77473dbd778381311934bf" member_type: VOTER last_known_addr { host: "127.5.165.193" port: 39319 } } peers { permanent_uuid: "04a10a55140243d79efe5e1a2a6ac90a" member_type: VOTER last_known_addr { host: "127.5.165.194" port: 43285 } } peers { permanent_uuid: "7dd56de80bc149e28145bdb202896498" member_type: VOTER last_known_addr { host: "127.5.165.195" port: 43693 } }
I20260713 09:01:55.448115  7192 consensus_queue.cc:1048] T 858b2c2ad0dd42138c1f8b6fe85809d6 P 04a10a55140243d79efe5e1a2a6ac90a [LEADER]: Connected to new peer: Peer: permanent_uuid: "232d961ade77473dbd778381311934bf" member_type: VOTER last_known_addr { host: "127.5.165.193" port: 39319 }, Status: LMP_MISMATCH, Last received: 0.0, Next index: 1, Last known committed idx: 0, Time since last communication: 0.025s
I20260713 09:01:55.473431  7144 ts_tablet_manager.cc:1434] T 7c3cee542563447c9dc3157b056483c9 P 7dd56de80bc149e28145bdb202896498: Time spent starting tablet: real 0.039s	user 0.014s	sys 0.002s
I20260713 09:01:55.474601  7144 tablet_bootstrap.cc:492] T 3635ecab795b4222966db44396400159 P 7dd56de80bc149e28145bdb202896498: Bootstrap starting.
