I20260713 09:02:39.889261  1450 master_service.cc:502] Signed X509 certificate for tserver {username='slave'} at 127.0.0.1:40360
I20260713 09:02:39.892599  1748 consensus_queue.cc:1048] T f1ee6c8622f549939a80d855d928af1f P d5ac8921de2249b293a42381a8fc18cb [LEADER]: Connected to new peer: Peer: permanent_uuid: "2abcfd77cd494b3480a8c0fe74ab7703" member_type: VOTER last_known_addr { host: "127.0.107.194" port: 41489 }, Status: LMP_MISMATCH, Last received: 0.0, Next index: 1, Last known committed idx: 0, Time since last communication: 0.000s
I20260713 09:02:39.908236  1884 consensus_queue.cc:1048] T f1ee6c8622f549939a80d855d928af1f P d5ac8921de2249b293a42381a8fc18cb [LEADER]: Connected to new peer: Peer: permanent_uuid: "07ceb28e387849f68369671839f60faa" member_type: VOTER last_known_addr { host: "127.0.107.195" port: 36465 }, Status: LMP_MISMATCH, Last received: 0.0, Next index: 1, Last known committed idx: 0, Time since last communication: 0.001s
I20260713 09:02:39.914726  1804 consensus_queue.cc:1048] T 4e9e5bbbcd61494787fe5bb8c65d2ed2 P 2abcfd77cd494b3480a8c0fe74ab7703 [LEADER]: Connected to new peer: Peer: permanent_uuid: "d5ac8921de2249b293a42381a8fc18cb" member_type: VOTER last_known_addr { host: "127.0.107.193" port: 36059 }, Status: LMP_MISMATCH, Last received: 0.0, Next index: 1, Last known committed idx: 0, Time since last communication: 0.001s
I20260713 09:02:39.944746  1749 consensus_queue.cc:1048] T 4e9e5bbbcd61494787fe5bb8c65d2ed2 P 2abcfd77cd494b3480a8c0fe74ab7703 [LEADER]: Connected to new peer: Peer: permanent_uuid: "07ceb28e387849f68369671839f60faa" member_type: VOTER last_known_addr { host: "127.0.107.195" port: 36465 }, Status: LMP_MISMATCH, Last received: 0.0, Next index: 1, Last known committed idx: 0, Time since last communication: 0.001s
I20260713 09:02:40.048678  1627 consensus_queue.cc:237] T d1d08ce88cc2407bbc9134dcf94b7673 P 2abcfd77cd494b3480a8c0fe74ab7703 [LEADER]: Queue going to LEADER mode. State: All replicated index: 0, Majority replicated index: 1, Committed index: 1, Last appended: 1.1, Last appended by leader: 0, Current term: 1, Majority size: 2, State: 0, Mode: LEADER, active raft config: opid_index: 2 OBSOLETE_local: false peers { permanent_uuid: "07ceb28e387849f68369671839f60faa" member_type: VOTER last_known_addr { host: "127.0.107.195" port: 36465 } attrs { replace: true } } peers { permanent_uuid: "d5ac8921de2249b293a42381a8fc18cb" member_type: VOTER last_known_addr { host: "127.0.107.193" port: 36059 } } peers { permanent_uuid: "2abcfd77cd494b3480a8c0fe74ab7703" member_type: VOTER last_known_addr { host: "127.0.107.194" port: 41489 } } peers { permanent_uuid: "66afc34f924743fbacdd16d96f7daef1" member_type: NON_VOTER last_known_addr { host: "127.0.107.196" port: 33911 } attrs { promote: true } }
I20260713 09:02:40.055649  1552 raft_consensus.cc:1275] T d1d08ce88cc2407bbc9134dcf94b7673 P d5ac8921de2249b293a42381a8fc18cb [term 1 FOLLOWER]: Refusing update from remote peer 2abcfd77cd494b3480a8c0fe74ab7703: Log matching property violated. Preceding OpId in replica: term: 1 index: 1. Preceding OpId from leader: term: 1 index: 2. (index mismatch)
I20260713 09:02:40.055742  1700 raft_consensus.cc:1275] T d1d08ce88cc2407bbc9134dcf94b7673 P 07ceb28e387849f68369671839f60faa [term 1 FOLLOWER]: Refusing update from remote peer 2abcfd77cd494b3480a8c0fe74ab7703: Log matching property violated. Preceding OpId in replica: term: 1 index: 1. Preceding OpId from leader: term: 1 index: 2. (index mismatch)
I20260713 09:02:40.057577  1749 consensus_queue.cc:1048] T d1d08ce88cc2407bbc9134dcf94b7673 P 2abcfd77cd494b3480a8c0fe74ab7703 [LEADER]: Connected to new peer: Peer: permanent_uuid: "d5ac8921de2249b293a42381a8fc18cb" member_type: VOTER last_known_addr { host: "127.0.107.193" port: 36059 }, Status: LMP_MISMATCH, Last received: 0.0, Next index: 2, Last known committed idx: 1, Time since last communication: 0.000s
I20260713 09:02:40.058507  1804 consensus_queue.cc:1048] T d1d08ce88cc2407bbc9134dcf94b7673 P 2abcfd77cd494b3480a8c0fe74ab7703 [LEADER]: Connected to new peer: Peer: permanent_uuid: "07ceb28e387849f68369671839f60faa" member_type: VOTER last_known_addr { host: "127.0.107.195" port: 36465 } attrs { replace: true }, Status: LMP_MISMATCH, Last received: 0.0, Next index: 2, Last known committed idx: 1, Time since last communication: 0.000s
I20260713 09:02:40.068476  1761 raft_consensus.cc:2955] T d1d08ce88cc2407bbc9134dcf94b7673 P 2abcfd77cd494b3480a8c0fe74ab7703 [term 1 LEADER]: Committing config change with OpId 1.2: config changed from index -1 to 2, NON_VOTER 66afc34f924743fbacdd16d96f7daef1 (127.0.107.196) added. New config: { opid_index: 2 OBSOLETE_local: false peers { permanent_uuid: "07ceb28e387849f68369671839f60faa" member_type: VOTER last_known_addr { host: "127.0.107.195" port: 36465 } attrs { replace: true } } peers { permanent_uuid: "d5ac8921de2249b293a42381a8fc18cb" member_type: VOTER last_known_addr { host: "127.0.107.193" port: 36059 } } peers { permanent_uuid: "2abcfd77cd494b3480a8c0fe74ab7703" member_type: VOTER last_known_addr { host: "127.0.107.194" port: 41489 } } peers { permanent_uuid: "66afc34f924743fbacdd16d96f7daef1" member_type: NON_VOTER last_known_addr { host: "127.0.107.196" port: 33911 } attrs { promote: true } } }
W20260713 09:02:40.070465  1592 consensus_peers.cc:597] T d1d08ce88cc2407bbc9134dcf94b7673 P 2abcfd77cd494b3480a8c0fe74ab7703 -> Peer 66afc34f924743fbacdd16d96f7daef1 (127.0.107.196:33911): Couldn't send request to peer 66afc34f924743fbacdd16d96f7daef1. Error code: TABLET_NOT_FOUND (6). Status: Not found: Tablet not found: d1d08ce88cc2407bbc9134dcf94b7673. This is attempt 1: this message will repeat every 5th retry.
I20260713 09:02:40.070533  1552 raft_consensus.cc:2955] T d1d08ce88cc2407bbc9134dcf94b7673 P d5ac8921de2249b293a42381a8fc18cb [term 1 FOLLOWER]: Committing config change with OpId 1.2: config changed from index -1 to 2, NON_VOTER 66afc34f924743fbacdd16d96f7daef1 (127.0.107.196) added. New config: { opid_index: 2 OBSOLETE_local: false peers { permanent_uuid: "07ceb28e387849f68369671839f60faa" member_type: VOTER last_known_addr { host: "127.0.107.195" port: 36465 } attrs { replace: true } } peers { permanent_uuid: "d5ac8921de2249b293a42381a8fc18cb" member_type: VOTER last_known_addr { host: "127.0.107.193" port: 36059 } } peers { permanent_uuid: "2abcfd77cd494b3480a8c0fe74ab7703" member_type: VOTER last_known_addr { host: "127.0.107.194" port: 41489 } } peers { permanent_uuid: "66afc34f924743fbacdd16d96f7daef1" member_type: NON_VOTER last_known_addr { host: "127.0.107.196" port: 33911 } attrs { promote: true } } }
I20260713 09:02:40.072738  1700 raft_consensus.cc:2955] T d1d08ce88cc2407bbc9134dcf94b7673 P 07ceb28e387849f68369671839f60faa [term 1 FOLLOWER]: Committing config change with OpId 1.2: config changed from index -1 to 2, NON_VOTER 66afc34f924743fbacdd16d96f7daef1 (127.0.107.196) added. New config: { opid_index: 2 OBSOLETE_local: false peers { permanent_uuid: "07ceb28e387849f68369671839f60faa" member_type: VOTER last_known_addr { host: "127.0.107.195" port: 36465 } attrs { replace: true } } peers { permanent_uuid: "d5ac8921de2249b293a42381a8fc18cb" member_type: VOTER last_known_addr { host: "127.0.107.193" port: 36059 } } peers { permanent_uuid: "2abcfd77cd494b3480a8c0fe74ab7703" member_type: VOTER last_known_addr { host: "127.0.107.194" port: 41489 } } peers { permanent_uuid: "66afc34f924743fbacdd16d96f7daef1" member_type: NON_VOTER last_known_addr { host: "127.0.107.196" port: 33911 } attrs { promote: true } } }
I20260713 09:02:40.082888  1447 catalog_manager.cc:5697] T d1d08ce88cc2407bbc9134dcf94b7673 P d5ac8921de2249b293a42381a8fc18cb reported cstate change: config changed from index -1 to 2, NON_VOTER 66afc34f924743fbacdd16d96f7daef1 (127.0.107.196) added. New cstate: current_term: 1 leader_uuid: "2abcfd77cd494b3480a8c0fe74ab7703" committed_config { opid_index: 2 OBSOLETE_local: false peers { permanent_uuid: "07ceb28e387849f68369671839f60faa" member_type: VOTER last_known_addr { host: "127.0.107.195" port: 36465 } attrs { replace: true } } peers { permanent_uuid: "d5ac8921de2249b293a42381a8fc18cb" member_type: VOTER last_known_addr { host: "127.0.107.193" port: 36059 } } peers { permanent_uuid: "2abcfd77cd494b3480a8c0fe74ab7703" member_type: VOTER last_known_addr { host: "127.0.107.194" port: 41489 } } peers { permanent_uuid: "66afc34f924743fbacdd16d96f7daef1" member_type: NON_VOTER last_known_addr { host: "127.0.107.196" port: 33911 } attrs { promote: true } } }
I20260713 09:02:40.101284  1700 consensus_queue.cc:237] T 7f6dc251926e475ab5bc20bddc662a7b P 07ceb28e387849f68369671839f60faa [LEADER]: Queue going to LEADER mode. State: All replicated index: 0, Majority replicated index: 1, Committed index: 1, Last appended: 1.1, Last appended by leader: 0, Current term: 1, Majority size: 2, State: 0, Mode: LEADER, active raft config: opid_index: 2 OBSOLETE_local: false peers { permanent_uuid: "d5ac8921de2249b293a42381a8fc18cb" member_type: VOTER last_known_addr { host: "127.0.107.193" port: 36059 } attrs { replace: true } } peers { permanent_uuid: "2abcfd77cd494b3480a8c0fe74ab7703" member_type: VOTER last_known_addr { host: "127.0.107.194" port: 41489 } } peers { permanent_uuid: "07ceb28e387849f68369671839f60faa" member_type: VOTER last_known_addr { host: "127.0.107.195" port: 36465 } } peers { permanent_uuid: "66afc34f924743fbacdd16d96f7daef1" member_type: NON_VOTER last_known_addr { host: "127.0.107.196" port: 33911 } attrs { promote: true } }
I20260713 09:02:40.109674  1627 raft_consensus.cc:1275] T 7f6dc251926e475ab5bc20bddc662a7b P 2abcfd77cd494b3480a8c0fe74ab7703 [term 1 FOLLOWER]: Refusing update from remote peer 07ceb28e387849f68369671839f60faa: Log matching property violated. Preceding OpId in replica: term: 1 index: 1. Preceding OpId from leader: term: 1 index: 2. (index mismatch)
I20260713 09:02:40.111279  1750 consensus_queue.cc:1048] T 7f6dc251926e475ab5bc20bddc662a7b P 07ceb28e387849f68369671839f60faa [LEADER]: Connected to new peer: Peer: permanent_uuid: "2abcfd77cd494b3480a8c0fe74ab7703" member_type: VOTER last_known_addr { host: "127.0.107.194" port: 41489 }, Status: LMP_MISMATCH, Last received: 0.0, Next index: 2, Last known committed idx: 1, Time since last communication: 0.001s
I20260713 09:02:40.111543  1552 raft_consensus.cc:1275] T 7f6dc251926e475ab5bc20bddc662a7b P d5ac8921de2249b293a42381a8fc18cb [term 1 FOLLOWER]: Refusing update from remote peer 07ceb28e387849f68369671839f60faa: Log matching property violated. Preceding OpId in replica: term: 1 index: 1. Preceding OpId from leader: term: 1 index: 2. (index mismatch)
I20260713 09:02:40.113121  1750 consensus_queue.cc:1048] T 7f6dc251926e475ab5bc20bddc662a7b P 07ceb28e387849f68369671839f60faa [LEADER]: Connected to new peer: Peer: permanent_uuid: "d5ac8921de2249b293a42381a8fc18cb" member_type: VOTER last_known_addr { host: "127.0.107.193" port: 36059 } attrs { replace: true }, Status: LMP_MISMATCH, Last received: 0.0, Next index: 2, Last known committed idx: 1, Time since last communication: 0.000s
W20260713 09:02:40.126134  1666 consensus_peers.cc:597] T 7f6dc251926e475ab5bc20bddc662a7b P 07ceb28e387849f68369671839f60faa -> Peer 66afc34f924743fbacdd16d96f7daef1 (127.0.107.196:33911): Couldn't send request to peer 66afc34f924743fbacdd16d96f7daef1. Error code: TABLET_NOT_FOUND (6). Status: Not found: Tablet not found: 7f6dc251926e475ab5bc20bddc662a7b. This is attempt 1: this message will repeat every 5th retry.
I20260713 09:02:40.123571  1782 raft_consensus.cc:2955] T 7f6dc251926e475ab5bc20bddc662a7b P 07ceb28e387849f68369671839f60faa [term 1 LEADER]: Committing config change with OpId 1.2: config changed from index -1 to 2, NON_VOTER 66afc34f924743fbacdd16d96f7daef1 (127.0.107.196) added. New config: { opid_index: 2 OBSOLETE_local: false peers { permanent_uuid: "d5ac8921de2249b293a42381a8fc18cb" member_type: VOTER last_known_addr { host: "127.0.107.193" port: 36059 } attrs { replace: true } } peers { permanent_uuid: "2abcfd77cd494b3480a8c0fe74ab7703" member_type: VOTER last_known_addr { host: "127.0.107.194" port: 41489 } } peers { permanent_uuid: "07ceb28e387849f68369671839f60faa" member_type: VOTER last_known_addr { host: "127.0.107.195" port: 36465 } } peers { permanent_uuid: "66afc34f924743fbacdd16d96f7daef1" member_type: NON_VOTER last_known_addr { host: "127.0.107.196" port: 33911 } attrs { promote: true } } }
I20260713 09:02:40.126752  1552 raft_consensus.cc:2955] T 7f6dc251926e475ab5bc20bddc662a7b P d5ac8921de2249b293a42381a8fc18cb [term 1 FOLLOWER]: Committing config change with OpId 1.2: config changed from index -1 to 2, NON_VOTER 66afc34f924743fbacdd16d96f7daef1 (127.0.107.196) added. New config: { opid_index: 2 OBSOLETE_local: false peers { permanent_uuid: "d5ac8921de2249b293a42381a8fc18cb" member_type: VOTER last_known_addr { host: "127.0.107.193" port: 36059 } attrs { replace: true } } peers { permanent_uuid: "2abcfd77cd494b3480a8c0fe74ab7703" member_type: VOTER last_known_addr { host: "127.0.107.194" port: 41489 } } peers { permanent_uuid: "07ceb28e387849f68369671839f60faa" member_type: VOTER last_known_addr { host: "127.0.107.195" port: 36465 } } peers { permanent_uuid: "66afc34f924743fbacdd16d96f7daef1" member_type: NON_VOTER last_known_addr { host: "127.0.107.196" port: 33911 } attrs { promote: true } } }
I20260713 09:02:40.127424  1627 raft_consensus.cc:2955] T 7f6dc251926e475ab5bc20bddc662a7b P 2abcfd77cd494b3480a8c0fe74ab7703 [term 1 FOLLOWER]: Committing config change with OpId 1.2: config changed from index -1 to 2, NON_VOTER 66afc34f924743fbacdd16d96f7daef1 (127.0.107.196) added. New config: { opid_index: 2 OBSOLETE_local: false peers { permanent_uuid: "d5ac8921de2249b293a42381a8fc18cb" member_type: VOTER last_known_addr { host: "127.0.107.193" port: 36059 } attrs { replace: true } } peers { permanent_uuid: "2abcfd77cd494b3480a8c0fe74ab7703" member_type: VOTER last_known_addr { host: "127.0.107.194" port: 41489 } } peers { permanent_uuid: "07ceb28e387849f68369671839f60faa" member_type: VOTER last_known_addr { host: "127.0.107.195" port: 36465 } } peers { permanent_uuid: "66afc34f924743fbacdd16d96f7daef1" member_type: NON_VOTER last_known_addr { host: "127.0.107.196" port: 33911 } attrs { promote: true } } }
I20260713 09:02:40.143512  1449 catalog_manager.cc:5697] T 7f6dc251926e475ab5bc20bddc662a7b P 2abcfd77cd494b3480a8c0fe74ab7703 reported cstate change: config changed from index -1 to 2, NON_VOTER 66afc34f924743fbacdd16d96f7daef1 (127.0.107.196) added. New cstate: current_term: 1 leader_uuid: "07ceb28e387849f68369671839f60faa" committed_config { opid_index: 2 OBSOLETE_local: false peers { permanent_uuid: "d5ac8921de2249b293a42381a8fc18cb" member_type: VOTER last_known_addr { host: "127.0.107.193" port: 36059 } attrs { replace: true } } peers { permanent_uuid: "2abcfd77cd494b3480a8c0fe74ab7703" member_type: VOTER last_known_addr { host: "127.0.107.194" port: 41489 } } peers { permanent_uuid: "07ceb28e387849f68369671839f60faa" member_type: VOTER last_known_addr { host: "127.0.107.195" port: 36465 } } peers { permanent_uuid: "66afc34f924743fbacdd16d96f7daef1" member_type: NON_VOTER last_known_addr { host: "127.0.107.196" port: 33911 } attrs { promote: true } } }
I20260713 09:02:40.169781  1552 consensus_queue.cc:237] T d87e1be59c774c9c89fb58587add34b3 P d5ac8921de2249b293a42381a8fc18cb [LEADER]: Queue going to LEADER mode. State: All replicated index: 0, Majority replicated index: 1, Committed index: 1, Last appended: 1.1, Last appended by leader: 0, Current term: 1, Majority size: 2, State: 0, Mode: LEADER, active raft config: opid_index: 2 OBSOLETE_local: false peers { permanent_uuid: "d5ac8921de2249b293a42381a8fc18cb" member_type: VOTER last_known_addr { host: "127.0.107.193" port: 36059 } } peers { permanent_uuid: "2abcfd77cd494b3480a8c0fe74ab7703" member_type: VOTER last_known_addr { host: "127.0.107.194" port: 41489 } attrs { replace: true } } peers { permanent_uuid: "07ceb28e387849f68369671839f60faa" member_type: VOTER last_known_addr { host: "127.0.107.195" port: 36465 } } peers { permanent_uuid: "66afc34f924743fbacdd16d96f7daef1" member_type: NON_VOTER last_known_addr { host: "127.0.107.196" port: 33911 } attrs { promote: true } }
I20260713 09:02:40.177199  1701 raft_consensus.cc:1275] T d87e1be59c774c9c89fb58587add34b3 P 07ceb28e387849f68369671839f60faa [term 1 FOLLOWER]: Refusing update from remote peer d5ac8921de2249b293a42381a8fc18cb: Log matching property violated. Preceding OpId in replica: term: 1 index: 1. Preceding OpId from leader: term: 1 index: 2. (index mismatch)
I20260713 09:02:40.179256  1748 consensus_queue.cc:1048] T d87e1be59c774c9c89fb58587add34b3 P d5ac8921de2249b293a42381a8fc18cb [LEADER]: Connected to new peer: Peer: permanent_uuid: "07ceb28e387849f68369671839f60faa" member_type: VOTER last_known_addr { host: "127.0.107.195" port: 36465 }, Status: LMP_MISMATCH, Last received: 0.0, Next index: 2, Last known committed idx: 1, Time since last communication: 0.000s
I20260713 09:02:40.179975  1627 raft_consensus.cc:1275] T d87e1be59c774c9c89fb58587add34b3 P 2abcfd77cd494b3480a8c0fe74ab7703 [term 1 FOLLOWER]: Refusing update from remote peer d5ac8921de2249b293a42381a8fc18cb: Log matching property violated. Preceding OpId in replica: term: 1 index: 1. Preceding OpId from leader: term: 1 index: 2. (index mismatch)
I20260713 09:02:40.182148  1748 consensus_queue.cc:1048] T d87e1be59c774c9c89fb58587add34b3 P d5ac8921de2249b293a42381a8fc18cb [LEADER]: Connected to new peer: Peer: permanent_uuid: "2abcfd77cd494b3480a8c0fe74ab7703" member_type: VOTER last_known_addr { host: "127.0.107.194" port: 41489 } attrs { replace: true }, Status: LMP_MISMATCH, Last received: 0.0, Next index: 2, Last known committed idx: 1, Time since last communication: 0.000s
I20260713 09:02:40.189640  1991 raft_consensus.cc:2955] T d87e1be59c774c9c89fb58587add34b3 P d5ac8921de2249b293a42381a8fc18cb [term 1 LEADER]: Committing config change with OpId 1.2: config changed from index -1 to 2, NON_VOTER 66afc34f924743fbacdd16d96f7daef1 (127.0.107.196) added. New config: { opid_index: 2 OBSOLETE_local: false peers { permanent_uuid: "d5ac8921de2249b293a42381a8fc18cb" member_type: VOTER last_known_addr { host: "127.0.107.193" port: 36059 } } peers { permanent_uuid: "2abcfd77cd494b3480a8c0fe74ab7703" member_type: VOTER last_known_addr { host: "127.0.107.194" port: 41489 } attrs { replace: true } } peers { permanent_uuid: "07ceb28e387849f68369671839f60faa" member_type: VOTER last_known_addr { host: "127.0.107.195" port: 36465 } } peers { permanent_uuid: "66afc34f924743fbacdd16d96f7daef1" member_type: NON_VOTER last_known_addr { host: "127.0.107.196" port: 33911 } attrs { promote: true } } }
I20260713 09:02:40.190951  1700 raft_consensus.cc:2955] T d87e1be59c774c9c89fb58587add34b3 P 07ceb28e387849f68369671839f60faa [term 1 FOLLOWER]: Committing config change with OpId 1.2: config changed from index -1 to 2, NON_VOTER 66afc34f924743fbacdd16d96f7daef1 (127.0.107.196) added. New config: { opid_index: 2 OBSOLETE_local: false peers { permanent_uuid: "d5ac8921de2249b293a42381a8fc18cb" member_type: VOTER last_known_addr { host: "127.0.107.193" port: 36059 } } peers { permanent_uuid: "2abcfd77cd494b3480a8c0fe74ab7703" member_type: VOTER last_known_addr { host: "127.0.107.194" port: 41489 } attrs { replace: true } } peers { permanent_uuid: "07ceb28e387849f68369671839f60faa" member_type: VOTER last_known_addr { host: "127.0.107.195" port: 36465 } } peers { permanent_uuid: "66afc34f924743fbacdd16d96f7daef1" member_type: NON_VOTER last_known_addr { host: "127.0.107.196" port: 33911 } attrs { promote: true } } }
I20260713 09:02:40.198863  1627 raft_consensus.cc:2955] T d87e1be59c774c9c89fb58587add34b3 P 2abcfd77cd494b3480a8c0fe74ab7703 [term 1 FOLLOWER]: Committing config change with OpId 1.2: config changed from index -1 to 2, NON_VOTER 66afc34f924743fbacdd16d96f7daef1 (127.0.107.196) added. New config: { opid_index: 2 OBSOLETE_local: false peers { permanent_uuid: "d5ac8921de2249b293a42381a8fc18cb" member_type: VOTER last_known_addr { host: "127.0.107.193" port: 36059 } } peers { permanent_uuid: "2abcfd77cd494b3480a8c0fe74ab7703" member_type: VOTER last_known_addr { host: "127.0.107.194" port: 41489 } attrs { replace: true } } peers { permanent_uuid: "07ceb28e387849f68369671839f60faa" member_type: VOTER last_known_addr { host: "127.0.107.195" port: 36465 } } peers { permanent_uuid: "66afc34f924743fbacdd16d96f7daef1" member_type: NON_VOTER last_known_addr { host: "127.0.107.196" port: 33911 } attrs { promote: true } } }
I20260713 09:02:40.207862  1450 catalog_manager.cc:5697] T d87e1be59c774c9c89fb58587add34b3 P d5ac8921de2249b293a42381a8fc18cb reported cstate change: config changed from index -1 to 2, NON_VOTER 66afc34f924743fbacdd16d96f7daef1 (127.0.107.196) added. New cstate: current_term: 1 leader_uuid: "d5ac8921de2249b293a42381a8fc18cb" committed_config { opid_index: 2 OBSOLETE_local: false peers { permanent_uuid: "d5ac8921de2249b293a42381a8fc18cb" member_type: VOTER last_known_addr { host: "127.0.107.193" port: 36059 } health_report { overall_health: HEALTHY } } peers { permanent_uuid: "2abcfd77cd494b3480a8c0fe74ab7703" member_type: VOTER last_known_addr { host: "127.0.107.194" port: 41489 } attrs { replace: true } health_report { overall_health: HEALTHY } } peers { permanent_uuid: "07ceb28e387849f68369671839f60faa" member_type: VOTER last_known_addr { host: "127.0.107.195" port: 36465 } health_report { overall_health: HEALTHY } } peers { permanent_uuid: "66afc34f924743fbacdd16d96f7daef1" member_type: NON_VOTER last_known_addr { host: "127.0.107.196" port: 33911 } attrs { promote: true } health_report { overall_health: UNKNOWN } } }
I20260713 09:02:40.210282  1552 consensus_queue.cc:237] T b0aea91e48ee4c71ab82dd27e1dedbed P d5ac8921de2249b293a42381a8fc18cb [LEADER]: Queue going to LEADER mode. State: All replicated index: 0, Majority replicated index: 1, Committed index: 1, Last appended: 1.1, Last appended by leader: 0, Current term: 1, Majority size: 2, State: 0, Mode: LEADER, active raft config: opid_index: 2 OBSOLETE_local: false peers { permanent_uuid: "d5ac8921de2249b293a42381a8fc18cb" member_type: VOTER last_known_addr { host: "127.0.107.193" port: 36059 } } peers { permanent_uuid: "2abcfd77cd494b3480a8c0fe74ab7703" member_type: VOTER last_known_addr { host: "127.0.107.194" port: 41489 } } peers { permanent_uuid: "07ceb28e387849f68369671839f60faa" member_type: VOTER last_known_addr { host: "127.0.107.195" port: 36465 } attrs { replace: true } } peers { permanent_uuid: "66afc34f924743fbacdd16d96f7daef1" member_type: NON_VOTER last_known_addr { host: "127.0.107.196" port: 33911 } attrs { promote: true } }
I20260713 09:02:40.220374  1701 raft_consensus.cc:1275] T b0aea91e48ee4c71ab82dd27e1dedbed P 07ceb28e387849f68369671839f60faa [term 1 FOLLOWER]: Refusing update from remote peer d5ac8921de2249b293a42381a8fc18cb: Log matching property violated. Preceding OpId in replica: term: 1 index: 1. Preceding OpId from leader: term: 1 index: 2. (index mismatch)
I20260713 09:02:40.220554  1627 raft_consensus.cc:1275] T b0aea91e48ee4c71ab82dd27e1dedbed P 2abcfd77cd494b3480a8c0fe74ab7703 [term 1 FOLLOWER]: Refusing update from remote peer d5ac8921de2249b293a42381a8fc18cb: Log matching property violated. Preceding OpId in replica: term: 1 index: 1. Preceding OpId from leader: term: 1 index: 2. (index mismatch)
I20260713 09:02:40.222150  1748 consensus_queue.cc:1048] T b0aea91e48ee4c71ab82dd27e1dedbed P d5ac8921de2249b293a42381a8fc18cb [LEADER]: Connected to new peer: Peer: permanent_uuid: "2abcfd77cd494b3480a8c0fe74ab7703" member_type: VOTER last_known_addr { host: "127.0.107.194" port: 41489 }, Status: LMP_MISMATCH, Last received: 0.0, Next index: 2, Last known committed idx: 1, Time since last communication: 0.000s
W20260713 09:02:40.225103  1517 consensus_peers.cc:597] T d87e1be59c774c9c89fb58587add34b3 P d5ac8921de2249b293a42381a8fc18cb -> Peer 66afc34f924743fbacdd16d96f7daef1 (127.0.107.196:33911): Couldn't send request to peer 66afc34f924743fbacdd16d96f7daef1. Error code: TABLET_NOT_FOUND (6). Status: Not found: Tablet not found: d87e1be59c774c9c89fb58587add34b3. This is attempt 1: this message will repeat every 5th retry.
W20260713 09:02:40.226773  1517 consensus_peers.cc:597] T b0aea91e48ee4c71ab82dd27e1dedbed P d5ac8921de2249b293a42381a8fc18cb -> Peer 66afc34f924743fbacdd16d96f7daef1 (127.0.107.196:33911): Couldn't send request to peer 66afc34f924743fbacdd16d96f7daef1. Error code: TABLET_NOT_FOUND (6). Status: Not found: Tablet not found: b0aea91e48ee4c71ab82dd27e1dedbed. This is attempt 1: this message will repeat every 5th retry.
I20260713 09:02:40.227713  1991 consensus_queue.cc:1048] T b0aea91e48ee4c71ab82dd27e1dedbed P d5ac8921de2249b293a42381a8fc18cb [LEADER]: Connected to new peer: Peer: permanent_uuid: "07ceb28e387849f68369671839f60faa" member_type: VOTER last_known_addr { host: "127.0.107.195" port: 36465 } attrs { replace: true }, Status: LMP_MISMATCH, Last received: 0.0, Next index: 2, Last known committed idx: 1, Time since last communication: 0.000s
I20260713 09:02:40.234872  1748 raft_consensus.cc:2955] T b0aea91e48ee4c71ab82dd27e1dedbed P d5ac8921de2249b293a42381a8fc18cb [term 1 LEADER]: Committing config change with OpId 1.2: config changed from index -1 to 2, NON_VOTER 66afc34f924743fbacdd16d96f7daef1 (127.0.107.196) added. New config: { opid_index: 2 OBSOLETE_local: false peers { permanent_uuid: "d5ac8921de2249b293a42381a8fc18cb" member_type: VOTER last_known_addr { host: "127.0.107.193" port: 36059 } } peers { permanent_uuid: "2abcfd77cd494b3480a8c0fe74ab7703" member_type: VOTER last_known_addr { host: "127.0.107.194" port: 41489 } } peers { permanent_uuid: "07ceb28e387849f68369671839f60faa" member_type: VOTER last_known_addr { host: "127.0.107.195" port: 36465 } attrs { replace: true } } peers { permanent_uuid: "66afc34f924743fbacdd16d96f7daef1" member_type: NON_VOTER last_known_addr { host: "127.0.107.196" port: 33911 } attrs { promote: true } } }
I20260713 09:02:40.237200  1627 raft_consensus.cc:2955] T b0aea91e48ee4c71ab82dd27e1dedbed P 2abcfd77cd494b3480a8c0fe74ab7703 [term 1 FOLLOWER]: Committing config change with OpId 1.2: config changed from index -1 to 2, NON_VOTER 66afc34f924743fbacdd16d96f7daef1 (127.0.107.196) added. New config: { opid_index: 2 OBSOLETE_local: false peers { permanent_uuid: "d5ac8921de2249b293a42381a8fc18cb" member_type: VOTER last_known_addr { host: "127.0.107.193" port: 36059 } } peers { permanent_uuid: "2abcfd77cd494b3480a8c0fe74ab7703" member_type: VOTER last_known_addr { host: "127.0.107.194" port: 41489 } } peers { permanent_uuid: "07ceb28e387849f68369671839f60faa" member_type: VOTER last_known_addr { host: "127.0.107.195" port: 36465 } attrs { replace: true } } peers { permanent_uuid: "66afc34f924743fbacdd16d96f7daef1" member_type: NON_VOTER last_known_addr { host: "127.0.107.196" port: 33911 } attrs { promote: true } } }
I20260713 09:02:40.257534  1449 catalog_manager.cc:5697] T b0aea91e48ee4c71ab82dd27e1dedbed P d5ac8921de2249b293a42381a8fc18cb reported cstate change: config changed from index -1 to 2, NON_VOTER 66afc34f924743fbacdd16d96f7daef1 (127.0.107.196) added. New cstate: current_term: 1 leader_uuid: "d5ac8921de2249b293a42381a8fc18cb" committed_config { opid_index: 2 OBSOLETE_local: false peers { permanent_uuid: "d5ac8921de2249b293a42381a8fc18cb" member_type: VOTER last_known_addr { host: "127.0.107.193" port: 36059 } health_report { overall_health: HEALTHY } } peers { permanent_uuid: "2abcfd77cd494b3480a8c0fe74ab7703" member_type: VOTER last_known_addr { host: "127.0.107.194" port: 41489 } health_report { overall_health: HEALTHY } } peers { permanent_uuid: "07ceb28e387849f68369671839f60faa" member_type: VOTER last_known_addr { host: "127.0.107.195" port: 36465 } attrs { replace: true } health_report { overall_health: UNKNOWN } } peers { permanent_uuid: "66afc34f924743fbacdd16d96f7daef1" member_type: NON_VOTER last_known_addr { host: "127.0.107.196" port: 33911 } attrs { promote: true } health_report { overall_health: UNKNOWN } } }
I20260713 09:02:40.250612  1700 raft_consensus.cc:2955] T b0aea91e48ee4c71ab82dd27e1dedbed P 07ceb28e387849f68369671839f60faa [term 1 FOLLOWER]: Committing config change with OpId 1.2: config changed from index -1 to 2, NON_VOTER 66afc34f924743fbacdd16d96f7daef1 (127.0.107.196) added. New config: { opid_index: 2 OBSOLETE_local: false peers { permanent_uuid: "d5ac8921de2249b293a42381a8fc18cb" member_type: VOTER last_known_addr { host: "127.0.107.193" port: 36059 } } peers { permanent_uuid: "2abcfd77cd494b3480a8c0fe74ab7703" member_type: VOTER last_known_addr { host: "127.0.107.194" port: 41489 } } peers { permanent_uuid: "07ceb28e387849f68369671839f60faa" member_type: VOTER last_known_addr { host: "127.0.107.195" port: 36465 } attrs { replace: true } } peers { permanent_uuid: "66afc34f924743fbacdd16d96f7daef1" member_type: NON_VOTER last_known_addr { host: "127.0.107.196" port: 33911 } attrs { promote: true } } }
I20260713 09:02:40.507486  2016 ts_tablet_manager.cc:933] T d1d08ce88cc2407bbc9134dcf94b7673 P 66afc34f924743fbacdd16d96f7daef1: Initiating tablet copy from peer 2abcfd77cd494b3480a8c0fe74ab7703 (127.0.107.194:41489)
I20260713 09:02:40.509443  2016 tablet_copy_client.cc:323] T d1d08ce88cc2407bbc9134dcf94b7673 P 66afc34f924743fbacdd16d96f7daef1: tablet copy: Beginning tablet copy session from remote peer at address 127.0.107.194:41489
I20260713 09:02:40.521335  1637 tablet_copy_service.cc:140] P 2abcfd77cd494b3480a8c0fe74ab7703: Received BeginTabletCopySession request for tablet d1d08ce88cc2407bbc9134dcf94b7673 from peer 66afc34f924743fbacdd16d96f7daef1 ({username='slave'} at 127.0.0.1:39876)
I20260713 09:02:40.521931  1637 tablet_copy_service.cc:161] P 2abcfd77cd494b3480a8c0fe74ab7703: Beginning new tablet copy session on tablet d1d08ce88cc2407bbc9134dcf94b7673 from peer 66afc34f924743fbacdd16d96f7daef1 at {username='slave'} at 127.0.0.1:39876: session id = 66afc34f924743fbacdd16d96f7daef1-d1d08ce88cc2407bbc9134dcf94b7673
I20260713 09:02:40.528277  1637 tablet_copy_source_session.cc:215] T d1d08ce88cc2407bbc9134dcf94b7673 P 2abcfd77cd494b3480a8c0fe74ab7703: Tablet Copy: opened 0 blocks and 1 log segments
I20260713 09:02:40.532424  2016 data_dirs.cc:400] Could only allocate 1 dirs of requested 3 for tablet d1d08ce88cc2407bbc9134dcf94b7673. 1 dirs total, 0 dirs full, 0 dirs failed
I20260713 09:02:40.549381  2016 tablet_copy_client.cc:806] T d1d08ce88cc2407bbc9134dcf94b7673 P 66afc34f924743fbacdd16d96f7daef1: tablet copy: Starting download of 0 data blocks...
I20260713 09:02:40.550060  2016 tablet_copy_client.cc:670] T d1d08ce88cc2407bbc9134dcf94b7673 P 66afc34f924743fbacdd16d96f7daef1: tablet copy: Starting download of 1 WAL segments...
I20260713 09:02:40.554543  2016 tablet_copy_client.cc:538] T d1d08ce88cc2407bbc9134dcf94b7673 P 66afc34f924743fbacdd16d96f7daef1: tablet copy: Tablet Copy complete. Replacing tablet superblock.
I20260713 09:02:40.561229  2016 tablet_bootstrap.cc:492] T d1d08ce88cc2407bbc9134dcf94b7673 P 66afc34f924743fbacdd16d96f7daef1: Bootstrap starting.
I20260713 09:02:40.581198  2016 tablet_bootstrap.cc:492] T d1d08ce88cc2407bbc9134dcf94b7673 P 66afc34f924743fbacdd16d96f7daef1: Bootstrap replayed 1/1 log segments. Stats: ops{read=2 overwritten=0 applied=2 ignored=0} inserts{seen=0 ignored=0} mutations{seen=0 ignored=0} orphaned_commits=0. Pending: 0 replicates
I20260713 09:02:40.582163  2016 tablet_bootstrap.cc:492] T d1d08ce88cc2407bbc9134dcf94b7673 P 66afc34f924743fbacdd16d96f7daef1: Bootstrap complete.
I20260713 09:02:40.582885  2016 ts_tablet_manager.cc:1403] T d1d08ce88cc2407bbc9134dcf94b7673 P 66afc34f924743fbacdd16d96f7daef1: Time spent bootstrapping tablet: real 0.022s	user 0.011s	sys 0.012s
I20260713 09:02:40.585956  2016 raft_consensus.cc:359] T d1d08ce88cc2407bbc9134dcf94b7673 P 66afc34f924743fbacdd16d96f7daef1 [term 1 LEARNER]: Replica starting. Triggering 0 pending ops. Active config: opid_index: 2 OBSOLETE_local: false peers { permanent_uuid: "07ceb28e387849f68369671839f60faa" member_type: VOTER last_known_addr { host: "127.0.107.195" port: 36465 } attrs { replace: true } } peers { permanent_uuid: "d5ac8921de2249b293a42381a8fc18cb" member_type: VOTER last_known_addr { host: "127.0.107.193" port: 36059 } } peers { permanent_uuid: "2abcfd77cd494b3480a8c0fe74ab7703" member_type: VOTER last_known_addr { host: "127.0.107.194" port: 41489 } } peers { permanent_uuid: "66afc34f924743fbacdd16d96f7daef1" member_type: NON_VOTER last_known_addr { host: "127.0.107.196" port: 33911 } attrs { promote: true } }
I20260713 09:02:40.586736  2016 raft_consensus.cc:740] T d1d08ce88cc2407bbc9134dcf94b7673 P 66afc34f924743fbacdd16d96f7daef1 [term 1 LEARNER]: Becoming Follower/Learner. State: Replica: 66afc34f924743fbacdd16d96f7daef1, State: Initialized, Role: LEARNER
I20260713 09:02:40.587337  2016 consensus_queue.cc:260] T d1d08ce88cc2407bbc9134dcf94b7673 P 66afc34f924743fbacdd16d96f7daef1 [NON_LEADER]: Queue going to NON_LEADER mode. State: All replicated index: 0, Majority replicated index: 0, Committed index: 2, Last appended: 1.2, Last appended by leader: 2, Current term: 0, Majority size: -1, State: 0, Mode: NON_LEADER, active raft config: opid_index: 2 OBSOLETE_local: false peers { permanent_uuid: "07ceb28e387849f68369671839f60faa" member_type: VOTER last_known_addr { host: "127.0.107.195" port: 36465 } attrs { replace: true } } peers { permanent_uuid: "d5ac8921de2249b293a42381a8fc18cb" member_type: VOTER last_known_addr { host: "127.0.107.193" port: 36059 } } peers { permanent_uuid: "2abcfd77cd494b3480a8c0fe74ab7703" member_type: VOTER last_known_addr { host: "127.0.107.194" port: 41489 } } peers { permanent_uuid: "66afc34f924743fbacdd16d96f7daef1" member_type: NON_VOTER last_known_addr { host: "127.0.107.196" port: 33911 } attrs { promote: true } }
I20260713 09:02:40.589699  1986 heartbeater.cc:499] Master 127.0.107.254:39713 was elected leader, sending a full tablet report...
I20260713 09:02:40.590185  2016 ts_tablet_manager.cc:1434] T d1d08ce88cc2407bbc9134dcf94b7673 P 66afc34f924743fbacdd16d96f7daef1: Time spent starting tablet: real 0.007s	user 0.007s	sys 0.001s
I20260713 09:02:40.592805  1637 tablet_copy_service.cc:342] P 2abcfd77cd494b3480a8c0fe74ab7703: Request end of tablet copy session 66afc34f924743fbacdd16d96f7daef1-d1d08ce88cc2407bbc9134dcf94b7673 received from {username='slave'} at 127.0.0.1:39876
I20260713 09:02:40.593374  1637 tablet_copy_service.cc:434] P 2abcfd77cd494b3480a8c0fe74ab7703: ending tablet copy session 66afc34f924743fbacdd16d96f7daef1-d1d08ce88cc2407bbc9134dcf94b7673 on tablet d1d08ce88cc2407bbc9134dcf94b7673 with peer 66afc34f924743fbacdd16d96f7daef1
I20260713 09:02:40.658221  2021 ts_tablet_manager.cc:933] T 7f6dc251926e475ab5bc20bddc662a7b P 66afc34f924743fbacdd16d96f7daef1: Initiating tablet copy from peer 07ceb28e387849f68369671839f60faa (127.0.107.195:36465)
I20260713 09:02:40.661103  2016 ts_tablet_manager.cc:933] T d87e1be59c774c9c89fb58587add34b3 P 66afc34f924743fbacdd16d96f7daef1: Initiating tablet copy from peer d5ac8921de2249b293a42381a8fc18cb (127.0.107.193:36059)
I20260713 09:02:40.665570  2016 tablet_copy_client.cc:323] T d87e1be59c774c9c89fb58587add34b3 P 66afc34f924743fbacdd16d96f7daef1: tablet copy: Beginning tablet copy session from remote peer at address 127.0.107.193:36059
I20260713 09:02:40.670259  2021 tablet_copy_client.cc:323] T 7f6dc251926e475ab5bc20bddc662a7b P 66afc34f924743fbacdd16d96f7daef1: tablet copy: Beginning tablet copy session from remote peer at address 127.0.107.195:36465
I20260713 09:02:40.685523  1562 tablet_copy_service.cc:140] P d5ac8921de2249b293a42381a8fc18cb: Received BeginTabletCopySession request for tablet d87e1be59c774c9c89fb58587add34b3 from peer 66afc34f924743fbacdd16d96f7daef1 ({username='slave'} at 127.0.0.1:42656)
I20260713 09:02:40.686398  1562 tablet_copy_service.cc:161] P d5ac8921de2249b293a42381a8fc18cb: Beginning new tablet copy session on tablet d87e1be59c774c9c89fb58587add34b3 from peer 66afc34f924743fbacdd16d96f7daef1 at {username='slave'} at 127.0.0.1:42656: session id = 66afc34f924743fbacdd16d96f7daef1-d87e1be59c774c9c89fb58587add34b3
I20260713 09:02:40.692454  2026 ts_tablet_manager.cc:933] T b0aea91e48ee4c71ab82dd27e1dedbed P 66afc34f924743fbacdd16d96f7daef1: Initiating tablet copy from peer d5ac8921de2249b293a42381a8fc18cb (127.0.107.193:36059)
I20260713 09:02:40.696455  1562 tablet_copy_source_session.cc:215] T d87e1be59c774c9c89fb58587add34b3 P d5ac8921de2249b293a42381a8fc18cb: Tablet Copy: opened 0 blocks and 1 log segments
I20260713 09:02:40.701225  2016 data_dirs.cc:400] Could only allocate 1 dirs of requested 3 for tablet d87e1be59c774c9c89fb58587add34b3. 1 dirs total, 0 dirs full, 0 dirs failed
I20260713 09:02:40.702491  1711 tablet_copy_service.cc:140] P 07ceb28e387849f68369671839f60faa: Received BeginTabletCopySession request for tablet 7f6dc251926e475ab5bc20bddc662a7b from peer 66afc34f924743fbacdd16d96f7daef1 ({username='slave'} at 127.0.0.1:55764)
I20260713 09:02:40.703088  1711 tablet_copy_service.cc:161] P 07ceb28e387849f68369671839f60faa: Beginning new tablet copy session on tablet 7f6dc251926e475ab5bc20bddc662a7b from peer 66afc34f924743fbacdd16d96f7daef1 at {username='slave'} at 127.0.0.1:55764: session id = 66afc34f924743fbacdd16d96f7daef1-7f6dc251926e475ab5bc20bddc662a7b
I20260713 09:02:40.710793  1711 tablet_copy_source_session.cc:215] T 7f6dc251926e475ab5bc20bddc662a7b P 07ceb28e387849f68369671839f60faa: Tablet Copy: opened 0 blocks and 1 log segments
I20260713 09:02:40.713907  2026 tablet_copy_client.cc:323] T b0aea91e48ee4c71ab82dd27e1dedbed P 66afc34f924743fbacdd16d96f7daef1: tablet copy: Beginning tablet copy session from remote peer at address 127.0.107.193:36059
I20260713 09:02:40.714339  2021 data_dirs.cc:400] Could only allocate 1 dirs of requested 3 for tablet 7f6dc251926e475ab5bc20bddc662a7b. 1 dirs total, 0 dirs full, 0 dirs failed
I20260713 09:02:40.715942  1562 tablet_copy_service.cc:140] P d5ac8921de2249b293a42381a8fc18cb: Received BeginTabletCopySession request for tablet b0aea91e48ee4c71ab82dd27e1dedbed from peer 66afc34f924743fbacdd16d96f7daef1 ({username='slave'} at 127.0.0.1:42656)
I20260713 09:02:40.716437  1562 tablet_copy_service.cc:161] P d5ac8921de2249b293a42381a8fc18cb: Beginning new tablet copy session on tablet b0aea91e48ee4c71ab82dd27e1dedbed from peer 66afc34f924743fbacdd16d96f7daef1 at {username='slave'} at 127.0.0.1:42656: session id = 66afc34f924743fbacdd16d96f7daef1-b0aea91e48ee4c71ab82dd27e1dedbed
I20260713 09:02:40.723758  1562 tablet_copy_source_session.cc:215] T b0aea91e48ee4c71ab82dd27e1dedbed P d5ac8921de2249b293a42381a8fc18cb: Tablet Copy: opened 0 blocks and 1 log segments
I20260713 09:02:40.724983  2016 tablet_copy_client.cc:806] T d87e1be59c774c9c89fb58587add34b3 P 66afc34f924743fbacdd16d96f7daef1: tablet copy: Starting download of 0 data blocks...
I20260713 09:02:40.725660  2016 tablet_copy_client.cc:670] T d87e1be59c774c9c89fb58587add34b3 P 66afc34f924743fbacdd16d96f7daef1: tablet copy: Starting download of 1 WAL segments...
I20260713 09:02:40.729336  2026 data_dirs.cc:400] Could only allocate 1 dirs of requested 3 for tablet b0aea91e48ee4c71ab82dd27e1dedbed. 1 dirs total, 0 dirs full, 0 dirs failed
I20260713 09:02:40.730350  2016 tablet_copy_client.cc:538] T d87e1be59c774c9c89fb58587add34b3 P 66afc34f924743fbacdd16d96f7daef1: tablet copy: Tablet Copy complete. Replacing tablet superblock.
I20260713 09:02:40.739204  2021 tablet_copy_client.cc:806] T 7f6dc251926e475ab5bc20bddc662a7b P 66afc34f924743fbacdd16d96f7daef1: tablet copy: Starting download of 0 data blocks...
I20260713 09:02:40.739339  2016 tablet_bootstrap.cc:492] T d87e1be59c774c9c89fb58587add34b3 P 66afc34f924743fbacdd16d96f7daef1: Bootstrap starting.
I20260713 09:02:40.739986  2021 tablet_copy_client.cc:670] T 7f6dc251926e475ab5bc20bddc662a7b P 66afc34f924743fbacdd16d96f7daef1: tablet copy: Starting download of 1 WAL segments...
I20260713 09:02:40.746640  2021 tablet_copy_client.cc:538] T 7f6dc251926e475ab5bc20bddc662a7b P 66afc34f924743fbacdd16d96f7daef1: tablet copy: Tablet Copy complete. Replacing tablet superblock.
I20260713 09:02:40.748718  2026 tablet_copy_client.cc:806] T b0aea91e48ee4c71ab82dd27e1dedbed P 66afc34f924743fbacdd16d96f7daef1: tablet copy: Starting download of 0 data blocks...
I20260713 09:02:40.749320  2026 tablet_copy_client.cc:670] T b0aea91e48ee4c71ab82dd27e1dedbed P 66afc34f924743fbacdd16d96f7daef1: tablet copy: Starting download of 1 WAL segments...
I20260713 09:02:40.753772  2026 tablet_copy_client.cc:538] T b0aea91e48ee4c71ab82dd27e1dedbed P 66afc34f924743fbacdd16d96f7daef1: tablet copy: Tablet Copy complete. Replacing tablet superblock.
I20260713 09:02:40.757501  2021 tablet_bootstrap.cc:492] T 7f6dc251926e475ab5bc20bddc662a7b P 66afc34f924743fbacdd16d96f7daef1: Bootstrap starting.
I20260713 09:02:40.766609  2026 tablet_bootstrap.cc:492] T b0aea91e48ee4c71ab82dd27e1dedbed P 66afc34f924743fbacdd16d96f7daef1: Bootstrap starting.
I20260713 09:02:40.794173  2026 tablet_bootstrap.cc:492] T b0aea91e48ee4c71ab82dd27e1dedbed P 66afc34f924743fbacdd16d96f7daef1: Bootstrap replayed 1/1 log segments. Stats: ops{read=2 overwritten=0 applied=2 ignored=0} inserts{seen=0 ignored=0} mutations{seen=0 ignored=0} orphaned_commits=0. Pending: 0 replicates
I20260713 09:02:40.795081  2026 tablet_bootstrap.cc:492] T b0aea91e48ee4c71ab82dd27e1dedbed P 66afc34f924743fbacdd16d96f7daef1: Bootstrap complete.
I20260713 09:02:40.795771  2026 ts_tablet_manager.cc:1403] T b0aea91e48ee4c71ab82dd27e1dedbed P 66afc34f924743fbacdd16d96f7daef1: Time spent bootstrapping tablet: real 0.029s	user 0.017s	sys 0.008s
I20260713 09:02:40.800473  2026 raft_consensus.cc:359] T b0aea91e48ee4c71ab82dd27e1dedbed P 66afc34f924743fbacdd16d96f7daef1 [term 1 LEARNER]: Replica starting. Triggering 0 pending ops. Active config: opid_index: 2 OBSOLETE_local: false peers { permanent_uuid: "d5ac8921de2249b293a42381a8fc18cb" member_type: VOTER last_known_addr { host: "127.0.107.193" port: 36059 } } peers { permanent_uuid: "2abcfd77cd494b3480a8c0fe74ab7703" member_type: VOTER last_known_addr { host: "127.0.107.194" port: 41489 } } peers { permanent_uuid: "07ceb28e387849f68369671839f60faa" member_type: VOTER last_known_addr { host: "127.0.107.195" port: 36465 } attrs { replace: true } } peers { permanent_uuid: "66afc34f924743fbacdd16d96f7daef1" member_type: NON_VOTER last_known_addr { host: "127.0.107.196" port: 33911 } attrs { promote: true } }
I20260713 09:02:40.801322  2026 raft_consensus.cc:740] T b0aea91e48ee4c71ab82dd27e1dedbed P 66afc34f924743fbacdd16d96f7daef1 [term 1 LEARNER]: Becoming Follower/Learner. State: Replica: 66afc34f924743fbacdd16d96f7daef1, State: Initialized, Role: LEARNER
I20260713 09:02:40.801932  2026 consensus_queue.cc:260] T b0aea91e48ee4c71ab82dd27e1dedbed P 66afc34f924743fbacdd16d96f7daef1 [NON_LEADER]: Queue going to NON_LEADER mode. State: All replicated index: 0, Majority replicated index: 0, Committed index: 2, Last appended: 1.2, Last appended by leader: 2, Current term: 0, Majority size: -1, State: 0, Mode: NON_LEADER, active raft config: opid_index: 2 OBSOLETE_local: false peers { permanent_uuid: "d5ac8921de2249b293a42381a8fc18cb" member_type: VOTER last_known_addr { host: "127.0.107.193" port: 36059 } } peers { permanent_uuid: "2abcfd77cd494b3480a8c0fe74ab7703" member_type: VOTER last_known_addr { host: "127.0.107.194" port: 41489 } } peers { permanent_uuid: "07ceb28e387849f68369671839f60faa" member_type: VOTER last_known_addr { host: "127.0.107.195" port: 36465 } attrs { replace: true } } peers { permanent_uuid: "66afc34f924743fbacdd16d96f7daef1" member_type: NON_VOTER last_known_addr { host: "127.0.107.196" port: 33911 } attrs { promote: true } }
I20260713 09:02:40.803714  2016 tablet_bootstrap.cc:492] T d87e1be59c774c9c89fb58587add34b3 P 66afc34f924743fbacdd16d96f7daef1: Bootstrap replayed 1/1 log segments. Stats: ops{read=2 overwritten=0 applied=2 ignored=0} inserts{seen=0 ignored=0} mutations{seen=0 ignored=0} orphaned_commits=0. Pending: 0 replicates
I20260713 09:02:40.804172  2026 ts_tablet_manager.cc:1434] T b0aea91e48ee4c71ab82dd27e1dedbed P 66afc34f924743fbacdd16d96f7daef1: Time spent starting tablet: real 0.008s	user 0.006s	sys 0.000s
I20260713 09:02:40.804605  2016 tablet_bootstrap.cc:492] T d87e1be59c774c9c89fb58587add34b3 P 66afc34f924743fbacdd16d96f7daef1: Bootstrap complete.
I20260713 09:02:40.805343  2016 ts_tablet_manager.cc:1403] T d87e1be59c774c9c89fb58587add34b3 P 66afc34f924743fbacdd16d96f7daef1: Time spent bootstrapping tablet: real 0.066s	user 0.032s	sys 0.012s
I20260713 09:02:40.806752  1562 tablet_copy_service.cc:342] P d5ac8921de2249b293a42381a8fc18cb: Request end of tablet copy session 66afc34f924743fbacdd16d96f7daef1-b0aea91e48ee4c71ab82dd27e1dedbed received from {username='slave'} at 127.0.0.1:42656
I20260713 09:02:40.807246  1562 tablet_copy_service.cc:434] P d5ac8921de2249b293a42381a8fc18cb: ending tablet copy session 66afc34f924743fbacdd16d96f7daef1-b0aea91e48ee4c71ab82dd27e1dedbed on tablet b0aea91e48ee4c71ab82dd27e1dedbed with peer 66afc34f924743fbacdd16d96f7daef1
I20260713 09:02:40.808887  2016 raft_consensus.cc:359] T d87e1be59c774c9c89fb58587add34b3 P 66afc34f924743fbacdd16d96f7daef1 [term 1 LEARNER]: Replica starting. Triggering 0 pending ops. Active config: opid_index: 2 OBSOLETE_local: false peers { permanent_uuid: "d5ac8921de2249b293a42381a8fc18cb" member_type: VOTER last_known_addr { host: "127.0.107.193" port: 36059 } } peers { permanent_uuid: "2abcfd77cd494b3480a8c0fe74ab7703" member_type: VOTER last_known_addr { host: "127.0.107.194" port: 41489 } attrs { replace: true } } peers { permanent_uuid: "07ceb28e387849f68369671839f60faa" member_type: VOTER last_known_addr { host: "127.0.107.195" port: 36465 } } peers { permanent_uuid: "66afc34f924743fbacdd16d96f7daef1" member_type: NON_VOTER last_known_addr { host: "127.0.107.196" port: 33911 } attrs { promote: true } }
I20260713 09:02:40.809729  2016 raft_consensus.cc:740] T d87e1be59c774c9c89fb58587add34b3 P 66afc34f924743fbacdd16d96f7daef1 [term 1 LEARNER]: Becoming Follower/Learner. State: Replica: 66afc34f924743fbacdd16d96f7daef1, State: Initialized, Role: LEARNER
I20260713 09:02:40.811054  2021 tablet_bootstrap.cc:492] T 7f6dc251926e475ab5bc20bddc662a7b P 66afc34f924743fbacdd16d96f7daef1: Bootstrap replayed 1/1 log segments. Stats: ops{read=2 overwritten=0 applied=2 ignored=0} inserts{seen=0 ignored=0} mutations{seen=0 ignored=0} orphaned_commits=0. Pending: 0 replicates
I20260713 09:02:40.810807  2016 consensus_queue.cc:260] T d87e1be59c774c9c89fb58587add34b3 P 66afc34f924743fbacdd16d96f7daef1 [NON_LEADER]: Queue going to NON_LEADER mode. State: All replicated index: 0, Majority replicated index: 0, Committed index: 2, Last appended: 1.2, Last appended by leader: 2, Current term: 0, Majority size: -1, State: 0, Mode: NON_LEADER, active raft config: opid_index: 2 OBSOLETE_local: false peers { permanent_uuid: "d5ac8921de2249b293a42381a8fc18cb" member_type: VOTER last_known_addr { host: "127.0.107.193" port: 36059 } } peers { permanent_uuid: "2abcfd77cd494b3480a8c0fe74ab7703" member_type: VOTER last_known_addr { host: "127.0.107.194" port: 41489 } attrs { replace: true } } peers { permanent_uuid: "07ceb28e387849f68369671839f60faa" member_type: VOTER last_known_addr { host: "127.0.107.195" port: 36465 } } peers { permanent_uuid: "66afc34f924743fbacdd16d96f7daef1" member_type: NON_VOTER last_known_addr { host: "127.0.107.196" port: 33911 } attrs { promote: true } }
I20260713 09:02:40.811932  2021 tablet_bootstrap.cc:492] T 7f6dc251926e475ab5bc20bddc662a7b P 66afc34f924743fbacdd16d96f7daef1: Bootstrap complete.
I20260713 09:02:40.812619  2021 ts_tablet_manager.cc:1403] T 7f6dc251926e475ab5bc20bddc662a7b P 66afc34f924743fbacdd16d96f7daef1: Time spent bootstrapping tablet: real 0.055s	user 0.019s	sys 0.015s
I20260713 09:02:40.813657  2016 ts_tablet_manager.cc:1434] T d87e1be59c774c9c89fb58587add34b3 P 66afc34f924743fbacdd16d96f7daef1: Time spent starting tablet: real 0.008s	user 0.007s	sys 0.000s
I20260713 09:02:40.815376  1562 tablet_copy_service.cc:342] P d5ac8921de2249b293a42381a8fc18cb: Request end of tablet copy session 66afc34f924743fbacdd16d96f7daef1-d87e1be59c774c9c89fb58587add34b3 received from {username='slave'} at 127.0.0.1:42656
I20260713 09:02:40.815804  1562 tablet_copy_service.cc:434] P d5ac8921de2249b293a42381a8fc18cb: ending tablet copy session 66afc34f924743fbacdd16d96f7daef1-d87e1be59c774c9c89fb58587add34b3 on tablet d87e1be59c774c9c89fb58587add34b3 with peer 66afc34f924743fbacdd16d96f7daef1
I20260713 09:02:40.815549  2021 raft_consensus.cc:359] T 7f6dc251926e475ab5bc20bddc662a7b P 66afc34f924743fbacdd16d96f7daef1 [term 1 LEARNER]: Replica starting. Triggering 0 pending ops. Active config: opid_index: 2 OBSOLETE_local: false peers { permanent_uuid: "d5ac8921de2249b293a42381a8fc18cb" member_type: VOTER last_known_addr { host: "127.0.107.193" port: 36059 } attrs { replace: true } } peers { permanent_uuid: "2abcfd77cd494b3480a8c0fe74ab7703" member_type: VOTER last_known_addr { host: "127.0.107.194" port: 41489 } } peers { permanent_uuid: "07ceb28e387849f68369671839f60faa" member_type: VOTER last_known_addr { host: "127.0.107.195" port: 36465 } } peers { permanent_uuid: "66afc34f924743fbacdd16d96f7daef1" member_type: NON_VOTER last_known_addr { host: "127.0.107.196" port: 33911 } attrs { promote: true } }
I20260713 09:02:40.816489  2021 raft_consensus.cc:740] T 7f6dc251926e475ab5bc20bddc662a7b P 66afc34f924743fbacdd16d96f7daef1 [term 1 LEARNER]: Becoming Follower/Learner. State: Replica: 66afc34f924743fbacdd16d96f7daef1, State: Initialized, Role: LEARNER
