I20260713 09:02:48.872812  2021 raft_consensus.cc:1275] T a72aaaaa1c8a4b1fb6caa8c5342b8590 P d66183e3086e4185bead420837d078f3 [term 1 FOLLOWER]: Refusing update from remote peer 6ab4cd3a8c6349f3a81da556ae4e80aa: Log matching property violated. Preceding OpId in replica: term: 1 index: 3. Preceding OpId from leader: term: 1 index: 4. (index mismatch)
I20260713 09:02:48.875272  1679 raft_consensus.cc:1275] T a72aaaaa1c8a4b1fb6caa8c5342b8590 P c9f2d869538b40ce9e278c9cb6db31e2 [term 1 FOLLOWER]: Refusing update from remote peer 6ab4cd3a8c6349f3a81da556ae4e80aa: Log matching property violated. Preceding OpId in replica: term: 1 index: 3. Preceding OpId from leader: term: 1 index: 4. (index mismatch)
I20260713 09:02:48.877769  2294 consensus_queue.cc:1048] T a72aaaaa1c8a4b1fb6caa8c5342b8590 P 6ab4cd3a8c6349f3a81da556ae4e80aa [LEADER]: Connected to new peer: Peer: permanent_uuid: "c9f2d869538b40ce9e278c9cb6db31e2" member_type: VOTER last_known_addr { host: "127.0.107.194" port: 42861 }, Status: LMP_MISMATCH, Last received: 0.0, Next index: 4, Last known committed idx: 3, Time since last communication: 0.000s
I20260713 09:02:48.878795  1605 raft_consensus.cc:2955] T 57e492b24fc7499a8a1520027c9207d8 P dbdb555d80ca40abbf0a5f5001f7ff52 [term 1 FOLLOWER]: Committing config change with OpId 1.3: config changed from index 2 to 3, d66183e3086e4185bead420837d078f3 (127.0.107.196) changed from NON_VOTER to VOTER. New config: { opid_index: 3 OBSOLETE_local: false peers { permanent_uuid: "dbdb555d80ca40abbf0a5f5001f7ff52" member_type: VOTER last_known_addr { host: "127.0.107.193" port: 40461 } } peers { permanent_uuid: "c9f2d869538b40ce9e278c9cb6db31e2" member_type: VOTER last_known_addr { host: "127.0.107.194" port: 42861 } } peers { permanent_uuid: "6ab4cd3a8c6349f3a81da556ae4e80aa" member_type: VOTER last_known_addr { host: "127.0.107.195" port: 46819 } attrs { replace: true } } peers { permanent_uuid: "d66183e3086e4185bead420837d078f3" member_type: VOTER last_known_addr { host: "127.0.107.196" port: 35831 } attrs { promote: false } } }
I20260713 09:02:48.882601  2178 consensus_queue.cc:1048] T a72aaaaa1c8a4b1fb6caa8c5342b8590 P 6ab4cd3a8c6349f3a81da556ae4e80aa [LEADER]: Connected to new peer: Peer: permanent_uuid: "d66183e3086e4185bead420837d078f3" member_type: VOTER last_known_addr { host: "127.0.107.196" port: 35831 } attrs { promote: false }, Status: LMP_MISMATCH, Last received: 0.0, Next index: 4, Last known committed idx: 3, Time since last communication: 0.000s
I20260713 09:02:48.890049  1501 catalog_manager.cc:5697] T 57e492b24fc7499a8a1520027c9207d8 P 6ab4cd3a8c6349f3a81da556ae4e80aa reported cstate change: config changed from index 2 to 3, d66183e3086e4185bead420837d078f3 (127.0.107.196) changed from NON_VOTER to VOTER. New cstate: current_term: 1 leader_uuid: "c9f2d869538b40ce9e278c9cb6db31e2" committed_config { opid_index: 3 OBSOLETE_local: false peers { permanent_uuid: "dbdb555d80ca40abbf0a5f5001f7ff52" member_type: VOTER last_known_addr { host: "127.0.107.193" port: 40461 } } peers { permanent_uuid: "c9f2d869538b40ce9e278c9cb6db31e2" member_type: VOTER last_known_addr { host: "127.0.107.194" port: 42861 } } peers { permanent_uuid: "6ab4cd3a8c6349f3a81da556ae4e80aa" member_type: VOTER last_known_addr { host: "127.0.107.195" port: 46819 } attrs { replace: true } } peers { permanent_uuid: "d66183e3086e4185bead420837d078f3" member_type: VOTER last_known_addr { host: "127.0.107.196" port: 35831 } attrs { promote: false } } }
I20260713 09:02:48.893747  2292 raft_consensus.cc:2955] T a72aaaaa1c8a4b1fb6caa8c5342b8590 P 6ab4cd3a8c6349f3a81da556ae4e80aa [term 1 LEADER]: Committing config change with OpId 1.4: config changed from index 3 to 4, VOTER dbdb555d80ca40abbf0a5f5001f7ff52 (127.0.107.193) evicted. New config: { opid_index: 4 OBSOLETE_local: false peers { permanent_uuid: "c9f2d869538b40ce9e278c9cb6db31e2" member_type: VOTER last_known_addr { host: "127.0.107.194" port: 42861 } } peers { permanent_uuid: "6ab4cd3a8c6349f3a81da556ae4e80aa" member_type: VOTER last_known_addr { host: "127.0.107.195" port: 46819 } } peers { permanent_uuid: "d66183e3086e4185bead420837d078f3" member_type: VOTER last_known_addr { host: "127.0.107.196" port: 35831 } attrs { promote: false } } }
I20260713 09:02:48.898208  2021 raft_consensus.cc:2955] T a72aaaaa1c8a4b1fb6caa8c5342b8590 P d66183e3086e4185bead420837d078f3 [term 1 FOLLOWER]: Committing config change with OpId 1.4: config changed from index 3 to 4, VOTER dbdb555d80ca40abbf0a5f5001f7ff52 (127.0.107.193) evicted. New config: { opid_index: 4 OBSOLETE_local: false peers { permanent_uuid: "c9f2d869538b40ce9e278c9cb6db31e2" member_type: VOTER last_known_addr { host: "127.0.107.194" port: 42861 } } peers { permanent_uuid: "6ab4cd3a8c6349f3a81da556ae4e80aa" member_type: VOTER last_known_addr { host: "127.0.107.195" port: 46819 } } peers { permanent_uuid: "d66183e3086e4185bead420837d078f3" member_type: VOTER last_known_addr { host: "127.0.107.196" port: 35831 } attrs { promote: false } } }
I20260713 09:02:48.902545  1680 raft_consensus.cc:2955] T a72aaaaa1c8a4b1fb6caa8c5342b8590 P c9f2d869538b40ce9e278c9cb6db31e2 [term 1 FOLLOWER]: Committing config change with OpId 1.4: config changed from index 3 to 4, VOTER dbdb555d80ca40abbf0a5f5001f7ff52 (127.0.107.193) evicted. New config: { opid_index: 4 OBSOLETE_local: false peers { permanent_uuid: "c9f2d869538b40ce9e278c9cb6db31e2" member_type: VOTER last_known_addr { host: "127.0.107.194" port: 42861 } } peers { permanent_uuid: "6ab4cd3a8c6349f3a81da556ae4e80aa" member_type: VOTER last_known_addr { host: "127.0.107.195" port: 46819 } } peers { permanent_uuid: "d66183e3086e4185bead420837d078f3" member_type: VOTER last_known_addr { host: "127.0.107.196" port: 35831 } attrs { promote: false } } }
I20260713 09:02:48.922107  1490 catalog_manager.cc:5210] ChangeConfig:REMOVE_PEER RPC for tablet a72aaaaa1c8a4b1fb6caa8c5342b8590 with cas_config_opid_index 3: ChangeConfig:REMOVE_PEER succeeded (attempt 1)
I20260713 09:02:48.931469  1680 consensus_queue.cc:237] T 57e492b24fc7499a8a1520027c9207d8 P c9f2d869538b40ce9e278c9cb6db31e2 [LEADER]: Queue going to LEADER mode. State: All replicated index: 0, Majority replicated index: 3, Committed index: 3, Last appended: 1.3, Last appended by leader: 0, Current term: 1, Majority size: 2, State: 0, Mode: LEADER, active raft config: opid_index: 4 OBSOLETE_local: false peers { permanent_uuid: "dbdb555d80ca40abbf0a5f5001f7ff52" member_type: VOTER last_known_addr { host: "127.0.107.193" port: 40461 } } peers { permanent_uuid: "c9f2d869538b40ce9e278c9cb6db31e2" member_type: VOTER last_known_addr { host: "127.0.107.194" port: 42861 } } peers { permanent_uuid: "d66183e3086e4185bead420837d078f3" member_type: VOTER last_known_addr { host: "127.0.107.196" port: 35831 } attrs { promote: false } }
I20260713 09:02:48.934525  1503 catalog_manager.cc:5697] T a72aaaaa1c8a4b1fb6caa8c5342b8590 P d66183e3086e4185bead420837d078f3 reported cstate change: config changed from index 3 to 4, VOTER dbdb555d80ca40abbf0a5f5001f7ff52 (127.0.107.193) evicted. New cstate: current_term: 1 leader_uuid: "6ab4cd3a8c6349f3a81da556ae4e80aa" committed_config { opid_index: 4 OBSOLETE_local: false peers { permanent_uuid: "c9f2d869538b40ce9e278c9cb6db31e2" member_type: VOTER last_known_addr { host: "127.0.107.194" port: 42861 } } peers { permanent_uuid: "6ab4cd3a8c6349f3a81da556ae4e80aa" member_type: VOTER last_known_addr { host: "127.0.107.195" port: 46819 } } peers { permanent_uuid: "d66183e3086e4185bead420837d078f3" member_type: VOTER last_known_addr { host: "127.0.107.196" port: 35831 } attrs { promote: false } } }
I20260713 09:02:48.939606  1754 raft_consensus.cc:1275] T 7b062e0d48414b2e9551ad6984260190 P 6ab4cd3a8c6349f3a81da556ae4e80aa [term 1 FOLLOWER]: Refusing update from remote peer c9f2d869538b40ce9e278c9cb6db31e2: Log matching property violated. Preceding OpId in replica: term: 1 index: 2. Preceding OpId from leader: term: 1 index: 3. (index mismatch)
I20260713 09:02:48.941088  1605 raft_consensus.cc:1275] T 57e492b24fc7499a8a1520027c9207d8 P dbdb555d80ca40abbf0a5f5001f7ff52 [term 1 FOLLOWER]: Refusing update from remote peer c9f2d869538b40ce9e278c9cb6db31e2: Log matching property violated. Preceding OpId in replica: term: 1 index: 3. Preceding OpId from leader: term: 1 index: 4. (index mismatch)
I20260713 09:02:48.942569  2259 consensus_queue.cc:1048] T 57e492b24fc7499a8a1520027c9207d8 P c9f2d869538b40ce9e278c9cb6db31e2 [LEADER]: Connected to new peer: Peer: permanent_uuid: "dbdb555d80ca40abbf0a5f5001f7ff52" member_type: VOTER last_known_addr { host: "127.0.107.193" port: 40461 }, Status: LMP_MISMATCH, Last received: 0.0, Next index: 4, Last known committed idx: 3, Time since last communication: 0.000s
I20260713 09:02:48.944779  2259 consensus_queue.cc:1048] T 7b062e0d48414b2e9551ad6984260190 P c9f2d869538b40ce9e278c9cb6db31e2 [LEADER]: Connected to new peer: Peer: permanent_uuid: "6ab4cd3a8c6349f3a81da556ae4e80aa" member_type: VOTER last_known_addr { host: "127.0.107.195" port: 46819 }, Status: LMP_MISMATCH, Last received: 0.0, Next index: 3, Last known committed idx: 2, Time since last communication: 0.000s
I20260713 09:02:48.945600  2020 raft_consensus.cc:1275] T 57e492b24fc7499a8a1520027c9207d8 P d66183e3086e4185bead420837d078f3 [term 1 FOLLOWER]: Refusing update from remote peer c9f2d869538b40ce9e278c9cb6db31e2: Log matching property violated. Preceding OpId in replica: term: 1 index: 3. Preceding OpId from leader: term: 1 index: 4. (index mismatch)
I20260713 09:02:48.949965  2260 consensus_queue.cc:1048] T 57e492b24fc7499a8a1520027c9207d8 P c9f2d869538b40ce9e278c9cb6db31e2 [LEADER]: Connected to new peer: Peer: permanent_uuid: "d66183e3086e4185bead420837d078f3" member_type: VOTER last_known_addr { host: "127.0.107.196" port: 35831 } attrs { promote: false }, Status: LMP_MISMATCH, Last received: 0.0, Next index: 4, Last known committed idx: 3, Time since last communication: 0.000s
I20260713 09:02:48.952077  2021 raft_consensus.cc:1275] T 7b062e0d48414b2e9551ad6984260190 P d66183e3086e4185bead420837d078f3 [term 1 LEARNER]: Refusing update from remote peer c9f2d869538b40ce9e278c9cb6db31e2: Log matching property violated. Preceding OpId in replica: term: 1 index: 2. Preceding OpId from leader: term: 1 index: 3. (index mismatch)
I20260713 09:02:48.955490  2243 raft_consensus.cc:2955] T 57e492b24fc7499a8a1520027c9207d8 P c9f2d869538b40ce9e278c9cb6db31e2 [term 1 LEADER]: Committing config change with OpId 1.4: config changed from index 3 to 4, VOTER 6ab4cd3a8c6349f3a81da556ae4e80aa (127.0.107.195) evicted. New config: { opid_index: 4 OBSOLETE_local: false peers { permanent_uuid: "dbdb555d80ca40abbf0a5f5001f7ff52" member_type: VOTER last_known_addr { host: "127.0.107.193" port: 40461 } } peers { permanent_uuid: "c9f2d869538b40ce9e278c9cb6db31e2" member_type: VOTER last_known_addr { host: "127.0.107.194" port: 42861 } } peers { permanent_uuid: "d66183e3086e4185bead420837d078f3" member_type: VOTER last_known_addr { host: "127.0.107.196" port: 35831 } attrs { promote: false } } }
I20260713 09:02:48.958496  2259 consensus_queue.cc:1048] T 7b062e0d48414b2e9551ad6984260190 P c9f2d869538b40ce9e278c9cb6db31e2 [LEADER]: Connected to new peer: Peer: permanent_uuid: "d66183e3086e4185bead420837d078f3" member_type: VOTER last_known_addr { host: "127.0.107.196" port: 35831 } attrs { promote: false }, Status: LMP_MISMATCH, Last received: 0.0, Next index: 3, Last known committed idx: 2, Time since last communication: 0.000s
I20260713 09:02:48.958089  1603 raft_consensus.cc:2955] T 57e492b24fc7499a8a1520027c9207d8 P dbdb555d80ca40abbf0a5f5001f7ff52 [term 1 FOLLOWER]: Committing config change with OpId 1.4: config changed from index 3 to 4, VOTER 6ab4cd3a8c6349f3a81da556ae4e80aa (127.0.107.195) evicted. New config: { opid_index: 4 OBSOLETE_local: false peers { permanent_uuid: "dbdb555d80ca40abbf0a5f5001f7ff52" member_type: VOTER last_known_addr { host: "127.0.107.193" port: 40461 } } peers { permanent_uuid: "c9f2d869538b40ce9e278c9cb6db31e2" member_type: VOTER last_known_addr { host: "127.0.107.194" port: 42861 } } peers { permanent_uuid: "d66183e3086e4185bead420837d078f3" member_type: VOTER last_known_addr { host: "127.0.107.196" port: 35831 } attrs { promote: false } } }
I20260713 09:02:48.960489  1592 tablet_service.cc:1558] Processing DeleteTablet for tablet a72aaaaa1c8a4b1fb6caa8c5342b8590 with delete_type TABLET_DATA_TOMBSTONED (TS dbdb555d80ca40abbf0a5f5001f7ff52 not found in new config with opid_index 4) from {username='slave'} at 127.0.0.1:38088
I20260713 09:02:48.961572  1605 raft_consensus.cc:1275] T 7b062e0d48414b2e9551ad6984260190 P dbdb555d80ca40abbf0a5f5001f7ff52 [term 1 FOLLOWER]: Refusing update from remote peer c9f2d869538b40ce9e278c9cb6db31e2: Log matching property violated. Preceding OpId in replica: term: 1 index: 2. Preceding OpId from leader: term: 1 index: 3. (index mismatch)
I20260713 09:02:48.962939  2310 tablet_replica.cc:333] T a72aaaaa1c8a4b1fb6caa8c5342b8590 P dbdb555d80ca40abbf0a5f5001f7ff52: stopping tablet replica
I20260713 09:02:48.961367  2019 raft_consensus.cc:2955] T 57e492b24fc7499a8a1520027c9207d8 P d66183e3086e4185bead420837d078f3 [term 1 FOLLOWER]: Committing config change with OpId 1.4: config changed from index 3 to 4, VOTER 6ab4cd3a8c6349f3a81da556ae4e80aa (127.0.107.195) evicted. New config: { opid_index: 4 OBSOLETE_local: false peers { permanent_uuid: "dbdb555d80ca40abbf0a5f5001f7ff52" member_type: VOTER last_known_addr { host: "127.0.107.193" port: 40461 } } peers { permanent_uuid: "c9f2d869538b40ce9e278c9cb6db31e2" member_type: VOTER last_known_addr { host: "127.0.107.194" port: 42861 } } peers { permanent_uuid: "d66183e3086e4185bead420837d078f3" member_type: VOTER last_known_addr { host: "127.0.107.196" port: 35831 } attrs { promote: false } } }
I20260713 09:02:48.964172  2310 raft_consensus.cc:2243] T a72aaaaa1c8a4b1fb6caa8c5342b8590 P dbdb555d80ca40abbf0a5f5001f7ff52 [term 1 FOLLOWER]: Raft consensus shutting down.
I20260713 09:02:48.964963  2259 consensus_queue.cc:1048] T 7b062e0d48414b2e9551ad6984260190 P c9f2d869538b40ce9e278c9cb6db31e2 [LEADER]: Connected to new peer: Peer: permanent_uuid: "dbdb555d80ca40abbf0a5f5001f7ff52" member_type: VOTER last_known_addr { host: "127.0.107.193" port: 40461 } attrs { replace: true }, Status: LMP_MISMATCH, Last received: 0.0, Next index: 3, Last known committed idx: 2, Time since last communication: 0.000s
I20260713 09:02:48.965209  2310 raft_consensus.cc:2272] T a72aaaaa1c8a4b1fb6caa8c5342b8590 P dbdb555d80ca40abbf0a5f5001f7ff52 [term 1 FOLLOWER]: Raft consensus is shut down!
I20260713 09:02:48.968932  2310 ts_tablet_manager.cc:1916] T a72aaaaa1c8a4b1fb6caa8c5342b8590 P dbdb555d80ca40abbf0a5f5001f7ff52: Deleting tablet data with delete state TABLET_DATA_TOMBSTONED
I20260713 09:02:48.980877  1503 catalog_manager.cc:5697] T 57e492b24fc7499a8a1520027c9207d8 P d66183e3086e4185bead420837d078f3 reported cstate change: config changed from index 3 to 4, VOTER 6ab4cd3a8c6349f3a81da556ae4e80aa (127.0.107.195) evicted. New cstate: current_term: 1 leader_uuid: "c9f2d869538b40ce9e278c9cb6db31e2" committed_config { opid_index: 4 OBSOLETE_local: false peers { permanent_uuid: "dbdb555d80ca40abbf0a5f5001f7ff52" member_type: VOTER last_known_addr { host: "127.0.107.193" port: 40461 } } peers { permanent_uuid: "c9f2d869538b40ce9e278c9cb6db31e2" member_type: VOTER last_known_addr { host: "127.0.107.194" port: 42861 } } peers { permanent_uuid: "d66183e3086e4185bead420837d078f3" member_type: VOTER last_known_addr { host: "127.0.107.196" port: 35831 } attrs { promote: false } } }
I20260713 09:02:49.002457  1739 tablet_service.cc:1558] Processing DeleteTablet for tablet 57e492b24fc7499a8a1520027c9207d8 with delete_type TABLET_DATA_TOMBSTONED (TS 6ab4cd3a8c6349f3a81da556ae4e80aa not found in new config with opid_index 4) from {username='slave'} at 127.0.0.1:37288
I20260713 09:02:49.004522  2313 tablet_replica.cc:333] T 57e492b24fc7499a8a1520027c9207d8 P 6ab4cd3a8c6349f3a81da556ae4e80aa: stopping tablet replica
I20260713 09:02:49.005261  2308 raft_consensus.cc:2955] T 7b062e0d48414b2e9551ad6984260190 P c9f2d869538b40ce9e278c9cb6db31e2 [term 1 LEADER]: Committing config change with OpId 1.3: config changed from index 2 to 3, d66183e3086e4185bead420837d078f3 (127.0.107.196) changed from NON_VOTER to VOTER. New config: { opid_index: 3 OBSOLETE_local: false peers { permanent_uuid: "dbdb555d80ca40abbf0a5f5001f7ff52" member_type: VOTER last_known_addr { host: "127.0.107.193" port: 40461 } attrs { replace: true } } peers { permanent_uuid: "c9f2d869538b40ce9e278c9cb6db31e2" member_type: VOTER last_known_addr { host: "127.0.107.194" port: 42861 } } peers { permanent_uuid: "6ab4cd3a8c6349f3a81da556ae4e80aa" member_type: VOTER last_known_addr { host: "127.0.107.195" port: 46819 } } peers { permanent_uuid: "d66183e3086e4185bead420837d078f3" member_type: VOTER last_known_addr { host: "127.0.107.196" port: 35831 } attrs { promote: false } } }
I20260713 09:02:49.007422  2021 raft_consensus.cc:2955] T 7b062e0d48414b2e9551ad6984260190 P d66183e3086e4185bead420837d078f3 [term 1 FOLLOWER]: Committing config change with OpId 1.3: config changed from index 2 to 3, d66183e3086e4185bead420837d078f3 (127.0.107.196) changed from NON_VOTER to VOTER. New config: { opid_index: 3 OBSOLETE_local: false peers { permanent_uuid: "dbdb555d80ca40abbf0a5f5001f7ff52" member_type: VOTER last_known_addr { host: "127.0.107.193" port: 40461 } attrs { replace: true } } peers { permanent_uuid: "c9f2d869538b40ce9e278c9cb6db31e2" member_type: VOTER last_known_addr { host: "127.0.107.194" port: 42861 } } peers { permanent_uuid: "6ab4cd3a8c6349f3a81da556ae4e80aa" member_type: VOTER last_known_addr { host: "127.0.107.195" port: 46819 } } peers { permanent_uuid: "d66183e3086e4185bead420837d078f3" member_type: VOTER last_known_addr { host: "127.0.107.196" port: 35831 } attrs { promote: false } } }
I20260713 09:02:49.018007  2310 ts_tablet_manager.cc:1929] T a72aaaaa1c8a4b1fb6caa8c5342b8590 P dbdb555d80ca40abbf0a5f5001f7ff52: tablet deleted with delete type TABLET_DATA_TOMBSTONED: last-logged OpId 1.3
I20260713 09:02:49.018550  2310 log.cc:1199] T a72aaaaa1c8a4b1fb6caa8c5342b8590 P dbdb555d80ca40abbf0a5f5001f7ff52: Deleting WAL directory at /tmp/dist-test-taskj9Rblj/test-tmp/auto_leader_rebalancer-test.0.LeaderRebalancerTest.AddTserver.1783933325926378-431-0/minicluster-data/ts-0-root/wals/a72aaaaa1c8a4b1fb6caa8c5342b8590
I20260713 09:02:49.019423  1487 catalog_manager.cc:5210] ChangeConfig:REMOVE_PEER RPC for tablet 57e492b24fc7499a8a1520027c9207d8 with cas_config_opid_index 3: ChangeConfig:REMOVE_PEER succeeded (attempt 1)
I20260713 09:02:49.021430  2313 raft_consensus.cc:2243] T 57e492b24fc7499a8a1520027c9207d8 P 6ab4cd3a8c6349f3a81da556ae4e80aa [term 1 FOLLOWER]: Raft consensus shutting down.
I20260713 09:02:49.022384  2313 raft_consensus.cc:2272] T 57e492b24fc7499a8a1520027c9207d8 P 6ab4cd3a8c6349f3a81da556ae4e80aa [term 1 FOLLOWER]: Raft consensus is shut down!
I20260713 09:02:49.023444  1754 raft_consensus.cc:2955] T 7b062e0d48414b2e9551ad6984260190 P 6ab4cd3a8c6349f3a81da556ae4e80aa [term 1 FOLLOWER]: Committing config change with OpId 1.3: config changed from index 2 to 3, d66183e3086e4185bead420837d078f3 (127.0.107.196) changed from NON_VOTER to VOTER. New config: { opid_index: 3 OBSOLETE_local: false peers { permanent_uuid: "dbdb555d80ca40abbf0a5f5001f7ff52" member_type: VOTER last_known_addr { host: "127.0.107.193" port: 40461 } attrs { replace: true } } peers { permanent_uuid: "c9f2d869538b40ce9e278c9cb6db31e2" member_type: VOTER last_known_addr { host: "127.0.107.194" port: 42861 } } peers { permanent_uuid: "6ab4cd3a8c6349f3a81da556ae4e80aa" member_type: VOTER last_known_addr { host: "127.0.107.195" port: 46819 } } peers { permanent_uuid: "d66183e3086e4185bead420837d078f3" member_type: VOTER last_known_addr { host: "127.0.107.196" port: 35831 } attrs { promote: false } } }
I20260713 09:02:49.024545  1603 raft_consensus.cc:2955] T 7b062e0d48414b2e9551ad6984260190 P dbdb555d80ca40abbf0a5f5001f7ff52 [term 1 FOLLOWER]: Committing config change with OpId 1.3: config changed from index 2 to 3, d66183e3086e4185bead420837d078f3 (127.0.107.196) changed from NON_VOTER to VOTER. New config: { opid_index: 3 OBSOLETE_local: false peers { permanent_uuid: "dbdb555d80ca40abbf0a5f5001f7ff52" member_type: VOTER last_known_addr { host: "127.0.107.193" port: 40461 } attrs { replace: true } } peers { permanent_uuid: "c9f2d869538b40ce9e278c9cb6db31e2" member_type: VOTER last_known_addr { host: "127.0.107.194" port: 42861 } } peers { permanent_uuid: "6ab4cd3a8c6349f3a81da556ae4e80aa" member_type: VOTER last_known_addr { host: "127.0.107.195" port: 46819 } } peers { permanent_uuid: "d66183e3086e4185bead420837d078f3" member_type: VOTER last_known_addr { host: "127.0.107.196" port: 35831 } attrs { promote: false } } }
I20260713 09:02:49.030746  2313 ts_tablet_manager.cc:1916] T 57e492b24fc7499a8a1520027c9207d8 P 6ab4cd3a8c6349f3a81da556ae4e80aa: Deleting tablet data with delete state TABLET_DATA_TOMBSTONED
I20260713 09:02:49.031713  1487 catalog_manager.cc:5028] TS dbdb555d80ca40abbf0a5f5001f7ff52 (127.0.107.193:40461): tablet a72aaaaa1c8a4b1fb6caa8c5342b8590 (table test-workload [id=6b331b66119144d2bafaecba8dde239b]) successfully deleted
I20260713 09:02:49.033874  1503 catalog_manager.cc:5697] T 7b062e0d48414b2e9551ad6984260190 P d66183e3086e4185bead420837d078f3 reported cstate change: config changed from index 2 to 3, d66183e3086e4185bead420837d078f3 (127.0.107.196) changed from NON_VOTER to VOTER. New cstate: current_term: 1 leader_uuid: "c9f2d869538b40ce9e278c9cb6db31e2" committed_config { opid_index: 3 OBSOLETE_local: false peers { permanent_uuid: "dbdb555d80ca40abbf0a5f5001f7ff52" member_type: VOTER last_known_addr { host: "127.0.107.193" port: 40461 } attrs { replace: true } } peers { permanent_uuid: "c9f2d869538b40ce9e278c9cb6db31e2" member_type: VOTER last_known_addr { host: "127.0.107.194" port: 42861 } } peers { permanent_uuid: "6ab4cd3a8c6349f3a81da556ae4e80aa" member_type: VOTER last_known_addr { host: "127.0.107.195" port: 46819 } } peers { permanent_uuid: "d66183e3086e4185bead420837d078f3" member_type: VOTER last_known_addr { host: "127.0.107.196" port: 35831 } attrs { promote: false } } }
I20260713 09:02:49.046838  2313 ts_tablet_manager.cc:1929] T 57e492b24fc7499a8a1520027c9207d8 P 6ab4cd3a8c6349f3a81da556ae4e80aa: tablet deleted with delete type TABLET_DATA_TOMBSTONED: last-logged OpId 1.3
I20260713 09:02:49.047837  2313 log.cc:1199] T 57e492b24fc7499a8a1520027c9207d8 P 6ab4cd3a8c6349f3a81da556ae4e80aa: Deleting WAL directory at /tmp/dist-test-taskj9Rblj/test-tmp/auto_leader_rebalancer-test.0.LeaderRebalancerTest.AddTserver.1783933325926378-431-0/minicluster-data/ts-2-root/wals/57e492b24fc7499a8a1520027c9207d8
I20260713 09:02:49.051935  1490 catalog_manager.cc:5028] TS 6ab4cd3a8c6349f3a81da556ae4e80aa (127.0.107.195:46819): tablet 57e492b24fc7499a8a1520027c9207d8 (table test-workload [id=6b331b66119144d2bafaecba8dde239b]) successfully deleted
I20260713 09:02:49.062036  1680 consensus_queue.cc:237] T 7b062e0d48414b2e9551ad6984260190 P c9f2d869538b40ce9e278c9cb6db31e2 [LEADER]: Queue going to LEADER mode. State: All replicated index: 0, Majority replicated index: 3, Committed index: 3, Last appended: 1.3, Last appended by leader: 0, Current term: 1, Majority size: 2, State: 0, Mode: LEADER, active raft config: opid_index: 4 OBSOLETE_local: false peers { permanent_uuid: "c9f2d869538b40ce9e278c9cb6db31e2" member_type: VOTER last_known_addr { host: "127.0.107.194" port: 42861 } } peers { permanent_uuid: "6ab4cd3a8c6349f3a81da556ae4e80aa" member_type: VOTER last_known_addr { host: "127.0.107.195" port: 46819 } } peers { permanent_uuid: "d66183e3086e4185bead420837d078f3" member_type: VOTER last_known_addr { host: "127.0.107.196" port: 35831 } attrs { promote: false } }
I20260713 09:02:49.066771  2021 raft_consensus.cc:1275] T 7b062e0d48414b2e9551ad6984260190 P d66183e3086e4185bead420837d078f3 [term 1 FOLLOWER]: Refusing update from remote peer c9f2d869538b40ce9e278c9cb6db31e2: Log matching property violated. Preceding OpId in replica: term: 1 index: 3. Preceding OpId from leader: term: 1 index: 4. (index mismatch)
I20260713 09:02:49.068392  1754 raft_consensus.cc:1275] T 7b062e0d48414b2e9551ad6984260190 P 6ab4cd3a8c6349f3a81da556ae4e80aa [term 1 FOLLOWER]: Refusing update from remote peer c9f2d869538b40ce9e278c9cb6db31e2: Log matching property violated. Preceding OpId in replica: term: 1 index: 3. Preceding OpId from leader: term: 1 index: 4. (index mismatch)
I20260713 09:02:49.069418  2260 consensus_queue.cc:1048] T 7b062e0d48414b2e9551ad6984260190 P c9f2d869538b40ce9e278c9cb6db31e2 [LEADER]: Connected to new peer: Peer: permanent_uuid: "d66183e3086e4185bead420837d078f3" member_type: VOTER last_known_addr { host: "127.0.107.196" port: 35831 } attrs { promote: false }, Status: LMP_MISMATCH, Last received: 0.0, Next index: 4, Last known committed idx: 3, Time since last communication: 0.000s
I20260713 09:02:49.070358  2243 consensus_queue.cc:1048] T 7b062e0d48414b2e9551ad6984260190 P c9f2d869538b40ce9e278c9cb6db31e2 [LEADER]: Connected to new peer: Peer: permanent_uuid: "6ab4cd3a8c6349f3a81da556ae4e80aa" member_type: VOTER last_known_addr { host: "127.0.107.195" port: 46819 }, Status: LMP_MISMATCH, Last received: 0.0, Next index: 4, Last known committed idx: 3, Time since last communication: 0.000s
I20260713 09:02:49.079293  2243 raft_consensus.cc:2955] T 7b062e0d48414b2e9551ad6984260190 P c9f2d869538b40ce9e278c9cb6db31e2 [term 1 LEADER]: Committing config change with OpId 1.4: config changed from index 3 to 4, VOTER dbdb555d80ca40abbf0a5f5001f7ff52 (127.0.107.193) evicted. New config: { opid_index: 4 OBSOLETE_local: false peers { permanent_uuid: "c9f2d869538b40ce9e278c9cb6db31e2" member_type: VOTER last_known_addr { host: "127.0.107.194" port: 42861 } } peers { permanent_uuid: "6ab4cd3a8c6349f3a81da556ae4e80aa" member_type: VOTER last_known_addr { host: "127.0.107.195" port: 46819 } } peers { permanent_uuid: "d66183e3086e4185bead420837d078f3" member_type: VOTER last_known_addr { host: "127.0.107.196" port: 35831 } attrs { promote: false } } }
I20260713 09:02:49.082086  2021 raft_consensus.cc:2955] T 7b062e0d48414b2e9551ad6984260190 P d66183e3086e4185bead420837d078f3 [term 1 FOLLOWER]: Committing config change with OpId 1.4: config changed from index 3 to 4, VOTER dbdb555d80ca40abbf0a5f5001f7ff52 (127.0.107.193) evicted. New config: { opid_index: 4 OBSOLETE_local: false peers { permanent_uuid: "c9f2d869538b40ce9e278c9cb6db31e2" member_type: VOTER last_known_addr { host: "127.0.107.194" port: 42861 } } peers { permanent_uuid: "6ab4cd3a8c6349f3a81da556ae4e80aa" member_type: VOTER last_known_addr { host: "127.0.107.195" port: 46819 } } peers { permanent_uuid: "d66183e3086e4185bead420837d078f3" member_type: VOTER last_known_addr { host: "127.0.107.196" port: 35831 } attrs { promote: false } } }
I20260713 09:02:49.082243  1754 raft_consensus.cc:2955] T 7b062e0d48414b2e9551ad6984260190 P 6ab4cd3a8c6349f3a81da556ae4e80aa [term 1 FOLLOWER]: Committing config change with OpId 1.4: config changed from index 3 to 4, VOTER dbdb555d80ca40abbf0a5f5001f7ff52 (127.0.107.193) evicted. New config: { opid_index: 4 OBSOLETE_local: false peers { permanent_uuid: "c9f2d869538b40ce9e278c9cb6db31e2" member_type: VOTER last_known_addr { host: "127.0.107.194" port: 42861 } } peers { permanent_uuid: "6ab4cd3a8c6349f3a81da556ae4e80aa" member_type: VOTER last_known_addr { host: "127.0.107.195" port: 46819 } } peers { permanent_uuid: "d66183e3086e4185bead420837d078f3" member_type: VOTER last_known_addr { host: "127.0.107.196" port: 35831 } attrs { promote: false } } }
I20260713 09:02:49.089259  1487 catalog_manager.cc:5210] ChangeConfig:REMOVE_PEER RPC for tablet 7b062e0d48414b2e9551ad6984260190 with cas_config_opid_index 3: ChangeConfig:REMOVE_PEER succeeded (attempt 1)
I20260713 09:02:49.095849  1503 catalog_manager.cc:5697] T 7b062e0d48414b2e9551ad6984260190 P 6ab4cd3a8c6349f3a81da556ae4e80aa reported cstate change: config changed from index 3 to 4, VOTER dbdb555d80ca40abbf0a5f5001f7ff52 (127.0.107.193) evicted. New cstate: current_term: 1 leader_uuid: "c9f2d869538b40ce9e278c9cb6db31e2" committed_config { opid_index: 4 OBSOLETE_local: false peers { permanent_uuid: "c9f2d869538b40ce9e278c9cb6db31e2" member_type: VOTER last_known_addr { host: "127.0.107.194" port: 42861 } } peers { permanent_uuid: "6ab4cd3a8c6349f3a81da556ae4e80aa" member_type: VOTER last_known_addr { host: "127.0.107.195" port: 46819 } } peers { permanent_uuid: "d66183e3086e4185bead420837d078f3" member_type: VOTER last_known_addr { host: "127.0.107.196" port: 35831 } attrs { promote: false } } }
I20260713 09:02:49.105121  1592 tablet_service.cc:1558] Processing DeleteTablet for tablet 7b062e0d48414b2e9551ad6984260190 with delete_type TABLET_DATA_TOMBSTONED (TS dbdb555d80ca40abbf0a5f5001f7ff52 not found in new config with opid_index 4) from {username='slave'} at 127.0.0.1:38088
I20260713 09:02:49.106076  2310 tablet_replica.cc:333] T 7b062e0d48414b2e9551ad6984260190 P dbdb555d80ca40abbf0a5f5001f7ff52: stopping tablet replica
I20260713 09:02:49.107017  2310 raft_consensus.cc:2243] T 7b062e0d48414b2e9551ad6984260190 P dbdb555d80ca40abbf0a5f5001f7ff52 [term 1 FOLLOWER]: Raft consensus shutting down.
I20260713 09:02:49.107755  2310 raft_consensus.cc:2272] T 7b062e0d48414b2e9551ad6984260190 P dbdb555d80ca40abbf0a5f5001f7ff52 [term 1 FOLLOWER]: Raft consensus is shut down!
I20260713 09:02:49.110476  2310 ts_tablet_manager.cc:1916] T 7b062e0d48414b2e9551ad6984260190 P dbdb555d80ca40abbf0a5f5001f7ff52: Deleting tablet data with delete state TABLET_DATA_TOMBSTONED
I20260713 09:02:49.121627  2310 ts_tablet_manager.cc:1929] T 7b062e0d48414b2e9551ad6984260190 P dbdb555d80ca40abbf0a5f5001f7ff52: tablet deleted with delete type TABLET_DATA_TOMBSTONED: last-logged OpId 1.3
I20260713 09:02:49.122084  2310 log.cc:1199] T 7b062e0d48414b2e9551ad6984260190 P dbdb555d80ca40abbf0a5f5001f7ff52: Deleting WAL directory at /tmp/dist-test-taskj9Rblj/test-tmp/auto_leader_rebalancer-test.0.LeaderRebalancerTest.AddTserver.1783933325926378-431-0/minicluster-data/ts-0-root/wals/7b062e0d48414b2e9551ad6984260190
I20260713 09:02:49.123409  1487 catalog_manager.cc:5028] TS dbdb555d80ca40abbf0a5f5001f7ff52 (127.0.107.193:40461): tablet 7b062e0d48414b2e9551ad6984260190 (table test-workload [id=6b331b66119144d2bafaecba8dde239b]) successfully deleted
I20260713 09:02:49.152846  2292 raft_consensus.cc:1064] T b6b4ced9bba2475dbf33b747f8e1d555 P 6ab4cd3a8c6349f3a81da556ae4e80aa: attempting to promote NON_VOTER d66183e3086e4185bead420837d078f3 to VOTER
I20260713 09:02:49.155119  2292 consensus_queue.cc:237] T b6b4ced9bba2475dbf33b747f8e1d555 P 6ab4cd3a8c6349f3a81da556ae4e80aa [LEADER]: Queue going to LEADER mode. State: All replicated index: 0, Majority replicated index: 2, Committed index: 2, Last appended: 1.2, Last appended by leader: 0, Current term: 1, Majority size: 3, State: 0, Mode: LEADER, active raft config: opid_index: 3 OBSOLETE_local: false peers { permanent_uuid: "dbdb555d80ca40abbf0a5f5001f7ff52" member_type: VOTER last_known_addr { host: "127.0.107.193" port: 40461 } } peers { permanent_uuid: "c9f2d869538b40ce9e278c9cb6db31e2" member_type: VOTER last_known_addr { host: "127.0.107.194" port: 42861 } attrs { replace: true } } peers { permanent_uuid: "6ab4cd3a8c6349f3a81da556ae4e80aa" member_type: VOTER last_known_addr { host: "127.0.107.195" port: 46819 } } peers { permanent_uuid: "d66183e3086e4185bead420837d078f3" member_type: VOTER last_known_addr { host: "127.0.107.196" port: 35831 } attrs { promote: false } }
I20260713 09:02:49.162452  1680 raft_consensus.cc:1275] T b6b4ced9bba2475dbf33b747f8e1d555 P c9f2d869538b40ce9e278c9cb6db31e2 [term 1 FOLLOWER]: Refusing update from remote peer 6ab4cd3a8c6349f3a81da556ae4e80aa: Log matching property violated. Preceding OpId in replica: term: 1 index: 2. Preceding OpId from leader: term: 1 index: 3. (index mismatch)
I20260713 09:02:49.162694  1603 raft_consensus.cc:1275] T b6b4ced9bba2475dbf33b747f8e1d555 P dbdb555d80ca40abbf0a5f5001f7ff52 [term 1 FOLLOWER]: Refusing update from remote peer 6ab4cd3a8c6349f3a81da556ae4e80aa: Log matching property violated. Preceding OpId in replica: term: 1 index: 2. Preceding OpId from leader: term: 1 index: 3. (index mismatch)
I20260713 09:02:49.163609  2292 consensus_queue.cc:1048] T b6b4ced9bba2475dbf33b747f8e1d555 P 6ab4cd3a8c6349f3a81da556ae4e80aa [LEADER]: Connected to new peer: Peer: permanent_uuid: "c9f2d869538b40ce9e278c9cb6db31e2" member_type: VOTER last_known_addr { host: "127.0.107.194" port: 42861 } attrs { replace: true }, Status: LMP_MISMATCH, Last received: 0.0, Next index: 3, Last known committed idx: 2, Time since last communication: 0.000s
I20260713 09:02:49.163877  2021 raft_consensus.cc:1275] T b6b4ced9bba2475dbf33b747f8e1d555 P d66183e3086e4185bead420837d078f3 [term 1 LEARNER]: Refusing update from remote peer 6ab4cd3a8c6349f3a81da556ae4e80aa: Log matching property violated. Preceding OpId in replica: term: 1 index: 2. Preceding OpId from leader: term: 1 index: 3. (index mismatch)
I20260713 09:02:49.164618  2268 consensus_queue.cc:1048] T b6b4ced9bba2475dbf33b747f8e1d555 P 6ab4cd3a8c6349f3a81da556ae4e80aa [LEADER]: Connected to new peer: Peer: permanent_uuid: "dbdb555d80ca40abbf0a5f5001f7ff52" member_type: VOTER last_known_addr { host: "127.0.107.193" port: 40461 }, Status: LMP_MISMATCH, Last received: 0.0, Next index: 3, Last known committed idx: 2, Time since last communication: 0.000s
I20260713 09:02:49.165411  2294 consensus_queue.cc:1048] T b6b4ced9bba2475dbf33b747f8e1d555 P 6ab4cd3a8c6349f3a81da556ae4e80aa [LEADER]: Connected to new peer: Peer: permanent_uuid: "d66183e3086e4185bead420837d078f3" member_type: VOTER last_known_addr { host: "127.0.107.196" port: 35831 } attrs { promote: false }, Status: LMP_MISMATCH, Last received: 0.0, Next index: 3, Last known committed idx: 2, Time since last communication: 0.000s
I20260713 09:02:49.179123  2268 raft_consensus.cc:2955] T b6b4ced9bba2475dbf33b747f8e1d555 P 6ab4cd3a8c6349f3a81da556ae4e80aa [term 1 LEADER]: Committing config change with OpId 1.3: config changed from index 2 to 3, d66183e3086e4185bead420837d078f3 (127.0.107.196) changed from NON_VOTER to VOTER. New config: { opid_index: 3 OBSOLETE_local: false peers { permanent_uuid: "dbdb555d80ca40abbf0a5f5001f7ff52" member_type: VOTER last_known_addr { host: "127.0.107.193" port: 40461 } } peers { permanent_uuid: "c9f2d869538b40ce9e278c9cb6db31e2" member_type: VOTER last_known_addr { host: "127.0.107.194" port: 42861 } attrs { replace: true } } peers { permanent_uuid: "6ab4cd3a8c6349f3a81da556ae4e80aa" member_type: VOTER last_known_addr { host: "127.0.107.195" port: 46819 } } peers { permanent_uuid: "d66183e3086e4185bead420837d078f3" member_type: VOTER last_known_addr { host: "127.0.107.196" port: 35831 } attrs { promote: false } } }
I20260713 09:02:49.191438  2021 raft_consensus.cc:2955] T b6b4ced9bba2475dbf33b747f8e1d555 P d66183e3086e4185bead420837d078f3 [term 1 FOLLOWER]: Committing config change with OpId 1.3: config changed from index 2 to 3, d66183e3086e4185bead420837d078f3 (127.0.107.196) changed from NON_VOTER to VOTER. New config: { opid_index: 3 OBSOLETE_local: false peers { permanent_uuid: "dbdb555d80ca40abbf0a5f5001f7ff52" member_type: VOTER last_known_addr { host: "127.0.107.193" port: 40461 } } peers { permanent_uuid: "c9f2d869538b40ce9e278c9cb6db31e2" member_type: VOTER last_known_addr { host: "127.0.107.194" port: 42861 } attrs { replace: true } } peers { permanent_uuid: "6ab4cd3a8c6349f3a81da556ae4e80aa" member_type: VOTER last_known_addr { host: "127.0.107.195" port: 46819 } } peers { permanent_uuid: "d66183e3086e4185bead420837d078f3" member_type: VOTER last_known_addr { host: "127.0.107.196" port: 35831 } attrs { promote: false } } }
I20260713 09:02:49.193734  1679 raft_consensus.cc:2955] T b6b4ced9bba2475dbf33b747f8e1d555 P c9f2d869538b40ce9e278c9cb6db31e2 [term 1 FOLLOWER]: Committing config change with OpId 1.3: config changed from index 2 to 3, d66183e3086e4185bead420837d078f3 (127.0.107.196) changed from NON_VOTER to VOTER. New config: { opid_index: 3 OBSOLETE_local: false peers { permanent_uuid: "dbdb555d80ca40abbf0a5f5001f7ff52" member_type: VOTER last_known_addr { host: "127.0.107.193" port: 40461 } } peers { permanent_uuid: "c9f2d869538b40ce9e278c9cb6db31e2" member_type: VOTER last_known_addr { host: "127.0.107.194" port: 42861 } attrs { replace: true } } peers { permanent_uuid: "6ab4cd3a8c6349f3a81da556ae4e80aa" member_type: VOTER last_known_addr { host: "127.0.107.195" port: 46819 } } peers { permanent_uuid: "d66183e3086e4185bead420837d078f3" member_type: VOTER last_known_addr { host: "127.0.107.196" port: 35831 } attrs { promote: false } } }
I20260713 09:02:49.197814  1502 catalog_manager.cc:5697] T b6b4ced9bba2475dbf33b747f8e1d555 P 6ab4cd3a8c6349f3a81da556ae4e80aa reported cstate change: config changed from index 2 to 3, d66183e3086e4185bead420837d078f3 (127.0.107.196) changed from NON_VOTER to VOTER. New cstate: current_term: 1 leader_uuid: "6ab4cd3a8c6349f3a81da556ae4e80aa" committed_config { opid_index: 3 OBSOLETE_local: false peers { permanent_uuid: "dbdb555d80ca40abbf0a5f5001f7ff52" member_type: VOTER last_known_addr { host: "127.0.107.193" port: 40461 } health_report { overall_health: HEALTHY } } peers { permanent_uuid: "c9f2d869538b40ce9e278c9cb6db31e2" member_type: VOTER last_known_addr { host: "127.0.107.194" port: 42861 } attrs { replace: true } health_report { overall_health: HEALTHY } } peers { permanent_uuid: "6ab4cd3a8c6349f3a81da556ae4e80aa" member_type: VOTER last_known_addr { host: "127.0.107.195" port: 46819 } health_report { overall_health: HEALTHY } } peers { permanent_uuid: "d66183e3086e4185bead420837d078f3" member_type: VOTER last_known_addr { host: "127.0.107.196" port: 35831 } attrs { promote: false } health_report { overall_health: HEALTHY } } }
I20260713 09:02:49.193557  1604 raft_consensus.cc:2955] T b6b4ced9bba2475dbf33b747f8e1d555 P dbdb555d80ca40abbf0a5f5001f7ff52 [term 1 FOLLOWER]: Committing config change with OpId 1.3: config changed from index 2 to 3, d66183e3086e4185bead420837d078f3 (127.0.107.196) changed from NON_VOTER to VOTER. New config: { opid_index: 3 OBSOLETE_local: false peers { permanent_uuid: "dbdb555d80ca40abbf0a5f5001f7ff52" member_type: VOTER last_known_addr { host: "127.0.107.193" port: 40461 } } peers { permanent_uuid: "c9f2d869538b40ce9e278c9cb6db31e2" member_type: VOTER last_known_addr { host: "127.0.107.194" port: 42861 } attrs { replace: true } } peers { permanent_uuid: "6ab4cd3a8c6349f3a81da556ae4e80aa" member_type: VOTER last_known_addr { host: "127.0.107.195" port: 46819 } } peers { permanent_uuid: "d66183e3086e4185bead420837d078f3" member_type: VOTER last_known_addr { host: "127.0.107.196" port: 35831 } attrs { promote: false } } }
I20260713 09:02:49.221805  1754 consensus_queue.cc:237] T b6b4ced9bba2475dbf33b747f8e1d555 P 6ab4cd3a8c6349f3a81da556ae4e80aa [LEADER]: Queue going to LEADER mode. State: All replicated index: 0, Majority replicated index: 3, Committed index: 3, Last appended: 1.3, Last appended by leader: 0, Current term: 1, Majority size: 2, State: 0, Mode: LEADER, active raft config: opid_index: 4 OBSOLETE_local: false peers { permanent_uuid: "dbdb555d80ca40abbf0a5f5001f7ff52" member_type: VOTER last_known_addr { host: "127.0.107.193" port: 40461 } } peers { permanent_uuid: "6ab4cd3a8c6349f3a81da556ae4e80aa" member_type: VOTER last_known_addr { host: "127.0.107.195" port: 46819 } } peers { permanent_uuid: "d66183e3086e4185bead420837d078f3" member_type: VOTER last_known_addr { host: "127.0.107.196" port: 35831 } attrs { promote: false } }
I20260713 09:02:49.227584  1604 raft_consensus.cc:1275] T b6b4ced9bba2475dbf33b747f8e1d555 P dbdb555d80ca40abbf0a5f5001f7ff52 [term 1 FOLLOWER]: Refusing update from remote peer 6ab4cd3a8c6349f3a81da556ae4e80aa: Log matching property violated. Preceding OpId in replica: term: 1 index: 3. Preceding OpId from leader: term: 1 index: 4. (index mismatch)
I20260713 09:02:49.229143  2268 consensus_queue.cc:1048] T b6b4ced9bba2475dbf33b747f8e1d555 P 6ab4cd3a8c6349f3a81da556ae4e80aa [LEADER]: Connected to new peer: Peer: permanent_uuid: "dbdb555d80ca40abbf0a5f5001f7ff52" member_type: VOTER last_known_addr { host: "127.0.107.193" port: 40461 }, Status: LMP_MISMATCH, Last received: 0.0, Next index: 4, Last known committed idx: 3, Time since last communication: 0.001s
I20260713 09:02:49.234369  2021 raft_consensus.cc:1275] T b6b4ced9bba2475dbf33b747f8e1d555 P d66183e3086e4185bead420837d078f3 [term 1 FOLLOWER]: Refusing update from remote peer 6ab4cd3a8c6349f3a81da556ae4e80aa: Log matching property violated. Preceding OpId in replica: term: 1 index: 3. Preceding OpId from leader: term: 1 index: 4. (index mismatch)
I20260713 09:02:49.235948  2294 consensus_queue.cc:1048] T b6b4ced9bba2475dbf33b747f8e1d555 P 6ab4cd3a8c6349f3a81da556ae4e80aa [LEADER]: Connected to new peer: Peer: permanent_uuid: "d66183e3086e4185bead420837d078f3" member_type: VOTER last_known_addr { host: "127.0.107.196" port: 35831 } attrs { promote: false }, Status: LMP_MISMATCH, Last received: 0.0, Next index: 4, Last known committed idx: 3, Time since last communication: 0.000s
I20260713 09:02:49.237201  2292 raft_consensus.cc:2955] T b6b4ced9bba2475dbf33b747f8e1d555 P 6ab4cd3a8c6349f3a81da556ae4e80aa [term 1 LEADER]: Committing config change with OpId 1.4: config changed from index 3 to 4, VOTER c9f2d869538b40ce9e278c9cb6db31e2 (127.0.107.194) evicted. New config: { opid_index: 4 OBSOLETE_local: false peers { permanent_uuid: "dbdb555d80ca40abbf0a5f5001f7ff52" member_type: VOTER last_known_addr { host: "127.0.107.193" port: 40461 } } peers { permanent_uuid: "6ab4cd3a8c6349f3a81da556ae4e80aa" member_type: VOTER last_known_addr { host: "127.0.107.195" port: 46819 } } peers { permanent_uuid: "d66183e3086e4185bead420837d078f3" member_type: VOTER last_known_addr { host: "127.0.107.196" port: 35831 } attrs { promote: false } } }
I20260713 09:02:49.238997  1603 raft_consensus.cc:2955] T b6b4ced9bba2475dbf33b747f8e1d555 P dbdb555d80ca40abbf0a5f5001f7ff52 [term 1 FOLLOWER]: Committing config change with OpId 1.4: config changed from index 3 to 4, VOTER c9f2d869538b40ce9e278c9cb6db31e2 (127.0.107.194) evicted. New config: { opid_index: 4 OBSOLETE_local: false peers { permanent_uuid: "dbdb555d80ca40abbf0a5f5001f7ff52" member_type: VOTER last_known_addr { host: "127.0.107.193" port: 40461 } } peers { permanent_uuid: "6ab4cd3a8c6349f3a81da556ae4e80aa" member_type: VOTER last_known_addr { host: "127.0.107.195" port: 46819 } } peers { permanent_uuid: "d66183e3086e4185bead420837d078f3" member_type: VOTER last_known_addr { host: "127.0.107.196" port: 35831 } attrs { promote: false } } }
I20260713 09:02:49.241479  2021 raft_consensus.cc:2955] T b6b4ced9bba2475dbf33b747f8e1d555 P d66183e3086e4185bead420837d078f3 [term 1 FOLLOWER]: Committing config change with OpId 1.4: config changed from index 3 to 4, VOTER c9f2d869538b40ce9e278c9cb6db31e2 (127.0.107.194) evicted. New config: { opid_index: 4 OBSOLETE_local: false peers { permanent_uuid: "dbdb555d80ca40abbf0a5f5001f7ff52" member_type: VOTER last_known_addr { host: "127.0.107.193" port: 40461 } } peers { permanent_uuid: "6ab4cd3a8c6349f3a81da556ae4e80aa" member_type: VOTER last_known_addr { host: "127.0.107.195" port: 46819 } } peers { permanent_uuid: "d66183e3086e4185bead420837d078f3" member_type: VOTER last_known_addr { host: "127.0.107.196" port: 35831 } attrs { promote: false } } }
I20260713 09:02:49.251143  1490 catalog_manager.cc:5210] ChangeConfig:REMOVE_PEER RPC for tablet b6b4ced9bba2475dbf33b747f8e1d555 with cas_config_opid_index 3: ChangeConfig:REMOVE_PEER succeeded (attempt 1)
I20260713 09:02:49.252079  1503 catalog_manager.cc:5697] T b6b4ced9bba2475dbf33b747f8e1d555 P dbdb555d80ca40abbf0a5f5001f7ff52 reported cstate change: config changed from index 3 to 4, VOTER c9f2d869538b40ce9e278c9cb6db31e2 (127.0.107.194) evicted. New cstate: current_term: 1 leader_uuid: "6ab4cd3a8c6349f3a81da556ae4e80aa" committed_config { opid_index: 4 OBSOLETE_local: false peers { permanent_uuid: "dbdb555d80ca40abbf0a5f5001f7ff52" member_type: VOTER last_known_addr { host: "127.0.107.193" port: 40461 } } peers { permanent_uuid: "6ab4cd3a8c6349f3a81da556ae4e80aa" member_type: VOTER last_known_addr { host: "127.0.107.195" port: 46819 } } peers { permanent_uuid: "d66183e3086e4185bead420837d078f3" member_type: VOTER last_known_addr { host: "127.0.107.196" port: 35831 } attrs { promote: false } } }
I20260713 09:02:49.263432  1670 tablet_service.cc:1558] Processing DeleteTablet for tablet b6b4ced9bba2475dbf33b747f8e1d555 with delete_type TABLET_DATA_TOMBSTONED (TS c9f2d869538b40ce9e278c9cb6db31e2 not found in new config with opid_index 4) from {username='slave'} at 127.0.0.1:38674
I20260713 09:02:49.265627  2318 tablet_replica.cc:333] T b6b4ced9bba2475dbf33b747f8e1d555 P c9f2d869538b40ce9e278c9cb6db31e2: stopping tablet replica
I20260713 09:02:49.266404  2318 raft_consensus.cc:2243] T b6b4ced9bba2475dbf33b747f8e1d555 P c9f2d869538b40ce9e278c9cb6db31e2 [term 1 FOLLOWER]: Raft consensus shutting down.
I20260713 09:02:49.267030  2318 raft_consensus.cc:2272] T b6b4ced9bba2475dbf33b747f8e1d555 P c9f2d869538b40ce9e278c9cb6db31e2 [term 1 FOLLOWER]: Raft consensus is shut down!
I20260713 09:02:49.269819  2318 ts_tablet_manager.cc:1916] T b6b4ced9bba2475dbf33b747f8e1d555 P c9f2d869538b40ce9e278c9cb6db31e2: Deleting tablet data with delete state TABLET_DATA_TOMBSTONED
I20260713 09:02:49.282639  2318 ts_tablet_manager.cc:1929] T b6b4ced9bba2475dbf33b747f8e1d555 P c9f2d869538b40ce9e278c9cb6db31e2: tablet deleted with delete type TABLET_DATA_TOMBSTONED: last-logged OpId 1.3
I20260713 09:02:49.282984  2318 log.cc:1199] T b6b4ced9bba2475dbf33b747f8e1d555 P c9f2d869538b40ce9e278c9cb6db31e2: Deleting WAL directory at /tmp/dist-test-taskj9Rblj/test-tmp/auto_leader_rebalancer-test.0.LeaderRebalancerTest.AddTserver.1783933325926378-431-0/minicluster-data/ts-1-root/wals/b6b4ced9bba2475dbf33b747f8e1d555
I20260713 09:02:49.284632  1487 catalog_manager.cc:5028] TS c9f2d869538b40ce9e278c9cb6db31e2 (127.0.107.194:42861): tablet b6b4ced9bba2475dbf33b747f8e1d555 (table test-workload [id=6b331b66119144d2bafaecba8dde239b]) successfully deleted
I20260713 09:02:50.288868  1679 consensus_queue.cc:237] T 6991820752424f2c9daa67ec1ce73672 P c9f2d869538b40ce9e278c9cb6db31e2 [LEADER]: Queue going to LEADER mode. State: All replicated index: 0, Majority replicated index: 1, Committed index: 1, Last appended: 1.1, Last appended by leader: 0, Current term: 1, Majority size: 2, State: 0, Mode: LEADER, active raft config: opid_index: 2 OBSOLETE_local: false peers { permanent_uuid: "dbdb555d80ca40abbf0a5f5001f7ff52" member_type: VOTER last_known_addr { host: "127.0.107.193" port: 40461 } } peers { permanent_uuid: "c9f2d869538b40ce9e278c9cb6db31e2" member_type: VOTER last_known_addr { host: "127.0.107.194" port: 42861 } } peers { permanent_uuid: "6ab4cd3a8c6349f3a81da556ae4e80aa" member_type: VOTER last_known_addr { host: "127.0.107.195" port: 46819 } attrs { replace: true } } peers { permanent_uuid: "d66183e3086e4185bead420837d078f3" member_type: NON_VOTER last_known_addr { host: "127.0.107.196" port: 35831 } attrs { promote: true } }
I20260713 09:02:50.294055  1752 raft_consensus.cc:1275] T 6991820752424f2c9daa67ec1ce73672 P 6ab4cd3a8c6349f3a81da556ae4e80aa [term 1 FOLLOWER]: Refusing update from remote peer c9f2d869538b40ce9e278c9cb6db31e2: Log matching property violated. Preceding OpId in replica: term: 1 index: 1. Preceding OpId from leader: term: 1 index: 2. (index mismatch)
I20260713 09:02:50.294641  1603 raft_consensus.cc:1275] T 6991820752424f2c9daa67ec1ce73672 P dbdb555d80ca40abbf0a5f5001f7ff52 [term 1 FOLLOWER]: Refusing update from remote peer c9f2d869538b40ce9e278c9cb6db31e2: Log matching property violated. Preceding OpId in replica: term: 1 index: 1. Preceding OpId from leader: term: 1 index: 2. (index mismatch)
I20260713 09:02:50.295382  2320 consensus_queue.cc:1048] T 6991820752424f2c9daa67ec1ce73672 P c9f2d869538b40ce9e278c9cb6db31e2 [LEADER]: Connected to new peer: Peer: permanent_uuid: "6ab4cd3a8c6349f3a81da556ae4e80aa" member_type: VOTER last_known_addr { host: "127.0.107.195" port: 46819 } attrs { replace: true }, Status: LMP_MISMATCH, Last received: 0.0, Next index: 2, Last known committed idx: 1, Time since last communication: 0.000s
W20260713 09:02:50.296191  1646 consensus_peers.cc:597] T 6991820752424f2c9daa67ec1ce73672 P c9f2d869538b40ce9e278c9cb6db31e2 -> Peer d66183e3086e4185bead420837d078f3 (127.0.107.196:35831): Couldn't send request to peer d66183e3086e4185bead420837d078f3. Error code: TABLET_NOT_FOUND (6). Status: Not found: Tablet not found: 6991820752424f2c9daa67ec1ce73672. This is attempt 1: this message will repeat every 5th retry.
I20260713 09:02:50.296259  2322 consensus_queue.cc:1048] T 6991820752424f2c9daa67ec1ce73672 P c9f2d869538b40ce9e278c9cb6db31e2 [LEADER]: Connected to new peer: Peer: permanent_uuid: "dbdb555d80ca40abbf0a5f5001f7ff52" member_type: VOTER last_known_addr { host: "127.0.107.193" port: 40461 }, Status: LMP_MISMATCH, Last received: 0.0, Next index: 2, Last known committed idx: 1, Time since last communication: 0.001s
