I20260713 09:02:12.284363   566 raft_consensus.cc:515] T 52661a52041e4c818e6e9ab667acb2a7 P 97f78d1fed0e4cbf9dc0997d961b5876 [term 2 FOLLOWER]: Starting forced leader election with config: opid_index: -1 OBSOLETE_local: false peers { permanent_uuid: "97f78d1fed0e4cbf9dc0997d961b5876" member_type: VOTER last_known_addr { host: "127.0.107.193" port: 43693 } } peers { permanent_uuid: "e48b81d8da124dc09d346805026615de" member_type: VOTER last_known_addr { host: "127.0.107.194" port: 43163 } } peers { permanent_uuid: "e3d404ef51bd4e72aa7e7ff9d4bf5aca" member_type: VOTER last_known_addr { host: "127.0.107.195" port: 36181 } }
I20260713 09:02:12.286213   566 leader_election.cc:290] T 52661a52041e4c818e6e9ab667acb2a7 P 97f78d1fed0e4cbf9dc0997d961b5876 [CANDIDATE]: Term 2 election: Requested vote from peers e48b81d8da124dc09d346805026615de (127.0.107.194:43163), e3d404ef51bd4e72aa7e7ff9d4bf5aca (127.0.107.195:36181)
I20260713 09:02:12.286468   563 raft_consensus.cc:2468] T c38770a93edb43258aaef9f25456b3a0 P 97f78d1fed0e4cbf9dc0997d961b5876 [term 2 FOLLOWER]: Leader election vote request: Granting yes vote for candidate e3d404ef51bd4e72aa7e7ff9d4bf5aca in term 2.
I20260713 09:02:12.287588   640 tablet_service.cc:1917] Received RequestConsensusVote() RPC: tablet_id: "52661a52041e4c818e6e9ab667acb2a7" candidate_uuid: "97f78d1fed0e4cbf9dc0997d961b5876" candidate_term: 2 candidate_status { last_received { term: 1 index: 1 } } ignore_live_leader: true dest_uuid: "e48b81d8da124dc09d346805026615de"
I20260713 09:02:12.287724   714 tablet_service.cc:1917] Received RequestConsensusVote() RPC: tablet_id: "52661a52041e4c818e6e9ab667acb2a7" candidate_uuid: "97f78d1fed0e4cbf9dc0997d961b5876" candidate_term: 2 candidate_status { last_received { term: 1 index: 1 } } ignore_live_leader: true dest_uuid: "e3d404ef51bd4e72aa7e7ff9d4bf5aca"
I20260713 09:02:12.288194   714 raft_consensus.cc:3060] T 52661a52041e4c818e6e9ab667acb2a7 P e3d404ef51bd4e72aa7e7ff9d4bf5aca [term 1 FOLLOWER]: Advancing to term 2
I20260713 09:02:12.288194   640 raft_consensus.cc:3055] T 52661a52041e4c818e6e9ab667acb2a7 P e48b81d8da124dc09d346805026615de [term 1 LEADER]: Stepping down as leader of term 1
I20260713 09:02:12.288877   640 raft_consensus.cc:740] T 52661a52041e4c818e6e9ab667acb2a7 P e48b81d8da124dc09d346805026615de [term 1 LEADER]: Becoming Follower/Learner. State: Replica: e48b81d8da124dc09d346805026615de, State: Running, Role: LEADER
I20260713 09:02:12.289772   640 consensus_queue.cc:260] T 52661a52041e4c818e6e9ab667acb2a7 P e48b81d8da124dc09d346805026615de [NON_LEADER]: Queue going to NON_LEADER mode. State: All replicated index: 0, Majority replicated index: 1, Committed index: 1, Last appended: 1.1, Last appended by leader: 1, Current term: 1, Majority size: -1, State: 0, Mode: NON_LEADER, active raft config: opid_index: -1 OBSOLETE_local: false peers { permanent_uuid: "97f78d1fed0e4cbf9dc0997d961b5876" member_type: VOTER last_known_addr { host: "127.0.107.193" port: 43693 } } peers { permanent_uuid: "e48b81d8da124dc09d346805026615de" member_type: VOTER last_known_addr { host: "127.0.107.194" port: 43163 } } peers { permanent_uuid: "e3d404ef51bd4e72aa7e7ff9d4bf5aca" member_type: VOTER last_known_addr { host: "127.0.107.195" port: 36181 } }
I20260713 09:02:12.291033   640 raft_consensus.cc:3060] T 52661a52041e4c818e6e9ab667acb2a7 P e48b81d8da124dc09d346805026615de [term 1 FOLLOWER]: Advancing to term 2
I20260713 09:02:12.293308   461 catalog_manager.cc:5697] T c38770a93edb43258aaef9f25456b3a0 P e3d404ef51bd4e72aa7e7ff9d4bf5aca reported cstate change: term changed from 1 to 2, leader changed from 97f78d1fed0e4cbf9dc0997d961b5876 (127.0.107.193) to e3d404ef51bd4e72aa7e7ff9d4bf5aca (127.0.107.195). New cstate: current_term: 2 leader_uuid: "e3d404ef51bd4e72aa7e7ff9d4bf5aca" committed_config { opid_index: -1 OBSOLETE_local: false peers { permanent_uuid: "97f78d1fed0e4cbf9dc0997d961b5876" member_type: VOTER last_known_addr { host: "127.0.107.193" port: 43693 } health_report { overall_health: UNKNOWN } } peers { permanent_uuid: "e48b81d8da124dc09d346805026615de" member_type: VOTER last_known_addr { host: "127.0.107.194" port: 43163 } health_report { overall_health: UNKNOWN } } peers { permanent_uuid: "e3d404ef51bd4e72aa7e7ff9d4bf5aca" member_type: VOTER last_known_addr { host: "127.0.107.195" port: 36181 } health_report { overall_health: HEALTHY } } }
I20260713 09:02:12.295790   714 raft_consensus.cc:2468] T 52661a52041e4c818e6e9ab667acb2a7 P e3d404ef51bd4e72aa7e7ff9d4bf5aca [term 2 FOLLOWER]: Leader election vote request: Granting yes vote for candidate 97f78d1fed0e4cbf9dc0997d961b5876 in term 2.
I20260713 09:02:12.297031   529 leader_election.cc:304] T 52661a52041e4c818e6e9ab667acb2a7 P 97f78d1fed0e4cbf9dc0997d961b5876 [CANDIDATE]: Term 2 election: Election decided. Result: candidate won. Election summary: received 2 responses out of 3 voters: 2 yes votes; 0 no votes. yes voters: 97f78d1fed0e4cbf9dc0997d961b5876, e3d404ef51bd4e72aa7e7ff9d4bf5aca; no voters: 
I20260713 09:02:12.297796   797 raft_consensus.cc:2804] T 52661a52041e4c818e6e9ab667acb2a7 P 97f78d1fed0e4cbf9dc0997d961b5876 [term 2 FOLLOWER]: Leader election won for term 2
I20260713 09:02:12.298266   797 raft_consensus.cc:697] T 52661a52041e4c818e6e9ab667acb2a7 P 97f78d1fed0e4cbf9dc0997d961b5876 [term 2 LEADER]: Becoming Leader. State: Replica: 97f78d1fed0e4cbf9dc0997d961b5876, State: Running, Role: LEADER
I20260713 09:02:12.299022   797 consensus_queue.cc:237] T 52661a52041e4c818e6e9ab667acb2a7 P 97f78d1fed0e4cbf9dc0997d961b5876 [LEADER]: Queue going to LEADER mode. State: All replicated index: 0, Majority replicated index: 1, Committed index: 1, Last appended: 1.1, Last appended by leader: 1, Current term: 2, Majority size: 2, State: 0, Mode: LEADER, active raft config: opid_index: -1 OBSOLETE_local: false peers { permanent_uuid: "97f78d1fed0e4cbf9dc0997d961b5876" member_type: VOTER last_known_addr { host: "127.0.107.193" port: 43693 } } peers { permanent_uuid: "e48b81d8da124dc09d346805026615de" member_type: VOTER last_known_addr { host: "127.0.107.194" port: 43163 } } peers { permanent_uuid: "e3d404ef51bd4e72aa7e7ff9d4bf5aca" member_type: VOTER last_known_addr { host: "127.0.107.195" port: 36181 } }
I20260713 09:02:12.298743   640 raft_consensus.cc:2468] T 52661a52041e4c818e6e9ab667acb2a7 P e48b81d8da124dc09d346805026615de [term 2 FOLLOWER]: Leader election vote request: Granting yes vote for candidate 97f78d1fed0e4cbf9dc0997d961b5876 in term 2.
I20260713 09:02:12.306236   461 catalog_manager.cc:5697] T 52661a52041e4c818e6e9ab667acb2a7 P 97f78d1fed0e4cbf9dc0997d961b5876 reported cstate change: term changed from 1 to 2, leader changed from e48b81d8da124dc09d346805026615de (127.0.107.194) to 97f78d1fed0e4cbf9dc0997d961b5876 (127.0.107.193). New cstate: current_term: 2 leader_uuid: "97f78d1fed0e4cbf9dc0997d961b5876" committed_config { opid_index: -1 OBSOLETE_local: false peers { permanent_uuid: "97f78d1fed0e4cbf9dc0997d961b5876" member_type: VOTER last_known_addr { host: "127.0.107.193" port: 43693 } health_report { overall_health: HEALTHY } } peers { permanent_uuid: "e48b81d8da124dc09d346805026615de" member_type: VOTER last_known_addr { host: "127.0.107.194" port: 43163 } health_report { overall_health: UNKNOWN } } peers { permanent_uuid: "e3d404ef51bd4e72aa7e7ff9d4bf5aca" member_type: VOTER last_known_addr { host: "127.0.107.195" port: 36181 } health_report { overall_health: UNKNOWN } } }
I20260713 09:02:12.387939   640 raft_consensus.cc:1275] T cf21e3ef99054ead9bbe70d81a39abe2 P e48b81d8da124dc09d346805026615de [term 2 FOLLOWER]: Refusing update from remote peer 97f78d1fed0e4cbf9dc0997d961b5876: Log matching property violated. Preceding OpId in replica: term: 1 index: 1. Preceding OpId from leader: term: 2 index: 2. (index mismatch)
I20260713 09:02:12.389423   797 consensus_queue.cc:1048] T cf21e3ef99054ead9bbe70d81a39abe2 P 97f78d1fed0e4cbf9dc0997d961b5876 [LEADER]: Connected to new peer: Peer: permanent_uuid: "e48b81d8da124dc09d346805026615de" member_type: VOTER last_known_addr { host: "127.0.107.194" port: 43163 }, Status: LMP_MISMATCH, Last received: 0.0, Next index: 2, Last known committed idx: 1, Time since last communication: 0.000s
I20260713 09:02:12.397812   714 raft_consensus.cc:1275] T cf21e3ef99054ead9bbe70d81a39abe2 P e3d404ef51bd4e72aa7e7ff9d4bf5aca [term 2 FOLLOWER]: Refusing update from remote peer 97f78d1fed0e4cbf9dc0997d961b5876: Log matching property violated. Preceding OpId in replica: term: 1 index: 1. Preceding OpId from leader: term: 2 index: 2. (index mismatch)
I20260713 09:02:12.399428   865 consensus_queue.cc:1048] T cf21e3ef99054ead9bbe70d81a39abe2 P 97f78d1fed0e4cbf9dc0997d961b5876 [LEADER]: Connected to new peer: Peer: permanent_uuid: "e3d404ef51bd4e72aa7e7ff9d4bf5aca" member_type: VOTER last_known_addr { host: "127.0.107.195" port: 36181 }, Status: LMP_MISMATCH, Last received: 0.0, Next index: 2, Last known committed idx: 1, Time since last communication: 0.000s
I20260713 09:02:12.404836   764 raft_consensus.cc:993] T ba5195bebcd947568de9c3cc8a0428c3 P e3d404ef51bd4e72aa7e7ff9d4bf5aca: : Instructing follower 97f78d1fed0e4cbf9dc0997d961b5876 to start an election
I20260713 09:02:12.405318   764 raft_consensus.cc:1081] T ba5195bebcd947568de9c3cc8a0428c3 P e3d404ef51bd4e72aa7e7ff9d4bf5aca [term 1 LEADER]: Signalling peer 97f78d1fed0e4cbf9dc0997d961b5876 to start an election
I20260713 09:02:12.407042   563 tablet_service.cc:2044] Received Run Leader Election RPC: tablet_id: "ba5195bebcd947568de9c3cc8a0428c3"
dest_uuid: "97f78d1fed0e4cbf9dc0997d961b5876"
 from {username='slave'} at 127.0.0.1:38264
I20260713 09:02:12.407492   563 raft_consensus.cc:493] T ba5195bebcd947568de9c3cc8a0428c3 P 97f78d1fed0e4cbf9dc0997d961b5876 [term 1 FOLLOWER]: Starting forced leader election (received explicit request)
I20260713 09:02:12.407801   563 raft_consensus.cc:3060] T ba5195bebcd947568de9c3cc8a0428c3 P 97f78d1fed0e4cbf9dc0997d961b5876 [term 1 FOLLOWER]: Advancing to term 2
I20260713 09:02:12.413640   563 raft_consensus.cc:515] T ba5195bebcd947568de9c3cc8a0428c3 P 97f78d1fed0e4cbf9dc0997d961b5876 [term 2 FOLLOWER]: Starting forced leader election with config: opid_index: -1 OBSOLETE_local: false peers { permanent_uuid: "e48b81d8da124dc09d346805026615de" member_type: VOTER last_known_addr { host: "127.0.107.194" port: 43163 } } peers { permanent_uuid: "e3d404ef51bd4e72aa7e7ff9d4bf5aca" member_type: VOTER last_known_addr { host: "127.0.107.195" port: 36181 } } peers { permanent_uuid: "97f78d1fed0e4cbf9dc0997d961b5876" member_type: VOTER last_known_addr { host: "127.0.107.193" port: 43693 } }
I20260713 09:02:12.415952   640 tablet_service.cc:1917] Received RequestConsensusVote() RPC: tablet_id: "ba5195bebcd947568de9c3cc8a0428c3" candidate_uuid: "97f78d1fed0e4cbf9dc0997d961b5876" candidate_term: 2 candidate_status { last_received { term: 1 index: 1 } } ignore_live_leader: true dest_uuid: "e48b81d8da124dc09d346805026615de"
I20260713 09:02:12.416210   714 tablet_service.cc:1917] Received RequestConsensusVote() RPC: tablet_id: "ba5195bebcd947568de9c3cc8a0428c3" candidate_uuid: "97f78d1fed0e4cbf9dc0997d961b5876" candidate_term: 2 candidate_status { last_received { term: 1 index: 1 } } ignore_live_leader: true dest_uuid: "e3d404ef51bd4e72aa7e7ff9d4bf5aca"
I20260713 09:02:12.416657   640 raft_consensus.cc:3060] T ba5195bebcd947568de9c3cc8a0428c3 P e48b81d8da124dc09d346805026615de [term 1 FOLLOWER]: Advancing to term 2
I20260713 09:02:12.416020   563 leader_election.cc:290] T ba5195bebcd947568de9c3cc8a0428c3 P 97f78d1fed0e4cbf9dc0997d961b5876 [CANDIDATE]: Term 2 election: Requested vote from peers e48b81d8da124dc09d346805026615de (127.0.107.194:43163), e3d404ef51bd4e72aa7e7ff9d4bf5aca (127.0.107.195:36181)
I20260713 09:02:12.417009   714 raft_consensus.cc:3055] T ba5195bebcd947568de9c3cc8a0428c3 P e3d404ef51bd4e72aa7e7ff9d4bf5aca [term 1 LEADER]: Stepping down as leader of term 1
I20260713 09:02:12.417380   714 raft_consensus.cc:740] T ba5195bebcd947568de9c3cc8a0428c3 P e3d404ef51bd4e72aa7e7ff9d4bf5aca [term 1 LEADER]: Becoming Follower/Learner. State: Replica: e3d404ef51bd4e72aa7e7ff9d4bf5aca, State: Running, Role: LEADER
I20260713 09:02:12.417630   641 raft_consensus.cc:1275] T 5327b0036a964db5818e71cb7dcb4931 P e48b81d8da124dc09d346805026615de [term 2 FOLLOWER]: Refusing update from remote peer 97f78d1fed0e4cbf9dc0997d961b5876: Log matching property violated. Preceding OpId in replica: term: 1 index: 1. Preceding OpId from leader: term: 2 index: 2. (index mismatch)
I20260713 09:02:12.418504   714 consensus_queue.cc:260] T ba5195bebcd947568de9c3cc8a0428c3 P e3d404ef51bd4e72aa7e7ff9d4bf5aca [NON_LEADER]: Queue going to NON_LEADER mode. State: All replicated index: 0, Majority replicated index: 1, Committed index: 1, Last appended: 1.1, Last appended by leader: 1, Current term: 1, Majority size: -1, State: 0, Mode: NON_LEADER, active raft config: opid_index: -1 OBSOLETE_local: false peers { permanent_uuid: "e48b81d8da124dc09d346805026615de" member_type: VOTER last_known_addr { host: "127.0.107.194" port: 43163 } } peers { permanent_uuid: "e3d404ef51bd4e72aa7e7ff9d4bf5aca" member_type: VOTER last_known_addr { host: "127.0.107.195" port: 36181 } } peers { permanent_uuid: "97f78d1fed0e4cbf9dc0997d961b5876" member_type: VOTER last_known_addr { host: "127.0.107.193" port: 43693 } }
I20260713 09:02:12.419546   714 raft_consensus.cc:3060] T ba5195bebcd947568de9c3cc8a0428c3 P e3d404ef51bd4e72aa7e7ff9d4bf5aca [term 1 FOLLOWER]: Advancing to term 2
I20260713 09:02:12.419700   865 consensus_queue.cc:1048] T 5327b0036a964db5818e71cb7dcb4931 P 97f78d1fed0e4cbf9dc0997d961b5876 [LEADER]: Connected to new peer: Peer: permanent_uuid: "e48b81d8da124dc09d346805026615de" member_type: VOTER last_known_addr { host: "127.0.107.194" port: 43163 }, Status: LMP_MISMATCH, Last received: 0.0, Next index: 2, Last known committed idx: 1, Time since last communication: 0.000s
I20260713 09:02:12.422907   640 raft_consensus.cc:2468] T ba5195bebcd947568de9c3cc8a0428c3 P e48b81d8da124dc09d346805026615de [term 2 FOLLOWER]: Leader election vote request: Granting yes vote for candidate 97f78d1fed0e4cbf9dc0997d961b5876 in term 2.
I20260713 09:02:12.424445   530 leader_election.cc:304] T ba5195bebcd947568de9c3cc8a0428c3 P 97f78d1fed0e4cbf9dc0997d961b5876 [CANDIDATE]: Term 2 election: Election decided. Result: candidate won. Election summary: received 2 responses out of 3 voters: 2 yes votes; 0 no votes. yes voters: 97f78d1fed0e4cbf9dc0997d961b5876, e48b81d8da124dc09d346805026615de; no voters: 
I20260713 09:02:12.425401   865 raft_consensus.cc:2804] T ba5195bebcd947568de9c3cc8a0428c3 P 97f78d1fed0e4cbf9dc0997d961b5876 [term 2 FOLLOWER]: Leader election won for term 2
I20260713 09:02:12.425868   865 raft_consensus.cc:697] T ba5195bebcd947568de9c3cc8a0428c3 P 97f78d1fed0e4cbf9dc0997d961b5876 [term 2 LEADER]: Becoming Leader. State: Replica: 97f78d1fed0e4cbf9dc0997d961b5876, State: Running, Role: LEADER
I20260713 09:02:12.427156   714 raft_consensus.cc:2468] T ba5195bebcd947568de9c3cc8a0428c3 P e3d404ef51bd4e72aa7e7ff9d4bf5aca [term 2 FOLLOWER]: Leader election vote request: Granting yes vote for candidate 97f78d1fed0e4cbf9dc0997d961b5876 in term 2.
I20260713 09:02:12.427353   865 consensus_queue.cc:237] T ba5195bebcd947568de9c3cc8a0428c3 P 97f78d1fed0e4cbf9dc0997d961b5876 [LEADER]: Queue going to LEADER mode. State: All replicated index: 0, Majority replicated index: 1, Committed index: 1, Last appended: 1.1, Last appended by leader: 1, Current term: 2, Majority size: 2, State: 0, Mode: LEADER, active raft config: opid_index: -1 OBSOLETE_local: false peers { permanent_uuid: "e48b81d8da124dc09d346805026615de" member_type: VOTER last_known_addr { host: "127.0.107.194" port: 43163 } } peers { permanent_uuid: "e3d404ef51bd4e72aa7e7ff9d4bf5aca" member_type: VOTER last_known_addr { host: "127.0.107.195" port: 36181 } } peers { permanent_uuid: "97f78d1fed0e4cbf9dc0997d961b5876" member_type: VOTER last_known_addr { host: "127.0.107.193" port: 43693 } }
I20260713 09:02:12.432755   714 raft_consensus.cc:1275] T 5327b0036a964db5818e71cb7dcb4931 P e3d404ef51bd4e72aa7e7ff9d4bf5aca [term 2 FOLLOWER]: Refusing update from remote peer 97f78d1fed0e4cbf9dc0997d961b5876: Log matching property violated. Preceding OpId in replica: term: 1 index: 1. Preceding OpId from leader: term: 2 index: 2. (index mismatch)
I20260713 09:02:12.434907   877 consensus_queue.cc:1048] T 5327b0036a964db5818e71cb7dcb4931 P 97f78d1fed0e4cbf9dc0997d961b5876 [LEADER]: Connected to new peer: Peer: permanent_uuid: "e3d404ef51bd4e72aa7e7ff9d4bf5aca" member_type: VOTER last_known_addr { host: "127.0.107.195" port: 36181 }, Status: LMP_MISMATCH, Last received: 0.0, Next index: 2, Last known committed idx: 1, Time since last communication: 0.001s
I20260713 09:02:12.438265   461 catalog_manager.cc:5697] T ba5195bebcd947568de9c3cc8a0428c3 P 97f78d1fed0e4cbf9dc0997d961b5876 reported cstate change: term changed from 1 to 2, leader changed from e3d404ef51bd4e72aa7e7ff9d4bf5aca (127.0.107.195) to 97f78d1fed0e4cbf9dc0997d961b5876 (127.0.107.193). New cstate: current_term: 2 leader_uuid: "97f78d1fed0e4cbf9dc0997d961b5876" committed_config { opid_index: -1 OBSOLETE_local: false peers { permanent_uuid: "e48b81d8da124dc09d346805026615de" member_type: VOTER last_known_addr { host: "127.0.107.194" port: 43163 } health_report { overall_health: UNKNOWN } } peers { permanent_uuid: "e3d404ef51bd4e72aa7e7ff9d4bf5aca" member_type: VOTER last_known_addr { host: "127.0.107.195" port: 36181 } health_report { overall_health: UNKNOWN } } peers { permanent_uuid: "97f78d1fed0e4cbf9dc0997d961b5876" member_type: VOTER last_known_addr { host: "127.0.107.193" port: 43693 } health_report { overall_health: HEALTHY } } }
I20260713 09:02:12.484058   865 raft_consensus.cc:993] T 11e371622c9d4e25b8e7d1265b1daea1 P 97f78d1fed0e4cbf9dc0997d961b5876: : Instructing follower e48b81d8da124dc09d346805026615de to start an election
I20260713 09:02:12.484503   865 raft_consensus.cc:1081] T 11e371622c9d4e25b8e7d1265b1daea1 P 97f78d1fed0e4cbf9dc0997d961b5876 [term 1 LEADER]: Signalling peer e48b81d8da124dc09d346805026615de to start an election
I20260713 09:02:12.485906   641 tablet_service.cc:2044] Received Run Leader Election RPC: tablet_id: "11e371622c9d4e25b8e7d1265b1daea1"
dest_uuid: "e48b81d8da124dc09d346805026615de"
 from {username='slave'} at 127.0.0.1:44218
I20260713 09:02:12.486399   641 raft_consensus.cc:493] T 11e371622c9d4e25b8e7d1265b1daea1 P e48b81d8da124dc09d346805026615de [term 1 FOLLOWER]: Starting forced leader election (received explicit request)
I20260713 09:02:12.486662   641 raft_consensus.cc:3060] T 11e371622c9d4e25b8e7d1265b1daea1 P e48b81d8da124dc09d346805026615de [term 1 FOLLOWER]: Advancing to term 2
I20260713 09:02:12.490486   714 raft_consensus.cc:1275] T 1dda492a87bf460da67579f9a710a2c4 P e3d404ef51bd4e72aa7e7ff9d4bf5aca [term 2 FOLLOWER]: Refusing update from remote peer e48b81d8da124dc09d346805026615de: Log matching property violated. Preceding OpId in replica: term: 1 index: 1. Preceding OpId from leader: term: 2 index: 2. (index mismatch)
I20260713 09:02:12.491787   849 consensus_queue.cc:1048] T 1dda492a87bf460da67579f9a710a2c4 P e48b81d8da124dc09d346805026615de [LEADER]: Connected to new peer: Peer: permanent_uuid: "e3d404ef51bd4e72aa7e7ff9d4bf5aca" member_type: VOTER last_known_addr { host: "127.0.107.195" port: 36181 }, Status: LMP_MISMATCH, Last received: 0.0, Next index: 2, Last known committed idx: 1, Time since last communication: 0.000s
I20260713 09:02:12.492242   641 raft_consensus.cc:515] T 11e371622c9d4e25b8e7d1265b1daea1 P e48b81d8da124dc09d346805026615de [term 2 FOLLOWER]: Starting forced leader election with config: opid_index: -1 OBSOLETE_local: false peers { permanent_uuid: "97f78d1fed0e4cbf9dc0997d961b5876" member_type: VOTER last_known_addr { host: "127.0.107.193" port: 43693 } } peers { permanent_uuid: "e48b81d8da124dc09d346805026615de" member_type: VOTER last_known_addr { host: "127.0.107.194" port: 43163 } } peers { permanent_uuid: "e3d404ef51bd4e72aa7e7ff9d4bf5aca" member_type: VOTER last_known_addr { host: "127.0.107.195" port: 36181 } }
I20260713 09:02:12.494673   641 leader_election.cc:290] T 11e371622c9d4e25b8e7d1265b1daea1 P e48b81d8da124dc09d346805026615de [CANDIDATE]: Term 2 election: Requested vote from peers 97f78d1fed0e4cbf9dc0997d961b5876 (127.0.107.193:43693), e3d404ef51bd4e72aa7e7ff9d4bf5aca (127.0.107.195:36181)
I20260713 09:02:12.495924   715 tablet_service.cc:1917] Received RequestConsensusVote() RPC: tablet_id: "11e371622c9d4e25b8e7d1265b1daea1" candidate_uuid: "e48b81d8da124dc09d346805026615de" candidate_term: 2 candidate_status { last_received { term: 1 index: 1 } } ignore_live_leader: true dest_uuid: "e3d404ef51bd4e72aa7e7ff9d4bf5aca"
I20260713 09:02:12.496567   715 raft_consensus.cc:3060] T 11e371622c9d4e25b8e7d1265b1daea1 P e3d404ef51bd4e72aa7e7ff9d4bf5aca [term 1 FOLLOWER]: Advancing to term 2
I20260713 09:02:12.496779   563 tablet_service.cc:1917] Received RequestConsensusVote() RPC: tablet_id: "11e371622c9d4e25b8e7d1265b1daea1" candidate_uuid: "e48b81d8da124dc09d346805026615de" candidate_term: 2 candidate_status { last_received { term: 1 index: 1 } } ignore_live_leader: true dest_uuid: "97f78d1fed0e4cbf9dc0997d961b5876"
I20260713 09:02:12.497541   563 raft_consensus.cc:3055] T 11e371622c9d4e25b8e7d1265b1daea1 P 97f78d1fed0e4cbf9dc0997d961b5876 [term 1 LEADER]: Stepping down as leader of term 1
I20260713 09:02:12.497865   563 raft_consensus.cc:740] T 11e371622c9d4e25b8e7d1265b1daea1 P 97f78d1fed0e4cbf9dc0997d961b5876 [term 1 LEADER]: Becoming Follower/Learner. State: Replica: 97f78d1fed0e4cbf9dc0997d961b5876, State: Running, Role: LEADER
I20260713 09:02:12.498615   563 consensus_queue.cc:260] T 11e371622c9d4e25b8e7d1265b1daea1 P 97f78d1fed0e4cbf9dc0997d961b5876 [NON_LEADER]: Queue going to NON_LEADER mode. State: All replicated index: 0, Majority replicated index: 1, Committed index: 1, Last appended: 1.1, Last appended by leader: 1, Current term: 1, Majority size: -1, State: 0, Mode: NON_LEADER, active raft config: opid_index: -1 OBSOLETE_local: false peers { permanent_uuid: "97f78d1fed0e4cbf9dc0997d961b5876" member_type: VOTER last_known_addr { host: "127.0.107.193" port: 43693 } } peers { permanent_uuid: "e48b81d8da124dc09d346805026615de" member_type: VOTER last_known_addr { host: "127.0.107.194" port: 43163 } } peers { permanent_uuid: "e3d404ef51bd4e72aa7e7ff9d4bf5aca" member_type: VOTER last_known_addr { host: "127.0.107.195" port: 36181 } }
I20260713 09:02:12.499802   563 raft_consensus.cc:3060] T 11e371622c9d4e25b8e7d1265b1daea1 P 97f78d1fed0e4cbf9dc0997d961b5876 [term 1 FOLLOWER]: Advancing to term 2
I20260713 09:02:12.504791   566 raft_consensus.cc:1275] T 1dda492a87bf460da67579f9a710a2c4 P 97f78d1fed0e4cbf9dc0997d961b5876 [term 2 FOLLOWER]: Refusing update from remote peer e48b81d8da124dc09d346805026615de: Log matching property violated. Preceding OpId in replica: term: 1 index: 1. Preceding OpId from leader: term: 2 index: 2. (index mismatch)
I20260713 09:02:12.507995   715 raft_consensus.cc:2468] T 11e371622c9d4e25b8e7d1265b1daea1 P e3d404ef51bd4e72aa7e7ff9d4bf5aca [term 2 FOLLOWER]: Leader election vote request: Granting yes vote for candidate e48b81d8da124dc09d346805026615de in term 2.
I20260713 09:02:12.507913   849 consensus_queue.cc:1048] T 1dda492a87bf460da67579f9a710a2c4 P e48b81d8da124dc09d346805026615de [LEADER]: Connected to new peer: Peer: permanent_uuid: "97f78d1fed0e4cbf9dc0997d961b5876" member_type: VOTER last_known_addr { host: "127.0.107.193" port: 43693 }, Status: LMP_MISMATCH, Last received: 0.0, Next index: 2, Last known committed idx: 1, Time since last communication: 0.000s
I20260713 09:02:12.509552   566 raft_consensus.cc:1275] T 8bd6a80bf295422a85143dcb97a9dc81 P 97f78d1fed0e4cbf9dc0997d961b5876 [term 2 FOLLOWER]: Refusing update from remote peer e48b81d8da124dc09d346805026615de: Log matching property violated. Preceding OpId in replica: term: 1 index: 1. Preceding OpId from leader: term: 2 index: 2. (index mismatch)
I20260713 09:02:12.509836   565 raft_consensus.cc:1275] T 4e622a485aa84e54807193be8dad2e07 P 97f78d1fed0e4cbf9dc0997d961b5876 [term 3 FOLLOWER]: Refusing update from remote peer e48b81d8da124dc09d346805026615de: Log matching property violated. Preceding OpId in replica: term: 0 index: 0. Preceding OpId from leader: term: 3 index: 2. (index mismatch)
I20260713 09:02:12.510458   563 raft_consensus.cc:2468] T 11e371622c9d4e25b8e7d1265b1daea1 P 97f78d1fed0e4cbf9dc0997d961b5876 [term 2 FOLLOWER]: Leader election vote request: Granting yes vote for candidate e48b81d8da124dc09d346805026615de in term 2.
I20260713 09:02:12.511132   604 leader_election.cc:304] T 11e371622c9d4e25b8e7d1265b1daea1 P e48b81d8da124dc09d346805026615de [CANDIDATE]: Term 2 election: Election decided. Result: candidate won. Election summary: received 2 responses out of 3 voters: 2 yes votes; 0 no votes. yes voters: e3d404ef51bd4e72aa7e7ff9d4bf5aca, e48b81d8da124dc09d346805026615de; no voters: 
I20260713 09:02:12.511219   849 consensus_queue.cc:1048] T 8bd6a80bf295422a85143dcb97a9dc81 P e48b81d8da124dc09d346805026615de [LEADER]: Connected to new peer: Peer: permanent_uuid: "97f78d1fed0e4cbf9dc0997d961b5876" member_type: VOTER last_known_addr { host: "127.0.107.193" port: 43693 }, Status: LMP_MISMATCH, Last received: 0.0, Next index: 2, Last known committed idx: 1, Time since last communication: 0.000s
I20260713 09:02:12.511812   864 consensus_queue.cc:1048] T 4e622a485aa84e54807193be8dad2e07 P e48b81d8da124dc09d346805026615de [LEADER]: Connected to new peer: Peer: permanent_uuid: "97f78d1fed0e4cbf9dc0997d961b5876" member_type: VOTER last_known_addr { host: "127.0.107.193" port: 43693 }, Status: LMP_MISMATCH, Last received: 0.0, Next index: 2, Last known committed idx: 0, Time since last communication: 0.000s
I20260713 09:02:12.512594   849 raft_consensus.cc:2804] T 11e371622c9d4e25b8e7d1265b1daea1 P e48b81d8da124dc09d346805026615de [term 2 FOLLOWER]: Leader election won for term 2
I20260713 09:02:12.513592   849 raft_consensus.cc:697] T 11e371622c9d4e25b8e7d1265b1daea1 P e48b81d8da124dc09d346805026615de [term 2 LEADER]: Becoming Leader. State: Replica: e48b81d8da124dc09d346805026615de, State: Running, Role: LEADER
I20260713 09:02:12.514397   849 consensus_queue.cc:237] T 11e371622c9d4e25b8e7d1265b1daea1 P e48b81d8da124dc09d346805026615de [LEADER]: Queue going to LEADER mode. State: All replicated index: 0, Majority replicated index: 1, Committed index: 1, Last appended: 1.1, Last appended by leader: 1, Current term: 2, Majority size: 2, State: 0, Mode: LEADER, active raft config: opid_index: -1 OBSOLETE_local: false peers { permanent_uuid: "97f78d1fed0e4cbf9dc0997d961b5876" member_type: VOTER last_known_addr { host: "127.0.107.193" port: 43693 } } peers { permanent_uuid: "e48b81d8da124dc09d346805026615de" member_type: VOTER last_known_addr { host: "127.0.107.194" port: 43163 } } peers { permanent_uuid: "e3d404ef51bd4e72aa7e7ff9d4bf5aca" member_type: VOTER last_known_addr { host: "127.0.107.195" port: 36181 } }
I20260713 09:02:12.531881   715 raft_consensus.cc:1275] T 8bd6a80bf295422a85143dcb97a9dc81 P e3d404ef51bd4e72aa7e7ff9d4bf5aca [term 2 FOLLOWER]: Refusing update from remote peer e48b81d8da124dc09d346805026615de: Log matching property violated. Preceding OpId in replica: term: 1 index: 1. Preceding OpId from leader: term: 2 index: 2. (index mismatch)
I20260713 09:02:12.534291   864 consensus_queue.cc:1048] T 8bd6a80bf295422a85143dcb97a9dc81 P e48b81d8da124dc09d346805026615de [LEADER]: Connected to new peer: Peer: permanent_uuid: "e3d404ef51bd4e72aa7e7ff9d4bf5aca" member_type: VOTER last_known_addr { host: "127.0.107.195" port: 36181 }, Status: LMP_MISMATCH, Last received: 0.0, Next index: 2, Last known committed idx: 1, Time since last communication: 0.001s
I20260713 09:02:12.537139   460 catalog_manager.cc:5697] T 11e371622c9d4e25b8e7d1265b1daea1 P e48b81d8da124dc09d346805026615de reported cstate change: term changed from 1 to 2, leader changed from 97f78d1fed0e4cbf9dc0997d961b5876 (127.0.107.193) to e48b81d8da124dc09d346805026615de (127.0.107.194). New cstate: current_term: 2 leader_uuid: "e48b81d8da124dc09d346805026615de" committed_config { opid_index: -1 OBSOLETE_local: false peers { permanent_uuid: "97f78d1fed0e4cbf9dc0997d961b5876" member_type: VOTER last_known_addr { host: "127.0.107.193" port: 43693 } health_report { overall_health: UNKNOWN } } peers { permanent_uuid: "e48b81d8da124dc09d346805026615de" member_type: VOTER last_known_addr { host: "127.0.107.194" port: 43163 } health_report { overall_health: HEALTHY } } peers { permanent_uuid: "e3d404ef51bd4e72aa7e7ff9d4bf5aca" member_type: VOTER last_known_addr { host: "127.0.107.195" port: 36181 } health_report { overall_health: UNKNOWN } } }
I20260713 09:02:12.550239   715 raft_consensus.cc:1275] T 4e622a485aa84e54807193be8dad2e07 P e3d404ef51bd4e72aa7e7ff9d4bf5aca [term 3 FOLLOWER]: Refusing update from remote peer e48b81d8da124dc09d346805026615de: Log matching property violated. Preceding OpId in replica: term: 2 index: 1. Preceding OpId from leader: term: 3 index: 2. (index mismatch)
I20260713 09:02:12.551576   881 consensus_queue.cc:1048] T 4e622a485aa84e54807193be8dad2e07 P e48b81d8da124dc09d346805026615de [LEADER]: Connected to new peer: Peer: permanent_uuid: "e3d404ef51bd4e72aa7e7ff9d4bf5aca" member_type: VOTER last_known_addr { host: "127.0.107.195" port: 36181 }, Status: LMP_MISMATCH, Last received: 0.0, Next index: 2, Last known committed idx: 1, Time since last communication: 0.000s
I20260713 09:02:12.788513   641 raft_consensus.cc:1275] T 52661a52041e4c818e6e9ab667acb2a7 P e48b81d8da124dc09d346805026615de [term 2 FOLLOWER]: Refusing update from remote peer 97f78d1fed0e4cbf9dc0997d961b5876: Log matching property violated. Preceding OpId in replica: term: 1 index: 1. Preceding OpId from leader: term: 2 index: 2. (index mismatch)
I20260713 09:02:12.789742   865 consensus_queue.cc:1048] T 52661a52041e4c818e6e9ab667acb2a7 P 97f78d1fed0e4cbf9dc0997d961b5876 [LEADER]: Connected to new peer: Peer: permanent_uuid: "e48b81d8da124dc09d346805026615de" member_type: VOTER last_known_addr { host: "127.0.107.194" port: 43163 }, Status: LMP_MISMATCH, Last received: 0.0, Next index: 2, Last known committed idx: 1, Time since last communication: 0.000s
I20260713 09:02:12.798575   566 raft_consensus.cc:1275] T c38770a93edb43258aaef9f25456b3a0 P 97f78d1fed0e4cbf9dc0997d961b5876 [term 2 FOLLOWER]: Refusing update from remote peer e3d404ef51bd4e72aa7e7ff9d4bf5aca: Log matching property violated. Preceding OpId in replica: term: 1 index: 1. Preceding OpId from leader: term: 2 index: 2. (index mismatch)
I20260713 09:02:12.799974   850 consensus_queue.cc:1048] T c38770a93edb43258aaef9f25456b3a0 P e3d404ef51bd4e72aa7e7ff9d4bf5aca [LEADER]: Connected to new peer: Peer: permanent_uuid: "97f78d1fed0e4cbf9dc0997d961b5876" member_type: VOTER last_known_addr { host: "127.0.107.193" port: 43693 }, Status: LMP_MISMATCH, Last received: 0.0, Next index: 2, Last known committed idx: 1, Time since last communication: 0.000s
I20260713 09:02:12.800583   715 raft_consensus.cc:1275] T 52661a52041e4c818e6e9ab667acb2a7 P e3d404ef51bd4e72aa7e7ff9d4bf5aca [term 2 FOLLOWER]: Refusing update from remote peer 97f78d1fed0e4cbf9dc0997d961b5876: Log matching property violated. Preceding OpId in replica: term: 1 index: 1. Preceding OpId from leader: term: 2 index: 2. (index mismatch)
I20260713 09:02:12.803186   877 consensus_queue.cc:1048] T 52661a52041e4c818e6e9ab667acb2a7 P 97f78d1fed0e4cbf9dc0997d961b5876 [LEADER]: Connected to new peer: Peer: permanent_uuid: "e3d404ef51bd4e72aa7e7ff9d4bf5aca" member_type: VOTER last_known_addr { host: "127.0.107.195" port: 36181 }, Status: LMP_MISMATCH, Last received: 0.0, Next index: 2, Last known committed idx: 1, Time since last communication: 0.000s
I20260713 09:02:12.811841   641 raft_consensus.cc:1275] T c38770a93edb43258aaef9f25456b3a0 P e48b81d8da124dc09d346805026615de [term 2 FOLLOWER]: Refusing update from remote peer e3d404ef51bd4e72aa7e7ff9d4bf5aca: Log matching property violated. Preceding OpId in replica: term: 1 index: 1. Preceding OpId from leader: term: 2 index: 2. (index mismatch)
I20260713 09:02:12.814599   764 consensus_queue.cc:1048] T c38770a93edb43258aaef9f25456b3a0 P e3d404ef51bd4e72aa7e7ff9d4bf5aca [LEADER]: Connected to new peer: Peer: permanent_uuid: "e48b81d8da124dc09d346805026615de" member_type: VOTER last_known_addr { host: "127.0.107.194" port: 43163 }, Status: LMP_MISMATCH, Last received: 0.0, Next index: 2, Last known committed idx: 1, Time since last communication: 0.000s
I20260713 09:02:12.870580   641 raft_consensus.cc:1275] T ba5195bebcd947568de9c3cc8a0428c3 P e48b81d8da124dc09d346805026615de [term 2 FOLLOWER]: Refusing update from remote peer 97f78d1fed0e4cbf9dc0997d961b5876: Log matching property violated. Preceding OpId in replica: term: 1 index: 1. Preceding OpId from leader: term: 2 index: 2. (index mismatch)
I20260713 09:02:12.871801   797 consensus_queue.cc:1048] T ba5195bebcd947568de9c3cc8a0428c3 P 97f78d1fed0e4cbf9dc0997d961b5876 [LEADER]: Connected to new peer: Peer: permanent_uuid: "e48b81d8da124dc09d346805026615de" member_type: VOTER last_known_addr { host: "127.0.107.194" port: 43163 }, Status: LMP_MISMATCH, Last received: 0.0, Next index: 2, Last known committed idx: 1, Time since last communication: 0.000s
I20260713 09:02:12.880309   715 raft_consensus.cc:1275] T ba5195bebcd947568de9c3cc8a0428c3 P e3d404ef51bd4e72aa7e7ff9d4bf5aca [term 2 FOLLOWER]: Refusing update from remote peer 97f78d1fed0e4cbf9dc0997d961b5876: Log matching property violated. Preceding OpId in replica: term: 1 index: 1. Preceding OpId from leader: term: 2 index: 2. (index mismatch)
I20260713 09:02:12.882069   797 consensus_queue.cc:1048] T ba5195bebcd947568de9c3cc8a0428c3 P 97f78d1fed0e4cbf9dc0997d961b5876 [LEADER]: Connected to new peer: Peer: permanent_uuid: "e3d404ef51bd4e72aa7e7ff9d4bf5aca" member_type: VOTER last_known_addr { host: "127.0.107.195" port: 36181 }, Status: LMP_MISMATCH, Last received: 0.0, Next index: 2, Last known committed idx: 1, Time since last communication: 0.000s
I20260713 09:02:12.964792   715 raft_consensus.cc:1275] T 11e371622c9d4e25b8e7d1265b1daea1 P e3d404ef51bd4e72aa7e7ff9d4bf5aca [term 2 FOLLOWER]: Refusing update from remote peer e48b81d8da124dc09d346805026615de: Log matching property violated. Preceding OpId in replica: term: 1 index: 1. Preceding OpId from leader: term: 2 index: 2. (index mismatch)
I20260713 09:02:12.966148   886 consensus_queue.cc:1048] T 11e371622c9d4e25b8e7d1265b1daea1 P e48b81d8da124dc09d346805026615de [LEADER]: Connected to new peer: Peer: permanent_uuid: "e3d404ef51bd4e72aa7e7ff9d4bf5aca" member_type: VOTER last_known_addr { host: "127.0.107.195" port: 36181 }, Status: LMP_MISMATCH, Last received: 0.0, Next index: 2, Last known committed idx: 1, Time since last communication: 0.000s
I20260713 09:02:12.974795   563 raft_consensus.cc:1275] T 11e371622c9d4e25b8e7d1265b1daea1 P 97f78d1fed0e4cbf9dc0997d961b5876 [term 2 FOLLOWER]: Refusing update from remote peer e48b81d8da124dc09d346805026615de: Log matching property violated. Preceding OpId in replica: term: 1 index: 1. Preceding OpId from leader: term: 2 index: 2. (index mismatch)
I20260713 09:02:12.976398   881 consensus_queue.cc:1048] T 11e371622c9d4e25b8e7d1265b1daea1 P e48b81d8da124dc09d346805026615de [LEADER]: Connected to new peer: Peer: permanent_uuid: "97f78d1fed0e4cbf9dc0997d961b5876" member_type: VOTER last_known_addr { host: "127.0.107.193" port: 43693 }, Status: LMP_MISMATCH, Last received: 0.0, Next index: 2, Last known committed idx: 1, Time since last communication: 0.000s
I20260713 09:02:14.996357   431 auto_leader_rebalancer-test.cc:320] The leader distribution is 
I20260713 09:02:14.997197   431 auto_leader_rebalancer.cc:141] leader rebalance for table test-workload
I20260713 09:02:15.019055   640 tablet_service.cc:2072] Received LeaderStepDown RPC: tablet_id: "1dda492a87bf460da67579f9a710a2c4"
dest_uuid: "e48b81d8da124dc09d346805026615de"
mode: GRACEFUL
new_leader_uuid: "e3d404ef51bd4e72aa7e7ff9d4bf5aca"
 from {username='slave'} at 127.0.0.1:34910
I20260713 09:02:15.019666   640 raft_consensus.cc:606] T 1dda492a87bf460da67579f9a710a2c4 P e48b81d8da124dc09d346805026615de [term 2 LEADER]: Received request to transfer leadership to TS e3d404ef51bd4e72aa7e7ff9d4bf5aca
I20260713 09:02:15.031595   563 tablet_service.cc:2072] Received LeaderStepDown RPC: tablet_id: "5327b0036a964db5818e71cb7dcb4931"
dest_uuid: "97f78d1fed0e4cbf9dc0997d961b5876"
mode: GRACEFUL
new_leader_uuid: "e3d404ef51bd4e72aa7e7ff9d4bf5aca"
 from {username='slave'} at 127.0.0.1:54950
I20260713 09:02:15.032359   563 raft_consensus.cc:606] T 5327b0036a964db5818e71cb7dcb4931 P 97f78d1fed0e4cbf9dc0997d961b5876 [term 2 LEADER]: Received request to transfer leadership to TS e3d404ef51bd4e72aa7e7ff9d4bf5aca
I20260713 09:02:15.033911   431 auto_leader_rebalancer.cc:479] table: test-workload, leader rebalance finish, leader transfer count: 2
I20260713 09:02:15.034550   431 auto_leader_rebalancer.cc:554] All tables' leader rebalancing finished this round
I20260713 09:02:15.038393   896 raft_consensus.cc:993] T 1dda492a87bf460da67579f9a710a2c4 P e48b81d8da124dc09d346805026615de: : Instructing follower e3d404ef51bd4e72aa7e7ff9d4bf5aca to start an election
I20260713 09:02:15.039074   901 raft_consensus.cc:1081] T 1dda492a87bf460da67579f9a710a2c4 P e48b81d8da124dc09d346805026615de [term 2 LEADER]: Signalling peer e3d404ef51bd4e72aa7e7ff9d4bf5aca to start an election
I20260713 09:02:15.040683   715 tablet_service.cc:2044] Received Run Leader Election RPC: tablet_id: "1dda492a87bf460da67579f9a710a2c4"
dest_uuid: "e3d404ef51bd4e72aa7e7ff9d4bf5aca"
 from {username='slave'} at 127.0.0.1:59370
I20260713 09:02:15.041249   715 raft_consensus.cc:493] T 1dda492a87bf460da67579f9a710a2c4 P e3d404ef51bd4e72aa7e7ff9d4bf5aca [term 2 FOLLOWER]: Starting forced leader election (received explicit request)
I20260713 09:02:15.041481   715 raft_consensus.cc:3060] T 1dda492a87bf460da67579f9a710a2c4 P e3d404ef51bd4e72aa7e7ff9d4bf5aca [term 2 FOLLOWER]: Advancing to term 3
I20260713 09:02:15.045466   715 raft_consensus.cc:515] T 1dda492a87bf460da67579f9a710a2c4 P e3d404ef51bd4e72aa7e7ff9d4bf5aca [term 3 FOLLOWER]: Starting forced leader election with config: opid_index: -1 OBSOLETE_local: false peers { permanent_uuid: "97f78d1fed0e4cbf9dc0997d961b5876" member_type: VOTER last_known_addr { host: "127.0.107.193" port: 43693 } } peers { permanent_uuid: "e48b81d8da124dc09d346805026615de" member_type: VOTER last_known_addr { host: "127.0.107.194" port: 43163 } } peers { permanent_uuid: "e3d404ef51bd4e72aa7e7ff9d4bf5aca" member_type: VOTER last_known_addr { host: "127.0.107.195" port: 36181 } }
I20260713 09:02:15.047257   715 leader_election.cc:290] T 1dda492a87bf460da67579f9a710a2c4 P e3d404ef51bd4e72aa7e7ff9d4bf5aca [CANDIDATE]: Term 3 election: Requested vote from peers 97f78d1fed0e4cbf9dc0997d961b5876 (127.0.107.193:43693), e48b81d8da124dc09d346805026615de (127.0.107.194:43163)
I20260713 09:02:15.048034   563 tablet_service.cc:1917] Received RequestConsensusVote() RPC: tablet_id: "1dda492a87bf460da67579f9a710a2c4" candidate_uuid: "e3d404ef51bd4e72aa7e7ff9d4bf5aca" candidate_term: 3 candidate_status { last_received { term: 2 index: 2 } } ignore_live_leader: true dest_uuid: "97f78d1fed0e4cbf9dc0997d961b5876"
I20260713 09:02:15.048326   640 tablet_service.cc:1917] Received RequestConsensusVote() RPC: tablet_id: "1dda492a87bf460da67579f9a710a2c4" candidate_uuid: "e3d404ef51bd4e72aa7e7ff9d4bf5aca" candidate_term: 3 candidate_status { last_received { term: 2 index: 2 } } ignore_live_leader: true dest_uuid: "e48b81d8da124dc09d346805026615de"
I20260713 09:02:15.048561   563 raft_consensus.cc:3060] T 1dda492a87bf460da67579f9a710a2c4 P 97f78d1fed0e4cbf9dc0997d961b5876 [term 2 FOLLOWER]: Advancing to term 3
I20260713 09:02:15.049144   640 raft_consensus.cc:3055] T 1dda492a87bf460da67579f9a710a2c4 P e48b81d8da124dc09d346805026615de [term 2 LEADER]: Stepping down as leader of term 2
I20260713 09:02:15.049465   640 raft_consensus.cc:740] T 1dda492a87bf460da67579f9a710a2c4 P e48b81d8da124dc09d346805026615de [term 2 LEADER]: Becoming Follower/Learner. State: Replica: e48b81d8da124dc09d346805026615de, State: Running, Role: LEADER
I20260713 09:02:15.050158   640 consensus_queue.cc:260] T 1dda492a87bf460da67579f9a710a2c4 P e48b81d8da124dc09d346805026615de [NON_LEADER]: Queue going to NON_LEADER mode. State: All replicated index: 0, Majority replicated index: 2, Committed index: 2, Last appended: 2.2, Last appended by leader: 2, Current term: 2, Majority size: -1, State: 0, Mode: NON_LEADER, active raft config: opid_index: -1 OBSOLETE_local: false peers { permanent_uuid: "97f78d1fed0e4cbf9dc0997d961b5876" member_type: VOTER last_known_addr { host: "127.0.107.193" port: 43693 } } peers { permanent_uuid: "e48b81d8da124dc09d346805026615de" member_type: VOTER last_known_addr { host: "127.0.107.194" port: 43163 } } peers { permanent_uuid: "e3d404ef51bd4e72aa7e7ff9d4bf5aca" member_type: VOTER last_known_addr { host: "127.0.107.195" port: 36181 } }
I20260713 09:02:15.051285   640 raft_consensus.cc:3060] T 1dda492a87bf460da67579f9a710a2c4 P e48b81d8da124dc09d346805026615de [term 2 FOLLOWER]: Advancing to term 3
I20260713 09:02:15.053649   563 raft_consensus.cc:2468] T 1dda492a87bf460da67579f9a710a2c4 P 97f78d1fed0e4cbf9dc0997d961b5876 [term 3 FOLLOWER]: Leader election vote request: Granting yes vote for candidate e3d404ef51bd4e72aa7e7ff9d4bf5aca in term 3.
I20260713 09:02:15.054841   681 leader_election.cc:304] T 1dda492a87bf460da67579f9a710a2c4 P e3d404ef51bd4e72aa7e7ff9d4bf5aca [CANDIDATE]: Term 3 election: Election decided. Result: candidate won. Election summary: received 2 responses out of 3 voters: 2 yes votes; 0 no votes. yes voters: 97f78d1fed0e4cbf9dc0997d961b5876, e3d404ef51bd4e72aa7e7ff9d4bf5aca; no voters: 
I20260713 09:02:15.055667   897 raft_consensus.cc:2804] T 1dda492a87bf460da67579f9a710a2c4 P e3d404ef51bd4e72aa7e7ff9d4bf5aca [term 3 FOLLOWER]: Leader election won for term 3
I20260713 09:02:15.056162   640 raft_consensus.cc:2468] T 1dda492a87bf460da67579f9a710a2c4 P e48b81d8da124dc09d346805026615de [term 3 FOLLOWER]: Leader election vote request: Granting yes vote for candidate e3d404ef51bd4e72aa7e7ff9d4bf5aca in term 3.
I20260713 09:02:15.056960   897 raft_consensus.cc:697] T 1dda492a87bf460da67579f9a710a2c4 P e3d404ef51bd4e72aa7e7ff9d4bf5aca [term 3 LEADER]: Becoming Leader. State: Replica: e3d404ef51bd4e72aa7e7ff9d4bf5aca, State: Running, Role: LEADER
I20260713 09:02:15.057775   897 consensus_queue.cc:237] T 1dda492a87bf460da67579f9a710a2c4 P e3d404ef51bd4e72aa7e7ff9d4bf5aca [LEADER]: Queue going to LEADER mode. State: All replicated index: 0, Majority replicated index: 2, Committed index: 2, Last appended: 2.2, Last appended by leader: 2, Current term: 3, Majority size: 2, State: 0, Mode: LEADER, active raft config: opid_index: -1 OBSOLETE_local: false peers { permanent_uuid: "97f78d1fed0e4cbf9dc0997d961b5876" member_type: VOTER last_known_addr { host: "127.0.107.193" port: 43693 } } peers { permanent_uuid: "e48b81d8da124dc09d346805026615de" member_type: VOTER last_known_addr { host: "127.0.107.194" port: 43163 } } peers { permanent_uuid: "e3d404ef51bd4e72aa7e7ff9d4bf5aca" member_type: VOTER last_known_addr { host: "127.0.107.195" port: 36181 } }
I20260713 09:02:15.065001   463 catalog_manager.cc:5697] T 1dda492a87bf460da67579f9a710a2c4 P e3d404ef51bd4e72aa7e7ff9d4bf5aca reported cstate change: term changed from 2 to 3, leader changed from e48b81d8da124dc09d346805026615de (127.0.107.194) to e3d404ef51bd4e72aa7e7ff9d4bf5aca (127.0.107.195). New cstate: current_term: 3 leader_uuid: "e3d404ef51bd4e72aa7e7ff9d4bf5aca" committed_config { opid_index: -1 OBSOLETE_local: false peers { permanent_uuid: "97f78d1fed0e4cbf9dc0997d961b5876" member_type: VOTER last_known_addr { host: "127.0.107.193" port: 43693 } health_report { overall_health: UNKNOWN } } peers { permanent_uuid: "e48b81d8da124dc09d346805026615de" member_type: VOTER last_known_addr { host: "127.0.107.194" port: 43163 } health_report { overall_health: UNKNOWN } } peers { permanent_uuid: "e3d404ef51bd4e72aa7e7ff9d4bf5aca" member_type: VOTER last_known_addr { host: "127.0.107.195" port: 36181 } health_report { overall_health: HEALTHY } } }
I20260713 09:02:15.502288   797 raft_consensus.cc:993] T 5327b0036a964db5818e71cb7dcb4931 P 97f78d1fed0e4cbf9dc0997d961b5876: : Instructing follower e3d404ef51bd4e72aa7e7ff9d4bf5aca to start an election
I20260713 09:02:15.502954   797 raft_consensus.cc:1081] T 5327b0036a964db5818e71cb7dcb4931 P 97f78d1fed0e4cbf9dc0997d961b5876 [term 2 LEADER]: Signalling peer e3d404ef51bd4e72aa7e7ff9d4bf5aca to start an election
I20260713 09:02:15.504420   715 tablet_service.cc:2044] Received Run Leader Election RPC: tablet_id: "5327b0036a964db5818e71cb7dcb4931"
dest_uuid: "e3d404ef51bd4e72aa7e7ff9d4bf5aca"
 from {username='slave'} at 127.0.0.1:59376
I20260713 09:02:15.504827   715 raft_consensus.cc:493] T 5327b0036a964db5818e71cb7dcb4931 P e3d404ef51bd4e72aa7e7ff9d4bf5aca [term 2 FOLLOWER]: Starting forced leader election (received explicit request)
I20260713 09:02:15.505141   715 raft_consensus.cc:3060] T 5327b0036a964db5818e71cb7dcb4931 P e3d404ef51bd4e72aa7e7ff9d4bf5aca [term 2 FOLLOWER]: Advancing to term 3
I20260713 09:02:15.509982   715 raft_consensus.cc:515] T 5327b0036a964db5818e71cb7dcb4931 P e3d404ef51bd4e72aa7e7ff9d4bf5aca [term 3 FOLLOWER]: Starting forced leader election with config: opid_index: -1 OBSOLETE_local: false peers { permanent_uuid: "97f78d1fed0e4cbf9dc0997d961b5876" member_type: VOTER last_known_addr { host: "127.0.107.193" port: 43693 } } peers { permanent_uuid: "e48b81d8da124dc09d346805026615de" member_type: VOTER last_known_addr { host: "127.0.107.194" port: 43163 } } peers { permanent_uuid: "e3d404ef51bd4e72aa7e7ff9d4bf5aca" member_type: VOTER last_known_addr { host: "127.0.107.195" port: 36181 } }
I20260713 09:02:15.511408   715 leader_election.cc:290] T 5327b0036a964db5818e71cb7dcb4931 P e3d404ef51bd4e72aa7e7ff9d4bf5aca [CANDIDATE]: Term 3 election: Requested vote from peers 97f78d1fed0e4cbf9dc0997d961b5876 (127.0.107.193:43693), e48b81d8da124dc09d346805026615de (127.0.107.194:43163)
I20260713 09:02:15.512181   563 tablet_service.cc:1917] Received RequestConsensusVote() RPC: tablet_id: "5327b0036a964db5818e71cb7dcb4931" candidate_uuid: "e3d404ef51bd4e72aa7e7ff9d4bf5aca" candidate_term: 3 candidate_status { last_received { term: 2 index: 2 } } ignore_live_leader: true dest_uuid: "97f78d1fed0e4cbf9dc0997d961b5876"
I20260713 09:02:15.512370   640 tablet_service.cc:1917] Received RequestConsensusVote() RPC: tablet_id: "5327b0036a964db5818e71cb7dcb4931" candidate_uuid: "e3d404ef51bd4e72aa7e7ff9d4bf5aca" candidate_term: 3 candidate_status { last_received { term: 2 index: 2 } } ignore_live_leader: true dest_uuid: "e48b81d8da124dc09d346805026615de"
I20260713 09:02:15.512755   563 raft_consensus.cc:3055] T 5327b0036a964db5818e71cb7dcb4931 P 97f78d1fed0e4cbf9dc0997d961b5876 [term 2 LEADER]: Stepping down as leader of term 2
I20260713 09:02:15.512889   640 raft_consensus.cc:3060] T 5327b0036a964db5818e71cb7dcb4931 P e48b81d8da124dc09d346805026615de [term 2 FOLLOWER]: Advancing to term 3
I20260713 09:02:15.513113   563 raft_consensus.cc:740] T 5327b0036a964db5818e71cb7dcb4931 P 97f78d1fed0e4cbf9dc0997d961b5876 [term 2 LEADER]: Becoming Follower/Learner. State: Replica: 97f78d1fed0e4cbf9dc0997d961b5876, State: Running, Role: LEADER
I20260713 09:02:15.513916   563 consensus_queue.cc:260] T 5327b0036a964db5818e71cb7dcb4931 P 97f78d1fed0e4cbf9dc0997d961b5876 [NON_LEADER]: Queue going to NON_LEADER mode. State: All replicated index: 0, Majority replicated index: 2, Committed index: 2, Last appended: 2.2, Last appended by leader: 2, Current term: 2, Majority size: -1, State: 0, Mode: NON_LEADER, active raft config: opid_index: -1 OBSOLETE_local: false peers { permanent_uuid: "97f78d1fed0e4cbf9dc0997d961b5876" member_type: VOTER last_known_addr { host: "127.0.107.193" port: 43693 } } peers { permanent_uuid: "e48b81d8da124dc09d346805026615de" member_type: VOTER last_known_addr { host: "127.0.107.194" port: 43163 } } peers { permanent_uuid: "e3d404ef51bd4e72aa7e7ff9d4bf5aca" member_type: VOTER last_known_addr { host: "127.0.107.195" port: 36181 } }
I20260713 09:02:15.514798   563 raft_consensus.cc:3060] T 5327b0036a964db5818e71cb7dcb4931 P 97f78d1fed0e4cbf9dc0997d961b5876 [term 2 FOLLOWER]: Advancing to term 3
I20260713 09:02:15.517402   640 raft_consensus.cc:2468] T 5327b0036a964db5818e71cb7dcb4931 P e48b81d8da124dc09d346805026615de [term 3 FOLLOWER]: Leader election vote request: Granting yes vote for candidate e3d404ef51bd4e72aa7e7ff9d4bf5aca in term 3.
I20260713 09:02:15.518376   679 leader_election.cc:304] T 5327b0036a964db5818e71cb7dcb4931 P e3d404ef51bd4e72aa7e7ff9d4bf5aca [CANDIDATE]: Term 3 election: Election decided. Result: candidate won. Election summary: received 2 responses out of 3 voters: 2 yes votes; 0 no votes. yes voters: e3d404ef51bd4e72aa7e7ff9d4bf5aca, e48b81d8da124dc09d346805026615de; no voters: 
I20260713 09:02:15.519209   903 raft_consensus.cc:2804] T 5327b0036a964db5818e71cb7dcb4931 P e3d404ef51bd4e72aa7e7ff9d4bf5aca [term 3 FOLLOWER]: Leader election won for term 3
I20260713 09:02:15.519613   903 raft_consensus.cc:697] T 5327b0036a964db5818e71cb7dcb4931 P e3d404ef51bd4e72aa7e7ff9d4bf5aca [term 3 LEADER]: Becoming Leader. State: Replica: e3d404ef51bd4e72aa7e7ff9d4bf5aca, State: Running, Role: LEADER
I20260713 09:02:15.519721   563 raft_consensus.cc:2468] T 5327b0036a964db5818e71cb7dcb4931 P 97f78d1fed0e4cbf9dc0997d961b5876 [term 3 FOLLOWER]: Leader election vote request: Granting yes vote for candidate e3d404ef51bd4e72aa7e7ff9d4bf5aca in term 3.
