I20260713 09:01:34.616645  6401 raft_consensus.cc:493] T 2cf927a0e24f43d1abb4eaa34be5a26a P 158ea649dc9d4e09b195bb82da78eba7 [term 2 FOLLOWER]: Starting forced leader election (received explicit request)
I20260713 09:01:34.616943  6401 raft_consensus.cc:3060] T 2cf927a0e24f43d1abb4eaa34be5a26a P 158ea649dc9d4e09b195bb82da78eba7 [term 2 FOLLOWER]: Advancing to term 3
I20260713 09:01:34.621025  6705 raft_consensus.cc:993] T 820d4f9c382b461ebf3eb1912827035e P a1885c0488b04b1d898795f6b747f126: : Instructing follower 158ea649dc9d4e09b195bb82da78eba7 to start an election
I20260713 09:01:34.621474  6705 raft_consensus.cc:1081] T 820d4f9c382b461ebf3eb1912827035e P a1885c0488b04b1d898795f6b747f126 [term 3 LEADER]: Signalling peer 158ea649dc9d4e09b195bb82da78eba7 to start an election
I20260713 09:01:34.623309  6399 tablet_service.cc:2044] Received Run Leader Election RPC: tablet_id: "820d4f9c382b461ebf3eb1912827035e"
dest_uuid: "158ea649dc9d4e09b195bb82da78eba7"
 from {username='slave'} at 127.0.0.1:38402
I20260713 09:01:34.623281  6401 raft_consensus.cc:515] T 2cf927a0e24f43d1abb4eaa34be5a26a P 158ea649dc9d4e09b195bb82da78eba7 [term 3 FOLLOWER]: Starting forced leader election with config: opid_index: -1 OBSOLETE_local: false peers { permanent_uuid: "158ea649dc9d4e09b195bb82da78eba7" member_type: VOTER last_known_addr { host: "127.5.154.65" port: 37957 } } peers { permanent_uuid: "6046b980631040db8536a932a24f9650" member_type: VOTER last_known_addr { host: "127.5.154.66" port: 44111 } } peers { permanent_uuid: "a1885c0488b04b1d898795f6b747f126" member_type: VOTER last_known_addr { host: "127.5.154.67" port: 35251 } }
I20260713 09:01:34.623942  6399 raft_consensus.cc:493] T 820d4f9c382b461ebf3eb1912827035e P 158ea649dc9d4e09b195bb82da78eba7 [term 3 FOLLOWER]: Starting forced leader election (received explicit request)
I20260713 09:01:34.624274  6399 raft_consensus.cc:3060] T 820d4f9c382b461ebf3eb1912827035e P 158ea649dc9d4e09b195bb82da78eba7 [term 3 FOLLOWER]: Advancing to term 4
I20260713 09:01:34.625211  6401 leader_election.cc:290] T 2cf927a0e24f43d1abb4eaa34be5a26a P 158ea649dc9d4e09b195bb82da78eba7 [CANDIDATE]: Term 3 election: Requested vote from peers 6046b980631040db8536a932a24f9650 (127.5.154.66:44111), a1885c0488b04b1d898795f6b747f126 (127.5.154.67:35251)
I20260713 09:01:34.625888  6474 tablet_service.cc:1917] Received RequestConsensusVote() RPC: tablet_id: "2cf927a0e24f43d1abb4eaa34be5a26a" candidate_uuid: "158ea649dc9d4e09b195bb82da78eba7" candidate_term: 3 candidate_status { last_received { term: 2 index: 2 } } ignore_live_leader: true dest_uuid: "6046b980631040db8536a932a24f9650"
I20260713 09:01:34.626384  6550 tablet_service.cc:1917] Received RequestConsensusVote() RPC: tablet_id: "2cf927a0e24f43d1abb4eaa34be5a26a" candidate_uuid: "158ea649dc9d4e09b195bb82da78eba7" candidate_term: 3 candidate_status { last_received { term: 2 index: 2 } } ignore_live_leader: true dest_uuid: "a1885c0488b04b1d898795f6b747f126"
I20260713 09:01:34.626514  6474 raft_consensus.cc:3055] T 2cf927a0e24f43d1abb4eaa34be5a26a P 6046b980631040db8536a932a24f9650 [term 2 LEADER]: Stepping down as leader of term 2
I20260713 09:01:34.626957  6550 raft_consensus.cc:3060] T 2cf927a0e24f43d1abb4eaa34be5a26a P a1885c0488b04b1d898795f6b747f126 [term 2 FOLLOWER]: Advancing to term 3
I20260713 09:01:34.626924  6474 raft_consensus.cc:740] T 2cf927a0e24f43d1abb4eaa34be5a26a P 6046b980631040db8536a932a24f9650 [term 2 LEADER]: Becoming Follower/Learner. State: Replica: 6046b980631040db8536a932a24f9650, State: Running, Role: LEADER
I20260713 09:01:34.627933  6474 consensus_queue.cc:260] T 2cf927a0e24f43d1abb4eaa34be5a26a P 6046b980631040db8536a932a24f9650 [NON_LEADER]: Queue going to NON_LEADER mode. State: All replicated index: 0, Majority replicated index: 2, Committed index: 2, Last appended: 2.2, Last appended by leader: 2, Current term: 2, Majority size: -1, State: 0, Mode: NON_LEADER, active raft config: opid_index: -1 OBSOLETE_local: false peers { permanent_uuid: "158ea649dc9d4e09b195bb82da78eba7" member_type: VOTER last_known_addr { host: "127.5.154.65" port: 37957 } } peers { permanent_uuid: "6046b980631040db8536a932a24f9650" member_type: VOTER last_known_addr { host: "127.5.154.66" port: 44111 } } peers { permanent_uuid: "a1885c0488b04b1d898795f6b747f126" member_type: VOTER last_known_addr { host: "127.5.154.67" port: 35251 } }
I20260713 09:01:34.629321  6474 raft_consensus.cc:3060] T 2cf927a0e24f43d1abb4eaa34be5a26a P 6046b980631040db8536a932a24f9650 [term 2 FOLLOWER]: Advancing to term 3
I20260713 09:01:34.630060  6399 raft_consensus.cc:515] T 820d4f9c382b461ebf3eb1912827035e P 158ea649dc9d4e09b195bb82da78eba7 [term 4 FOLLOWER]: Starting forced leader election with config: opid_index: -1 OBSOLETE_local: false peers { permanent_uuid: "158ea649dc9d4e09b195bb82da78eba7" member_type: VOTER last_known_addr { host: "127.5.154.65" port: 37957 } } peers { permanent_uuid: "6046b980631040db8536a932a24f9650" member_type: VOTER last_known_addr { host: "127.5.154.66" port: 44111 } } peers { permanent_uuid: "a1885c0488b04b1d898795f6b747f126" member_type: VOTER last_known_addr { host: "127.5.154.67" port: 35251 } }
I20260713 09:01:34.631681  6399 leader_election.cc:290] T 820d4f9c382b461ebf3eb1912827035e P 158ea649dc9d4e09b195bb82da78eba7 [CANDIDATE]: Term 4 election: Requested vote from peers 6046b980631040db8536a932a24f9650 (127.5.154.66:44111), a1885c0488b04b1d898795f6b747f126 (127.5.154.67:35251)
I20260713 09:01:34.632843  6549 tablet_service.cc:1917] Received RequestConsensusVote() RPC: tablet_id: "820d4f9c382b461ebf3eb1912827035e" candidate_uuid: "158ea649dc9d4e09b195bb82da78eba7" candidate_term: 4 candidate_status { last_received { term: 3 index: 3 } } ignore_live_leader: true dest_uuid: "a1885c0488b04b1d898795f6b747f126"
I20260713 09:01:34.633121  6476 tablet_service.cc:1917] Received RequestConsensusVote() RPC: tablet_id: "820d4f9c382b461ebf3eb1912827035e" candidate_uuid: "158ea649dc9d4e09b195bb82da78eba7" candidate_term: 4 candidate_status { last_received { term: 3 index: 3 } } ignore_live_leader: true dest_uuid: "6046b980631040db8536a932a24f9650"
I20260713 09:01:34.633430  6549 raft_consensus.cc:3055] T 820d4f9c382b461ebf3eb1912827035e P a1885c0488b04b1d898795f6b747f126 [term 3 LEADER]: Stepping down as leader of term 3
I20260713 09:01:34.633627  6476 raft_consensus.cc:3060] T 820d4f9c382b461ebf3eb1912827035e P 6046b980631040db8536a932a24f9650 [term 3 FOLLOWER]: Advancing to term 4
I20260713 09:01:34.633842  6549 raft_consensus.cc:740] T 820d4f9c382b461ebf3eb1912827035e P a1885c0488b04b1d898795f6b747f126 [term 3 LEADER]: Becoming Follower/Learner. State: Replica: a1885c0488b04b1d898795f6b747f126, State: Running, Role: LEADER
I20260713 09:01:34.634753  6549 consensus_queue.cc:260] T 820d4f9c382b461ebf3eb1912827035e P a1885c0488b04b1d898795f6b747f126 [NON_LEADER]: Queue going to NON_LEADER mode. State: All replicated index: 0, Majority replicated index: 3, Committed index: 3, Last appended: 3.3, Last appended by leader: 3, Current term: 3, Majority size: -1, State: 0, Mode: NON_LEADER, active raft config: opid_index: -1 OBSOLETE_local: false peers { permanent_uuid: "158ea649dc9d4e09b195bb82da78eba7" member_type: VOTER last_known_addr { host: "127.5.154.65" port: 37957 } } peers { permanent_uuid: "6046b980631040db8536a932a24f9650" member_type: VOTER last_known_addr { host: "127.5.154.66" port: 44111 } } peers { permanent_uuid: "a1885c0488b04b1d898795f6b747f126" member_type: VOTER last_known_addr { host: "127.5.154.67" port: 35251 } }
I20260713 09:01:34.636072  6549 raft_consensus.cc:3060] T 820d4f9c382b461ebf3eb1912827035e P a1885c0488b04b1d898795f6b747f126 [term 3 FOLLOWER]: Advancing to term 4
I20260713 09:01:34.638902  6476 raft_consensus.cc:2468] T 820d4f9c382b461ebf3eb1912827035e P 6046b980631040db8536a932a24f9650 [term 4 FOLLOWER]: Leader election vote request: Granting yes vote for candidate 158ea649dc9d4e09b195bb82da78eba7 in term 4.
I20260713 09:01:34.639755  6550 raft_consensus.cc:2468] T 2cf927a0e24f43d1abb4eaa34be5a26a P a1885c0488b04b1d898795f6b747f126 [term 3 FOLLOWER]: Leader election vote request: Granting yes vote for candidate 158ea649dc9d4e09b195bb82da78eba7 in term 3.
I20260713 09:01:34.640178  6366 leader_election.cc:304] T 820d4f9c382b461ebf3eb1912827035e P 158ea649dc9d4e09b195bb82da78eba7 [CANDIDATE]: Term 4 election: Election decided. Result: candidate won. Election summary: received 2 responses out of 3 voters: 2 yes votes; 0 no votes. yes voters: 158ea649dc9d4e09b195bb82da78eba7, 6046b980631040db8536a932a24f9650; no voters: 
I20260713 09:01:34.641161  6366 leader_election.cc:304] T 2cf927a0e24f43d1abb4eaa34be5a26a P 158ea649dc9d4e09b195bb82da78eba7 [CANDIDATE]: Term 3 election: Election decided. Result: candidate won. Election summary: received 2 responses out of 3 voters: 2 yes votes; 0 no votes. yes voters: 158ea649dc9d4e09b195bb82da78eba7, a1885c0488b04b1d898795f6b747f126; no voters: 
I20260713 09:01:34.641956  6690 raft_consensus.cc:2804] T 820d4f9c382b461ebf3eb1912827035e P 158ea649dc9d4e09b195bb82da78eba7 [term 4 FOLLOWER]: Leader election won for term 4
I20260713 09:01:34.642567  6474 raft_consensus.cc:2468] T 2cf927a0e24f43d1abb4eaa34be5a26a P 6046b980631040db8536a932a24f9650 [term 3 FOLLOWER]: Leader election vote request: Granting yes vote for candidate 158ea649dc9d4e09b195bb82da78eba7 in term 3.
I20260713 09:01:34.642877  6708 raft_consensus.cc:2804] T 2cf927a0e24f43d1abb4eaa34be5a26a P 158ea649dc9d4e09b195bb82da78eba7 [term 3 FOLLOWER]: Leader election won for term 3
I20260713 09:01:34.643703  6549 raft_consensus.cc:2468] T 820d4f9c382b461ebf3eb1912827035e P a1885c0488b04b1d898795f6b747f126 [term 4 FOLLOWER]: Leader election vote request: Granting yes vote for candidate 158ea649dc9d4e09b195bb82da78eba7 in term 4.
I20260713 09:01:34.645099  6690 raft_consensus.cc:697] T 820d4f9c382b461ebf3eb1912827035e P 158ea649dc9d4e09b195bb82da78eba7 [term 4 LEADER]: Becoming Leader. State: Replica: 158ea649dc9d4e09b195bb82da78eba7, State: Running, Role: LEADER
I20260713 09:01:34.646693  6708 raft_consensus.cc:697] T 2cf927a0e24f43d1abb4eaa34be5a26a P 158ea649dc9d4e09b195bb82da78eba7 [term 3 LEADER]: Becoming Leader. State: Replica: 158ea649dc9d4e09b195bb82da78eba7, State: Running, Role: LEADER
I20260713 09:01:34.646410  6690 consensus_queue.cc:237] T 820d4f9c382b461ebf3eb1912827035e P 158ea649dc9d4e09b195bb82da78eba7 [LEADER]: Queue going to LEADER mode. State: All replicated index: 0, Majority replicated index: 3, Committed index: 3, Last appended: 3.3, Last appended by leader: 3, Current term: 4, Majority size: 2, State: 0, Mode: LEADER, active raft config: opid_index: -1 OBSOLETE_local: false peers { permanent_uuid: "158ea649dc9d4e09b195bb82da78eba7" member_type: VOTER last_known_addr { host: "127.5.154.65" port: 37957 } } peers { permanent_uuid: "6046b980631040db8536a932a24f9650" member_type: VOTER last_known_addr { host: "127.5.154.66" port: 44111 } } peers { permanent_uuid: "a1885c0488b04b1d898795f6b747f126" member_type: VOTER last_known_addr { host: "127.5.154.67" port: 35251 } }
I20260713 09:01:34.647702  6708 consensus_queue.cc:237] T 2cf927a0e24f43d1abb4eaa34be5a26a P 158ea649dc9d4e09b195bb82da78eba7 [LEADER]: Queue going to LEADER mode. State: All replicated index: 0, Majority replicated index: 2, Committed index: 2, Last appended: 2.2, Last appended by leader: 2, Current term: 3, Majority size: 2, State: 0, Mode: LEADER, active raft config: opid_index: -1 OBSOLETE_local: false peers { permanent_uuid: "158ea649dc9d4e09b195bb82da78eba7" member_type: VOTER last_known_addr { host: "127.5.154.65" port: 37957 } } peers { permanent_uuid: "6046b980631040db8536a932a24f9650" member_type: VOTER last_known_addr { host: "127.5.154.66" port: 44111 } } peers { permanent_uuid: "a1885c0488b04b1d898795f6b747f126" member_type: VOTER last_known_addr { host: "127.5.154.67" port: 35251 } }
I20260713 09:01:34.653638  6298 catalog_manager.cc:5697] T 820d4f9c382b461ebf3eb1912827035e P 158ea649dc9d4e09b195bb82da78eba7 reported cstate change: term changed from 3 to 4, leader changed from a1885c0488b04b1d898795f6b747f126 (127.5.154.67) to 158ea649dc9d4e09b195bb82da78eba7 (127.5.154.65). New cstate: current_term: 4 leader_uuid: "158ea649dc9d4e09b195bb82da78eba7" committed_config { opid_index: -1 OBSOLETE_local: false peers { permanent_uuid: "158ea649dc9d4e09b195bb82da78eba7" member_type: VOTER last_known_addr { host: "127.5.154.65" port: 37957 } health_report { overall_health: HEALTHY } } peers { permanent_uuid: "6046b980631040db8536a932a24f9650" member_type: VOTER last_known_addr { host: "127.5.154.66" port: 44111 } health_report { overall_health: UNKNOWN } } peers { permanent_uuid: "a1885c0488b04b1d898795f6b747f126" member_type: VOTER last_known_addr { host: "127.5.154.67" port: 35251 } health_report { overall_health: UNKNOWN } } }
I20260713 09:01:34.664358  6298 catalog_manager.cc:5697] T 2cf927a0e24f43d1abb4eaa34be5a26a P 158ea649dc9d4e09b195bb82da78eba7 reported cstate change: term changed from 2 to 3, leader changed from 6046b980631040db8536a932a24f9650 (127.5.154.66) to 158ea649dc9d4e09b195bb82da78eba7 (127.5.154.65). New cstate: current_term: 3 leader_uuid: "158ea649dc9d4e09b195bb82da78eba7" committed_config { opid_index: -1 OBSOLETE_local: false peers { permanent_uuid: "158ea649dc9d4e09b195bb82da78eba7" member_type: VOTER last_known_addr { host: "127.5.154.65" port: 37957 } health_report { overall_health: HEALTHY } } peers { permanent_uuid: "6046b980631040db8536a932a24f9650" member_type: VOTER last_known_addr { host: "127.5.154.66" port: 44111 } health_report { overall_health: UNKNOWN } } peers { permanent_uuid: "a1885c0488b04b1d898795f6b747f126" member_type: VOTER last_known_addr { host: "127.5.154.67" port: 35251 } health_report { overall_health: UNKNOWN } } }
I20260713 09:01:34.792798  6636 raft_consensus.cc:993] T 0451b7f562f34549aac978f195ea61ff P 6046b980631040db8536a932a24f9650: : Instructing follower 158ea649dc9d4e09b195bb82da78eba7 to start an election
I20260713 09:01:34.793268  6707 raft_consensus.cc:1081] T 0451b7f562f34549aac978f195ea61ff P 6046b980631040db8536a932a24f9650 [term 2 LEADER]: Signalling peer 158ea649dc9d4e09b195bb82da78eba7 to start an election
I20260713 09:01:34.794782  6399 tablet_service.cc:2044] Received Run Leader Election RPC: tablet_id: "0451b7f562f34549aac978f195ea61ff"
dest_uuid: "158ea649dc9d4e09b195bb82da78eba7"
 from {username='slave'} at 127.0.0.1:38410
I20260713 09:01:34.795527  6399 raft_consensus.cc:493] T 0451b7f562f34549aac978f195ea61ff P 158ea649dc9d4e09b195bb82da78eba7 [term 2 FOLLOWER]: Starting forced leader election (received explicit request)
I20260713 09:01:34.795848  6399 raft_consensus.cc:3060] T 0451b7f562f34549aac978f195ea61ff P 158ea649dc9d4e09b195bb82da78eba7 [term 2 FOLLOWER]: Advancing to term 3
I20260713 09:01:34.800557  6399 raft_consensus.cc:515] T 0451b7f562f34549aac978f195ea61ff P 158ea649dc9d4e09b195bb82da78eba7 [term 3 FOLLOWER]: Starting forced leader election with config: opid_index: -1 OBSOLETE_local: false peers { permanent_uuid: "158ea649dc9d4e09b195bb82da78eba7" member_type: VOTER last_known_addr { host: "127.5.154.65" port: 37957 } } peers { permanent_uuid: "6046b980631040db8536a932a24f9650" member_type: VOTER last_known_addr { host: "127.5.154.66" port: 44111 } } peers { permanent_uuid: "a1885c0488b04b1d898795f6b747f126" member_type: VOTER last_known_addr { host: "127.5.154.67" port: 35251 } }
I20260713 09:01:34.802249  6399 leader_election.cc:290] T 0451b7f562f34549aac978f195ea61ff P 158ea649dc9d4e09b195bb82da78eba7 [CANDIDATE]: Term 3 election: Requested vote from peers 6046b980631040db8536a932a24f9650 (127.5.154.66:44111), a1885c0488b04b1d898795f6b747f126 (127.5.154.67:35251)
I20260713 09:01:34.803108  6474 tablet_service.cc:1917] Received RequestConsensusVote() RPC: tablet_id: "0451b7f562f34549aac978f195ea61ff" candidate_uuid: "158ea649dc9d4e09b195bb82da78eba7" candidate_term: 3 candidate_status { last_received { term: 2 index: 2 } } ignore_live_leader: true dest_uuid: "6046b980631040db8536a932a24f9650"
I20260713 09:01:34.803385  6549 tablet_service.cc:1917] Received RequestConsensusVote() RPC: tablet_id: "0451b7f562f34549aac978f195ea61ff" candidate_uuid: "158ea649dc9d4e09b195bb82da78eba7" candidate_term: 3 candidate_status { last_received { term: 2 index: 2 } } ignore_live_leader: true dest_uuid: "a1885c0488b04b1d898795f6b747f126"
I20260713 09:01:34.803628  6474 raft_consensus.cc:3055] T 0451b7f562f34549aac978f195ea61ff P 6046b980631040db8536a932a24f9650 [term 2 LEADER]: Stepping down as leader of term 2
I20260713 09:01:34.803948  6474 raft_consensus.cc:740] T 0451b7f562f34549aac978f195ea61ff P 6046b980631040db8536a932a24f9650 [term 2 LEADER]: Becoming Follower/Learner. State: Replica: 6046b980631040db8536a932a24f9650, State: Running, Role: LEADER
I20260713 09:01:34.803989  6549 raft_consensus.cc:3060] T 0451b7f562f34549aac978f195ea61ff P a1885c0488b04b1d898795f6b747f126 [term 2 FOLLOWER]: Advancing to term 3
I20260713 09:01:34.804688  6474 consensus_queue.cc:260] T 0451b7f562f34549aac978f195ea61ff P 6046b980631040db8536a932a24f9650 [NON_LEADER]: Queue going to NON_LEADER mode. State: All replicated index: 0, Majority replicated index: 2, Committed index: 2, Last appended: 2.2, Last appended by leader: 2, Current term: 2, Majority size: -1, State: 0, Mode: NON_LEADER, active raft config: opid_index: -1 OBSOLETE_local: false peers { permanent_uuid: "158ea649dc9d4e09b195bb82da78eba7" member_type: VOTER last_known_addr { host: "127.5.154.65" port: 37957 } } peers { permanent_uuid: "6046b980631040db8536a932a24f9650" member_type: VOTER last_known_addr { host: "127.5.154.66" port: 44111 } } peers { permanent_uuid: "a1885c0488b04b1d898795f6b747f126" member_type: VOTER last_known_addr { host: "127.5.154.67" port: 35251 } }
I20260713 09:01:34.805543  6474 raft_consensus.cc:3060] T 0451b7f562f34549aac978f195ea61ff P 6046b980631040db8536a932a24f9650 [term 2 FOLLOWER]: Advancing to term 3
I20260713 09:01:34.808445  6549 raft_consensus.cc:2468] T 0451b7f562f34549aac978f195ea61ff P a1885c0488b04b1d898795f6b747f126 [term 3 FOLLOWER]: Leader election vote request: Granting yes vote for candidate 158ea649dc9d4e09b195bb82da78eba7 in term 3.
I20260713 09:01:34.809425  6474 raft_consensus.cc:2468] T 0451b7f562f34549aac978f195ea61ff P 6046b980631040db8536a932a24f9650 [term 3 FOLLOWER]: Leader election vote request: Granting yes vote for candidate 158ea649dc9d4e09b195bb82da78eba7 in term 3.
I20260713 09:01:34.809592  6366 leader_election.cc:304] T 0451b7f562f34549aac978f195ea61ff P 158ea649dc9d4e09b195bb82da78eba7 [CANDIDATE]: Term 3 election: Election decided. Result: candidate won. Election summary: received 2 responses out of 3 voters: 2 yes votes; 0 no votes. yes voters: 158ea649dc9d4e09b195bb82da78eba7, a1885c0488b04b1d898795f6b747f126; no voters: 
I20260713 09:01:34.810491  6708 raft_consensus.cc:2804] T 0451b7f562f34549aac978f195ea61ff P 158ea649dc9d4e09b195bb82da78eba7 [term 3 FOLLOWER]: Leader election won for term 3
I20260713 09:01:34.810926  6708 raft_consensus.cc:697] T 0451b7f562f34549aac978f195ea61ff P 158ea649dc9d4e09b195bb82da78eba7 [term 3 LEADER]: Becoming Leader. State: Replica: 158ea649dc9d4e09b195bb82da78eba7, State: Running, Role: LEADER
I20260713 09:01:34.811623  6708 consensus_queue.cc:237] T 0451b7f562f34549aac978f195ea61ff P 158ea649dc9d4e09b195bb82da78eba7 [LEADER]: Queue going to LEADER mode. State: All replicated index: 0, Majority replicated index: 2, Committed index: 2, Last appended: 2.2, Last appended by leader: 2, Current term: 3, Majority size: 2, State: 0, Mode: LEADER, active raft config: opid_index: -1 OBSOLETE_local: false peers { permanent_uuid: "158ea649dc9d4e09b195bb82da78eba7" member_type: VOTER last_known_addr { host: "127.5.154.65" port: 37957 } } peers { permanent_uuid: "6046b980631040db8536a932a24f9650" member_type: VOTER last_known_addr { host: "127.5.154.66" port: 44111 } } peers { permanent_uuid: "a1885c0488b04b1d898795f6b747f126" member_type: VOTER last_known_addr { host: "127.5.154.67" port: 35251 } }
I20260713 09:01:34.817867  6298 catalog_manager.cc:5697] T 0451b7f562f34549aac978f195ea61ff P 158ea649dc9d4e09b195bb82da78eba7 reported cstate change: term changed from 2 to 3, leader changed from 6046b980631040db8536a932a24f9650 (127.5.154.66) to 158ea649dc9d4e09b195bb82da78eba7 (127.5.154.65). New cstate: current_term: 3 leader_uuid: "158ea649dc9d4e09b195bb82da78eba7" committed_config { opid_index: -1 OBSOLETE_local: false peers { permanent_uuid: "158ea649dc9d4e09b195bb82da78eba7" member_type: VOTER last_known_addr { host: "127.5.154.65" port: 37957 } health_report { overall_health: HEALTHY } } peers { permanent_uuid: "6046b980631040db8536a932a24f9650" member_type: VOTER last_known_addr { host: "127.5.154.66" port: 44111 } health_report { overall_health: UNKNOWN } } peers { permanent_uuid: "a1885c0488b04b1d898795f6b747f126" member_type: VOTER last_known_addr { host: "127.5.154.67" port: 35251 } health_report { overall_health: UNKNOWN } } }
I20260713 09:01:34.951998  6474 raft_consensus.cc:1275] T 0259e6c5dad24fde818abd427adc17c2 P 6046b980631040db8536a932a24f9650 [term 3 FOLLOWER]: Refusing update from remote peer 158ea649dc9d4e09b195bb82da78eba7: Log matching property violated. Preceding OpId in replica: term: 2 index: 2. Preceding OpId from leader: term: 3 index: 3. (index mismatch)
I20260713 09:01:34.953325  6708 consensus_queue.cc:1048] T 0259e6c5dad24fde818abd427adc17c2 P 158ea649dc9d4e09b195bb82da78eba7 [LEADER]: Connected to new peer: Peer: permanent_uuid: "6046b980631040db8536a932a24f9650" member_type: VOTER last_known_addr { host: "127.5.154.66" port: 44111 }, Status: LMP_MISMATCH, Last received: 0.0, Next index: 3, Last known committed idx: 2, Time since last communication: 0.000s
I20260713 09:01:34.963420  6549 raft_consensus.cc:1275] T 0259e6c5dad24fde818abd427adc17c2 P a1885c0488b04b1d898795f6b747f126 [term 3 FOLLOWER]: Refusing update from remote peer 158ea649dc9d4e09b195bb82da78eba7: Log matching property violated. Preceding OpId in replica: term: 2 index: 2. Preceding OpId from leader: term: 3 index: 3. (index mismatch)
I20260713 09:01:34.964707  6708 consensus_queue.cc:1048] T 0259e6c5dad24fde818abd427adc17c2 P 158ea649dc9d4e09b195bb82da78eba7 [LEADER]: Connected to new peer: Peer: permanent_uuid: "a1885c0488b04b1d898795f6b747f126" member_type: VOTER last_known_addr { host: "127.5.154.67" port: 35251 }, Status: LMP_MISMATCH, Last received: 0.0, Next index: 3, Last known committed idx: 2, Time since last communication: 0.000s
I20260713 09:01:34.970122  6548 raft_consensus.cc:1275] T df0ad43c62704240b34c564eb0c22a93 P a1885c0488b04b1d898795f6b747f126 [term 4 FOLLOWER]: Refusing update from remote peer 158ea649dc9d4e09b195bb82da78eba7: Log matching property violated. Preceding OpId in replica: term: 3 index: 3. Preceding OpId from leader: term: 4 index: 4. (index mismatch)
I20260713 09:01:34.971649  6708 consensus_queue.cc:1048] T df0ad43c62704240b34c564eb0c22a93 P 158ea649dc9d4e09b195bb82da78eba7 [LEADER]: Connected to new peer: Peer: permanent_uuid: "a1885c0488b04b1d898795f6b747f126" member_type: VOTER last_known_addr { host: "127.5.154.67" port: 35251 }, Status: LMP_MISMATCH, Last received: 0.0, Next index: 4, Last known committed idx: 3, Time since last communication: 0.000s
I20260713 09:01:34.979244  6474 raft_consensus.cc:1275] T df0ad43c62704240b34c564eb0c22a93 P 6046b980631040db8536a932a24f9650 [term 4 FOLLOWER]: Refusing update from remote peer 158ea649dc9d4e09b195bb82da78eba7: Log matching property violated. Preceding OpId in replica: term: 3 index: 3. Preceding OpId from leader: term: 4 index: 4. (index mismatch)
I20260713 09:01:34.980474  6690 consensus_queue.cc:1048] T df0ad43c62704240b34c564eb0c22a93 P 158ea649dc9d4e09b195bb82da78eba7 [LEADER]: Connected to new peer: Peer: permanent_uuid: "6046b980631040db8536a932a24f9650" member_type: VOTER last_known_addr { host: "127.5.154.66" port: 44111 }, Status: LMP_MISMATCH, Last received: 0.0, Next index: 4, Last known committed idx: 3, Time since last communication: 0.000s
I20260713 09:01:35.061478  6549 raft_consensus.cc:1275] T 2cf927a0e24f43d1abb4eaa34be5a26a P a1885c0488b04b1d898795f6b747f126 [term 3 FOLLOWER]: Refusing update from remote peer 158ea649dc9d4e09b195bb82da78eba7: Log matching property violated. Preceding OpId in replica: term: 2 index: 2. Preceding OpId from leader: term: 3 index: 3. (index mismatch)
I20260713 09:01:35.062659  6690 consensus_queue.cc:1048] T 2cf927a0e24f43d1abb4eaa34be5a26a P 158ea649dc9d4e09b195bb82da78eba7 [LEADER]: Connected to new peer: Peer: permanent_uuid: "a1885c0488b04b1d898795f6b747f126" member_type: VOTER last_known_addr { host: "127.5.154.67" port: 35251 }, Status: LMP_MISMATCH, Last received: 0.0, Next index: 3, Last known committed idx: 2, Time since last communication: 0.000s
I20260713 09:01:35.070981  6474 raft_consensus.cc:1275] T 2cf927a0e24f43d1abb4eaa34be5a26a P 6046b980631040db8536a932a24f9650 [term 3 FOLLOWER]: Refusing update from remote peer 158ea649dc9d4e09b195bb82da78eba7: Log matching property violated. Preceding OpId in replica: term: 2 index: 2. Preceding OpId from leader: term: 3 index: 3. (index mismatch)
I20260713 09:01:35.072935  6690 consensus_queue.cc:1048] T 2cf927a0e24f43d1abb4eaa34be5a26a P 158ea649dc9d4e09b195bb82da78eba7 [LEADER]: Connected to new peer: Peer: permanent_uuid: "6046b980631040db8536a932a24f9650" member_type: VOTER last_known_addr { host: "127.5.154.66" port: 44111 }, Status: LMP_MISMATCH, Last received: 0.0, Next index: 3, Last known committed idx: 2, Time since last communication: 0.000s
I20260713 09:01:35.081185  6475 raft_consensus.cc:1275] T 820d4f9c382b461ebf3eb1912827035e P 6046b980631040db8536a932a24f9650 [term 4 FOLLOWER]: Refusing update from remote peer 158ea649dc9d4e09b195bb82da78eba7: Log matching property violated. Preceding OpId in replica: term: 3 index: 3. Preceding OpId from leader: term: 4 index: 4. (index mismatch)
I20260713 09:01:35.082695  6708 consensus_queue.cc:1048] T 820d4f9c382b461ebf3eb1912827035e P 158ea649dc9d4e09b195bb82da78eba7 [LEADER]: Connected to new peer: Peer: permanent_uuid: "6046b980631040db8536a932a24f9650" member_type: VOTER last_known_addr { host: "127.5.154.66" port: 44111 }, Status: LMP_MISMATCH, Last received: 0.0, Next index: 4, Last known committed idx: 3, Time since last communication: 0.000s
I20260713 09:01:35.091629  6549 raft_consensus.cc:1275] T 820d4f9c382b461ebf3eb1912827035e P a1885c0488b04b1d898795f6b747f126 [term 4 FOLLOWER]: Refusing update from remote peer 158ea649dc9d4e09b195bb82da78eba7: Log matching property violated. Preceding OpId in replica: term: 3 index: 3. Preceding OpId from leader: term: 4 index: 4. (index mismatch)
I20260713 09:01:35.094105  6714 consensus_queue.cc:1048] T 820d4f9c382b461ebf3eb1912827035e P 158ea649dc9d4e09b195bb82da78eba7 [LEADER]: Connected to new peer: Peer: permanent_uuid: "a1885c0488b04b1d898795f6b747f126" member_type: VOTER last_known_addr { host: "127.5.154.67" port: 35251 }, Status: LMP_MISMATCH, Last received: 0.0, Next index: 4, Last known committed idx: 3, Time since last communication: 0.001s
I20260713 09:01:35.222541  6474 raft_consensus.cc:1275] T 0451b7f562f34549aac978f195ea61ff P 6046b980631040db8536a932a24f9650 [term 3 FOLLOWER]: Refusing update from remote peer 158ea649dc9d4e09b195bb82da78eba7: Log matching property violated. Preceding OpId in replica: term: 2 index: 2. Preceding OpId from leader: term: 3 index: 3. (index mismatch)
I20260713 09:01:35.223862  6714 consensus_queue.cc:1048] T 0451b7f562f34549aac978f195ea61ff P 158ea649dc9d4e09b195bb82da78eba7 [LEADER]: Connected to new peer: Peer: permanent_uuid: "6046b980631040db8536a932a24f9650" member_type: VOTER last_known_addr { host: "127.5.154.66" port: 44111 }, Status: LMP_MISMATCH, Last received: 0.0, Next index: 3, Last known committed idx: 2, Time since last communication: 0.000s
I20260713 09:01:35.232429  6549 raft_consensus.cc:1275] T 0451b7f562f34549aac978f195ea61ff P a1885c0488b04b1d898795f6b747f126 [term 3 FOLLOWER]: Refusing update from remote peer 158ea649dc9d4e09b195bb82da78eba7: Log matching property violated. Preceding OpId in replica: term: 2 index: 2. Preceding OpId from leader: term: 3 index: 3. (index mismatch)
I20260713 09:01:35.234494  6713 consensus_queue.cc:1048] T 0451b7f562f34549aac978f195ea61ff P 158ea649dc9d4e09b195bb82da78eba7 [LEADER]: Connected to new peer: Peer: permanent_uuid: "a1885c0488b04b1d898795f6b747f126" member_type: VOTER last_known_addr { host: "127.5.154.67" port: 35251 }, Status: LMP_MISMATCH, Last received: 0.0, Next index: 3, Last known committed idx: 2, Time since last communication: 0.000s
I20260713 09:01:37.477887  5737 auto_leader_rebalancer.cc:141] leader rebalance for table test-workload
I20260713 09:01:37.488799  6399 tablet_service.cc:2072] Received LeaderStepDown RPC: tablet_id: "0259e6c5dad24fde818abd427adc17c2"
dest_uuid: "158ea649dc9d4e09b195bb82da78eba7"
mode: GRACEFUL
new_leader_uuid: "6046b980631040db8536a932a24f9650"
 from {username='slave'} at 127.0.0.1:38436
I20260713 09:01:37.489373  6399 raft_consensus.cc:606] T 0259e6c5dad24fde818abd427adc17c2 P 158ea649dc9d4e09b195bb82da78eba7 [term 3 LEADER]: Received request to transfer leadership to TS 6046b980631040db8536a932a24f9650
I20260713 09:01:37.492893  6399 tablet_service.cc:2072] Received LeaderStepDown RPC: tablet_id: "0451b7f562f34549aac978f195ea61ff"
dest_uuid: "158ea649dc9d4e09b195bb82da78eba7"
mode: GRACEFUL
new_leader_uuid: "a1885c0488b04b1d898795f6b747f126"
 from {username='slave'} at 127.0.0.1:38436
I20260713 09:01:37.493393  6399 raft_consensus.cc:606] T 0451b7f562f34549aac978f195ea61ff P 158ea649dc9d4e09b195bb82da78eba7 [term 3 LEADER]: Received request to transfer leadership to TS a1885c0488b04b1d898795f6b747f126
I20260713 09:01:37.495638  6399 tablet_service.cc:2072] Received LeaderStepDown RPC: tablet_id: "820d4f9c382b461ebf3eb1912827035e"
dest_uuid: "158ea649dc9d4e09b195bb82da78eba7"
mode: GRACEFUL
new_leader_uuid: "a1885c0488b04b1d898795f6b747f126"
 from {username='slave'} at 127.0.0.1:38436
I20260713 09:01:37.496083  6399 raft_consensus.cc:606] T 820d4f9c382b461ebf3eb1912827035e P 158ea649dc9d4e09b195bb82da78eba7 [term 4 LEADER]: Received request to transfer leadership to TS a1885c0488b04b1d898795f6b747f126
I20260713 09:01:37.498641  6399 tablet_service.cc:2072] Received LeaderStepDown RPC: tablet_id: "df0ad43c62704240b34c564eb0c22a93"
dest_uuid: "158ea649dc9d4e09b195bb82da78eba7"
mode: GRACEFUL
new_leader_uuid: "6046b980631040db8536a932a24f9650"
 from {username='slave'} at 127.0.0.1:38436
I20260713 09:01:37.499136  6399 raft_consensus.cc:606] T df0ad43c62704240b34c564eb0c22a93 P 158ea649dc9d4e09b195bb82da78eba7 [term 4 LEADER]: Received request to transfer leadership to TS 6046b980631040db8536a932a24f9650
I20260713 09:01:37.500260  5737 auto_leader_rebalancer.cc:479] table: test-workload, leader rebalance finish, leader transfer count: 4
I20260713 09:01:37.500829  5737 auto_leader_rebalancer.cc:554] All tables' leader rebalancing finished this round
I20260713 09:01:37.528957  6729 raft_consensus.cc:993] T df0ad43c62704240b34c564eb0c22a93 P 158ea649dc9d4e09b195bb82da78eba7: : Instructing follower 6046b980631040db8536a932a24f9650 to start an election
I20260713 09:01:37.529464  6729 raft_consensus.cc:1081] T df0ad43c62704240b34c564eb0c22a93 P 158ea649dc9d4e09b195bb82da78eba7 [term 4 LEADER]: Signalling peer 6046b980631040db8536a932a24f9650 to start an election
I20260713 09:01:37.530864  6474 tablet_service.cc:2044] Received Run Leader Election RPC: tablet_id: "df0ad43c62704240b34c564eb0c22a93"
dest_uuid: "6046b980631040db8536a932a24f9650"
 from {username='slave'} at 127.0.0.1:48410
I20260713 09:01:37.531344  6474 raft_consensus.cc:493] T df0ad43c62704240b34c564eb0c22a93 P 6046b980631040db8536a932a24f9650 [term 4 FOLLOWER]: Starting forced leader election (received explicit request)
I20260713 09:01:37.531600  6474 raft_consensus.cc:3060] T df0ad43c62704240b34c564eb0c22a93 P 6046b980631040db8536a932a24f9650 [term 4 FOLLOWER]: Advancing to term 5
I20260713 09:01:37.535876  6474 raft_consensus.cc:515] T df0ad43c62704240b34c564eb0c22a93 P 6046b980631040db8536a932a24f9650 [term 5 FOLLOWER]: Starting forced leader election with config: opid_index: -1 OBSOLETE_local: false peers { permanent_uuid: "158ea649dc9d4e09b195bb82da78eba7" member_type: VOTER last_known_addr { host: "127.5.154.65" port: 37957 } } peers { permanent_uuid: "6046b980631040db8536a932a24f9650" member_type: VOTER last_known_addr { host: "127.5.154.66" port: 44111 } } peers { permanent_uuid: "a1885c0488b04b1d898795f6b747f126" member_type: VOTER last_known_addr { host: "127.5.154.67" port: 35251 } }
I20260713 09:01:37.537634  6474 leader_election.cc:290] T df0ad43c62704240b34c564eb0c22a93 P 6046b980631040db8536a932a24f9650 [CANDIDATE]: Term 5 election: Requested vote from peers 158ea649dc9d4e09b195bb82da78eba7 (127.5.154.65:37957), a1885c0488b04b1d898795f6b747f126 (127.5.154.67:35251)
I20260713 09:01:37.538848  6399 tablet_service.cc:1917] Received RequestConsensusVote() RPC: tablet_id: "df0ad43c62704240b34c564eb0c22a93" candidate_uuid: "6046b980631040db8536a932a24f9650" candidate_term: 5 candidate_status { last_received { term: 4 index: 4 } } ignore_live_leader: true dest_uuid: "158ea649dc9d4e09b195bb82da78eba7"
I20260713 09:01:37.538854  6549 tablet_service.cc:1917] Received RequestConsensusVote() RPC: tablet_id: "df0ad43c62704240b34c564eb0c22a93" candidate_uuid: "6046b980631040db8536a932a24f9650" candidate_term: 5 candidate_status { last_received { term: 4 index: 4 } } ignore_live_leader: true dest_uuid: "a1885c0488b04b1d898795f6b747f126"
I20260713 09:01:37.539443  6399 raft_consensus.cc:3055] T df0ad43c62704240b34c564eb0c22a93 P 158ea649dc9d4e09b195bb82da78eba7 [term 4 LEADER]: Stepping down as leader of term 4
I20260713 09:01:37.539463  6549 raft_consensus.cc:3060] T df0ad43c62704240b34c564eb0c22a93 P a1885c0488b04b1d898795f6b747f126 [term 4 FOLLOWER]: Advancing to term 5
I20260713 09:01:37.539855  6399 raft_consensus.cc:740] T df0ad43c62704240b34c564eb0c22a93 P 158ea649dc9d4e09b195bb82da78eba7 [term 4 LEADER]: Becoming Follower/Learner. State: Replica: 158ea649dc9d4e09b195bb82da78eba7, State: Running, Role: LEADER
I20260713 09:01:37.540673  6399 consensus_queue.cc:260] T df0ad43c62704240b34c564eb0c22a93 P 158ea649dc9d4e09b195bb82da78eba7 [NON_LEADER]: Queue going to NON_LEADER mode. State: All replicated index: 0, Majority replicated index: 4, Committed index: 4, Last appended: 4.4, Last appended by leader: 4, Current term: 4, Majority size: -1, State: 0, Mode: NON_LEADER, active raft config: opid_index: -1 OBSOLETE_local: false peers { permanent_uuid: "158ea649dc9d4e09b195bb82da78eba7" member_type: VOTER last_known_addr { host: "127.5.154.65" port: 37957 } } peers { permanent_uuid: "6046b980631040db8536a932a24f9650" member_type: VOTER last_known_addr { host: "127.5.154.66" port: 44111 } } peers { permanent_uuid: "a1885c0488b04b1d898795f6b747f126" member_type: VOTER last_known_addr { host: "127.5.154.67" port: 35251 } }
I20260713 09:01:37.541627  6399 raft_consensus.cc:3060] T df0ad43c62704240b34c564eb0c22a93 P 158ea649dc9d4e09b195bb82da78eba7 [term 4 FOLLOWER]: Advancing to term 5
I20260713 09:01:37.544063  6549 raft_consensus.cc:2468] T df0ad43c62704240b34c564eb0c22a93 P a1885c0488b04b1d898795f6b747f126 [term 5 FOLLOWER]: Leader election vote request: Granting yes vote for candidate 6046b980631040db8536a932a24f9650 in term 5.
I20260713 09:01:37.545346  6441 leader_election.cc:304] T df0ad43c62704240b34c564eb0c22a93 P 6046b980631040db8536a932a24f9650 [CANDIDATE]: Term 5 election: Election decided. Result: candidate won. Election summary: received 2 responses out of 3 voters: 2 yes votes; 0 no votes. yes voters: 6046b980631040db8536a932a24f9650, a1885c0488b04b1d898795f6b747f126; no voters: 
I20260713 09:01:37.546247  6707 raft_consensus.cc:2804] T df0ad43c62704240b34c564eb0c22a93 P 6046b980631040db8536a932a24f9650 [term 5 FOLLOWER]: Leader election won for term 5
I20260713 09:01:37.546984  6399 raft_consensus.cc:2468] T df0ad43c62704240b34c564eb0c22a93 P 158ea649dc9d4e09b195bb82da78eba7 [term 5 FOLLOWER]: Leader election vote request: Granting yes vote for candidate 6046b980631040db8536a932a24f9650 in term 5.
I20260713 09:01:37.547268  6707 raft_consensus.cc:697] T df0ad43c62704240b34c564eb0c22a93 P 6046b980631040db8536a932a24f9650 [term 5 LEADER]: Becoming Leader. State: Replica: 6046b980631040db8536a932a24f9650, State: Running, Role: LEADER
I20260713 09:01:37.548280  6707 consensus_queue.cc:237] T df0ad43c62704240b34c564eb0c22a93 P 6046b980631040db8536a932a24f9650 [LEADER]: Queue going to LEADER mode. State: All replicated index: 0, Majority replicated index: 4, Committed index: 4, Last appended: 4.4, Last appended by leader: 4, Current term: 5, Majority size: 2, State: 0, Mode: LEADER, active raft config: opid_index: -1 OBSOLETE_local: false peers { permanent_uuid: "158ea649dc9d4e09b195bb82da78eba7" member_type: VOTER last_known_addr { host: "127.5.154.65" port: 37957 } } peers { permanent_uuid: "6046b980631040db8536a932a24f9650" member_type: VOTER last_known_addr { host: "127.5.154.66" port: 44111 } } peers { permanent_uuid: "a1885c0488b04b1d898795f6b747f126" member_type: VOTER last_known_addr { host: "127.5.154.67" port: 35251 } }
I20260713 09:01:37.554893  6298 catalog_manager.cc:5697] T df0ad43c62704240b34c564eb0c22a93 P 6046b980631040db8536a932a24f9650 reported cstate change: term changed from 4 to 5, leader changed from 158ea649dc9d4e09b195bb82da78eba7 (127.5.154.65) to 6046b980631040db8536a932a24f9650 (127.5.154.66). New cstate: current_term: 5 leader_uuid: "6046b980631040db8536a932a24f9650" committed_config { opid_index: -1 OBSOLETE_local: false peers { permanent_uuid: "158ea649dc9d4e09b195bb82da78eba7" member_type: VOTER last_known_addr { host: "127.5.154.65" port: 37957 } health_report { overall_health: UNKNOWN } } peers { permanent_uuid: "6046b980631040db8536a932a24f9650" member_type: VOTER last_known_addr { host: "127.5.154.66" port: 44111 } health_report { overall_health: HEALTHY } } peers { permanent_uuid: "a1885c0488b04b1d898795f6b747f126" member_type: VOTER last_known_addr { host: "127.5.154.67" port: 35251 } health_report { overall_health: UNKNOWN } } }
I20260713 09:01:37.667589  6713 raft_consensus.cc:993] T 0451b7f562f34549aac978f195ea61ff P 158ea649dc9d4e09b195bb82da78eba7: : Instructing follower a1885c0488b04b1d898795f6b747f126 to start an election
I20260713 09:01:37.668016  6729 raft_consensus.cc:1081] T 0451b7f562f34549aac978f195ea61ff P 158ea649dc9d4e09b195bb82da78eba7 [term 3 LEADER]: Signalling peer a1885c0488b04b1d898795f6b747f126 to start an election
I20260713 09:01:37.669188  6549 tablet_service.cc:2044] Received Run Leader Election RPC: tablet_id: "0451b7f562f34549aac978f195ea61ff"
dest_uuid: "a1885c0488b04b1d898795f6b747f126"
 from {username='slave'} at 127.0.0.1:56712
I20260713 09:01:37.669641  6549 raft_consensus.cc:493] T 0451b7f562f34549aac978f195ea61ff P a1885c0488b04b1d898795f6b747f126 [term 3 FOLLOWER]: Starting forced leader election (received explicit request)
I20260713 09:01:37.669919  6549 raft_consensus.cc:3060] T 0451b7f562f34549aac978f195ea61ff P a1885c0488b04b1d898795f6b747f126 [term 3 FOLLOWER]: Advancing to term 4
I20260713 09:01:37.678043  6549 raft_consensus.cc:515] T 0451b7f562f34549aac978f195ea61ff P a1885c0488b04b1d898795f6b747f126 [term 4 FOLLOWER]: Starting forced leader election with config: opid_index: -1 OBSOLETE_local: false peers { permanent_uuid: "158ea649dc9d4e09b195bb82da78eba7" member_type: VOTER last_known_addr { host: "127.5.154.65" port: 37957 } } peers { permanent_uuid: "6046b980631040db8536a932a24f9650" member_type: VOTER last_known_addr { host: "127.5.154.66" port: 44111 } } peers { permanent_uuid: "a1885c0488b04b1d898795f6b747f126" member_type: VOTER last_known_addr { host: "127.5.154.67" port: 35251 } }
I20260713 09:01:37.680647  6549 leader_election.cc:290] T 0451b7f562f34549aac978f195ea61ff P a1885c0488b04b1d898795f6b747f126 [CANDIDATE]: Term 4 election: Requested vote from peers 158ea649dc9d4e09b195bb82da78eba7 (127.5.154.65:37957), 6046b980631040db8536a932a24f9650 (127.5.154.66:44111)
I20260713 09:01:37.682973  6399 tablet_service.cc:1917] Received RequestConsensusVote() RPC: tablet_id: "0451b7f562f34549aac978f195ea61ff" candidate_uuid: "a1885c0488b04b1d898795f6b747f126" candidate_term: 4 candidate_status { last_received { term: 3 index: 3 } } ignore_live_leader: true dest_uuid: "158ea649dc9d4e09b195bb82da78eba7"
I20260713 09:01:37.683619  6399 raft_consensus.cc:3055] T 0451b7f562f34549aac978f195ea61ff P 158ea649dc9d4e09b195bb82da78eba7 [term 3 LEADER]: Stepping down as leader of term 3
I20260713 09:01:37.684026  6399 raft_consensus.cc:740] T 0451b7f562f34549aac978f195ea61ff P 158ea649dc9d4e09b195bb82da78eba7 [term 3 LEADER]: Becoming Follower/Learner. State: Replica: 158ea649dc9d4e09b195bb82da78eba7, State: Running, Role: LEADER
I20260713 09:01:37.683238  6474 tablet_service.cc:1917] Received RequestConsensusVote() RPC: tablet_id: "0451b7f562f34549aac978f195ea61ff" candidate_uuid: "a1885c0488b04b1d898795f6b747f126" candidate_term: 4 candidate_status { last_received { term: 3 index: 3 } } ignore_live_leader: true dest_uuid: "6046b980631040db8536a932a24f9650"
I20260713 09:01:37.685115  6399 consensus_queue.cc:260] T 0451b7f562f34549aac978f195ea61ff P 158ea649dc9d4e09b195bb82da78eba7 [NON_LEADER]: Queue going to NON_LEADER mode. State: All replicated index: 0, Majority replicated index: 3, Committed index: 3, Last appended: 3.3, Last appended by leader: 3, Current term: 3, Majority size: -1, State: 0, Mode: NON_LEADER, active raft config: opid_index: -1 OBSOLETE_local: false peers { permanent_uuid: "158ea649dc9d4e09b195bb82da78eba7" member_type: VOTER last_known_addr { host: "127.5.154.65" port: 37957 } } peers { permanent_uuid: "6046b980631040db8536a932a24f9650" member_type: VOTER last_known_addr { host: "127.5.154.66" port: 44111 } } peers { permanent_uuid: "a1885c0488b04b1d898795f6b747f126" member_type: VOTER last_known_addr { host: "127.5.154.67" port: 35251 } }
I20260713 09:01:37.685493  6474 raft_consensus.cc:3060] T 0451b7f562f34549aac978f195ea61ff P 6046b980631040db8536a932a24f9650 [term 3 FOLLOWER]: Advancing to term 4
I20260713 09:01:37.686573  6399 raft_consensus.cc:3060] T 0451b7f562f34549aac978f195ea61ff P 158ea649dc9d4e09b195bb82da78eba7 [term 3 FOLLOWER]: Advancing to term 4
I20260713 09:01:37.691593  6474 raft_consensus.cc:2468] T 0451b7f562f34549aac978f195ea61ff P 6046b980631040db8536a932a24f9650 [term 4 FOLLOWER]: Leader election vote request: Granting yes vote for candidate a1885c0488b04b1d898795f6b747f126 in term 4.
I20260713 09:01:37.693091  6515 leader_election.cc:304] T 0451b7f562f34549aac978f195ea61ff P a1885c0488b04b1d898795f6b747f126 [CANDIDATE]: Term 4 election: Election decided. Result: candidate won. Election summary: received 2 responses out of 3 voters: 2 yes votes; 0 no votes. yes voters: 6046b980631040db8536a932a24f9650, a1885c0488b04b1d898795f6b747f126; no voters: 
I20260713 09:01:37.694097  6678 raft_consensus.cc:2804] T 0451b7f562f34549aac978f195ea61ff P a1885c0488b04b1d898795f6b747f126 [term 4 FOLLOWER]: Leader election won for term 4
I20260713 09:01:37.695312  6678 raft_consensus.cc:697] T 0451b7f562f34549aac978f195ea61ff P a1885c0488b04b1d898795f6b747f126 [term 4 LEADER]: Becoming Leader. State: Replica: a1885c0488b04b1d898795f6b747f126, State: Running, Role: LEADER
I20260713 09:01:37.695178  6399 raft_consensus.cc:2468] T 0451b7f562f34549aac978f195ea61ff P 158ea649dc9d4e09b195bb82da78eba7 [term 4 FOLLOWER]: Leader election vote request: Granting yes vote for candidate a1885c0488b04b1d898795f6b747f126 in term 4.
I20260713 09:01:37.696892  6678 consensus_queue.cc:237] T 0451b7f562f34549aac978f195ea61ff P a1885c0488b04b1d898795f6b747f126 [LEADER]: Queue going to LEADER mode. State: All replicated index: 0, Majority replicated index: 3, Committed index: 3, Last appended: 3.3, Last appended by leader: 3, Current term: 4, Majority size: 2, State: 0, Mode: LEADER, active raft config: opid_index: -1 OBSOLETE_local: false peers { permanent_uuid: "158ea649dc9d4e09b195bb82da78eba7" member_type: VOTER last_known_addr { host: "127.5.154.65" port: 37957 } } peers { permanent_uuid: "6046b980631040db8536a932a24f9650" member_type: VOTER last_known_addr { host: "127.5.154.66" port: 44111 } } peers { permanent_uuid: "a1885c0488b04b1d898795f6b747f126" member_type: VOTER last_known_addr { host: "127.5.154.67" port: 35251 } }
I20260713 09:01:37.705701  6298 catalog_manager.cc:5697] T 0451b7f562f34549aac978f195ea61ff P a1885c0488b04b1d898795f6b747f126 reported cstate change: term changed from 3 to 4, leader changed from 158ea649dc9d4e09b195bb82da78eba7 (127.5.154.65) to a1885c0488b04b1d898795f6b747f126 (127.5.154.67). New cstate: current_term: 4 leader_uuid: "a1885c0488b04b1d898795f6b747f126" committed_config { opid_index: -1 OBSOLETE_local: false peers { permanent_uuid: "158ea649dc9d4e09b195bb82da78eba7" member_type: VOTER last_known_addr { host: "127.5.154.65" port: 37957 } health_report { overall_health: UNKNOWN } } peers { permanent_uuid: "6046b980631040db8536a932a24f9650" member_type: VOTER last_known_addr { host: "127.5.154.66" port: 44111 } health_report { overall_health: UNKNOWN } } peers { permanent_uuid: "a1885c0488b04b1d898795f6b747f126" member_type: VOTER last_known_addr { host: "127.5.154.67" port: 35251 } health_report { overall_health: HEALTHY } } }
I20260713 09:01:37.772104  6713 raft_consensus.cc:993] T 0259e6c5dad24fde818abd427adc17c2 P 158ea649dc9d4e09b195bb82da78eba7: : Instructing follower 6046b980631040db8536a932a24f9650 to start an election
I20260713 09:01:37.772622  6713 raft_consensus.cc:1081] T 0259e6c5dad24fde818abd427adc17c2 P 158ea649dc9d4e09b195bb82da78eba7 [term 3 LEADER]: Signalling peer 6046b980631040db8536a932a24f9650 to start an election
I20260713 09:01:37.774156  6474 tablet_service.cc:2044] Received Run Leader Election RPC: tablet_id: "0259e6c5dad24fde818abd427adc17c2"
dest_uuid: "6046b980631040db8536a932a24f9650"
 from {username='slave'} at 127.0.0.1:48410
I20260713 09:01:37.774561  6474 raft_consensus.cc:493] T 0259e6c5dad24fde818abd427adc17c2 P 6046b980631040db8536a932a24f9650 [term 3 FOLLOWER]: Starting forced leader election (received explicit request)
I20260713 09:01:37.774789  6474 raft_consensus.cc:3060] T 0259e6c5dad24fde818abd427adc17c2 P 6046b980631040db8536a932a24f9650 [term 3 FOLLOWER]: Advancing to term 4
I20260713 09:01:37.778801  6474 raft_consensus.cc:515] T 0259e6c5dad24fde818abd427adc17c2 P 6046b980631040db8536a932a24f9650 [term 4 FOLLOWER]: Starting forced leader election with config: opid_index: -1 OBSOLETE_local: false peers { permanent_uuid: "158ea649dc9d4e09b195bb82da78eba7" member_type: VOTER last_known_addr { host: "127.5.154.65" port: 37957 } } peers { permanent_uuid: "6046b980631040db8536a932a24f9650" member_type: VOTER last_known_addr { host: "127.5.154.66" port: 44111 } } peers { permanent_uuid: "a1885c0488b04b1d898795f6b747f126" member_type: VOTER last_known_addr { host: "127.5.154.67" port: 35251 } }
I20260713 09:01:37.780057  6474 leader_election.cc:290] T 0259e6c5dad24fde818abd427adc17c2 P 6046b980631040db8536a932a24f9650 [CANDIDATE]: Term 4 election: Requested vote from peers 158ea649dc9d4e09b195bb82da78eba7 (127.5.154.65:37957), a1885c0488b04b1d898795f6b747f126 (127.5.154.67:35251)
I20260713 09:01:37.780943  6399 tablet_service.cc:1917] Received RequestConsensusVote() RPC: tablet_id: "0259e6c5dad24fde818abd427adc17c2" candidate_uuid: "6046b980631040db8536a932a24f9650" candidate_term: 4 candidate_status { last_received { term: 3 index: 3 } } ignore_live_leader: true dest_uuid: "158ea649dc9d4e09b195bb82da78eba7"
I20260713 09:01:37.781188  6549 tablet_service.cc:1917] Received RequestConsensusVote() RPC: tablet_id: "0259e6c5dad24fde818abd427adc17c2" candidate_uuid: "6046b980631040db8536a932a24f9650" candidate_term: 4 candidate_status { last_received { term: 3 index: 3 } } ignore_live_leader: true dest_uuid: "a1885c0488b04b1d898795f6b747f126"
I20260713 09:01:37.781421  6399 raft_consensus.cc:3055] T 0259e6c5dad24fde818abd427adc17c2 P 158ea649dc9d4e09b195bb82da78eba7 [term 3 LEADER]: Stepping down as leader of term 3
I20260713 09:01:37.781647  6549 raft_consensus.cc:3060] T 0259e6c5dad24fde818abd427adc17c2 P a1885c0488b04b1d898795f6b747f126 [term 3 FOLLOWER]: Advancing to term 4
I20260713 09:01:37.781767  6399 raft_consensus.cc:740] T 0259e6c5dad24fde818abd427adc17c2 P 158ea649dc9d4e09b195bb82da78eba7 [term 3 LEADER]: Becoming Follower/Learner. State: Replica: 158ea649dc9d4e09b195bb82da78eba7, State: Running, Role: LEADER
I20260713 09:01:37.782516  6399 consensus_queue.cc:260] T 0259e6c5dad24fde818abd427adc17c2 P 158ea649dc9d4e09b195bb82da78eba7 [NON_LEADER]: Queue going to NON_LEADER mode. State: All replicated index: 0, Majority replicated index: 3, Committed index: 3, Last appended: 3.3, Last appended by leader: 3, Current term: 3, Majority size: -1, State: 0, Mode: NON_LEADER, active raft config: opid_index: -1 OBSOLETE_local: false peers { permanent_uuid: "158ea649dc9d4e09b195bb82da78eba7" member_type: VOTER last_known_addr { host: "127.5.154.65" port: 37957 } } peers { permanent_uuid: "6046b980631040db8536a932a24f9650" member_type: VOTER last_known_addr { host: "127.5.154.66" port: 44111 } } peers { permanent_uuid: "a1885c0488b04b1d898795f6b747f126" member_type: VOTER last_known_addr { host: "127.5.154.67" port: 35251 } }
I20260713 09:01:37.783450  6399 raft_consensus.cc:3060] T 0259e6c5dad24fde818abd427adc17c2 P 158ea649dc9d4e09b195bb82da78eba7 [term 3 FOLLOWER]: Advancing to term 4
I20260713 09:01:37.786294  6549 raft_consensus.cc:2468] T 0259e6c5dad24fde818abd427adc17c2 P a1885c0488b04b1d898795f6b747f126 [term 4 FOLLOWER]: Leader election vote request: Granting yes vote for candidate 6046b980631040db8536a932a24f9650 in term 4.
