I20260713 09:01:56.114913   764 consensus_queue.cc:237] T a3562618bc944a8c97bf37792d5044ff P 4ee6211fcc854f1bac3ce38158d72a4a [LEADER]: Queue going to LEADER mode. State: All replicated index: 0, Majority replicated index: 0, Committed index: 0, Last appended: 0.0, Last appended by leader: 0, Current term: 1, Majority size: 2, State: 0, Mode: LEADER, active raft config: opid_index: -1 OBSOLETE_local: false peers { permanent_uuid: "0257c180cfaa4cdb9137f22a74e35491" member_type: VOTER last_known_addr { host: "127.0.107.193" port: 38779 } } peers { permanent_uuid: "4ee6211fcc854f1bac3ce38158d72a4a" member_type: VOTER last_known_addr { host: "127.0.107.194" port: 38315 } } peers { permanent_uuid: "fe9b5df05a7845b18164e8dc5c15395d" member_type: VOTER last_known_addr { host: "127.0.107.195" port: 33225 } }
I20260713 09:01:56.118846   758 ts_tablet_manager.cc:1434] T 302cda9f9e08498491c406ee75c05ece P 0257c180cfaa4cdb9137f22a74e35491: Time spent starting tablet: real 0.015s	user 0.008s	sys 0.000s
I20260713 09:01:56.120754   758 tablet_bootstrap.cc:492] T 81fd2ef3242a4dc3b45451256f8a2395 P 0257c180cfaa4cdb9137f22a74e35491: Bootstrap starting.
I20260713 09:01:56.129400   758 tablet_bootstrap.cc:654] T 81fd2ef3242a4dc3b45451256f8a2395 P 0257c180cfaa4cdb9137f22a74e35491: Neither blocks nor log segments found. Creating new log.
I20260713 09:01:56.129976   797 leader_election.cc:290] T a3562618bc944a8c97bf37792d5044ff P 4ee6211fcc854f1bac3ce38158d72a4a [CANDIDATE]: Term 1 election: Requested vote from peers 0257c180cfaa4cdb9137f22a74e35491 (127.0.107.193:38779), fe9b5df05a7845b18164e8dc5c15395d (127.0.107.195:33225)
I20260713 09:01:56.143914   758 tablet_bootstrap.cc:492] T 81fd2ef3242a4dc3b45451256f8a2395 P 0257c180cfaa4cdb9137f22a74e35491: No bootstrap required, opened a new log
I20260713 09:01:56.144537   758 ts_tablet_manager.cc:1403] T 81fd2ef3242a4dc3b45451256f8a2395 P 0257c180cfaa4cdb9137f22a74e35491: Time spent bootstrapping tablet: real 0.024s	user 0.020s	sys 0.000s
I20260713 09:01:56.148217   530 leader_election.cc:304] T 1f8d3fb4f4b246539a61935efed72ff2 P 0257c180cfaa4cdb9137f22a74e35491 [CANDIDATE]: Term 1 election: Election decided. Result: candidate lost. Election summary: received 3 responses out of 3 voters: 1 yes votes; 2 no votes. yes voters: 0257c180cfaa4cdb9137f22a74e35491; no voters: 4ee6211fcc854f1bac3ce38158d72a4a, fe9b5df05a7845b18164e8dc5c15395d
I20260713 09:01:56.148088   758 raft_consensus.cc:359] T 81fd2ef3242a4dc3b45451256f8a2395 P 0257c180cfaa4cdb9137f22a74e35491 [term 0 FOLLOWER]: Replica starting. Triggering 0 pending ops. Active config: opid_index: -1 OBSOLETE_local: false peers { permanent_uuid: "0257c180cfaa4cdb9137f22a74e35491" member_type: VOTER last_known_addr { host: "127.0.107.193" port: 38779 } } peers { permanent_uuid: "4ee6211fcc854f1bac3ce38158d72a4a" member_type: VOTER last_known_addr { host: "127.0.107.194" port: 38315 } } peers { permanent_uuid: "fe9b5df05a7845b18164e8dc5c15395d" member_type: VOTER last_known_addr { host: "127.0.107.195" port: 33225 } }
I20260713 09:01:56.148834   758 raft_consensus.cc:385] T 81fd2ef3242a4dc3b45451256f8a2395 P 0257c180cfaa4cdb9137f22a74e35491 [term 0 FOLLOWER]: Consensus starting up: Expiring failure detector timer to make a prompt election more likely
I20260713 09:01:56.149151   758 raft_consensus.cc:740] T 81fd2ef3242a4dc3b45451256f8a2395 P 0257c180cfaa4cdb9137f22a74e35491 [term 0 FOLLOWER]: Becoming Follower/Learner. State: Replica: 0257c180cfaa4cdb9137f22a74e35491, State: Initialized, Role: FOLLOWER
I20260713 09:01:56.149642   766 raft_consensus.cc:2749] T 1f8d3fb4f4b246539a61935efed72ff2 P 0257c180cfaa4cdb9137f22a74e35491 [term 1 FOLLOWER]: Leader election lost for term 1. Reason: could not achieve majority
I20260713 09:01:56.150420   758 consensus_queue.cc:260] T 81fd2ef3242a4dc3b45451256f8a2395 P 0257c180cfaa4cdb9137f22a74e35491 [NON_LEADER]: Queue going to NON_LEADER mode. State: All replicated index: 0, Majority replicated index: 0, Committed index: 0, Last appended: 0.0, Last appended by leader: 0, Current term: 0, Majority size: -1, State: 0, Mode: NON_LEADER, active raft config: opid_index: -1 OBSOLETE_local: false peers { permanent_uuid: "0257c180cfaa4cdb9137f22a74e35491" member_type: VOTER last_known_addr { host: "127.0.107.193" port: 38779 } } peers { permanent_uuid: "4ee6211fcc854f1bac3ce38158d72a4a" member_type: VOTER last_known_addr { host: "127.0.107.194" port: 38315 } } peers { permanent_uuid: "fe9b5df05a7845b18164e8dc5c15395d" member_type: VOTER last_known_addr { host: "127.0.107.195" port: 33225 } }
I20260713 09:01:56.152534   758 ts_tablet_manager.cc:1434] T 81fd2ef3242a4dc3b45451256f8a2395 P 0257c180cfaa4cdb9137f22a74e35491: Time spent starting tablet: real 0.008s	user 0.007s	sys 0.000s
I20260713 09:01:56.153694   758 tablet_bootstrap.cc:492] T a3562618bc944a8c97bf37792d5044ff P 0257c180cfaa4cdb9137f22a74e35491: Bootstrap starting.
I20260713 09:01:56.152433   461 catalog_manager.cc:5697] T 1f8d3fb4f4b246539a61935efed72ff2 P 4ee6211fcc854f1bac3ce38158d72a4a reported cstate change: term changed from 0 to 1, leader changed from <none> to 4ee6211fcc854f1bac3ce38158d72a4a (127.0.107.194). New cstate: current_term: 1 leader_uuid: "4ee6211fcc854f1bac3ce38158d72a4a" committed_config { opid_index: -1 OBSOLETE_local: false peers { permanent_uuid: "0257c180cfaa4cdb9137f22a74e35491" member_type: VOTER last_known_addr { host: "127.0.107.193" port: 38779 } health_report { overall_health: UNKNOWN } } peers { permanent_uuid: "4ee6211fcc854f1bac3ce38158d72a4a" member_type: VOTER last_known_addr { host: "127.0.107.194" port: 38315 } health_report { overall_health: HEALTHY } } peers { permanent_uuid: "fe9b5df05a7845b18164e8dc5c15395d" member_type: VOTER last_known_addr { host: "127.0.107.195" port: 33225 } health_report { overall_health: UNKNOWN } } }
I20260713 09:01:56.163379   758 tablet_bootstrap.cc:654] T a3562618bc944a8c97bf37792d5044ff P 0257c180cfaa4cdb9137f22a74e35491: Neither blocks nor log segments found. Creating new log.
I20260713 09:01:56.167762   463 catalog_manager.cc:5697] T 81fd2ef3242a4dc3b45451256f8a2395 P fe9b5df05a7845b18164e8dc5c15395d reported cstate change: term changed from 0 to 1, leader changed from <none> to fe9b5df05a7845b18164e8dc5c15395d (127.0.107.195). New cstate: current_term: 1 leader_uuid: "fe9b5df05a7845b18164e8dc5c15395d" committed_config { opid_index: -1 OBSOLETE_local: false peers { permanent_uuid: "0257c180cfaa4cdb9137f22a74e35491" member_type: VOTER last_known_addr { host: "127.0.107.193" port: 38779 } health_report { overall_health: UNKNOWN } } peers { permanent_uuid: "4ee6211fcc854f1bac3ce38158d72a4a" member_type: VOTER last_known_addr { host: "127.0.107.194" port: 38315 } health_report { overall_health: UNKNOWN } } peers { permanent_uuid: "fe9b5df05a7845b18164e8dc5c15395d" member_type: VOTER last_known_addr { host: "127.0.107.195" port: 33225 } health_report { overall_health: HEALTHY } } }
I20260713 09:01:56.169674   758 tablet_bootstrap.cc:492] T a3562618bc944a8c97bf37792d5044ff P 0257c180cfaa4cdb9137f22a74e35491: No bootstrap required, opened a new log
I20260713 09:01:56.170176   758 ts_tablet_manager.cc:1403] T a3562618bc944a8c97bf37792d5044ff P 0257c180cfaa4cdb9137f22a74e35491: Time spent bootstrapping tablet: real 0.017s	user 0.009s	sys 0.004s
I20260713 09:01:56.171695   806 raft_consensus.cc:493] T 8d9697316fa64997a375d7115d18e1c7 P fe9b5df05a7845b18164e8dc5c15395d [term 0 FOLLOWER]: Starting pre-election (no leader contacted us within the election timeout)
I20260713 09:01:56.172165   806 raft_consensus.cc:515] T 8d9697316fa64997a375d7115d18e1c7 P fe9b5df05a7845b18164e8dc5c15395d [term 0 FOLLOWER]: Starting pre-election with config: opid_index: -1 OBSOLETE_local: false peers { permanent_uuid: "4ee6211fcc854f1bac3ce38158d72a4a" member_type: VOTER last_known_addr { host: "127.0.107.194" port: 38315 } } peers { permanent_uuid: "0257c180cfaa4cdb9137f22a74e35491" member_type: VOTER last_known_addr { host: "127.0.107.193" port: 38779 } } peers { permanent_uuid: "fe9b5df05a7845b18164e8dc5c15395d" member_type: VOTER last_known_addr { host: "127.0.107.195" port: 33225 } }
I20260713 09:01:56.173302   758 raft_consensus.cc:359] T a3562618bc944a8c97bf37792d5044ff P 0257c180cfaa4cdb9137f22a74e35491 [term 0 FOLLOWER]: Replica starting. Triggering 0 pending ops. Active config: opid_index: -1 OBSOLETE_local: false peers { permanent_uuid: "0257c180cfaa4cdb9137f22a74e35491" member_type: VOTER last_known_addr { host: "127.0.107.193" port: 38779 } } peers { permanent_uuid: "4ee6211fcc854f1bac3ce38158d72a4a" member_type: VOTER last_known_addr { host: "127.0.107.194" port: 38315 } } peers { permanent_uuid: "fe9b5df05a7845b18164e8dc5c15395d" member_type: VOTER last_known_addr { host: "127.0.107.195" port: 33225 } }
I20260713 09:01:56.173760   758 raft_consensus.cc:385] T a3562618bc944a8c97bf37792d5044ff P 0257c180cfaa4cdb9137f22a74e35491 [term 0 FOLLOWER]: Consensus starting up: Expiring failure detector timer to make a prompt election more likely
I20260713 09:01:56.173991   758 raft_consensus.cc:740] T a3562618bc944a8c97bf37792d5044ff P 0257c180cfaa4cdb9137f22a74e35491 [term 0 FOLLOWER]: Becoming Follower/Learner. State: Replica: 0257c180cfaa4cdb9137f22a74e35491, State: Initialized, Role: FOLLOWER
I20260713 09:01:56.174077   806 leader_election.cc:290] T 8d9697316fa64997a375d7115d18e1c7 P fe9b5df05a7845b18164e8dc5c15395d [CANDIDATE]: Term 1 pre-election: Requested pre-vote from peers 4ee6211fcc854f1bac3ce38158d72a4a (127.0.107.194:38315), 0257c180cfaa4cdb9137f22a74e35491 (127.0.107.193:38779)
I20260713 09:01:56.174611   758 consensus_queue.cc:260] T a3562618bc944a8c97bf37792d5044ff P 0257c180cfaa4cdb9137f22a74e35491 [NON_LEADER]: Queue going to NON_LEADER mode. State: All replicated index: 0, Majority replicated index: 0, Committed index: 0, Last appended: 0.0, Last appended by leader: 0, Current term: 0, Majority size: -1, State: 0, Mode: NON_LEADER, active raft config: opid_index: -1 OBSOLETE_local: false peers { permanent_uuid: "0257c180cfaa4cdb9137f22a74e35491" member_type: VOTER last_known_addr { host: "127.0.107.193" port: 38779 } } peers { permanent_uuid: "4ee6211fcc854f1bac3ce38158d72a4a" member_type: VOTER last_known_addr { host: "127.0.107.194" port: 38315 } } peers { permanent_uuid: "fe9b5df05a7845b18164e8dc5c15395d" member_type: VOTER last_known_addr { host: "127.0.107.195" port: 33225 } }
I20260713 09:01:56.175117   565 tablet_service.cc:1917] Received RequestConsensusVote() RPC: tablet_id: "8d9697316fa64997a375d7115d18e1c7" candidate_uuid: "fe9b5df05a7845b18164e8dc5c15395d" candidate_term: 1 candidate_status { last_received { term: 0 index: 0 } } ignore_live_leader: false dest_uuid: "0257c180cfaa4cdb9137f22a74e35491" is_pre_election: true
I20260713 09:01:56.176431   758 ts_tablet_manager.cc:1434] T a3562618bc944a8c97bf37792d5044ff P 0257c180cfaa4cdb9137f22a74e35491: Time spent starting tablet: real 0.006s	user 0.002s	sys 0.000s
I20260713 09:01:56.176614   714 raft_consensus.cc:3060] T 8d9697316fa64997a375d7115d18e1c7 P fe9b5df05a7845b18164e8dc5c15395d [term 0 FOLLOWER]: Advancing to term 1
I20260713 09:01:56.177340   640 tablet_service.cc:1917] Received RequestConsensusVote() RPC: tablet_id: "8d9697316fa64997a375d7115d18e1c7" candidate_uuid: "fe9b5df05a7845b18164e8dc5c15395d" candidate_term: 1 candidate_status { last_received { term: 0 index: 0 } } ignore_live_leader: false dest_uuid: "4ee6211fcc854f1bac3ce38158d72a4a" is_pre_election: true
I20260713 09:01:56.177985   640 raft_consensus.cc:2393] T 8d9697316fa64997a375d7115d18e1c7 P 4ee6211fcc854f1bac3ce38158d72a4a [term 1 FOLLOWER]: Leader pre-election vote request: Denying vote to candidate fe9b5df05a7845b18164e8dc5c15395d in current term 1: Already voted for candidate 0257c180cfaa4cdb9137f22a74e35491 in this term.
I20260713 09:01:56.179039   766 raft_consensus.cc:493] T 6799664f97784b6caeb5a8c8102d1040 P 0257c180cfaa4cdb9137f22a74e35491 [term 0 FOLLOWER]: Starting pre-election (no leader contacted us within the election timeout)
I20260713 09:01:56.179466   766 raft_consensus.cc:515] T 6799664f97784b6caeb5a8c8102d1040 P 0257c180cfaa4cdb9137f22a74e35491 [term 0 FOLLOWER]: Starting pre-election with config: opid_index: -1 OBSOLETE_local: false peers { permanent_uuid: "0257c180cfaa4cdb9137f22a74e35491" member_type: VOTER last_known_addr { host: "127.0.107.193" port: 38779 } } peers { permanent_uuid: "4ee6211fcc854f1bac3ce38158d72a4a" member_type: VOTER last_known_addr { host: "127.0.107.194" port: 38315 } } peers { permanent_uuid: "fe9b5df05a7845b18164e8dc5c15395d" member_type: VOTER last_known_addr { host: "127.0.107.195" port: 33225 } }
I20260713 09:01:56.181437   679 leader_election.cc:304] T 8d9697316fa64997a375d7115d18e1c7 P fe9b5df05a7845b18164e8dc5c15395d [CANDIDATE]: Term 1 pre-election: Election decided. Result: candidate lost. Election summary: received 3 responses out of 3 voters: 1 yes votes; 2 no votes. yes voters: fe9b5df05a7845b18164e8dc5c15395d; no voters: 0257c180cfaa4cdb9137f22a74e35491, 4ee6211fcc854f1bac3ce38158d72a4a
I20260713 09:01:56.182432   715 tablet_service.cc:1917] Received RequestConsensusVote() RPC: tablet_id: "6799664f97784b6caeb5a8c8102d1040" candidate_uuid: "0257c180cfaa4cdb9137f22a74e35491" candidate_term: 1 candidate_status { last_received { term: 0 index: 0 } } ignore_live_leader: false dest_uuid: "fe9b5df05a7845b18164e8dc5c15395d" is_pre_election: true
I20260713 09:01:56.183099   715 raft_consensus.cc:2393] T 6799664f97784b6caeb5a8c8102d1040 P fe9b5df05a7845b18164e8dc5c15395d [term 1 FOLLOWER]: Leader pre-election vote request: Denying vote to candidate 0257c180cfaa4cdb9137f22a74e35491 in current term 1: Already voted for candidate 4ee6211fcc854f1bac3ce38158d72a4a in this term.
I20260713 09:01:56.184684   640 tablet_service.cc:1917] Received RequestConsensusVote() RPC: tablet_id: "6799664f97784b6caeb5a8c8102d1040" candidate_uuid: "0257c180cfaa4cdb9137f22a74e35491" candidate_term: 1 candidate_status { last_received { term: 0 index: 0 } } ignore_live_leader: false dest_uuid: "4ee6211fcc854f1bac3ce38158d72a4a" is_pre_election: true
I20260713 09:01:56.181424   766 leader_election.cc:290] T 6799664f97784b6caeb5a8c8102d1040 P 0257c180cfaa4cdb9137f22a74e35491 [CANDIDATE]: Term 1 pre-election: Requested pre-vote from peers 4ee6211fcc854f1bac3ce38158d72a4a (127.0.107.194:38315), fe9b5df05a7845b18164e8dc5c15395d (127.0.107.195:33225)
I20260713 09:01:56.186060   530 leader_election.cc:304] T 6799664f97784b6caeb5a8c8102d1040 P 0257c180cfaa4cdb9137f22a74e35491 [CANDIDATE]: Term 1 pre-election: Election decided. Result: candidate lost. Election summary: received 3 responses out of 3 voters: 1 yes votes; 2 no votes. yes voters: 0257c180cfaa4cdb9137f22a74e35491; no voters: 4ee6211fcc854f1bac3ce38158d72a4a, fe9b5df05a7845b18164e8dc5c15395d
I20260713 09:01:56.186748   766 raft_consensus.cc:3060] T 6799664f97784b6caeb5a8c8102d1040 P 0257c180cfaa4cdb9137f22a74e35491 [term 0 FOLLOWER]: Advancing to term 1
I20260713 09:01:56.188752   461 catalog_manager.cc:5697] T bb89b7eeb7ff42e1bff30293e0a76ef0 P fe9b5df05a7845b18164e8dc5c15395d reported cstate change: term changed from 0 to 1, leader changed from <none> to fe9b5df05a7845b18164e8dc5c15395d (127.0.107.195). New cstate: current_term: 1 leader_uuid: "fe9b5df05a7845b18164e8dc5c15395d" committed_config { opid_index: -1 OBSOLETE_local: false peers { permanent_uuid: "0257c180cfaa4cdb9137f22a74e35491" member_type: VOTER last_known_addr { host: "127.0.107.193" port: 38779 } health_report { overall_health: UNKNOWN } } peers { permanent_uuid: "4ee6211fcc854f1bac3ce38158d72a4a" member_type: VOTER last_known_addr { host: "127.0.107.194" port: 38315 } health_report { overall_health: UNKNOWN } } peers { permanent_uuid: "fe9b5df05a7845b18164e8dc5c15395d" member_type: VOTER last_known_addr { host: "127.0.107.195" port: 33225 } health_report { overall_health: HEALTHY } } }
I20260713 09:01:56.190747   806 raft_consensus.cc:2749] T 8d9697316fa64997a375d7115d18e1c7 P fe9b5df05a7845b18164e8dc5c15395d [term 1 FOLLOWER]: Leader pre-election lost for term 1. Reason: could not achieve majority
I20260713 09:01:56.191682   765 consensus_queue.cc:1048] T 8d9697316fa64997a375d7115d18e1c7 P 0257c180cfaa4cdb9137f22a74e35491 [LEADER]: Connected to new peer: Peer: permanent_uuid: "fe9b5df05a7845b18164e8dc5c15395d" member_type: VOTER last_known_addr { host: "127.0.107.195" port: 33225 }, Status: LMP_MISMATCH, Last received: 0.0, Next index: 1, Last known committed idx: 0, Time since last communication: 0.000s
I20260713 09:01:56.191998   766 raft_consensus.cc:2749] T 6799664f97784b6caeb5a8c8102d1040 P 0257c180cfaa4cdb9137f22a74e35491 [term 1 FOLLOWER]: Leader pre-election lost for term 1. Reason: could not achieve majority
I20260713 09:01:56.199460   462 catalog_manager.cc:5697] T a3562618bc944a8c97bf37792d5044ff P 4ee6211fcc854f1bac3ce38158d72a4a reported cstate change: term changed from 0 to 1, leader changed from <none> to 4ee6211fcc854f1bac3ce38158d72a4a (127.0.107.194). New cstate: current_term: 1 leader_uuid: "4ee6211fcc854f1bac3ce38158d72a4a" committed_config { opid_index: -1 OBSOLETE_local: false peers { permanent_uuid: "0257c180cfaa4cdb9137f22a74e35491" member_type: VOTER last_known_addr { host: "127.0.107.193" port: 38779 } health_report { overall_health: UNKNOWN } } peers { permanent_uuid: "4ee6211fcc854f1bac3ce38158d72a4a" member_type: VOTER last_known_addr { host: "127.0.107.194" port: 38315 } health_report { overall_health: HEALTHY } } peers { permanent_uuid: "fe9b5df05a7845b18164e8dc5c15395d" member_type: VOTER last_known_addr { host: "127.0.107.195" port: 33225 } health_report { overall_health: UNKNOWN } } }
I20260713 09:01:56.222211   766 consensus_queue.cc:1048] T 8d9697316fa64997a375d7115d18e1c7 P 0257c180cfaa4cdb9137f22a74e35491 [LEADER]: Connected to new peer: Peer: permanent_uuid: "4ee6211fcc854f1bac3ce38158d72a4a" member_type: VOTER last_known_addr { host: "127.0.107.194" port: 38315 }, Status: LMP_MISMATCH, Last received: 0.0, Next index: 1, Last known committed idx: 0, Time since last communication: 0.000s
I20260713 09:01:56.235283   799 consensus_queue.cc:1048] T bd10647669444093aac189ac410eb84e P 4ee6211fcc854f1bac3ce38158d72a4a [LEADER]: Connected to new peer: Peer: permanent_uuid: "fe9b5df05a7845b18164e8dc5c15395d" member_type: VOTER last_known_addr { host: "127.0.107.195" port: 33225 }, Status: LMP_MISMATCH, Last received: 0.0, Next index: 1, Last known committed idx: 0, Time since last communication: 0.000s
I20260713 09:01:56.247707   799 consensus_queue.cc:1048] T bd10647669444093aac189ac410eb84e P 4ee6211fcc854f1bac3ce38158d72a4a [LEADER]: Connected to new peer: Peer: permanent_uuid: "0257c180cfaa4cdb9137f22a74e35491" member_type: VOTER last_known_addr { host: "127.0.107.193" port: 38779 }, Status: LMP_MISMATCH, Last received: 0.0, Next index: 1, Last known committed idx: 0, Time since last communication: 0.000s
I20260713 09:01:56.269069   766 raft_consensus.cc:493] T 81fd2ef3242a4dc3b45451256f8a2395 P 0257c180cfaa4cdb9137f22a74e35491 [term 0 FOLLOWER]: Starting pre-election (no leader contacted us within the election timeout)
I20260713 09:01:56.269454   766 raft_consensus.cc:515] T 81fd2ef3242a4dc3b45451256f8a2395 P 0257c180cfaa4cdb9137f22a74e35491 [term 0 FOLLOWER]: Starting pre-election with config: opid_index: -1 OBSOLETE_local: false peers { permanent_uuid: "0257c180cfaa4cdb9137f22a74e35491" member_type: VOTER last_known_addr { host: "127.0.107.193" port: 38779 } } peers { permanent_uuid: "4ee6211fcc854f1bac3ce38158d72a4a" member_type: VOTER last_known_addr { host: "127.0.107.194" port: 38315 } } peers { permanent_uuid: "fe9b5df05a7845b18164e8dc5c15395d" member_type: VOTER last_known_addr { host: "127.0.107.195" port: 33225 } }
I20260713 09:01:56.271063   766 leader_election.cc:290] T 81fd2ef3242a4dc3b45451256f8a2395 P 0257c180cfaa4cdb9137f22a74e35491 [CANDIDATE]: Term 1 pre-election: Requested pre-vote from peers 4ee6211fcc854f1bac3ce38158d72a4a (127.0.107.194:38315), fe9b5df05a7845b18164e8dc5c15395d (127.0.107.195:33225)
I20260713 09:01:56.271643   640 tablet_service.cc:1917] Received RequestConsensusVote() RPC: tablet_id: "81fd2ef3242a4dc3b45451256f8a2395" candidate_uuid: "0257c180cfaa4cdb9137f22a74e35491" candidate_term: 1 candidate_status { last_received { term: 0 index: 0 } } ignore_live_leader: false dest_uuid: "4ee6211fcc854f1bac3ce38158d72a4a" is_pre_election: true
I20260713 09:01:56.272006   714 tablet_service.cc:1917] Received RequestConsensusVote() RPC: tablet_id: "81fd2ef3242a4dc3b45451256f8a2395" candidate_uuid: "0257c180cfaa4cdb9137f22a74e35491" candidate_term: 1 candidate_status { last_received { term: 0 index: 0 } } ignore_live_leader: false dest_uuid: "fe9b5df05a7845b18164e8dc5c15395d" is_pre_election: true
I20260713 09:01:56.272383   640 raft_consensus.cc:2393] T 81fd2ef3242a4dc3b45451256f8a2395 P 4ee6211fcc854f1bac3ce38158d72a4a [term 1 FOLLOWER]: Leader pre-election vote request: Denying vote to candidate 0257c180cfaa4cdb9137f22a74e35491 in current term 1: Already voted for candidate fe9b5df05a7845b18164e8dc5c15395d in this term.
I20260713 09:01:56.273636   530 leader_election.cc:304] T 81fd2ef3242a4dc3b45451256f8a2395 P 0257c180cfaa4cdb9137f22a74e35491 [CANDIDATE]: Term 1 pre-election: Election decided. Result: candidate lost. Election summary: received 3 responses out of 3 voters: 1 yes votes; 2 no votes. yes voters: 0257c180cfaa4cdb9137f22a74e35491; no voters: 4ee6211fcc854f1bac3ce38158d72a4a, fe9b5df05a7845b18164e8dc5c15395d
I20260713 09:01:56.274382   766 raft_consensus.cc:3060] T 81fd2ef3242a4dc3b45451256f8a2395 P 0257c180cfaa4cdb9137f22a74e35491 [term 0 FOLLOWER]: Advancing to term 1
I20260713 09:01:56.278589   766 raft_consensus.cc:2749] T 81fd2ef3242a4dc3b45451256f8a2395 P 0257c180cfaa4cdb9137f22a74e35491 [term 1 FOLLOWER]: Leader pre-election lost for term 1. Reason: could not achieve majority
I20260713 09:01:56.291458   766 raft_consensus.cc:493] T a3562618bc944a8c97bf37792d5044ff P 0257c180cfaa4cdb9137f22a74e35491 [term 0 FOLLOWER]: Starting pre-election (no leader contacted us within the election timeout)
I20260713 09:01:56.291867   766 raft_consensus.cc:515] T a3562618bc944a8c97bf37792d5044ff P 0257c180cfaa4cdb9137f22a74e35491 [term 0 FOLLOWER]: Starting pre-election with config: opid_index: -1 OBSOLETE_local: false peers { permanent_uuid: "0257c180cfaa4cdb9137f22a74e35491" member_type: VOTER last_known_addr { host: "127.0.107.193" port: 38779 } } peers { permanent_uuid: "4ee6211fcc854f1bac3ce38158d72a4a" member_type: VOTER last_known_addr { host: "127.0.107.194" port: 38315 } } peers { permanent_uuid: "fe9b5df05a7845b18164e8dc5c15395d" member_type: VOTER last_known_addr { host: "127.0.107.195" port: 33225 } }
I20260713 09:01:56.293682   766 leader_election.cc:290] T a3562618bc944a8c97bf37792d5044ff P 0257c180cfaa4cdb9137f22a74e35491 [CANDIDATE]: Term 1 pre-election: Requested pre-vote from peers 4ee6211fcc854f1bac3ce38158d72a4a (127.0.107.194:38315), fe9b5df05a7845b18164e8dc5c15395d (127.0.107.195:33225)
I20260713 09:01:56.294602   640 tablet_service.cc:1917] Received RequestConsensusVote() RPC: tablet_id: "a3562618bc944a8c97bf37792d5044ff" candidate_uuid: "0257c180cfaa4cdb9137f22a74e35491" candidate_term: 1 candidate_status { last_received { term: 0 index: 0 } } ignore_live_leader: false dest_uuid: "4ee6211fcc854f1bac3ce38158d72a4a" is_pre_election: true
I20260713 09:01:56.294816   714 tablet_service.cc:1917] Received RequestConsensusVote() RPC: tablet_id: "a3562618bc944a8c97bf37792d5044ff" candidate_uuid: "0257c180cfaa4cdb9137f22a74e35491" candidate_term: 1 candidate_status { last_received { term: 0 index: 0 } } ignore_live_leader: false dest_uuid: "fe9b5df05a7845b18164e8dc5c15395d" is_pre_election: true
I20260713 09:01:56.295575   714 raft_consensus.cc:2393] T a3562618bc944a8c97bf37792d5044ff P fe9b5df05a7845b18164e8dc5c15395d [term 1 FOLLOWER]: Leader pre-election vote request: Denying vote to candidate 0257c180cfaa4cdb9137f22a74e35491 in current term 1: Already voted for candidate 4ee6211fcc854f1bac3ce38158d72a4a in this term.
I20260713 09:01:56.296938   532 leader_election.cc:304] T a3562618bc944a8c97bf37792d5044ff P 0257c180cfaa4cdb9137f22a74e35491 [CANDIDATE]: Term 1 pre-election: Election decided. Result: candidate lost. Election summary: received 3 responses out of 3 voters: 1 yes votes; 2 no votes. yes voters: 0257c180cfaa4cdb9137f22a74e35491; no voters: 4ee6211fcc854f1bac3ce38158d72a4a, fe9b5df05a7845b18164e8dc5c15395d
I20260713 09:01:56.297551   766 raft_consensus.cc:3060] T a3562618bc944a8c97bf37792d5044ff P 0257c180cfaa4cdb9137f22a74e35491 [term 0 FOLLOWER]: Advancing to term 1
I20260713 09:01:56.301631   766 raft_consensus.cc:2749] T a3562618bc944a8c97bf37792d5044ff P 0257c180cfaa4cdb9137f22a74e35491 [term 1 FOLLOWER]: Leader pre-election lost for term 1. Reason: could not achieve majority
I20260713 09:01:56.349359   799 consensus_queue.cc:1048] T 390c257969594c29be341198424c4bdb P 4ee6211fcc854f1bac3ce38158d72a4a [LEADER]: Connected to new peer: Peer: permanent_uuid: "fe9b5df05a7845b18164e8dc5c15395d" member_type: VOTER last_known_addr { host: "127.0.107.195" port: 33225 }, Status: LMP_MISMATCH, Last received: 0.0, Next index: 1, Last known committed idx: 0, Time since last communication: 0.000s
I20260713 09:01:56.362021   799 consensus_queue.cc:1048] T 390c257969594c29be341198424c4bdb P 4ee6211fcc854f1bac3ce38158d72a4a [LEADER]: Connected to new peer: Peer: permanent_uuid: "0257c180cfaa4cdb9137f22a74e35491" member_type: VOTER last_known_addr { host: "127.0.107.193" port: 38779 }, Status: LMP_MISMATCH, Last received: 0.0, Next index: 1, Last known committed idx: 0, Time since last communication: 0.002s
I20260713 09:01:56.370126   799 consensus_queue.cc:1048] T 6799664f97784b6caeb5a8c8102d1040 P 4ee6211fcc854f1bac3ce38158d72a4a [LEADER]: Connected to new peer: Peer: permanent_uuid: "0257c180cfaa4cdb9137f22a74e35491" member_type: VOTER last_known_addr { host: "127.0.107.193" port: 38779 }, Status: LMP_MISMATCH, Last received: 0.0, Next index: 1, Last known committed idx: 0, Time since last communication: 0.000s
I20260713 09:01:56.383191   802 consensus_queue.cc:1048] T 6799664f97784b6caeb5a8c8102d1040 P 4ee6211fcc854f1bac3ce38158d72a4a [LEADER]: Connected to new peer: Peer: permanent_uuid: "fe9b5df05a7845b18164e8dc5c15395d" member_type: VOTER last_known_addr { host: "127.0.107.195" port: 33225 }, Status: LMP_MISMATCH, Last received: 0.0, Next index: 1, Last known committed idx: 0, Time since last communication: 0.001s
I20260713 09:01:56.461197   806 consensus_queue.cc:1048] T bb89b7eeb7ff42e1bff30293e0a76ef0 P fe9b5df05a7845b18164e8dc5c15395d [LEADER]: Connected to new peer: Peer: permanent_uuid: "0257c180cfaa4cdb9137f22a74e35491" member_type: VOTER last_known_addr { host: "127.0.107.193" port: 38779 }, Status: LMP_MISMATCH, Last received: 0.0, Next index: 1, Last known committed idx: 0, Time since last communication: 0.001s
I20260713 09:01:56.568261   811 raft_consensus.cc:493] T 302cda9f9e08498491c406ee75c05ece P 0257c180cfaa4cdb9137f22a74e35491 [term 0 FOLLOWER]: Starting pre-election (no leader contacted us within the election timeout)
I20260713 09:01:56.568835   811 raft_consensus.cc:515] T 302cda9f9e08498491c406ee75c05ece P 0257c180cfaa4cdb9137f22a74e35491 [term 0 FOLLOWER]: Starting pre-election with config: opid_index: -1 OBSOLETE_local: false peers { permanent_uuid: "0257c180cfaa4cdb9137f22a74e35491" member_type: VOTER last_known_addr { host: "127.0.107.193" port: 38779 } } peers { permanent_uuid: "4ee6211fcc854f1bac3ce38158d72a4a" member_type: VOTER last_known_addr { host: "127.0.107.194" port: 38315 } } peers { permanent_uuid: "fe9b5df05a7845b18164e8dc5c15395d" member_type: VOTER last_known_addr { host: "127.0.107.195" port: 33225 } }
I20260713 09:01:56.571779   640 tablet_service.cc:1917] Received RequestConsensusVote() RPC: tablet_id: "302cda9f9e08498491c406ee75c05ece" candidate_uuid: "0257c180cfaa4cdb9137f22a74e35491" candidate_term: 1 candidate_status { last_received { term: 0 index: 0 } } ignore_live_leader: false dest_uuid: "4ee6211fcc854f1bac3ce38158d72a4a" is_pre_election: true
I20260713 09:01:56.572414   640 raft_consensus.cc:2468] T 302cda9f9e08498491c406ee75c05ece P 4ee6211fcc854f1bac3ce38158d72a4a [term 0 FOLLOWER]: Leader pre-election vote request: Granting yes vote for candidate 0257c180cfaa4cdb9137f22a74e35491 in term 0.
I20260713 09:01:56.573690   811 leader_election.cc:290] T 302cda9f9e08498491c406ee75c05ece P 0257c180cfaa4cdb9137f22a74e35491 [CANDIDATE]: Term 1 pre-election: Requested pre-vote from peers 4ee6211fcc854f1bac3ce38158d72a4a (127.0.107.194:38315), fe9b5df05a7845b18164e8dc5c15395d (127.0.107.195:33225)
I20260713 09:01:56.574740   530 leader_election.cc:304] T 302cda9f9e08498491c406ee75c05ece P 0257c180cfaa4cdb9137f22a74e35491 [CANDIDATE]: Term 1 pre-election: Election decided. Result: candidate won. Election summary: received 2 responses out of 3 voters: 2 yes votes; 0 no votes. yes voters: 0257c180cfaa4cdb9137f22a74e35491, 4ee6211fcc854f1bac3ce38158d72a4a; no voters: 
I20260713 09:01:56.576004   811 raft_consensus.cc:2804] T 302cda9f9e08498491c406ee75c05ece P 0257c180cfaa4cdb9137f22a74e35491 [term 0 FOLLOWER]: Leader pre-election won for term 1
I20260713 09:01:56.576334   811 raft_consensus.cc:493] T 302cda9f9e08498491c406ee75c05ece P 0257c180cfaa4cdb9137f22a74e35491 [term 0 FOLLOWER]: Starting leader election (no leader contacted us within the election timeout)
I20260713 09:01:56.576685   811 raft_consensus.cc:3060] T 302cda9f9e08498491c406ee75c05ece P 0257c180cfaa4cdb9137f22a74e35491 [term 0 FOLLOWER]: Advancing to term 1
I20260713 09:01:56.582109   811 raft_consensus.cc:515] T 302cda9f9e08498491c406ee75c05ece P 0257c180cfaa4cdb9137f22a74e35491 [term 1 FOLLOWER]: Starting leader election with config: opid_index: -1 OBSOLETE_local: false peers { permanent_uuid: "0257c180cfaa4cdb9137f22a74e35491" member_type: VOTER last_known_addr { host: "127.0.107.193" port: 38779 } } peers { permanent_uuid: "4ee6211fcc854f1bac3ce38158d72a4a" member_type: VOTER last_known_addr { host: "127.0.107.194" port: 38315 } } peers { permanent_uuid: "fe9b5df05a7845b18164e8dc5c15395d" member_type: VOTER last_known_addr { host: "127.0.107.195" port: 33225 } }
I20260713 09:01:56.583276   813 raft_consensus.cc:493] T 302cda9f9e08498491c406ee75c05ece P fe9b5df05a7845b18164e8dc5c15395d [term 0 FOLLOWER]: Starting pre-election (no leader contacted us within the election timeout)
I20260713 09:01:56.583753   813 raft_consensus.cc:515] T 302cda9f9e08498491c406ee75c05ece P fe9b5df05a7845b18164e8dc5c15395d [term 0 FOLLOWER]: Starting pre-election with config: opid_index: -1 OBSOLETE_local: false peers { permanent_uuid: "0257c180cfaa4cdb9137f22a74e35491" member_type: VOTER last_known_addr { host: "127.0.107.193" port: 38779 } } peers { permanent_uuid: "4ee6211fcc854f1bac3ce38158d72a4a" member_type: VOTER last_known_addr { host: "127.0.107.194" port: 38315 } } peers { permanent_uuid: "fe9b5df05a7845b18164e8dc5c15395d" member_type: VOTER last_known_addr { host: "127.0.107.195" port: 33225 } }
I20260713 09:01:56.584955   811 leader_election.cc:290] T 302cda9f9e08498491c406ee75c05ece P 0257c180cfaa4cdb9137f22a74e35491 [CANDIDATE]: Term 1 election: Requested vote from peers 4ee6211fcc854f1bac3ce38158d72a4a (127.0.107.194:38315), fe9b5df05a7845b18164e8dc5c15395d (127.0.107.195:33225)
I20260713 09:01:56.584879   640 tablet_service.cc:1917] Received RequestConsensusVote() RPC: tablet_id: "302cda9f9e08498491c406ee75c05ece" candidate_uuid: "0257c180cfaa4cdb9137f22a74e35491" candidate_term: 1 candidate_status { last_received { term: 0 index: 0 } } ignore_live_leader: false dest_uuid: "4ee6211fcc854f1bac3ce38158d72a4a"
I20260713 09:01:56.585628   813 leader_election.cc:290] T 302cda9f9e08498491c406ee75c05ece P fe9b5df05a7845b18164e8dc5c15395d [CANDIDATE]: Term 1 pre-election: Requested pre-vote from peers 0257c180cfaa4cdb9137f22a74e35491 (127.0.107.193:38779), 4ee6211fcc854f1bac3ce38158d72a4a (127.0.107.194:38315)
I20260713 09:01:56.585584   640 raft_consensus.cc:3060] T 302cda9f9e08498491c406ee75c05ece P 4ee6211fcc854f1bac3ce38158d72a4a [term 0 FOLLOWER]: Advancing to term 1
I20260713 09:01:56.590636   639 tablet_service.cc:1917] Received RequestConsensusVote() RPC: tablet_id: "302cda9f9e08498491c406ee75c05ece" candidate_uuid: "fe9b5df05a7845b18164e8dc5c15395d" candidate_term: 1 candidate_status { last_received { term: 0 index: 0 } } ignore_live_leader: false dest_uuid: "4ee6211fcc854f1bac3ce38158d72a4a" is_pre_election: true
I20260713 09:01:56.592114   813 consensus_queue.cc:1048] T bb89b7eeb7ff42e1bff30293e0a76ef0 P fe9b5df05a7845b18164e8dc5c15395d [LEADER]: Connected to new peer: Peer: permanent_uuid: "4ee6211fcc854f1bac3ce38158d72a4a" member_type: VOTER last_known_addr { host: "127.0.107.194" port: 38315 }, Status: LMP_MISMATCH, Last received: 0.0, Next index: 1, Last known committed idx: 0, Time since last communication: 0.000s
I20260713 09:01:56.593297   714 tablet_service.cc:1917] Received RequestConsensusVote() RPC: tablet_id: "302cda9f9e08498491c406ee75c05ece" candidate_uuid: "0257c180cfaa4cdb9137f22a74e35491" candidate_term: 1 candidate_status { last_received { term: 0 index: 0 } } ignore_live_leader: false dest_uuid: "fe9b5df05a7845b18164e8dc5c15395d" is_pre_election: true
I20260713 09:01:56.593919   714 raft_consensus.cc:2468] T 302cda9f9e08498491c406ee75c05ece P fe9b5df05a7845b18164e8dc5c15395d [term 0 FOLLOWER]: Leader pre-election vote request: Granting yes vote for candidate 0257c180cfaa4cdb9137f22a74e35491 in term 0.
I20260713 09:01:56.599771   813 consensus_queue.cc:1048] T 81fd2ef3242a4dc3b45451256f8a2395 P fe9b5df05a7845b18164e8dc5c15395d [LEADER]: Connected to new peer: Peer: permanent_uuid: "4ee6211fcc854f1bac3ce38158d72a4a" member_type: VOTER last_known_addr { host: "127.0.107.194" port: 38315 }, Status: LMP_MISMATCH, Last received: 0.0, Next index: 1, Last known committed idx: 0, Time since last communication: 0.000s
I20260713 09:01:56.606943   640 raft_consensus.cc:2468] T 302cda9f9e08498491c406ee75c05ece P 4ee6211fcc854f1bac3ce38158d72a4a [term 1 FOLLOWER]: Leader election vote request: Granting yes vote for candidate 0257c180cfaa4cdb9137f22a74e35491 in term 1.
I20260713 09:01:56.607710   565 tablet_service.cc:1917] Received RequestConsensusVote() RPC: tablet_id: "302cda9f9e08498491c406ee75c05ece" candidate_uuid: "fe9b5df05a7845b18164e8dc5c15395d" candidate_term: 1 candidate_status { last_received { term: 0 index: 0 } } ignore_live_leader: false dest_uuid: "0257c180cfaa4cdb9137f22a74e35491" is_pre_election: true
I20260713 09:01:56.608642   565 raft_consensus.cc:2393] T 302cda9f9e08498491c406ee75c05ece P 0257c180cfaa4cdb9137f22a74e35491 [term 1 FOLLOWER]: Leader pre-election vote request: Denying vote to candidate fe9b5df05a7845b18164e8dc5c15395d in current term 1: Already voted for candidate 0257c180cfaa4cdb9137f22a74e35491 in this term.
I20260713 09:01:56.610872   530 leader_election.cc:304] T 302cda9f9e08498491c406ee75c05ece P 0257c180cfaa4cdb9137f22a74e35491 [CANDIDATE]: Term 1 election: Election decided. Result: candidate won. Election summary: received 2 responses out of 3 voters: 2 yes votes; 0 no votes. yes voters: 0257c180cfaa4cdb9137f22a74e35491, 4ee6211fcc854f1bac3ce38158d72a4a; no voters: 
I20260713 09:01:56.613798   715 tablet_service.cc:1917] Received RequestConsensusVote() RPC: tablet_id: "302cda9f9e08498491c406ee75c05ece" candidate_uuid: "0257c180cfaa4cdb9137f22a74e35491" candidate_term: 1 candidate_status { last_received { term: 0 index: 0 } } ignore_live_leader: false dest_uuid: "fe9b5df05a7845b18164e8dc5c15395d"
I20260713 09:01:56.614333   715 raft_consensus.cc:3060] T 302cda9f9e08498491c406ee75c05ece P fe9b5df05a7845b18164e8dc5c15395d [term 0 FOLLOWER]: Advancing to term 1
I20260713 09:01:56.615873   679 leader_election.cc:304] T 302cda9f9e08498491c406ee75c05ece P fe9b5df05a7845b18164e8dc5c15395d [CANDIDATE]: Term 1 pre-election: Election decided. Result: candidate lost. Election summary: received 3 responses out of 3 voters: 1 yes votes; 2 no votes. yes voters: fe9b5df05a7845b18164e8dc5c15395d; no voters: 0257c180cfaa4cdb9137f22a74e35491, 4ee6211fcc854f1bac3ce38158d72a4a
I20260713 09:01:56.623095   766 raft_consensus.cc:2804] T 302cda9f9e08498491c406ee75c05ece P 0257c180cfaa4cdb9137f22a74e35491 [term 1 FOLLOWER]: Leader election won for term 1
I20260713 09:01:56.623553   766 raft_consensus.cc:697] T 302cda9f9e08498491c406ee75c05ece P 0257c180cfaa4cdb9137f22a74e35491 [term 1 LEADER]: Becoming Leader. State: Replica: 0257c180cfaa4cdb9137f22a74e35491, State: Running, Role: LEADER
I20260713 09:01:56.624326   766 consensus_queue.cc:237] T 302cda9f9e08498491c406ee75c05ece P 0257c180cfaa4cdb9137f22a74e35491 [LEADER]: Queue going to LEADER mode. State: All replicated index: 0, Majority replicated index: 0, Committed index: 0, Last appended: 0.0, Last appended by leader: 0, Current term: 1, Majority size: 2, State: 0, Mode: LEADER, active raft config: opid_index: -1 OBSOLETE_local: false peers { permanent_uuid: "0257c180cfaa4cdb9137f22a74e35491" member_type: VOTER last_known_addr { host: "127.0.107.193" port: 38779 } } peers { permanent_uuid: "4ee6211fcc854f1bac3ce38158d72a4a" member_type: VOTER last_known_addr { host: "127.0.107.194" port: 38315 } } peers { permanent_uuid: "fe9b5df05a7845b18164e8dc5c15395d" member_type: VOTER last_known_addr { host: "127.0.107.195" port: 33225 } }
I20260713 09:01:56.629324   715 raft_consensus.cc:2468] T 302cda9f9e08498491c406ee75c05ece P fe9b5df05a7845b18164e8dc5c15395d [term 1 FOLLOWER]: Leader election vote request: Granting yes vote for candidate 0257c180cfaa4cdb9137f22a74e35491 in term 1.
I20260713 09:01:56.630290   767 raft_consensus.cc:2749] T 302cda9f9e08498491c406ee75c05ece P fe9b5df05a7845b18164e8dc5c15395d [term 1 FOLLOWER]: Leader pre-election lost for term 1. Reason: could not achieve majority
I20260713 09:01:56.644466   799 consensus_queue.cc:1048] T 1f8d3fb4f4b246539a61935efed72ff2 P 4ee6211fcc854f1bac3ce38158d72a4a [LEADER]: Connected to new peer: Peer: permanent_uuid: "0257c180cfaa4cdb9137f22a74e35491" member_type: VOTER last_known_addr { host: "127.0.107.193" port: 38779 }, Status: LMP_MISMATCH, Last received: 0.0, Next index: 1, Last known committed idx: 0, Time since last communication: 0.000s
I20260713 09:01:56.669812   806 consensus_queue.cc:1048] T 81fd2ef3242a4dc3b45451256f8a2395 P fe9b5df05a7845b18164e8dc5c15395d [LEADER]: Connected to new peer: Peer: permanent_uuid: "0257c180cfaa4cdb9137f22a74e35491" member_type: VOTER last_known_addr { host: "127.0.107.193" port: 38779 }, Status: LMP_MISMATCH, Last received: 0.0, Next index: 1, Last known committed idx: 0, Time since last communication: 0.001s
I20260713 09:01:56.687260   802 consensus_queue.cc:1048] T 1f8d3fb4f4b246539a61935efed72ff2 P 4ee6211fcc854f1bac3ce38158d72a4a [LEADER]: Connected to new peer: Peer: permanent_uuid: "fe9b5df05a7845b18164e8dc5c15395d" member_type: VOTER last_known_addr { host: "127.0.107.195" port: 33225 }, Status: LMP_MISMATCH, Last received: 0.0, Next index: 1, Last known committed idx: 0, Time since last communication: 0.001s
I20260713 09:01:56.709025   799 consensus_queue.cc:1048] T a3562618bc944a8c97bf37792d5044ff P 4ee6211fcc854f1bac3ce38158d72a4a [LEADER]: Connected to new peer: Peer: permanent_uuid: "fe9b5df05a7845b18164e8dc5c15395d" member_type: VOTER last_known_addr { host: "127.0.107.195" port: 33225 }, Status: LMP_MISMATCH, Last received: 0.0, Next index: 1, Last known committed idx: 0, Time since last communication: 0.000s
I20260713 09:01:56.710325   462 catalog_manager.cc:5697] T 302cda9f9e08498491c406ee75c05ece P 0257c180cfaa4cdb9137f22a74e35491 reported cstate change: term changed from 0 to 1, leader changed from <none> to 0257c180cfaa4cdb9137f22a74e35491 (127.0.107.193). New cstate: current_term: 1 leader_uuid: "0257c180cfaa4cdb9137f22a74e35491" committed_config { opid_index: -1 OBSOLETE_local: false peers { permanent_uuid: "0257c180cfaa4cdb9137f22a74e35491" member_type: VOTER last_known_addr { host: "127.0.107.193" port: 38779 } health_report { overall_health: HEALTHY } } peers { permanent_uuid: "4ee6211fcc854f1bac3ce38158d72a4a" member_type: VOTER last_known_addr { host: "127.0.107.194" port: 38315 } health_report { overall_health: UNKNOWN } } peers { permanent_uuid: "fe9b5df05a7845b18164e8dc5c15395d" member_type: VOTER last_known_addr { host: "127.0.107.195" port: 33225 } health_report { overall_health: UNKNOWN } } }
I20260713 09:01:56.725776   799 consensus_queue.cc:1048] T a3562618bc944a8c97bf37792d5044ff P 4ee6211fcc854f1bac3ce38158d72a4a [LEADER]: Connected to new peer: Peer: permanent_uuid: "0257c180cfaa4cdb9137f22a74e35491" member_type: VOTER last_known_addr { host: "127.0.107.193" port: 38779 }, Status: LMP_MISMATCH, Last received: 0.0, Next index: 1, Last known committed idx: 0, Time since last communication: 0.001s
I20260713 09:01:57.032543   715 tablet_service.cc:2072] Received LeaderStepDown RPC: tablet_id: "81fd2ef3242a4dc3b45451256f8a2395"
dest_uuid: "fe9b5df05a7845b18164e8dc5c15395d"
mode: GRACEFUL
new_leader_uuid: "0257c180cfaa4cdb9137f22a74e35491"
 from {username='slave'} at 127.0.0.1:40650
I20260713 09:01:57.033078   715 raft_consensus.cc:606] T 81fd2ef3242a4dc3b45451256f8a2395 P fe9b5df05a7845b18164e8dc5c15395d [term 1 LEADER]: Received request to transfer leadership to TS 0257c180cfaa4cdb9137f22a74e35491
I20260713 09:01:57.047647   639 tablet_service.cc:2072] Received LeaderStepDown RPC: tablet_id: "390c257969594c29be341198424c4bdb"
dest_uuid: "4ee6211fcc854f1bac3ce38158d72a4a"
mode: GRACEFUL
new_leader_uuid: "0257c180cfaa4cdb9137f22a74e35491"
 from {username='slave'} at 127.0.0.1:52912
I20260713 09:01:57.048237   639 raft_consensus.cc:606] T 390c257969594c29be341198424c4bdb P 4ee6211fcc854f1bac3ce38158d72a4a [term 1 LEADER]: Received request to transfer leadership to TS 0257c180cfaa4cdb9137f22a74e35491
I20260713 09:01:57.053622   715 tablet_service.cc:2072] Received LeaderStepDown RPC: tablet_id: "bb89b7eeb7ff42e1bff30293e0a76ef0"
dest_uuid: "fe9b5df05a7845b18164e8dc5c15395d"
mode: GRACEFUL
new_leader_uuid: "4ee6211fcc854f1bac3ce38158d72a4a"
 from {username='slave'} at 127.0.0.1:40650
I20260713 09:01:57.054090   715 raft_consensus.cc:606] T bb89b7eeb7ff42e1bff30293e0a76ef0 P fe9b5df05a7845b18164e8dc5c15395d [term 1 LEADER]: Received request to transfer leadership to TS 4ee6211fcc854f1bac3ce38158d72a4a
I20260713 09:01:57.066498   639 tablet_service.cc:2072] Received LeaderStepDown RPC: tablet_id: "a3562618bc944a8c97bf37792d5044ff"
dest_uuid: "4ee6211fcc854f1bac3ce38158d72a4a"
mode: GRACEFUL
new_leader_uuid: "fe9b5df05a7845b18164e8dc5c15395d"
 from {username='slave'} at 127.0.0.1:52912
I20260713 09:01:57.067116   639 raft_consensus.cc:606] T a3562618bc944a8c97bf37792d5044ff P 4ee6211fcc854f1bac3ce38158d72a4a [term 1 LEADER]: Received request to transfer leadership to TS fe9b5df05a7845b18164e8dc5c15395d
I20260713 09:01:57.070672   766 consensus_queue.cc:1048] T 302cda9f9e08498491c406ee75c05ece P 0257c180cfaa4cdb9137f22a74e35491 [LEADER]: Connected to new peer: Peer: permanent_uuid: "fe9b5df05a7845b18164e8dc5c15395d" member_type: VOTER last_known_addr { host: "127.0.107.195" port: 33225 }, Status: LMP_MISMATCH, Last received: 0.0, Next index: 1, Last known committed idx: 0, Time since last communication: 0.000s
I20260713 09:01:57.085278   765 consensus_queue.cc:1048] T 302cda9f9e08498491c406ee75c05ece P 0257c180cfaa4cdb9137f22a74e35491 [LEADER]: Connected to new peer: Peer: permanent_uuid: "4ee6211fcc854f1bac3ce38158d72a4a" member_type: VOTER last_known_addr { host: "127.0.107.194" port: 38315 }, Status: LMP_MISMATCH, Last received: 0.0, Next index: 1, Last known committed idx: 0, Time since last communication: 0.000s
I20260713 09:01:57.105892   764 raft_consensus.cc:993] T a3562618bc944a8c97bf37792d5044ff P 4ee6211fcc854f1bac3ce38158d72a4a: : Instructing follower fe9b5df05a7845b18164e8dc5c15395d to start an election
I20260713 09:01:57.106344   802 raft_consensus.cc:1081] T a3562618bc944a8c97bf37792d5044ff P 4ee6211fcc854f1bac3ce38158d72a4a [term 1 LEADER]: Signalling peer fe9b5df05a7845b18164e8dc5c15395d to start an election
I20260713 09:01:57.108033   715 tablet_service.cc:2044] Received Run Leader Election RPC: tablet_id: "a3562618bc944a8c97bf37792d5044ff"
dest_uuid: "fe9b5df05a7845b18164e8dc5c15395d"
 from {username='slave'} at 127.0.0.1:40636
I20260713 09:01:57.108549   715 raft_consensus.cc:493] T a3562618bc944a8c97bf37792d5044ff P fe9b5df05a7845b18164e8dc5c15395d [term 1 FOLLOWER]: Starting forced leader election (received explicit request)
I20260713 09:01:57.108839   715 raft_consensus.cc:3060] T a3562618bc944a8c97bf37792d5044ff P fe9b5df05a7845b18164e8dc5c15395d [term 1 FOLLOWER]: Advancing to term 2
I20260713 09:01:57.113629   715 raft_consensus.cc:515] T a3562618bc944a8c97bf37792d5044ff P fe9b5df05a7845b18164e8dc5c15395d [term 2 FOLLOWER]: Starting forced leader election with config: opid_index: -1 OBSOLETE_local: false peers { permanent_uuid: "0257c180cfaa4cdb9137f22a74e35491" member_type: VOTER last_known_addr { host: "127.0.107.193" port: 38779 } } peers { permanent_uuid: "4ee6211fcc854f1bac3ce38158d72a4a" member_type: VOTER last_known_addr { host: "127.0.107.194" port: 38315 } } peers { permanent_uuid: "fe9b5df05a7845b18164e8dc5c15395d" member_type: VOTER last_known_addr { host: "127.0.107.195" port: 33225 } }
I20260713 09:01:57.115764   715 leader_election.cc:290] T a3562618bc944a8c97bf37792d5044ff P fe9b5df05a7845b18164e8dc5c15395d [CANDIDATE]: Term 2 election: Requested vote from peers 0257c180cfaa4cdb9137f22a74e35491 (127.0.107.193:38779), 4ee6211fcc854f1bac3ce38158d72a4a (127.0.107.194:38315)
I20260713 09:01:57.117110   565 tablet_service.cc:1917] Received RequestConsensusVote() RPC: tablet_id: "a3562618bc944a8c97bf37792d5044ff" candidate_uuid: "fe9b5df05a7845b18164e8dc5c15395d" candidate_term: 2 candidate_status { last_received { term: 1 index: 1 } } ignore_live_leader: true dest_uuid: "0257c180cfaa4cdb9137f22a74e35491"
I20260713 09:01:57.117183   639 tablet_service.cc:1917] Received RequestConsensusVote() RPC: tablet_id: "a3562618bc944a8c97bf37792d5044ff" candidate_uuid: "fe9b5df05a7845b18164e8dc5c15395d" candidate_term: 2 candidate_status { last_received { term: 1 index: 1 } } ignore_live_leader: true dest_uuid: "4ee6211fcc854f1bac3ce38158d72a4a"
I20260713 09:01:57.117733   565 raft_consensus.cc:3060] T a3562618bc944a8c97bf37792d5044ff P 0257c180cfaa4cdb9137f22a74e35491 [term 1 FOLLOWER]: Advancing to term 2
I20260713 09:01:57.117820   639 raft_consensus.cc:3055] T a3562618bc944a8c97bf37792d5044ff P 4ee6211fcc854f1bac3ce38158d72a4a [term 1 LEADER]: Stepping down as leader of term 1
I20260713 09:01:57.118213   639 raft_consensus.cc:740] T a3562618bc944a8c97bf37792d5044ff P 4ee6211fcc854f1bac3ce38158d72a4a [term 1 LEADER]: Becoming Follower/Learner. State: Replica: 4ee6211fcc854f1bac3ce38158d72a4a, State: Running, Role: LEADER
I20260713 09:01:57.119993   639 consensus_queue.cc:260] T a3562618bc944a8c97bf37792d5044ff P 4ee6211fcc854f1bac3ce38158d72a4a [NON_LEADER]: Queue going to NON_LEADER mode. State: All replicated index: 0, Majority replicated index: 1, Committed index: 1, Last appended: 1.1, Last appended by leader: 1, Current term: 1, Majority size: -1, State: 0, Mode: NON_LEADER, active raft config: opid_index: -1 OBSOLETE_local: false peers { permanent_uuid: "0257c180cfaa4cdb9137f22a74e35491" member_type: VOTER last_known_addr { host: "127.0.107.193" port: 38779 } } peers { permanent_uuid: "4ee6211fcc854f1bac3ce38158d72a4a" member_type: VOTER last_known_addr { host: "127.0.107.194" port: 38315 } } peers { permanent_uuid: "fe9b5df05a7845b18164e8dc5c15395d" member_type: VOTER last_known_addr { host: "127.0.107.195" port: 33225 } }
I20260713 09:01:57.121420   639 raft_consensus.cc:3060] T a3562618bc944a8c97bf37792d5044ff P 4ee6211fcc854f1bac3ce38158d72a4a [term 1 FOLLOWER]: Advancing to term 2
I20260713 09:01:57.124151   565 raft_consensus.cc:2468] T a3562618bc944a8c97bf37792d5044ff P 0257c180cfaa4cdb9137f22a74e35491 [term 2 FOLLOWER]: Leader election vote request: Granting yes vote for candidate fe9b5df05a7845b18164e8dc5c15395d in term 2.
I20260713 09:01:57.125270   679 leader_election.cc:304] T a3562618bc944a8c97bf37792d5044ff P fe9b5df05a7845b18164e8dc5c15395d [CANDIDATE]: Term 2 election: Election decided. Result: candidate won. Election summary: received 2 responses out of 3 voters: 2 yes votes; 0 no votes. yes voters: 0257c180cfaa4cdb9137f22a74e35491, fe9b5df05a7845b18164e8dc5c15395d; no voters: 
I20260713 09:01:57.125970   837 raft_consensus.cc:2804] T a3562618bc944a8c97bf37792d5044ff P fe9b5df05a7845b18164e8dc5c15395d [term 2 FOLLOWER]: Leader election won for term 2
I20260713 09:01:57.126391   837 raft_consensus.cc:697] T a3562618bc944a8c97bf37792d5044ff P fe9b5df05a7845b18164e8dc5c15395d [term 2 LEADER]: Becoming Leader. State: Replica: fe9b5df05a7845b18164e8dc5c15395d, State: Running, Role: LEADER
I20260713 09:01:57.127252   837 consensus_queue.cc:237] T a3562618bc944a8c97bf37792d5044ff P fe9b5df05a7845b18164e8dc5c15395d [LEADER]: Queue going to LEADER mode. State: All replicated index: 0, Majority replicated index: 1, Committed index: 1, Last appended: 1.1, Last appended by leader: 1, Current term: 2, Majority size: 2, State: 0, Mode: LEADER, active raft config: opid_index: -1 OBSOLETE_local: false peers { permanent_uuid: "0257c180cfaa4cdb9137f22a74e35491" member_type: VOTER last_known_addr { host: "127.0.107.193" port: 38779 } } peers { permanent_uuid: "4ee6211fcc854f1bac3ce38158d72a4a" member_type: VOTER last_known_addr { host: "127.0.107.194" port: 38315 } } peers { permanent_uuid: "fe9b5df05a7845b18164e8dc5c15395d" member_type: VOTER last_known_addr { host: "127.0.107.195" port: 33225 } }
