I20260713 09:01:12.331374  6099 consensus_queue.cc:237] T 380e9d9ac93e4b3d9b94bbd2b926fc70 P 1c8e12c849204cb2b05de6b3faf2e677 [LEADER]: Queue going to LEADER mode. State: All replicated index: 0, Majority replicated index: 0, Committed index: 0, Last appended: 0.0, Last appended by leader: 0, Current term: 1, Majority size: 2, State: 0, Mode: LEADER, active raft config: opid_index: -1 OBSOLETE_local: false peers { permanent_uuid: "8af998d975f34b4aa950fc82592936a4" member_type: VOTER last_known_addr { host: "127.5.161.193" port: 39687 } } peers { permanent_uuid: "363761fa8a3d4bd0ad010800d6639484" member_type: VOTER last_known_addr { host: "127.5.161.194" port: 36187 } } peers { permanent_uuid: "1c8e12c849204cb2b05de6b3faf2e677" member_type: VOTER last_known_addr { host: "127.5.161.195" port: 38103 } }
I20260713 09:01:12.333740  6094 tablet_bootstrap.cc:654] T 7d0f07247c0c4d7c9a85f23afb951fbb P 1c8e12c849204cb2b05de6b3faf2e677: Neither blocks nor log segments found. Creating new log.
I20260713 09:01:12.337225  6111 raft_consensus.cc:493] T dc2d25856d6e4a519fc9961cad328b2b P 1c8e12c849204cb2b05de6b3faf2e677 [term 0 FOLLOWER]: Starting pre-election (no leader contacted us within the election timeout)
I20260713 09:01:12.337646  6111 raft_consensus.cc:515] T dc2d25856d6e4a519fc9961cad328b2b P 1c8e12c849204cb2b05de6b3faf2e677 [term 0 FOLLOWER]: Starting pre-election with config: opid_index: -1 OBSOLETE_local: false peers { permanent_uuid: "8af998d975f34b4aa950fc82592936a4" member_type: VOTER last_known_addr { host: "127.5.161.193" port: 39687 } } peers { permanent_uuid: "363761fa8a3d4bd0ad010800d6639484" member_type: VOTER last_known_addr { host: "127.5.161.194" port: 36187 } } peers { permanent_uuid: "1c8e12c849204cb2b05de6b3faf2e677" member_type: VOTER last_known_addr { host: "127.5.161.195" port: 38103 } }
I20260713 09:01:12.339579  6095 raft_consensus.cc:359] T ce7d23b9ffc845c09e2a16ac49bfe9ff P 363761fa8a3d4bd0ad010800d6639484 [term 0 FOLLOWER]: Replica starting. Triggering 0 pending ops. Active config: opid_index: -1 OBSOLETE_local: false peers { permanent_uuid: "8af998d975f34b4aa950fc82592936a4" member_type: VOTER last_known_addr { host: "127.5.161.193" port: 39687 } } peers { permanent_uuid: "363761fa8a3d4bd0ad010800d6639484" member_type: VOTER last_known_addr { host: "127.5.161.194" port: 36187 } } peers { permanent_uuid: "1c8e12c849204cb2b05de6b3faf2e677" member_type: VOTER last_known_addr { host: "127.5.161.195" port: 38103 } }
I20260713 09:01:12.340235  6095 raft_consensus.cc:385] T ce7d23b9ffc845c09e2a16ac49bfe9ff P 363761fa8a3d4bd0ad010800d6639484 [term 0 FOLLOWER]: Consensus starting up: Expiring failure detector timer to make a prompt election more likely
I20260713 09:01:12.340526  6095 raft_consensus.cc:740] T ce7d23b9ffc845c09e2a16ac49bfe9ff P 363761fa8a3d4bd0ad010800d6639484 [term 0 FOLLOWER]: Becoming Follower/Learner. State: Replica: 363761fa8a3d4bd0ad010800d6639484, State: Initialized, Role: FOLLOWER
I20260713 09:01:12.344607  5976 tablet_service.cc:1917] Received RequestConsensusVote() RPC: tablet_id: "dc2d25856d6e4a519fc9961cad328b2b" candidate_uuid: "1c8e12c849204cb2b05de6b3faf2e677" candidate_term: 1 candidate_status { last_received { term: 0 index: 0 } } ignore_live_leader: false dest_uuid: "363761fa8a3d4bd0ad010800d6639484" is_pre_election: true
I20260713 09:01:12.341300  6111 leader_election.cc:290] T dc2d25856d6e4a519fc9961cad328b2b P 1c8e12c849204cb2b05de6b3faf2e677 [CANDIDATE]: Term 1 pre-election: Requested pre-vote from peers 8af998d975f34b4aa950fc82592936a4 (127.5.161.193:39687), 363761fa8a3d4bd0ad010800d6639484 (127.5.161.194:36187)
I20260713 09:01:12.348738  6100 raft_consensus.cc:493] T d76c7ec6132c4e69b78ed6486957b18d P 363761fa8a3d4bd0ad010800d6639484 [term 0 FOLLOWER]: Starting pre-election (no leader contacted us within the election timeout)
I20260713 09:01:12.349087  6111 raft_consensus.cc:493] T 744dfd7c1a174194bdadd190b628b50e P 1c8e12c849204cb2b05de6b3faf2e677 [term 0 FOLLOWER]: Starting pre-election (no leader contacted us within the election timeout)
I20260713 09:01:12.349309  5977 raft_consensus.cc:2468] T 380e9d9ac93e4b3d9b94bbd2b926fc70 P 363761fa8a3d4bd0ad010800d6639484 [term 1 FOLLOWER]: Leader election vote request: Granting yes vote for candidate 1c8e12c849204cb2b05de6b3faf2e677 in term 1.
I20260713 09:01:12.349184  6100 raft_consensus.cc:515] T d76c7ec6132c4e69b78ed6486957b18d P 363761fa8a3d4bd0ad010800d6639484 [term 0 FOLLOWER]: Starting pre-election with config: opid_index: -1 OBSOLETE_local: false peers { permanent_uuid: "8af998d975f34b4aa950fc82592936a4" member_type: VOTER last_known_addr { host: "127.5.161.193" port: 39687 } } peers { permanent_uuid: "363761fa8a3d4bd0ad010800d6639484" member_type: VOTER last_known_addr { host: "127.5.161.194" port: 36187 } } peers { permanent_uuid: "1c8e12c849204cb2b05de6b3faf2e677" member_type: VOTER last_known_addr { host: "127.5.161.195" port: 38103 } }
W20260713 09:01:12.349773  6014 leader_election.cc:343] T dc2d25856d6e4a519fc9961cad328b2b P 1c8e12c849204cb2b05de6b3faf2e677 [CANDIDATE]: Term 1 pre-election: Tablet error from VoteRequest() call to peer 363761fa8a3d4bd0ad010800d6639484 (127.5.161.194:36187): Illegal state: must be running to vote when last-logged opid is not known
I20260713 09:01:12.350376  5902 tablet_service.cc:1917] Received RequestConsensusVote() RPC: tablet_id: "dc2d25856d6e4a519fc9961cad328b2b" candidate_uuid: "1c8e12c849204cb2b05de6b3faf2e677" candidate_term: 1 candidate_status { last_received { term: 0 index: 0 } } ignore_live_leader: false dest_uuid: "8af998d975f34b4aa950fc82592936a4" is_pre_election: true
I20260713 09:01:12.349556  6111 raft_consensus.cc:515] T 744dfd7c1a174194bdadd190b628b50e P 1c8e12c849204cb2b05de6b3faf2e677 [term 0 FOLLOWER]: Starting pre-election with config: opid_index: -1 OBSOLETE_local: false peers { permanent_uuid: "8af998d975f34b4aa950fc82592936a4" member_type: VOTER last_known_addr { host: "127.5.161.193" port: 39687 } } peers { permanent_uuid: "363761fa8a3d4bd0ad010800d6639484" member_type: VOTER last_known_addr { host: "127.5.161.194" port: 36187 } } peers { permanent_uuid: "1c8e12c849204cb2b05de6b3faf2e677" member_type: VOTER last_known_addr { host: "127.5.161.195" port: 38103 } }
I20260713 09:01:12.351189  6100 leader_election.cc:290] T d76c7ec6132c4e69b78ed6486957b18d P 363761fa8a3d4bd0ad010800d6639484 [CANDIDATE]: Term 1 pre-election: Requested pre-vote from peers 8af998d975f34b4aa950fc82592936a4 (127.5.161.193:39687), 1c8e12c849204cb2b05de6b3faf2e677 (127.5.161.195:38103)
W20260713 09:01:12.352491  6014 leader_election.cc:343] T dc2d25856d6e4a519fc9961cad328b2b P 1c8e12c849204cb2b05de6b3faf2e677 [CANDIDATE]: Term 1 pre-election: Tablet error from VoteRequest() call to peer 8af998d975f34b4aa950fc82592936a4 (127.5.161.193:39687): Illegal state: must be running to vote when last-logged opid is not known
I20260713 09:01:12.352607  6051 tablet_service.cc:1917] Received RequestConsensusVote() RPC: tablet_id: "d76c7ec6132c4e69b78ed6486957b18d" candidate_uuid: "363761fa8a3d4bd0ad010800d6639484" candidate_term: 1 candidate_status { last_received { term: 0 index: 0 } } ignore_live_leader: false dest_uuid: "1c8e12c849204cb2b05de6b3faf2e677" is_pre_election: true
I20260713 09:01:12.352989  6014 leader_election.cc:304] T dc2d25856d6e4a519fc9961cad328b2b P 1c8e12c849204cb2b05de6b3faf2e677 [CANDIDATE]: Term 1 pre-election: Election decided. Result: candidate lost. Election summary: received 3 responses out of 3 voters: 1 yes votes; 2 no votes. yes voters: 1c8e12c849204cb2b05de6b3faf2e677; no voters: 363761fa8a3d4bd0ad010800d6639484, 8af998d975f34b4aa950fc82592936a4
I20260713 09:01:12.353345  6051 raft_consensus.cc:2468] T d76c7ec6132c4e69b78ed6486957b18d P 1c8e12c849204cb2b05de6b3faf2e677 [term 0 FOLLOWER]: Leader pre-election vote request: Granting yes vote for candidate 363761fa8a3d4bd0ad010800d6639484 in term 0.
I20260713 09:01:12.355052  5901 tablet_service.cc:1917] Received RequestConsensusVote() RPC: tablet_id: "744dfd7c1a174194bdadd190b628b50e" candidate_uuid: "1c8e12c849204cb2b05de6b3faf2e677" candidate_term: 1 candidate_status { last_received { term: 0 index: 0 } } ignore_live_leader: false dest_uuid: "8af998d975f34b4aa950fc82592936a4" is_pre_election: true
I20260713 09:01:12.355165  5943 leader_election.cc:304] T d76c7ec6132c4e69b78ed6486957b18d P 363761fa8a3d4bd0ad010800d6639484 [CANDIDATE]: Term 1 pre-election: Election decided. Result: candidate won. Election summary: received 2 responses out of 3 voters: 2 yes votes; 0 no votes. yes voters: 1c8e12c849204cb2b05de6b3faf2e677, 363761fa8a3d4bd0ad010800d6639484; no voters: 
I20260713 09:01:12.355769  5902 tablet_service.cc:1917] Received RequestConsensusVote() RPC: tablet_id: "d76c7ec6132c4e69b78ed6486957b18d" candidate_uuid: "363761fa8a3d4bd0ad010800d6639484" candidate_term: 1 candidate_status { last_received { term: 0 index: 0 } } ignore_live_leader: false dest_uuid: "8af998d975f34b4aa950fc82592936a4" is_pre_election: true
I20260713 09:01:12.355993  6100 raft_consensus.cc:2804] T d76c7ec6132c4e69b78ed6486957b18d P 363761fa8a3d4bd0ad010800d6639484 [term 0 FOLLOWER]: Leader pre-election won for term 1
I20260713 09:01:12.355834  5977 tablet_service.cc:1917] Received RequestConsensusVote() RPC: tablet_id: "744dfd7c1a174194bdadd190b628b50e" candidate_uuid: "1c8e12c849204cb2b05de6b3faf2e677" candidate_term: 1 candidate_status { last_received { term: 0 index: 0 } } ignore_live_leader: false dest_uuid: "363761fa8a3d4bd0ad010800d6639484" is_pre_election: true
I20260713 09:01:12.341183  6095 consensus_queue.cc:260] T ce7d23b9ffc845c09e2a16ac49bfe9ff P 363761fa8a3d4bd0ad010800d6639484 [NON_LEADER]: Queue going to NON_LEADER mode. State: All replicated index: 0, Majority replicated index: 0, Committed index: 0, Last appended: 0.0, Last appended by leader: 0, Current term: 0, Majority size: -1, State: 0, Mode: NON_LEADER, active raft config: opid_index: -1 OBSOLETE_local: false peers { permanent_uuid: "8af998d975f34b4aa950fc82592936a4" member_type: VOTER last_known_addr { host: "127.5.161.193" port: 39687 } } peers { permanent_uuid: "363761fa8a3d4bd0ad010800d6639484" member_type: VOTER last_known_addr { host: "127.5.161.194" port: 36187 } } peers { permanent_uuid: "1c8e12c849204cb2b05de6b3faf2e677" member_type: VOTER last_known_addr { host: "127.5.161.195" port: 38103 } }
I20260713 09:01:12.356377  6100 raft_consensus.cc:493] T d76c7ec6132c4e69b78ed6486957b18d P 363761fa8a3d4bd0ad010800d6639484 [term 0 FOLLOWER]: Starting leader election (no leader contacted us within the election timeout)
W20260713 09:01:12.356475  6014 leader_election.cc:343] T 744dfd7c1a174194bdadd190b628b50e P 1c8e12c849204cb2b05de6b3faf2e677 [CANDIDATE]: Term 1 pre-election: Tablet error from VoteRequest() call to peer 8af998d975f34b4aa950fc82592936a4 (127.5.161.193:39687): Illegal state: must be running to vote when last-logged opid is not known
I20260713 09:01:12.352551  6096 ts_tablet_manager.cc:1434] T 1841a3794d9f4f4489f4ea2d8481c2c7 P 8af998d975f34b4aa950fc82592936a4: Time spent starting tablet: real 0.050s	user 0.007s	sys 0.000s
I20260713 09:01:12.356760  5977 raft_consensus.cc:2468] T 744dfd7c1a174194bdadd190b628b50e P 363761fa8a3d4bd0ad010800d6639484 [term 0 FOLLOWER]: Leader pre-election vote request: Granting yes vote for candidate 1c8e12c849204cb2b05de6b3faf2e677 in term 0.
I20260713 09:01:12.357338  6124 raft_consensus.cc:2749] T dc2d25856d6e4a519fc9961cad328b2b P 1c8e12c849204cb2b05de6b3faf2e677 [term 0 FOLLOWER]: Leader pre-election lost for term 1. Reason: could not achieve majority
I20260713 09:01:12.357749  6096 tablet_bootstrap.cc:492] T 744dfd7c1a174194bdadd190b628b50e P 8af998d975f34b4aa950fc82592936a4: Bootstrap starting.
I20260713 09:01:12.358291  6014 leader_election.cc:304] T 744dfd7c1a174194bdadd190b628b50e P 1c8e12c849204cb2b05de6b3faf2e677 [CANDIDATE]: Term 1 pre-election: Election decided. Result: candidate won. Election summary: received 3 responses out of 3 voters: 2 yes votes; 1 no votes. yes voters: 1c8e12c849204cb2b05de6b3faf2e677, 363761fa8a3d4bd0ad010800d6639484; no voters: 8af998d975f34b4aa950fc82592936a4
I20260713 09:01:12.359100  6124 raft_consensus.cc:2804] T 744dfd7c1a174194bdadd190b628b50e P 1c8e12c849204cb2b05de6b3faf2e677 [term 0 FOLLOWER]: Leader pre-election won for term 1
I20260713 09:01:12.359431  6124 raft_consensus.cc:493] T 744dfd7c1a174194bdadd190b628b50e P 1c8e12c849204cb2b05de6b3faf2e677 [term 0 FOLLOWER]: Starting leader election (no leader contacted us within the election timeout)
I20260713 09:01:12.359763  6124 raft_consensus.cc:3060] T 744dfd7c1a174194bdadd190b628b50e P 1c8e12c849204cb2b05de6b3faf2e677 [term 0 FOLLOWER]: Advancing to term 1
I20260713 09:01:12.356750  6100 raft_consensus.cc:3060] T d76c7ec6132c4e69b78ed6486957b18d P 363761fa8a3d4bd0ad010800d6639484 [term 0 FOLLOWER]: Advancing to term 1
W20260713 09:01:12.363894  5940 leader_election.cc:343] T d76c7ec6132c4e69b78ed6486957b18d P 363761fa8a3d4bd0ad010800d6639484 [CANDIDATE]: Term 1 pre-election: Tablet error from VoteRequest() call to peer 8af998d975f34b4aa950fc82592936a4 (127.5.161.193:39687): Illegal state: must be running to vote when last-logged opid is not known
I20260713 09:01:12.366432  6124 raft_consensus.cc:515] T 744dfd7c1a174194bdadd190b628b50e P 1c8e12c849204cb2b05de6b3faf2e677 [term 1 FOLLOWER]: Starting leader election with config: opid_index: -1 OBSOLETE_local: false peers { permanent_uuid: "8af998d975f34b4aa950fc82592936a4" member_type: VOTER last_known_addr { host: "127.5.161.193" port: 39687 } } peers { permanent_uuid: "363761fa8a3d4bd0ad010800d6639484" member_type: VOTER last_known_addr { host: "127.5.161.194" port: 36187 } } peers { permanent_uuid: "1c8e12c849204cb2b05de6b3faf2e677" member_type: VOTER last_known_addr { host: "127.5.161.195" port: 38103 } }
I20260713 09:01:12.366539  6100 raft_consensus.cc:515] T d76c7ec6132c4e69b78ed6486957b18d P 363761fa8a3d4bd0ad010800d6639484 [term 1 FOLLOWER]: Starting leader election with config: opid_index: -1 OBSOLETE_local: false peers { permanent_uuid: "8af998d975f34b4aa950fc82592936a4" member_type: VOTER last_known_addr { host: "127.5.161.193" port: 39687 } } peers { permanent_uuid: "363761fa8a3d4bd0ad010800d6639484" member_type: VOTER last_known_addr { host: "127.5.161.194" port: 36187 } } peers { permanent_uuid: "1c8e12c849204cb2b05de6b3faf2e677" member_type: VOTER last_known_addr { host: "127.5.161.195" port: 38103 } }
I20260713 09:01:12.352660  6111 leader_election.cc:290] T 744dfd7c1a174194bdadd190b628b50e P 1c8e12c849204cb2b05de6b3faf2e677 [CANDIDATE]: Term 1 pre-election: Requested pre-vote from peers 8af998d975f34b4aa950fc82592936a4 (127.5.161.193:39687), 363761fa8a3d4bd0ad010800d6639484 (127.5.161.194:36187)
I20260713 09:01:12.367658  6095 ts_tablet_manager.cc:1434] T ce7d23b9ffc845c09e2a16ac49bfe9ff P 363761fa8a3d4bd0ad010800d6639484: Time spent starting tablet: real 0.047s	user 0.004s	sys 0.003s
I20260713 09:01:12.367837  6111 raft_consensus.cc:493] T 1841a3794d9f4f4489f4ea2d8481c2c7 P 1c8e12c849204cb2b05de6b3faf2e677 [term 0 FOLLOWER]: Starting pre-election (no leader contacted us within the election timeout)
I20260713 09:01:12.370296  5977 tablet_service.cc:1917] Received RequestConsensusVote() RPC: tablet_id: "744dfd7c1a174194bdadd190b628b50e" candidate_uuid: "1c8e12c849204cb2b05de6b3faf2e677" candidate_term: 1 candidate_status { last_received { term: 0 index: 0 } } ignore_live_leader: false dest_uuid: "363761fa8a3d4bd0ad010800d6639484"
I20260713 09:01:12.370820  5977 raft_consensus.cc:3060] T 744dfd7c1a174194bdadd190b628b50e P 363761fa8a3d4bd0ad010800d6639484 [term 0 FOLLOWER]: Advancing to term 1
I20260713 09:01:12.368391  6111 raft_consensus.cc:515] T 1841a3794d9f4f4489f4ea2d8481c2c7 P 1c8e12c849204cb2b05de6b3faf2e677 [term 0 FOLLOWER]: Starting pre-election with config: opid_index: -1 OBSOLETE_local: false peers { permanent_uuid: "1c8e12c849204cb2b05de6b3faf2e677" member_type: VOTER last_known_addr { host: "127.5.161.195" port: 38103 } } peers { permanent_uuid: "363761fa8a3d4bd0ad010800d6639484" member_type: VOTER last_known_addr { host: "127.5.161.194" port: 36187 } } peers { permanent_uuid: "8af998d975f34b4aa950fc82592936a4" member_type: VOTER last_known_addr { host: "127.5.161.193" port: 39687 } }
I20260713 09:01:12.374267  6111 leader_election.cc:290] T 1841a3794d9f4f4489f4ea2d8481c2c7 P 1c8e12c849204cb2b05de6b3faf2e677 [CANDIDATE]: Term 1 pre-election: Requested pre-vote from peers 363761fa8a3d4bd0ad010800d6639484 (127.5.161.194:36187), 8af998d975f34b4aa950fc82592936a4 (127.5.161.193:39687)
I20260713 09:01:12.374650  5902 tablet_service.cc:1917] Received RequestConsensusVote() RPC: tablet_id: "744dfd7c1a174194bdadd190b628b50e" candidate_uuid: "1c8e12c849204cb2b05de6b3faf2e677" candidate_term: 1 candidate_status { last_received { term: 0 index: 0 } } ignore_live_leader: false dest_uuid: "8af998d975f34b4aa950fc82592936a4"
I20260713 09:01:12.380651  6094 tablet_bootstrap.cc:492] T 7d0f07247c0c4d7c9a85f23afb951fbb P 1c8e12c849204cb2b05de6b3faf2e677: No bootstrap required, opened a new log
I20260713 09:01:12.381057  6094 ts_tablet_manager.cc:1403] T 7d0f07247c0c4d7c9a85f23afb951fbb P 1c8e12c849204cb2b05de6b3faf2e677: Time spent bootstrapping tablet: real 0.054s	user 0.007s	sys 0.006s
I20260713 09:01:12.375171  5976 tablet_service.cc:1917] Received RequestConsensusVote() RPC: tablet_id: "1841a3794d9f4f4489f4ea2d8481c2c7" candidate_uuid: "1c8e12c849204cb2b05de6b3faf2e677" candidate_term: 1 candidate_status { last_received { term: 0 index: 0 } } ignore_live_leader: false dest_uuid: "363761fa8a3d4bd0ad010800d6639484" is_pre_election: true
I20260713 09:01:12.376197  5901 tablet_service.cc:1917] Received RequestConsensusVote() RPC: tablet_id: "d76c7ec6132c4e69b78ed6486957b18d" candidate_uuid: "363761fa8a3d4bd0ad010800d6639484" candidate_term: 1 candidate_status { last_received { term: 0 index: 0 } } ignore_live_leader: false dest_uuid: "8af998d975f34b4aa950fc82592936a4"
I20260713 09:01:12.381803  5976 raft_consensus.cc:2468] T 1841a3794d9f4f4489f4ea2d8481c2c7 P 363761fa8a3d4bd0ad010800d6639484 [term 0 FOLLOWER]: Leader pre-election vote request: Granting yes vote for candidate 1c8e12c849204cb2b05de6b3faf2e677 in term 0.
I20260713 09:01:12.376382  6100 leader_election.cc:290] T d76c7ec6132c4e69b78ed6486957b18d P 363761fa8a3d4bd0ad010800d6639484 [CANDIDATE]: Term 1 election: Requested vote from peers 8af998d975f34b4aa950fc82592936a4 (127.5.161.193:39687), 1c8e12c849204cb2b05de6b3faf2e677 (127.5.161.195:38103)
W20260713 09:01:12.381525  6014 leader_election.cc:343] T 744dfd7c1a174194bdadd190b628b50e P 1c8e12c849204cb2b05de6b3faf2e677 [CANDIDATE]: Term 1 election: Tablet error from VoteRequest() call to peer 8af998d975f34b4aa950fc82592936a4 (127.5.161.193:39687): Illegal state: must be running to vote when last-logged opid is not known
W20260713 09:01:12.382570  5940 leader_election.cc:343] T d76c7ec6132c4e69b78ed6486957b18d P 363761fa8a3d4bd0ad010800d6639484 [CANDIDATE]: Term 1 election: Tablet error from VoteRequest() call to peer 8af998d975f34b4aa950fc82592936a4 (127.5.161.193:39687): Illegal state: must be running to vote when last-logged opid is not known
I20260713 09:01:12.383590  6014 leader_election.cc:304] T 1841a3794d9f4f4489f4ea2d8481c2c7 P 1c8e12c849204cb2b05de6b3faf2e677 [CANDIDATE]: Term 1 pre-election: Election decided. Result: candidate won. Election summary: received 2 responses out of 3 voters: 2 yes votes; 0 no votes. yes voters: 1c8e12c849204cb2b05de6b3faf2e677, 363761fa8a3d4bd0ad010800d6639484; no voters: 
I20260713 09:01:12.383924  6094 raft_consensus.cc:359] T 7d0f07247c0c4d7c9a85f23afb951fbb P 1c8e12c849204cb2b05de6b3faf2e677 [term 0 FOLLOWER]: Replica starting. Triggering 0 pending ops. Active config: opid_index: -1 OBSOLETE_local: false peers { permanent_uuid: "8af998d975f34b4aa950fc82592936a4" member_type: VOTER last_known_addr { host: "127.5.161.193" port: 39687 } } peers { permanent_uuid: "363761fa8a3d4bd0ad010800d6639484" member_type: VOTER last_known_addr { host: "127.5.161.194" port: 36187 } } peers { permanent_uuid: "1c8e12c849204cb2b05de6b3faf2e677" member_type: VOTER last_known_addr { host: "127.5.161.195" port: 38103 } }
I20260713 09:01:12.384367  6111 raft_consensus.cc:2804] T 1841a3794d9f4f4489f4ea2d8481c2c7 P 1c8e12c849204cb2b05de6b3faf2e677 [term 0 FOLLOWER]: Leader pre-election won for term 1
I20260713 09:01:12.384599  6094 raft_consensus.cc:385] T 7d0f07247c0c4d7c9a85f23afb951fbb P 1c8e12c849204cb2b05de6b3faf2e677 [term 0 FOLLOWER]: Consensus starting up: Expiring failure detector timer to make a prompt election more likely
I20260713 09:01:12.384727  6111 raft_consensus.cc:493] T 1841a3794d9f4f4489f4ea2d8481c2c7 P 1c8e12c849204cb2b05de6b3faf2e677 [term 0 FOLLOWER]: Starting leader election (no leader contacted us within the election timeout)
I20260713 09:01:12.384922  6094 raft_consensus.cc:740] T 7d0f07247c0c4d7c9a85f23afb951fbb P 1c8e12c849204cb2b05de6b3faf2e677 [term 0 FOLLOWER]: Becoming Follower/Learner. State: Replica: 1c8e12c849204cb2b05de6b3faf2e677, State: Initialized, Role: FOLLOWER
I20260713 09:01:12.377661  6096 tablet_bootstrap.cc:654] T 744dfd7c1a174194bdadd190b628b50e P 8af998d975f34b4aa950fc82592936a4: Neither blocks nor log segments found. Creating new log.
I20260713 09:01:12.378713  5900 tablet_service.cc:1917] Received RequestConsensusVote() RPC: tablet_id: "1841a3794d9f4f4489f4ea2d8481c2c7" candidate_uuid: "1c8e12c849204cb2b05de6b3faf2e677" candidate_term: 1 candidate_status { last_received { term: 0 index: 0 } } ignore_live_leader: false dest_uuid: "8af998d975f34b4aa950fc82592936a4" is_pre_election: true
I20260713 09:01:12.379981  6095 tablet_bootstrap.cc:492] T dc2d25856d6e4a519fc9961cad328b2b P 363761fa8a3d4bd0ad010800d6639484: Bootstrap starting.
I20260713 09:01:12.377491  6051 tablet_service.cc:1917] Received RequestConsensusVote() RPC: tablet_id: "d76c7ec6132c4e69b78ed6486957b18d" candidate_uuid: "363761fa8a3d4bd0ad010800d6639484" candidate_term: 1 candidate_status { last_received { term: 0 index: 0 } } ignore_live_leader: false dest_uuid: "1c8e12c849204cb2b05de6b3faf2e677"
I20260713 09:01:12.385896  6094 consensus_queue.cc:260] T 7d0f07247c0c4d7c9a85f23afb951fbb P 1c8e12c849204cb2b05de6b3faf2e677 [NON_LEADER]: Queue going to NON_LEADER mode. State: All replicated index: 0, Majority replicated index: 0, Committed index: 0, Last appended: 0.0, Last appended by leader: 0, Current term: 0, Majority size: -1, State: 0, Mode: NON_LEADER, active raft config: opid_index: -1 OBSOLETE_local: false peers { permanent_uuid: "8af998d975f34b4aa950fc82592936a4" member_type: VOTER last_known_addr { host: "127.5.161.193" port: 39687 } } peers { permanent_uuid: "363761fa8a3d4bd0ad010800d6639484" member_type: VOTER last_known_addr { host: "127.5.161.194" port: 36187 } } peers { permanent_uuid: "1c8e12c849204cb2b05de6b3faf2e677" member_type: VOTER last_known_addr { host: "127.5.161.195" port: 38103 } }
I20260713 09:01:12.385771  5900 raft_consensus.cc:2468] T 1841a3794d9f4f4489f4ea2d8481c2c7 P 8af998d975f34b4aa950fc82592936a4 [term 0 FOLLOWER]: Leader pre-election vote request: Granting yes vote for candidate 1c8e12c849204cb2b05de6b3faf2e677 in term 0.
I20260713 09:01:12.387341  6051 raft_consensus.cc:3060] T d76c7ec6132c4e69b78ed6486957b18d P 1c8e12c849204cb2b05de6b3faf2e677 [term 0 FOLLOWER]: Advancing to term 1
I20260713 09:01:12.385860  6111 raft_consensus.cc:3060] T 1841a3794d9f4f4489f4ea2d8481c2c7 P 1c8e12c849204cb2b05de6b3faf2e677 [term 0 FOLLOWER]: Advancing to term 1
I20260713 09:01:12.386404  5798 catalog_manager.cc:5697] T 380e9d9ac93e4b3d9b94bbd2b926fc70 P 1c8e12c849204cb2b05de6b3faf2e677 reported cstate change: term changed from 0 to 1, leader changed from <none> to 1c8e12c849204cb2b05de6b3faf2e677 (127.5.161.195). New cstate: current_term: 1 leader_uuid: "1c8e12c849204cb2b05de6b3faf2e677" committed_config { opid_index: -1 OBSOLETE_local: false peers { permanent_uuid: "8af998d975f34b4aa950fc82592936a4" member_type: VOTER last_known_addr { host: "127.5.161.193" port: 39687 } health_report { overall_health: UNKNOWN } } peers { permanent_uuid: "363761fa8a3d4bd0ad010800d6639484" member_type: VOTER last_known_addr { host: "127.5.161.194" port: 36187 } health_report { overall_health: UNKNOWN } } peers { permanent_uuid: "1c8e12c849204cb2b05de6b3faf2e677" member_type: VOTER last_known_addr { host: "127.5.161.195" port: 38103 } health_report { overall_health: HEALTHY } } }
I20260713 09:01:12.385275  6124 leader_election.cc:290] T 744dfd7c1a174194bdadd190b628b50e P 1c8e12c849204cb2b05de6b3faf2e677 [CANDIDATE]: Term 1 election: Requested vote from peers 8af998d975f34b4aa950fc82592936a4 (127.5.161.193:39687), 363761fa8a3d4bd0ad010800d6639484 (127.5.161.194:36187)
I20260713 09:01:12.393675  6094 ts_tablet_manager.cc:1434] T 7d0f07247c0c4d7c9a85f23afb951fbb P 1c8e12c849204cb2b05de6b3faf2e677: Time spent starting tablet: real 0.012s	user 0.002s	sys 0.004s
I20260713 09:01:12.394511  6094 tablet_bootstrap.cc:492] T 2d77376cea0a4bcb8ead740ea7ed44b6 P 1c8e12c849204cb2b05de6b3faf2e677: Bootstrap starting.
I20260713 09:01:12.388484  5977 raft_consensus.cc:2468] T 744dfd7c1a174194bdadd190b628b50e P 363761fa8a3d4bd0ad010800d6639484 [term 1 FOLLOWER]: Leader election vote request: Granting yes vote for candidate 1c8e12c849204cb2b05de6b3faf2e677 in term 1.
I20260713 09:01:12.397583  6014 leader_election.cc:304] T 744dfd7c1a174194bdadd190b628b50e P 1c8e12c849204cb2b05de6b3faf2e677 [CANDIDATE]: Term 1 election: Election decided. Result: candidate won. Election summary: received 3 responses out of 3 voters: 2 yes votes; 1 no votes. yes voters: 1c8e12c849204cb2b05de6b3faf2e677, 363761fa8a3d4bd0ad010800d6639484; no voters: 8af998d975f34b4aa950fc82592936a4
I20260713 09:01:12.399021  6051 raft_consensus.cc:2468] T d76c7ec6132c4e69b78ed6486957b18d P 1c8e12c849204cb2b05de6b3faf2e677 [term 1 FOLLOWER]: Leader election vote request: Granting yes vote for candidate 363761fa8a3d4bd0ad010800d6639484 in term 1.
I20260713 09:01:12.399459  6095 tablet_bootstrap.cc:654] T dc2d25856d6e4a519fc9961cad328b2b P 363761fa8a3d4bd0ad010800d6639484: Neither blocks nor log segments found. Creating new log.
I20260713 09:01:12.399998  5943 leader_election.cc:304] T d76c7ec6132c4e69b78ed6486957b18d P 363761fa8a3d4bd0ad010800d6639484 [CANDIDATE]: Term 1 election: Election decided. Result: candidate won. Election summary: received 3 responses out of 3 voters: 2 yes votes; 1 no votes. yes voters: 1c8e12c849204cb2b05de6b3faf2e677, 363761fa8a3d4bd0ad010800d6639484; no voters: 8af998d975f34b4aa950fc82592936a4
I20260713 09:01:12.401021  6100 raft_consensus.cc:2804] T d76c7ec6132c4e69b78ed6486957b18d P 363761fa8a3d4bd0ad010800d6639484 [term 1 FOLLOWER]: Leader election won for term 1
I20260713 09:01:12.401469  6100 raft_consensus.cc:697] T d76c7ec6132c4e69b78ed6486957b18d P 363761fa8a3d4bd0ad010800d6639484 [term 1 LEADER]: Becoming Leader. State: Replica: 363761fa8a3d4bd0ad010800d6639484, State: Running, Role: LEADER
I20260713 09:01:12.401592  6124 raft_consensus.cc:2804] T 744dfd7c1a174194bdadd190b628b50e P 1c8e12c849204cb2b05de6b3faf2e677 [term 1 FOLLOWER]: Leader election won for term 1
I20260713 09:01:12.402076  6124 raft_consensus.cc:697] T 744dfd7c1a174194bdadd190b628b50e P 1c8e12c849204cb2b05de6b3faf2e677 [term 1 LEADER]: Becoming Leader. State: Replica: 1c8e12c849204cb2b05de6b3faf2e677, State: Running, Role: LEADER
I20260713 09:01:12.402256  6100 consensus_queue.cc:237] T d76c7ec6132c4e69b78ed6486957b18d P 363761fa8a3d4bd0ad010800d6639484 [LEADER]: Queue going to LEADER mode. State: All replicated index: 0, Majority replicated index: 0, Committed index: 0, Last appended: 0.0, Last appended by leader: 0, Current term: 1, Majority size: 2, State: 0, Mode: LEADER, active raft config: opid_index: -1 OBSOLETE_local: false peers { permanent_uuid: "8af998d975f34b4aa950fc82592936a4" member_type: VOTER last_known_addr { host: "127.5.161.193" port: 39687 } } peers { permanent_uuid: "363761fa8a3d4bd0ad010800d6639484" member_type: VOTER last_known_addr { host: "127.5.161.194" port: 36187 } } peers { permanent_uuid: "1c8e12c849204cb2b05de6b3faf2e677" member_type: VOTER last_known_addr { host: "127.5.161.195" port: 38103 } }
I20260713 09:01:12.402820  6124 consensus_queue.cc:237] T 744dfd7c1a174194bdadd190b628b50e P 1c8e12c849204cb2b05de6b3faf2e677 [LEADER]: Queue going to LEADER mode. State: All replicated index: 0, Majority replicated index: 0, Committed index: 0, Last appended: 0.0, Last appended by leader: 0, Current term: 1, Majority size: 2, State: 0, Mode: LEADER, active raft config: opid_index: -1 OBSOLETE_local: false peers { permanent_uuid: "8af998d975f34b4aa950fc82592936a4" member_type: VOTER last_known_addr { host: "127.5.161.193" port: 39687 } } peers { permanent_uuid: "363761fa8a3d4bd0ad010800d6639484" member_type: VOTER last_known_addr { host: "127.5.161.194" port: 36187 } } peers { permanent_uuid: "1c8e12c849204cb2b05de6b3faf2e677" member_type: VOTER last_known_addr { host: "127.5.161.195" port: 38103 } }
I20260713 09:01:12.402971  6111 raft_consensus.cc:515] T 1841a3794d9f4f4489f4ea2d8481c2c7 P 1c8e12c849204cb2b05de6b3faf2e677 [term 1 FOLLOWER]: Starting leader election with config: opid_index: -1 OBSOLETE_local: false peers { permanent_uuid: "1c8e12c849204cb2b05de6b3faf2e677" member_type: VOTER last_known_addr { host: "127.5.161.195" port: 38103 } } peers { permanent_uuid: "363761fa8a3d4bd0ad010800d6639484" member_type: VOTER last_known_addr { host: "127.5.161.194" port: 36187 } } peers { permanent_uuid: "8af998d975f34b4aa950fc82592936a4" member_type: VOTER last_known_addr { host: "127.5.161.193" port: 39687 } }
I20260713 09:01:12.406551  5977 tablet_service.cc:1917] Received RequestConsensusVote() RPC: tablet_id: "1841a3794d9f4f4489f4ea2d8481c2c7" candidate_uuid: "1c8e12c849204cb2b05de6b3faf2e677" candidate_term: 1 candidate_status { last_received { term: 0 index: 0 } } ignore_live_leader: false dest_uuid: "363761fa8a3d4bd0ad010800d6639484"
I20260713 09:01:12.407069  5977 raft_consensus.cc:3060] T 1841a3794d9f4f4489f4ea2d8481c2c7 P 363761fa8a3d4bd0ad010800d6639484 [term 0 FOLLOWER]: Advancing to term 1
I20260713 09:01:12.408385  6111 leader_election.cc:290] T 1841a3794d9f4f4489f4ea2d8481c2c7 P 1c8e12c849204cb2b05de6b3faf2e677 [CANDIDATE]: Term 1 election: Requested vote from peers 363761fa8a3d4bd0ad010800d6639484 (127.5.161.194:36187), 8af998d975f34b4aa950fc82592936a4 (127.5.161.193:39687)
I20260713 09:01:12.408798  5900 tablet_service.cc:1917] Received RequestConsensusVote() RPC: tablet_id: "1841a3794d9f4f4489f4ea2d8481c2c7" candidate_uuid: "1c8e12c849204cb2b05de6b3faf2e677" candidate_term: 1 candidate_status { last_received { term: 0 index: 0 } } ignore_live_leader: false dest_uuid: "8af998d975f34b4aa950fc82592936a4"
I20260713 09:01:12.409323  5900 raft_consensus.cc:3060] T 1841a3794d9f4f4489f4ea2d8481c2c7 P 8af998d975f34b4aa950fc82592936a4 [term 0 FOLLOWER]: Advancing to term 1
I20260713 09:01:12.418273  5900 raft_consensus.cc:2468] T 1841a3794d9f4f4489f4ea2d8481c2c7 P 8af998d975f34b4aa950fc82592936a4 [term 1 FOLLOWER]: Leader election vote request: Granting yes vote for candidate 1c8e12c849204cb2b05de6b3faf2e677 in term 1.
I20260713 09:01:12.421106  5977 raft_consensus.cc:2468] T 1841a3794d9f4f4489f4ea2d8481c2c7 P 363761fa8a3d4bd0ad010800d6639484 [term 1 FOLLOWER]: Leader election vote request: Granting yes vote for candidate 1c8e12c849204cb2b05de6b3faf2e677 in term 1.
I20260713 09:01:12.422426  6014 leader_election.cc:304] T 1841a3794d9f4f4489f4ea2d8481c2c7 P 1c8e12c849204cb2b05de6b3faf2e677 [CANDIDATE]: Term 1 election: Election decided. Result: candidate won. Election summary: received 2 responses out of 3 voters: 2 yes votes; 0 no votes. yes voters: 1c8e12c849204cb2b05de6b3faf2e677, 363761fa8a3d4bd0ad010800d6639484; no voters: 
I20260713 09:01:12.426775  6094 tablet_bootstrap.cc:654] T 2d77376cea0a4bcb8ead740ea7ed44b6 P 1c8e12c849204cb2b05de6b3faf2e677: Neither blocks nor log segments found. Creating new log.
I20260713 09:01:12.428061  6124 raft_consensus.cc:2804] T 1841a3794d9f4f4489f4ea2d8481c2c7 P 1c8e12c849204cb2b05de6b3faf2e677 [term 1 FOLLOWER]: Leader election won for term 1
I20260713 09:01:12.432210  6124 raft_consensus.cc:697] T 1841a3794d9f4f4489f4ea2d8481c2c7 P 1c8e12c849204cb2b05de6b3faf2e677 [term 1 LEADER]: Becoming Leader. State: Replica: 1c8e12c849204cb2b05de6b3faf2e677, State: Running, Role: LEADER
I20260713 09:01:12.435236  6124 consensus_queue.cc:237] T 1841a3794d9f4f4489f4ea2d8481c2c7 P 1c8e12c849204cb2b05de6b3faf2e677 [LEADER]: Queue going to LEADER mode. State: All replicated index: 0, Majority replicated index: 0, Committed index: 0, Last appended: 0.0, Last appended by leader: 0, Current term: 1, Majority size: 2, State: 0, Mode: LEADER, active raft config: opid_index: -1 OBSOLETE_local: false peers { permanent_uuid: "1c8e12c849204cb2b05de6b3faf2e677" member_type: VOTER last_known_addr { host: "127.5.161.195" port: 38103 } } peers { permanent_uuid: "363761fa8a3d4bd0ad010800d6639484" member_type: VOTER last_known_addr { host: "127.5.161.194" port: 36187 } } peers { permanent_uuid: "8af998d975f34b4aa950fc82592936a4" member_type: VOTER last_known_addr { host: "127.5.161.193" port: 39687 } }
I20260713 09:01:12.443384  6096 tablet_bootstrap.cc:492] T 744dfd7c1a174194bdadd190b628b50e P 8af998d975f34b4aa950fc82592936a4: No bootstrap required, opened a new log
I20260713 09:01:12.443962  6096 ts_tablet_manager.cc:1403] T 744dfd7c1a174194bdadd190b628b50e P 8af998d975f34b4aa950fc82592936a4: Time spent bootstrapping tablet: real 0.086s	user 0.015s	sys 0.026s
I20260713 09:01:12.445881  6094 tablet_bootstrap.cc:492] T 2d77376cea0a4bcb8ead740ea7ed44b6 P 1c8e12c849204cb2b05de6b3faf2e677: No bootstrap required, opened a new log
I20260713 09:01:12.446300  6094 ts_tablet_manager.cc:1403] T 2d77376cea0a4bcb8ead740ea7ed44b6 P 1c8e12c849204cb2b05de6b3faf2e677: Time spent bootstrapping tablet: real 0.052s	user 0.012s	sys 0.000s
I20260713 09:01:12.444360  6095 tablet_bootstrap.cc:492] T dc2d25856d6e4a519fc9961cad328b2b P 363761fa8a3d4bd0ad010800d6639484: No bootstrap required, opened a new log
I20260713 09:01:12.447528  6095 ts_tablet_manager.cc:1403] T dc2d25856d6e4a519fc9961cad328b2b P 363761fa8a3d4bd0ad010800d6639484: Time spent bootstrapping tablet: real 0.068s	user 0.011s	sys 0.004s
I20260713 09:01:12.448757  6096 raft_consensus.cc:359] T 744dfd7c1a174194bdadd190b628b50e P 8af998d975f34b4aa950fc82592936a4 [term 0 FOLLOWER]: Replica starting. Triggering 0 pending ops. Active config: opid_index: -1 OBSOLETE_local: false peers { permanent_uuid: "8af998d975f34b4aa950fc82592936a4" member_type: VOTER last_known_addr { host: "127.5.161.193" port: 39687 } } peers { permanent_uuid: "363761fa8a3d4bd0ad010800d6639484" member_type: VOTER last_known_addr { host: "127.5.161.194" port: 36187 } } peers { permanent_uuid: "1c8e12c849204cb2b05de6b3faf2e677" member_type: VOTER last_known_addr { host: "127.5.161.195" port: 38103 } }
I20260713 09:01:12.449604  6096 raft_consensus.cc:385] T 744dfd7c1a174194bdadd190b628b50e P 8af998d975f34b4aa950fc82592936a4 [term 0 FOLLOWER]: Consensus starting up: Expiring failure detector timer to make a prompt election more likely
I20260713 09:01:12.449891  6096 raft_consensus.cc:740] T 744dfd7c1a174194bdadd190b628b50e P 8af998d975f34b4aa950fc82592936a4 [term 0 FOLLOWER]: Becoming Follower/Learner. State: Replica: 8af998d975f34b4aa950fc82592936a4, State: Initialized, Role: FOLLOWER
I20260713 09:01:12.452481  6096 consensus_queue.cc:260] T 744dfd7c1a174194bdadd190b628b50e P 8af998d975f34b4aa950fc82592936a4 [NON_LEADER]: Queue going to NON_LEADER mode. State: All replicated index: 0, Majority replicated index: 0, Committed index: 0, Last appended: 0.0, Last appended by leader: 0, Current term: 0, Majority size: -1, State: 0, Mode: NON_LEADER, active raft config: opid_index: -1 OBSOLETE_local: false peers { permanent_uuid: "8af998d975f34b4aa950fc82592936a4" member_type: VOTER last_known_addr { host: "127.5.161.193" port: 39687 } } peers { permanent_uuid: "363761fa8a3d4bd0ad010800d6639484" member_type: VOTER last_known_addr { host: "127.5.161.194" port: 36187 } } peers { permanent_uuid: "1c8e12c849204cb2b05de6b3faf2e677" member_type: VOTER last_known_addr { host: "127.5.161.195" port: 38103 } }
I20260713 09:01:12.454644  6095 raft_consensus.cc:359] T dc2d25856d6e4a519fc9961cad328b2b P 363761fa8a3d4bd0ad010800d6639484 [term 0 FOLLOWER]: Replica starting. Triggering 0 pending ops. Active config: opid_index: -1 OBSOLETE_local: false peers { permanent_uuid: "8af998d975f34b4aa950fc82592936a4" member_type: VOTER last_known_addr { host: "127.5.161.193" port: 39687 } } peers { permanent_uuid: "363761fa8a3d4bd0ad010800d6639484" member_type: VOTER last_known_addr { host: "127.5.161.194" port: 36187 } } peers { permanent_uuid: "1c8e12c849204cb2b05de6b3faf2e677" member_type: VOTER last_known_addr { host: "127.5.161.195" port: 38103 } }
I20260713 09:01:12.455354  6095 raft_consensus.cc:385] T dc2d25856d6e4a519fc9961cad328b2b P 363761fa8a3d4bd0ad010800d6639484 [term 0 FOLLOWER]: Consensus starting up: Expiring failure detector timer to make a prompt election more likely
I20260713 09:01:12.455642  6095 raft_consensus.cc:740] T dc2d25856d6e4a519fc9961cad328b2b P 363761fa8a3d4bd0ad010800d6639484 [term 0 FOLLOWER]: Becoming Follower/Learner. State: Replica: 363761fa8a3d4bd0ad010800d6639484, State: Initialized, Role: FOLLOWER
I20260713 09:01:12.456386  6095 consensus_queue.cc:260] T dc2d25856d6e4a519fc9961cad328b2b P 363761fa8a3d4bd0ad010800d6639484 [NON_LEADER]: Queue going to NON_LEADER mode. State: All replicated index: 0, Majority replicated index: 0, Committed index: 0, Last appended: 0.0, Last appended by leader: 0, Current term: 0, Majority size: -1, State: 0, Mode: NON_LEADER, active raft config: opid_index: -1 OBSOLETE_local: false peers { permanent_uuid: "8af998d975f34b4aa950fc82592936a4" member_type: VOTER last_known_addr { host: "127.5.161.193" port: 39687 } } peers { permanent_uuid: "363761fa8a3d4bd0ad010800d6639484" member_type: VOTER last_known_addr { host: "127.5.161.194" port: 36187 } } peers { permanent_uuid: "1c8e12c849204cb2b05de6b3faf2e677" member_type: VOTER last_known_addr { host: "127.5.161.195" port: 38103 } }
I20260713 09:01:12.458971  6096 ts_tablet_manager.cc:1434] T 744dfd7c1a174194bdadd190b628b50e P 8af998d975f34b4aa950fc82592936a4: Time spent starting tablet: real 0.015s	user 0.005s	sys 0.002s
I20260713 09:01:12.460038  6096 tablet_bootstrap.cc:492] T 7d0f07247c0c4d7c9a85f23afb951fbb P 8af998d975f34b4aa950fc82592936a4: Bootstrap starting.
I20260713 09:01:12.460781  6095 ts_tablet_manager.cc:1434] T dc2d25856d6e4a519fc9961cad328b2b P 363761fa8a3d4bd0ad010800d6639484: Time spent starting tablet: real 0.012s	user 0.004s	sys 0.002s
I20260713 09:01:12.463022  6095 tablet_bootstrap.cc:492] T 7c683c7fd7884e37b8ea329be39f3153 P 363761fa8a3d4bd0ad010800d6639484: Bootstrap starting.
I20260713 09:01:12.466773  5796 catalog_manager.cc:5697] T d76c7ec6132c4e69b78ed6486957b18d P 363761fa8a3d4bd0ad010800d6639484 reported cstate change: term changed from 0 to 1, leader changed from <none> to 363761fa8a3d4bd0ad010800d6639484 (127.5.161.194). New cstate: current_term: 1 leader_uuid: "363761fa8a3d4bd0ad010800d6639484" committed_config { opid_index: -1 OBSOLETE_local: false peers { permanent_uuid: "8af998d975f34b4aa950fc82592936a4" member_type: VOTER last_known_addr { host: "127.5.161.193" port: 39687 } health_report { overall_health: UNKNOWN } } peers { permanent_uuid: "363761fa8a3d4bd0ad010800d6639484" member_type: VOTER last_known_addr { host: "127.5.161.194" port: 36187 } health_report { overall_health: HEALTHY } } peers { permanent_uuid: "1c8e12c849204cb2b05de6b3faf2e677" member_type: VOTER last_known_addr { host: "127.5.161.195" port: 38103 } health_report { overall_health: UNKNOWN } } }
I20260713 09:01:12.469051  6096 tablet_bootstrap.cc:654] T 7d0f07247c0c4d7c9a85f23afb951fbb P 8af998d975f34b4aa950fc82592936a4: Neither blocks nor log segments found. Creating new log.
I20260713 09:01:12.469569  6095 tablet_bootstrap.cc:654] T 7c683c7fd7884e37b8ea329be39f3153 P 363761fa8a3d4bd0ad010800d6639484: Neither blocks nor log segments found. Creating new log.
I20260713 09:01:12.473606  6094 raft_consensus.cc:359] T 2d77376cea0a4bcb8ead740ea7ed44b6 P 1c8e12c849204cb2b05de6b3faf2e677 [term 0 FOLLOWER]: Replica starting. Triggering 0 pending ops. Active config: opid_index: -1 OBSOLETE_local: false peers { permanent_uuid: "8af998d975f34b4aa950fc82592936a4" member_type: VOTER last_known_addr { host: "127.5.161.193" port: 39687 } } peers { permanent_uuid: "363761fa8a3d4bd0ad010800d6639484" member_type: VOTER last_known_addr { host: "127.5.161.194" port: 36187 } } peers { permanent_uuid: "1c8e12c849204cb2b05de6b3faf2e677" member_type: VOTER last_known_addr { host: "127.5.161.195" port: 38103 } }
I20260713 09:01:12.474225  6094 raft_consensus.cc:385] T 2d77376cea0a4bcb8ead740ea7ed44b6 P 1c8e12c849204cb2b05de6b3faf2e677 [term 0 FOLLOWER]: Consensus starting up: Expiring failure detector timer to make a prompt election more likely
I20260713 09:01:12.474493  6094 raft_consensus.cc:740] T 2d77376cea0a4bcb8ead740ea7ed44b6 P 1c8e12c849204cb2b05de6b3faf2e677 [term 0 FOLLOWER]: Becoming Follower/Learner. State: Replica: 1c8e12c849204cb2b05de6b3faf2e677, State: Initialized, Role: FOLLOWER
I20260713 09:01:12.475133  6094 consensus_queue.cc:260] T 2d77376cea0a4bcb8ead740ea7ed44b6 P 1c8e12c849204cb2b05de6b3faf2e677 [NON_LEADER]: Queue going to NON_LEADER mode. State: All replicated index: 0, Majority replicated index: 0, Committed index: 0, Last appended: 0.0, Last appended by leader: 0, Current term: 0, Majority size: -1, State: 0, Mode: NON_LEADER, active raft config: opid_index: -1 OBSOLETE_local: false peers { permanent_uuid: "8af998d975f34b4aa950fc82592936a4" member_type: VOTER last_known_addr { host: "127.5.161.193" port: 39687 } } peers { permanent_uuid: "363761fa8a3d4bd0ad010800d6639484" member_type: VOTER last_known_addr { host: "127.5.161.194" port: 36187 } } peers { permanent_uuid: "1c8e12c849204cb2b05de6b3faf2e677" member_type: VOTER last_known_addr { host: "127.5.161.195" port: 38103 } }
I20260713 09:01:12.477226  6094 ts_tablet_manager.cc:1434] T 2d77376cea0a4bcb8ead740ea7ed44b6 P 1c8e12c849204cb2b05de6b3faf2e677: Time spent starting tablet: real 0.031s	user 0.005s	sys 0.000s
I20260713 09:01:12.490743  6124 raft_consensus.cc:493] T 7c683c7fd7884e37b8ea329be39f3153 P 1c8e12c849204cb2b05de6b3faf2e677 [term 0 FOLLOWER]: Starting pre-election (no leader contacted us within the election timeout)
I20260713 09:01:12.491232  6124 raft_consensus.cc:515] T 7c683c7fd7884e37b8ea329be39f3153 P 1c8e12c849204cb2b05de6b3faf2e677 [term 0 FOLLOWER]: Starting pre-election with config: opid_index: -1 OBSOLETE_local: false peers { permanent_uuid: "8af998d975f34b4aa950fc82592936a4" member_type: VOTER last_known_addr { host: "127.5.161.193" port: 39687 } } peers { permanent_uuid: "363761fa8a3d4bd0ad010800d6639484" member_type: VOTER last_known_addr { host: "127.5.161.194" port: 36187 } } peers { permanent_uuid: "1c8e12c849204cb2b05de6b3faf2e677" member_type: VOTER last_known_addr { host: "127.5.161.195" port: 38103 } }
I20260713 09:01:12.493775  6124 leader_election.cc:290] T 7c683c7fd7884e37b8ea329be39f3153 P 1c8e12c849204cb2b05de6b3faf2e677 [CANDIDATE]: Term 1 pre-election: Requested pre-vote from peers 8af998d975f34b4aa950fc82592936a4 (127.5.161.193:39687), 363761fa8a3d4bd0ad010800d6639484 (127.5.161.194:36187)
I20260713 09:01:12.494371  5900 tablet_service.cc:1917] Received RequestConsensusVote() RPC: tablet_id: "7c683c7fd7884e37b8ea329be39f3153" candidate_uuid: "1c8e12c849204cb2b05de6b3faf2e677" candidate_term: 1 candidate_status { last_received { term: 0 index: 0 } } ignore_live_leader: false dest_uuid: "8af998d975f34b4aa950fc82592936a4" is_pre_election: true
I20260713 09:01:12.494972  5900 raft_consensus.cc:2468] T 7c683c7fd7884e37b8ea329be39f3153 P 8af998d975f34b4aa950fc82592936a4 [term 0 FOLLOWER]: Leader pre-election vote request: Granting yes vote for candidate 1c8e12c849204cb2b05de6b3faf2e677 in term 0.
I20260713 09:01:12.496611  5977 tablet_service.cc:1917] Received RequestConsensusVote() RPC: tablet_id: "7c683c7fd7884e37b8ea329be39f3153" candidate_uuid: "1c8e12c849204cb2b05de6b3faf2e677" candidate_term: 1 candidate_status { last_received { term: 0 index: 0 } } ignore_live_leader: false dest_uuid: "363761fa8a3d4bd0ad010800d6639484" is_pre_election: true
W20260713 09:01:12.498204  6014 leader_election.cc:343] T 7c683c7fd7884e37b8ea329be39f3153 P 1c8e12c849204cb2b05de6b3faf2e677 [CANDIDATE]: Term 1 pre-election: Tablet error from VoteRequest() call to peer 363761fa8a3d4bd0ad010800d6639484 (127.5.161.194:36187): Illegal state: must be running to vote when last-logged opid is not known
I20260713 09:01:12.498860  6014 leader_election.cc:304] T 7c683c7fd7884e37b8ea329be39f3153 P 1c8e12c849204cb2b05de6b3faf2e677 [CANDIDATE]: Term 1 pre-election: Election decided. Result: candidate won. Election summary: received 3 responses out of 3 voters: 2 yes votes; 1 no votes. yes voters: 1c8e12c849204cb2b05de6b3faf2e677, 8af998d975f34b4aa950fc82592936a4; no voters: 363761fa8a3d4bd0ad010800d6639484
I20260713 09:01:12.499854  6124 raft_consensus.cc:2804] T 7c683c7fd7884e37b8ea329be39f3153 P 1c8e12c849204cb2b05de6b3faf2e677 [term 0 FOLLOWER]: Leader pre-election won for term 1
I20260713 09:01:12.500197  6124 raft_consensus.cc:493] T 7c683c7fd7884e37b8ea329be39f3153 P 1c8e12c849204cb2b05de6b3faf2e677 [term 0 FOLLOWER]: Starting leader election (no leader contacted us within the election timeout)
I20260713 09:01:12.500537  6124 raft_consensus.cc:3060] T 7c683c7fd7884e37b8ea329be39f3153 P 1c8e12c849204cb2b05de6b3faf2e677 [term 0 FOLLOWER]: Advancing to term 1
I20260713 09:01:12.506527  6124 raft_consensus.cc:515] T 7c683c7fd7884e37b8ea329be39f3153 P 1c8e12c849204cb2b05de6b3faf2e677 [term 1 FOLLOWER]: Starting leader election with config: opid_index: -1 OBSOLETE_local: false peers { permanent_uuid: "8af998d975f34b4aa950fc82592936a4" member_type: VOTER last_known_addr { host: "127.5.161.193" port: 39687 } } peers { permanent_uuid: "363761fa8a3d4bd0ad010800d6639484" member_type: VOTER last_known_addr { host: "127.5.161.194" port: 36187 } } peers { permanent_uuid: "1c8e12c849204cb2b05de6b3faf2e677" member_type: VOTER last_known_addr { host: "127.5.161.195" port: 38103 } }
I20260713 09:01:12.508970  5900 tablet_service.cc:1917] Received RequestConsensusVote() RPC: tablet_id: "7c683c7fd7884e37b8ea329be39f3153" candidate_uuid: "1c8e12c849204cb2b05de6b3faf2e677" candidate_term: 1 candidate_status { last_received { term: 0 index: 0 } } ignore_live_leader: false dest_uuid: "8af998d975f34b4aa950fc82592936a4"
I20260713 09:01:12.509465  5900 raft_consensus.cc:3060] T 7c683c7fd7884e37b8ea329be39f3153 P 8af998d975f34b4aa950fc82592936a4 [term 0 FOLLOWER]: Advancing to term 1
I20260713 09:01:12.511279  5798 catalog_manager.cc:5697] T 744dfd7c1a174194bdadd190b628b50e P 1c8e12c849204cb2b05de6b3faf2e677 reported cstate change: term changed from 0 to 1, leader changed from <none> to 1c8e12c849204cb2b05de6b3faf2e677 (127.5.161.195). New cstate: current_term: 1 leader_uuid: "1c8e12c849204cb2b05de6b3faf2e677" committed_config { opid_index: -1 OBSOLETE_local: false peers { permanent_uuid: "8af998d975f34b4aa950fc82592936a4" member_type: VOTER last_known_addr { host: "127.5.161.193" port: 39687 } health_report { overall_health: UNKNOWN } } peers { permanent_uuid: "363761fa8a3d4bd0ad010800d6639484" member_type: VOTER last_known_addr { host: "127.5.161.194" port: 36187 } health_report { overall_health: UNKNOWN } } peers { permanent_uuid: "1c8e12c849204cb2b05de6b3faf2e677" member_type: VOTER last_known_addr { host: "127.5.161.195" port: 38103 } health_report { overall_health: HEALTHY } } }
I20260713 09:01:12.512326  6100 raft_consensus.cc:493] T dc2d25856d6e4a519fc9961cad328b2b P 363761fa8a3d4bd0ad010800d6639484 [term 0 FOLLOWER]: Starting pre-election (no leader contacted us within the election timeout)
I20260713 09:01:12.512761  6100 raft_consensus.cc:515] T dc2d25856d6e4a519fc9961cad328b2b P 363761fa8a3d4bd0ad010800d6639484 [term 0 FOLLOWER]: Starting pre-election with config: opid_index: -1 OBSOLETE_local: false peers { permanent_uuid: "8af998d975f34b4aa950fc82592936a4" member_type: VOTER last_known_addr { host: "127.5.161.193" port: 39687 } } peers { permanent_uuid: "363761fa8a3d4bd0ad010800d6639484" member_type: VOTER last_known_addr { host: "127.5.161.194" port: 36187 } } peers { permanent_uuid: "1c8e12c849204cb2b05de6b3faf2e677" member_type: VOTER last_known_addr { host: "127.5.161.195" port: 38103 } }
I20260713 09:01:12.513307  5798 catalog_manager.cc:5697] T 1841a3794d9f4f4489f4ea2d8481c2c7 P 1c8e12c849204cb2b05de6b3faf2e677 reported cstate change: term changed from 0 to 1, leader changed from <none> to 1c8e12c849204cb2b05de6b3faf2e677 (127.5.161.195). New cstate: current_term: 1 leader_uuid: "1c8e12c849204cb2b05de6b3faf2e677" committed_config { opid_index: -1 OBSOLETE_local: false peers { permanent_uuid: "1c8e12c849204cb2b05de6b3faf2e677" member_type: VOTER last_known_addr { host: "127.5.161.195" port: 38103 } health_report { overall_health: HEALTHY } } peers { permanent_uuid: "363761fa8a3d4bd0ad010800d6639484" member_type: VOTER last_known_addr { host: "127.5.161.194" port: 36187 } health_report { overall_health: UNKNOWN } } peers { permanent_uuid: "8af998d975f34b4aa950fc82592936a4" member_type: VOTER last_known_addr { host: "127.5.161.193" port: 39687 } health_report { overall_health: UNKNOWN } } }
I20260713 09:01:12.514935  6100 leader_election.cc:290] T dc2d25856d6e4a519fc9961cad328b2b P 363761fa8a3d4bd0ad010800d6639484 [CANDIDATE]: Term 1 pre-election: Requested pre-vote from peers 8af998d975f34b4aa950fc82592936a4 (127.5.161.193:39687), 1c8e12c849204cb2b05de6b3faf2e677 (127.5.161.195:38103)
