I20260713 09:02:13.733639  1724 raft_consensus.cc:740] T 4bf42d99e50345fbad05a732b3e42de8 P dea42d956b9441c0bb418d29e0f78ea3 [term 0 FOLLOWER]: Becoming Follower/Learner. State: Replica: dea42d956b9441c0bb418d29e0f78ea3, State: Initialized, Role: FOLLOWER
I20260713 09:02:13.734453  1724 consensus_queue.cc:260] T 4bf42d99e50345fbad05a732b3e42de8 P dea42d956b9441c0bb418d29e0f78ea3 [NON_LEADER]: Queue going to NON_LEADER mode. State: All replicated index: 0, Majority replicated index: 0, Committed index: 0, Last appended: 0.0, Last appended by leader: 0, Current term: 0, Majority size: -1, State: 0, Mode: NON_LEADER, active raft config: opid_index: -1 OBSOLETE_local: false peers { permanent_uuid: "dea42d956b9441c0bb418d29e0f78ea3" member_type: VOTER last_known_addr { host: "127.0.107.193" port: 38165 } } peers { permanent_uuid: "1ff2c7c93b904c11868a98297896e18f" member_type: VOTER last_known_addr { host: "127.0.107.194" port: 34603 } } peers { permanent_uuid: "1f3fce89aaaf44388230a4cb06aa976e" member_type: VOTER last_known_addr { host: "127.0.107.195" port: 38633 } }
I20260713 09:02:13.736673  1724 ts_tablet_manager.cc:1434] T 4bf42d99e50345fbad05a732b3e42de8 P dea42d956b9441c0bb418d29e0f78ea3: Time spent starting tablet: real 0.007s	user 0.006s	sys 0.000s
I20260713 09:02:13.737572  1724 tablet_bootstrap.cc:492] T 86a9a34e1bd745ee808671d184fd4754 P dea42d956b9441c0bb418d29e0f78ea3: Bootstrap starting.
I20260713 09:02:13.737635  1725 tablet_bootstrap.cc:654] T 86a9a34e1bd745ee808671d184fd4754 P 1ff2c7c93b904c11868a98297896e18f: Neither blocks nor log segments found. Creating new log.
I20260713 09:02:13.745610  1724 tablet_bootstrap.cc:654] T 86a9a34e1bd745ee808671d184fd4754 P dea42d956b9441c0bb418d29e0f78ea3: Neither blocks nor log segments found. Creating new log.
I20260713 09:02:13.729482  1727 ts_tablet_manager.cc:1403] T 47f83e371b7b4f00843cb7ca208ee02d P 1f3fce89aaaf44388230a4cb06aa976e: Time spent bootstrapping tablet: real 0.026s	user 0.012s	sys 0.001s
I20260713 09:02:13.754025  1725 tablet_bootstrap.cc:492] T 86a9a34e1bd745ee808671d184fd4754 P 1ff2c7c93b904c11868a98297896e18f: No bootstrap required, opened a new log
I20260713 09:02:13.754460  1725 ts_tablet_manager.cc:1403] T 86a9a34e1bd745ee808671d184fd4754 P 1ff2c7c93b904c11868a98297896e18f: Time spent bootstrapping tablet: real 0.024s	user 0.009s	sys 0.013s
I20260713 09:02:13.754752  1724 tablet_bootstrap.cc:492] T 86a9a34e1bd745ee808671d184fd4754 P dea42d956b9441c0bb418d29e0f78ea3: No bootstrap required, opened a new log
I20260713 09:02:13.754375  1727 raft_consensus.cc:359] T 47f83e371b7b4f00843cb7ca208ee02d P 1f3fce89aaaf44388230a4cb06aa976e [term 0 FOLLOWER]: Replica starting. Triggering 0 pending ops. Active config: opid_index: -1 OBSOLETE_local: false peers { permanent_uuid: "1f3fce89aaaf44388230a4cb06aa976e" member_type: VOTER last_known_addr { host: "127.0.107.195" port: 38633 } } peers { permanent_uuid: "1ff2c7c93b904c11868a98297896e18f" member_type: VOTER last_known_addr { host: "127.0.107.194" port: 34603 } } peers { permanent_uuid: "dea42d956b9441c0bb418d29e0f78ea3" member_type: VOTER last_known_addr { host: "127.0.107.193" port: 38165 } }
I20260713 09:02:13.755196  1724 ts_tablet_manager.cc:1403] T 86a9a34e1bd745ee808671d184fd4754 P dea42d956b9441c0bb418d29e0f78ea3: Time spent bootstrapping tablet: real 0.018s	user 0.012s	sys 0.000s
I20260713 09:02:13.755214  1727 raft_consensus.cc:385] T 47f83e371b7b4f00843cb7ca208ee02d P 1f3fce89aaaf44388230a4cb06aa976e [term 0 FOLLOWER]: Consensus starting up: Expiring failure detector timer to make a prompt election more likely
I20260713 09:02:13.755656  1727 raft_consensus.cc:740] T 47f83e371b7b4f00843cb7ca208ee02d P 1f3fce89aaaf44388230a4cb06aa976e [term 0 FOLLOWER]: Becoming Follower/Learner. State: Replica: 1f3fce89aaaf44388230a4cb06aa976e, State: Initialized, Role: FOLLOWER
I20260713 09:02:13.756528  1727 consensus_queue.cc:260] T 47f83e371b7b4f00843cb7ca208ee02d P 1f3fce89aaaf44388230a4cb06aa976e [NON_LEADER]: Queue going to NON_LEADER mode. State: All replicated index: 0, Majority replicated index: 0, Committed index: 0, Last appended: 0.0, Last appended by leader: 0, Current term: 0, Majority size: -1, State: 0, Mode: NON_LEADER, active raft config: opid_index: -1 OBSOLETE_local: false peers { permanent_uuid: "1f3fce89aaaf44388230a4cb06aa976e" member_type: VOTER last_known_addr { host: "127.0.107.195" port: 38633 } } peers { permanent_uuid: "1ff2c7c93b904c11868a98297896e18f" member_type: VOTER last_known_addr { host: "127.0.107.194" port: 34603 } } peers { permanent_uuid: "dea42d956b9441c0bb418d29e0f78ea3" member_type: VOTER last_known_addr { host: "127.0.107.193" port: 38165 } }
I20260713 09:02:13.756910  1725 raft_consensus.cc:359] T 86a9a34e1bd745ee808671d184fd4754 P 1ff2c7c93b904c11868a98297896e18f [term 0 FOLLOWER]: Replica starting. Triggering 0 pending ops. Active config: opid_index: -1 OBSOLETE_local: false peers { permanent_uuid: "dea42d956b9441c0bb418d29e0f78ea3" member_type: VOTER last_known_addr { host: "127.0.107.193" port: 38165 } } peers { permanent_uuid: "1ff2c7c93b904c11868a98297896e18f" member_type: VOTER last_known_addr { host: "127.0.107.194" port: 34603 } } peers { permanent_uuid: "1f3fce89aaaf44388230a4cb06aa976e" member_type: VOTER last_known_addr { host: "127.0.107.195" port: 38633 } }
I20260713 09:02:13.757598  1725 raft_consensus.cc:385] T 86a9a34e1bd745ee808671d184fd4754 P 1ff2c7c93b904c11868a98297896e18f [term 0 FOLLOWER]: Consensus starting up: Expiring failure detector timer to make a prompt election more likely
I20260713 09:02:13.757885  1725 raft_consensus.cc:740] T 86a9a34e1bd745ee808671d184fd4754 P 1ff2c7c93b904c11868a98297896e18f [term 0 FOLLOWER]: Becoming Follower/Learner. State: Replica: 1ff2c7c93b904c11868a98297896e18f, State: Initialized, Role: FOLLOWER
I20260713 09:02:13.758069  1724 raft_consensus.cc:359] T 86a9a34e1bd745ee808671d184fd4754 P dea42d956b9441c0bb418d29e0f78ea3 [term 0 FOLLOWER]: Replica starting. Triggering 0 pending ops. Active config: opid_index: -1 OBSOLETE_local: false peers { permanent_uuid: "dea42d956b9441c0bb418d29e0f78ea3" member_type: VOTER last_known_addr { host: "127.0.107.193" port: 38165 } } peers { permanent_uuid: "1ff2c7c93b904c11868a98297896e18f" member_type: VOTER last_known_addr { host: "127.0.107.194" port: 34603 } } peers { permanent_uuid: "1f3fce89aaaf44388230a4cb06aa976e" member_type: VOTER last_known_addr { host: "127.0.107.195" port: 38633 } }
I20260713 09:02:13.758752  1724 raft_consensus.cc:385] T 86a9a34e1bd745ee808671d184fd4754 P dea42d956b9441c0bb418d29e0f78ea3 [term 0 FOLLOWER]: Consensus starting up: Expiring failure detector timer to make a prompt election more likely
I20260713 09:02:13.758680  1725 consensus_queue.cc:260] T 86a9a34e1bd745ee808671d184fd4754 P 1ff2c7c93b904c11868a98297896e18f [NON_LEADER]: Queue going to NON_LEADER mode. State: All replicated index: 0, Majority replicated index: 0, Committed index: 0, Last appended: 0.0, Last appended by leader: 0, Current term: 0, Majority size: -1, State: 0, Mode: NON_LEADER, active raft config: opid_index: -1 OBSOLETE_local: false peers { permanent_uuid: "dea42d956b9441c0bb418d29e0f78ea3" member_type: VOTER last_known_addr { host: "127.0.107.193" port: 38165 } } peers { permanent_uuid: "1ff2c7c93b904c11868a98297896e18f" member_type: VOTER last_known_addr { host: "127.0.107.194" port: 34603 } } peers { permanent_uuid: "1f3fce89aaaf44388230a4cb06aa976e" member_type: VOTER last_known_addr { host: "127.0.107.195" port: 38633 } }
I20260713 09:02:13.759122  1724 raft_consensus.cc:740] T 86a9a34e1bd745ee808671d184fd4754 P dea42d956b9441c0bb418d29e0f78ea3 [term 0 FOLLOWER]: Becoming Follower/Learner. State: Replica: dea42d956b9441c0bb418d29e0f78ea3, State: Initialized, Role: FOLLOWER
I20260713 09:02:13.759966  1724 consensus_queue.cc:260] T 86a9a34e1bd745ee808671d184fd4754 P dea42d956b9441c0bb418d29e0f78ea3 [NON_LEADER]: Queue going to NON_LEADER mode. State: All replicated index: 0, Majority replicated index: 0, Committed index: 0, Last appended: 0.0, Last appended by leader: 0, Current term: 0, Majority size: -1, State: 0, Mode: NON_LEADER, active raft config: opid_index: -1 OBSOLETE_local: false peers { permanent_uuid: "dea42d956b9441c0bb418d29e0f78ea3" member_type: VOTER last_known_addr { host: "127.0.107.193" port: 38165 } } peers { permanent_uuid: "1ff2c7c93b904c11868a98297896e18f" member_type: VOTER last_known_addr { host: "127.0.107.194" port: 34603 } } peers { permanent_uuid: "1f3fce89aaaf44388230a4cb06aa976e" member_type: VOTER last_known_addr { host: "127.0.107.195" port: 38633 } }
I20260713 09:02:13.760885  1727 ts_tablet_manager.cc:1434] T 47f83e371b7b4f00843cb7ca208ee02d P 1f3fce89aaaf44388230a4cb06aa976e: Time spent starting tablet: real 0.012s	user 0.010s	sys 0.000s
I20260713 09:02:13.762205  1727 tablet_bootstrap.cc:492] T 7f364acb5a304c3e963b8902f0a15287 P 1f3fce89aaaf44388230a4cb06aa976e: Bootstrap starting.
I20260713 09:02:13.762527  1724 ts_tablet_manager.cc:1434] T 86a9a34e1bd745ee808671d184fd4754 P dea42d956b9441c0bb418d29e0f78ea3: Time spent starting tablet: real 0.007s	user 0.009s	sys 0.000s
I20260713 09:02:13.763557  1724 tablet_bootstrap.cc:492] T 410274271b9a4d7ea1434c59b12b5dab P dea42d956b9441c0bb418d29e0f78ea3: Bootstrap starting.
I20260713 09:02:13.764501  1725 ts_tablet_manager.cc:1434] T 86a9a34e1bd745ee808671d184fd4754 P 1ff2c7c93b904c11868a98297896e18f: Time spent starting tablet: real 0.010s	user 0.005s	sys 0.001s
I20260713 09:02:13.765482  1725 tablet_bootstrap.cc:492] T 6886520448d14d8096d27ac0dff5bfaa P 1ff2c7c93b904c11868a98297896e18f: Bootstrap starting.
I20260713 09:02:13.768585  1727 tablet_bootstrap.cc:654] T 7f364acb5a304c3e963b8902f0a15287 P 1f3fce89aaaf44388230a4cb06aa976e: Neither blocks nor log segments found. Creating new log.
I20260713 09:02:13.770300  1724 tablet_bootstrap.cc:654] T 410274271b9a4d7ea1434c59b12b5dab P dea42d956b9441c0bb418d29e0f78ea3: Neither blocks nor log segments found. Creating new log.
I20260713 09:02:13.771962  1725 tablet_bootstrap.cc:654] T 6886520448d14d8096d27ac0dff5bfaa P 1ff2c7c93b904c11868a98297896e18f: Neither blocks nor log segments found. Creating new log.
I20260713 09:02:13.772780  1746 raft_consensus.cc:493] T 47f83e371b7b4f00843cb7ca208ee02d P 1ff2c7c93b904c11868a98297896e18f [term 0 FOLLOWER]: Starting pre-election (no leader contacted us within the election timeout)
I20260713 09:02:13.773294  1746 raft_consensus.cc:515] T 47f83e371b7b4f00843cb7ca208ee02d P 1ff2c7c93b904c11868a98297896e18f [term 0 FOLLOWER]: Starting pre-election with config: opid_index: -1 OBSOLETE_local: false peers { permanent_uuid: "1f3fce89aaaf44388230a4cb06aa976e" member_type: VOTER last_known_addr { host: "127.0.107.195" port: 38633 } } peers { permanent_uuid: "1ff2c7c93b904c11868a98297896e18f" member_type: VOTER last_known_addr { host: "127.0.107.194" port: 34603 } } peers { permanent_uuid: "dea42d956b9441c0bb418d29e0f78ea3" member_type: VOTER last_known_addr { host: "127.0.107.193" port: 38165 } }
I20260713 09:02:13.778532  1535 tablet_service.cc:1917] Received RequestConsensusVote() RPC: tablet_id: "47f83e371b7b4f00843cb7ca208ee02d" candidate_uuid: "1ff2c7c93b904c11868a98297896e18f" candidate_term: 1 candidate_status { last_received { term: 0 index: 0 } } ignore_live_leader: false dest_uuid: "dea42d956b9441c0bb418d29e0f78ea3" is_pre_election: true
I20260713 09:02:13.779397  1535 raft_consensus.cc:2468] T 47f83e371b7b4f00843cb7ca208ee02d P dea42d956b9441c0bb418d29e0f78ea3 [term 0 FOLLOWER]: Leader pre-election vote request: Granting yes vote for candidate 1ff2c7c93b904c11868a98297896e18f in term 0.
I20260713 09:02:13.780565  1684 tablet_service.cc:1917] Received RequestConsensusVote() RPC: tablet_id: "47f83e371b7b4f00843cb7ca208ee02d" candidate_uuid: "1ff2c7c93b904c11868a98297896e18f" candidate_term: 1 candidate_status { last_received { term: 0 index: 0 } } ignore_live_leader: false dest_uuid: "1f3fce89aaaf44388230a4cb06aa976e" is_pre_election: true
I20260713 09:02:13.781231  1684 raft_consensus.cc:2468] T 47f83e371b7b4f00843cb7ca208ee02d P 1f3fce89aaaf44388230a4cb06aa976e [term 0 FOLLOWER]: Leader pre-election vote request: Granting yes vote for candidate 1ff2c7c93b904c11868a98297896e18f in term 0.
I20260713 09:02:13.782538  1724 tablet_bootstrap.cc:492] T 410274271b9a4d7ea1434c59b12b5dab P dea42d956b9441c0bb418d29e0f78ea3: No bootstrap required, opened a new log
I20260713 09:02:13.782656  1575 leader_election.cc:304] T 47f83e371b7b4f00843cb7ca208ee02d P 1ff2c7c93b904c11868a98297896e18f [CANDIDATE]: Term 1 pre-election: Election decided. Result: candidate won. Election summary: received 2 responses out of 3 voters: 2 yes votes; 0 no votes. yes voters: 1ff2c7c93b904c11868a98297896e18f, dea42d956b9441c0bb418d29e0f78ea3; no voters: 
I20260713 09:02:13.783138  1724 ts_tablet_manager.cc:1403] T 410274271b9a4d7ea1434c59b12b5dab P dea42d956b9441c0bb418d29e0f78ea3: Time spent bootstrapping tablet: real 0.020s	user 0.012s	sys 0.006s
I20260713 09:02:13.783588  1751 raft_consensus.cc:2804] T 47f83e371b7b4f00843cb7ca208ee02d P 1ff2c7c93b904c11868a98297896e18f [term 0 FOLLOWER]: Leader pre-election won for term 1
I20260713 09:02:13.783991  1751 raft_consensus.cc:493] T 47f83e371b7b4f00843cb7ca208ee02d P 1ff2c7c93b904c11868a98297896e18f [term 0 FOLLOWER]: Starting leader election (no leader contacted us within the election timeout)
I20260713 09:02:13.784323  1751 raft_consensus.cc:3060] T 47f83e371b7b4f00843cb7ca208ee02d P 1ff2c7c93b904c11868a98297896e18f [term 0 FOLLOWER]: Advancing to term 1
I20260713 09:02:13.786145  1724 raft_consensus.cc:359] T 410274271b9a4d7ea1434c59b12b5dab P dea42d956b9441c0bb418d29e0f78ea3 [term 0 FOLLOWER]: Replica starting. Triggering 0 pending ops. Active config: opid_index: -1 OBSOLETE_local: false peers { permanent_uuid: "dea42d956b9441c0bb418d29e0f78ea3" member_type: VOTER last_known_addr { host: "127.0.107.193" port: 38165 } } peers { permanent_uuid: "1ff2c7c93b904c11868a98297896e18f" member_type: VOTER last_known_addr { host: "127.0.107.194" port: 34603 } } peers { permanent_uuid: "1f3fce89aaaf44388230a4cb06aa976e" member_type: VOTER last_known_addr { host: "127.0.107.195" port: 38633 } }
I20260713 09:02:13.786960  1724 raft_consensus.cc:385] T 410274271b9a4d7ea1434c59b12b5dab P dea42d956b9441c0bb418d29e0f78ea3 [term 0 FOLLOWER]: Consensus starting up: Expiring failure detector timer to make a prompt election more likely
I20260713 09:02:13.787277  1724 raft_consensus.cc:740] T 410274271b9a4d7ea1434c59b12b5dab P dea42d956b9441c0bb418d29e0f78ea3 [term 0 FOLLOWER]: Becoming Follower/Learner. State: Replica: dea42d956b9441c0bb418d29e0f78ea3, State: Initialized, Role: FOLLOWER
I20260713 09:02:13.788081  1724 consensus_queue.cc:260] T 410274271b9a4d7ea1434c59b12b5dab P dea42d956b9441c0bb418d29e0f78ea3 [NON_LEADER]: Queue going to NON_LEADER mode. State: All replicated index: 0, Majority replicated index: 0, Committed index: 0, Last appended: 0.0, Last appended by leader: 0, Current term: 0, Majority size: -1, State: 0, Mode: NON_LEADER, active raft config: opid_index: -1 OBSOLETE_local: false peers { permanent_uuid: "dea42d956b9441c0bb418d29e0f78ea3" member_type: VOTER last_known_addr { host: "127.0.107.193" port: 38165 } } peers { permanent_uuid: "1ff2c7c93b904c11868a98297896e18f" member_type: VOTER last_known_addr { host: "127.0.107.194" port: 34603 } } peers { permanent_uuid: "1f3fce89aaaf44388230a4cb06aa976e" member_type: VOTER last_known_addr { host: "127.0.107.195" port: 38633 } }
I20260713 09:02:13.789364  1746 leader_election.cc:290] T 47f83e371b7b4f00843cb7ca208ee02d P 1ff2c7c93b904c11868a98297896e18f [CANDIDATE]: Term 1 pre-election: Requested pre-vote from peers 1f3fce89aaaf44388230a4cb06aa976e (127.0.107.195:38633), dea42d956b9441c0bb418d29e0f78ea3 (127.0.107.193:38165)
I20260713 09:02:13.790362  1724 ts_tablet_manager.cc:1434] T 410274271b9a4d7ea1434c59b12b5dab P dea42d956b9441c0bb418d29e0f78ea3: Time spent starting tablet: real 0.007s	user 0.005s	sys 0.000s
I20260713 09:02:13.791296  1724 tablet_bootstrap.cc:492] T 4443a07e80904d98aae79522bd63a5a3 P dea42d956b9441c0bb418d29e0f78ea3: Bootstrap starting.
I20260713 09:02:13.792943  1751 raft_consensus.cc:515] T 47f83e371b7b4f00843cb7ca208ee02d P 1ff2c7c93b904c11868a98297896e18f [term 1 FOLLOWER]: Starting leader election with config: opid_index: -1 OBSOLETE_local: false peers { permanent_uuid: "1f3fce89aaaf44388230a4cb06aa976e" member_type: VOTER last_known_addr { host: "127.0.107.195" port: 38633 } } peers { permanent_uuid: "1ff2c7c93b904c11868a98297896e18f" member_type: VOTER last_known_addr { host: "127.0.107.194" port: 34603 } } peers { permanent_uuid: "dea42d956b9441c0bb418d29e0f78ea3" member_type: VOTER last_known_addr { host: "127.0.107.193" port: 38165 } }
I20260713 09:02:13.795686  1684 tablet_service.cc:1917] Received RequestConsensusVote() RPC: tablet_id: "47f83e371b7b4f00843cb7ca208ee02d" candidate_uuid: "1ff2c7c93b904c11868a98297896e18f" candidate_term: 1 candidate_status { last_received { term: 0 index: 0 } } ignore_live_leader: false dest_uuid: "1f3fce89aaaf44388230a4cb06aa976e"
I20260713 09:02:13.796250  1684 raft_consensus.cc:3060] T 47f83e371b7b4f00843cb7ca208ee02d P 1f3fce89aaaf44388230a4cb06aa976e [term 0 FOLLOWER]: Advancing to term 1
I20260713 09:02:13.797125  1724 tablet_bootstrap.cc:654] T 4443a07e80904d98aae79522bd63a5a3 P dea42d956b9441c0bb418d29e0f78ea3: Neither blocks nor log segments found. Creating new log.
I20260713 09:02:13.810292  1751 leader_election.cc:290] T 47f83e371b7b4f00843cb7ca208ee02d P 1ff2c7c93b904c11868a98297896e18f [CANDIDATE]: Term 1 election: Requested vote from peers 1f3fce89aaaf44388230a4cb06aa976e (127.0.107.195:38633), dea42d956b9441c0bb418d29e0f78ea3 (127.0.107.193:38165)
I20260713 09:02:13.804468  1684 raft_consensus.cc:2468] T 47f83e371b7b4f00843cb7ca208ee02d P 1f3fce89aaaf44388230a4cb06aa976e [term 1 FOLLOWER]: Leader election vote request: Granting yes vote for candidate 1ff2c7c93b904c11868a98297896e18f in term 1.
I20260713 09:02:13.814502  1576 leader_election.cc:304] T 47f83e371b7b4f00843cb7ca208ee02d P 1ff2c7c93b904c11868a98297896e18f [CANDIDATE]: Term 1 election: Election decided. Result: candidate won. Election summary: received 2 responses out of 3 voters: 2 yes votes; 0 no votes. yes voters: 1f3fce89aaaf44388230a4cb06aa976e, 1ff2c7c93b904c11868a98297896e18f; no voters: 
I20260713 09:02:13.815726  1751 raft_consensus.cc:2804] T 47f83e371b7b4f00843cb7ca208ee02d P 1ff2c7c93b904c11868a98297896e18f [term 1 FOLLOWER]: Leader election won for term 1
I20260713 09:02:13.815726  1535 tablet_service.cc:1917] Received RequestConsensusVote() RPC: tablet_id: "47f83e371b7b4f00843cb7ca208ee02d" candidate_uuid: "1ff2c7c93b904c11868a98297896e18f" candidate_term: 1 candidate_status { last_received { term: 0 index: 0 } } ignore_live_leader: false dest_uuid: "dea42d956b9441c0bb418d29e0f78ea3"
I20260713 09:02:13.816423  1535 raft_consensus.cc:3060] T 47f83e371b7b4f00843cb7ca208ee02d P dea42d956b9441c0bb418d29e0f78ea3 [term 0 FOLLOWER]: Advancing to term 1
I20260713 09:02:13.816744  1727 tablet_bootstrap.cc:492] T 7f364acb5a304c3e963b8902f0a15287 P 1f3fce89aaaf44388230a4cb06aa976e: No bootstrap required, opened a new log
I20260713 09:02:13.816813  1724 tablet_bootstrap.cc:492] T 4443a07e80904d98aae79522bd63a5a3 P dea42d956b9441c0bb418d29e0f78ea3: No bootstrap required, opened a new log
I20260713 09:02:13.817088  1751 raft_consensus.cc:697] T 47f83e371b7b4f00843cb7ca208ee02d P 1ff2c7c93b904c11868a98297896e18f [term 1 LEADER]: Becoming Leader. State: Replica: 1ff2c7c93b904c11868a98297896e18f, State: Running, Role: LEADER
I20260713 09:02:13.817337  1724 ts_tablet_manager.cc:1403] T 4443a07e80904d98aae79522bd63a5a3 P dea42d956b9441c0bb418d29e0f78ea3: Time spent bootstrapping tablet: real 0.026s	user 0.013s	sys 0.007s
I20260713 09:02:13.817318  1727 ts_tablet_manager.cc:1403] T 7f364acb5a304c3e963b8902f0a15287 P 1f3fce89aaaf44388230a4cb06aa976e: Time spent bootstrapping tablet: real 0.055s	user 0.014s	sys 0.038s
I20260713 09:02:13.818128  1751 consensus_queue.cc:237] T 47f83e371b7b4f00843cb7ca208ee02d P 1ff2c7c93b904c11868a98297896e18f [LEADER]: Queue going to LEADER mode. State: All replicated index: 0, Majority replicated index: 0, Committed index: 0, Last appended: 0.0, Last appended by leader: 0, Current term: 1, Majority size: 2, State: 0, Mode: LEADER, active raft config: opid_index: -1 OBSOLETE_local: false peers { permanent_uuid: "1f3fce89aaaf44388230a4cb06aa976e" member_type: VOTER last_known_addr { host: "127.0.107.195" port: 38633 } } peers { permanent_uuid: "1ff2c7c93b904c11868a98297896e18f" member_type: VOTER last_known_addr { host: "127.0.107.194" port: 34603 } } peers { permanent_uuid: "dea42d956b9441c0bb418d29e0f78ea3" member_type: VOTER last_known_addr { host: "127.0.107.193" port: 38165 } }
I20260713 09:02:13.820341  1724 raft_consensus.cc:359] T 4443a07e80904d98aae79522bd63a5a3 P dea42d956b9441c0bb418d29e0f78ea3 [term 0 FOLLOWER]: Replica starting. Triggering 0 pending ops. Active config: opid_index: -1 OBSOLETE_local: false peers { permanent_uuid: "dea42d956b9441c0bb418d29e0f78ea3" member_type: VOTER last_known_addr { host: "127.0.107.193" port: 38165 } } peers { permanent_uuid: "1ff2c7c93b904c11868a98297896e18f" member_type: VOTER last_known_addr { host: "127.0.107.194" port: 34603 } } peers { permanent_uuid: "1f3fce89aaaf44388230a4cb06aa976e" member_type: VOTER last_known_addr { host: "127.0.107.195" port: 38633 } }
I20260713 09:02:13.821110  1724 raft_consensus.cc:385] T 4443a07e80904d98aae79522bd63a5a3 P dea42d956b9441c0bb418d29e0f78ea3 [term 0 FOLLOWER]: Consensus starting up: Expiring failure detector timer to make a prompt election more likely
I20260713 09:02:13.820892  1727 raft_consensus.cc:359] T 7f364acb5a304c3e963b8902f0a15287 P 1f3fce89aaaf44388230a4cb06aa976e [term 0 FOLLOWER]: Replica starting. Triggering 0 pending ops. Active config: opid_index: -1 OBSOLETE_local: false peers { permanent_uuid: "dea42d956b9441c0bb418d29e0f78ea3" member_type: VOTER last_known_addr { host: "127.0.107.193" port: 38165 } } peers { permanent_uuid: "1ff2c7c93b904c11868a98297896e18f" member_type: VOTER last_known_addr { host: "127.0.107.194" port: 34603 } } peers { permanent_uuid: "1f3fce89aaaf44388230a4cb06aa976e" member_type: VOTER last_known_addr { host: "127.0.107.195" port: 38633 } }
I20260713 09:02:13.821437  1724 raft_consensus.cc:740] T 4443a07e80904d98aae79522bd63a5a3 P dea42d956b9441c0bb418d29e0f78ea3 [term 0 FOLLOWER]: Becoming Follower/Learner. State: Replica: dea42d956b9441c0bb418d29e0f78ea3, State: Initialized, Role: FOLLOWER
I20260713 09:02:13.821612  1727 raft_consensus.cc:385] T 7f364acb5a304c3e963b8902f0a15287 P 1f3fce89aaaf44388230a4cb06aa976e [term 0 FOLLOWER]: Consensus starting up: Expiring failure detector timer to make a prompt election more likely
I20260713 09:02:13.821938  1727 raft_consensus.cc:740] T 7f364acb5a304c3e963b8902f0a15287 P 1f3fce89aaaf44388230a4cb06aa976e [term 0 FOLLOWER]: Becoming Follower/Learner. State: Replica: 1f3fce89aaaf44388230a4cb06aa976e, State: Initialized, Role: FOLLOWER
I20260713 09:02:13.822427  1724 consensus_queue.cc:260] T 4443a07e80904d98aae79522bd63a5a3 P dea42d956b9441c0bb418d29e0f78ea3 [NON_LEADER]: Queue going to NON_LEADER mode. State: All replicated index: 0, Majority replicated index: 0, Committed index: 0, Last appended: 0.0, Last appended by leader: 0, Current term: 0, Majority size: -1, State: 0, Mode: NON_LEADER, active raft config: opid_index: -1 OBSOLETE_local: false peers { permanent_uuid: "dea42d956b9441c0bb418d29e0f78ea3" member_type: VOTER last_known_addr { host: "127.0.107.193" port: 38165 } } peers { permanent_uuid: "1ff2c7c93b904c11868a98297896e18f" member_type: VOTER last_known_addr { host: "127.0.107.194" port: 34603 } } peers { permanent_uuid: "1f3fce89aaaf44388230a4cb06aa976e" member_type: VOTER last_known_addr { host: "127.0.107.195" port: 38633 } }
I20260713 09:02:13.822734  1727 consensus_queue.cc:260] T 7f364acb5a304c3e963b8902f0a15287 P 1f3fce89aaaf44388230a4cb06aa976e [NON_LEADER]: Queue going to NON_LEADER mode. State: All replicated index: 0, Majority replicated index: 0, Committed index: 0, Last appended: 0.0, Last appended by leader: 0, Current term: 0, Majority size: -1, State: 0, Mode: NON_LEADER, active raft config: opid_index: -1 OBSOLETE_local: false peers { permanent_uuid: "dea42d956b9441c0bb418d29e0f78ea3" member_type: VOTER last_known_addr { host: "127.0.107.193" port: 38165 } } peers { permanent_uuid: "1ff2c7c93b904c11868a98297896e18f" member_type: VOTER last_known_addr { host: "127.0.107.194" port: 34603 } } peers { permanent_uuid: "1f3fce89aaaf44388230a4cb06aa976e" member_type: VOTER last_known_addr { host: "127.0.107.195" port: 38633 } }
I20260713 09:02:13.824820  1724 ts_tablet_manager.cc:1434] T 4443a07e80904d98aae79522bd63a5a3 P dea42d956b9441c0bb418d29e0f78ea3: Time spent starting tablet: real 0.007s	user 0.006s	sys 0.000s
I20260713 09:02:13.824820  1727 ts_tablet_manager.cc:1434] T 7f364acb5a304c3e963b8902f0a15287 P 1f3fce89aaaf44388230a4cb06aa976e: Time spent starting tablet: real 0.007s	user 0.006s	sys 0.000s
I20260713 09:02:13.825861  1727 tablet_bootstrap.cc:492] T 6886520448d14d8096d27ac0dff5bfaa P 1f3fce89aaaf44388230a4cb06aa976e: Bootstrap starting.
I20260713 09:02:13.825861  1724 tablet_bootstrap.cc:492] T b5b289e2dc1b4c8aa6ecb262e0745834 P dea42d956b9441c0bb418d29e0f78ea3: Bootstrap starting.
I20260713 09:02:13.826517  1535 raft_consensus.cc:2468] T 47f83e371b7b4f00843cb7ca208ee02d P dea42d956b9441c0bb418d29e0f78ea3 [term 1 FOLLOWER]: Leader election vote request: Granting yes vote for candidate 1ff2c7c93b904c11868a98297896e18f in term 1.
I20260713 09:02:13.830263  1725 tablet_bootstrap.cc:492] T 6886520448d14d8096d27ac0dff5bfaa P 1ff2c7c93b904c11868a98297896e18f: No bootstrap required, opened a new log
I20260713 09:02:13.830734  1725 ts_tablet_manager.cc:1403] T 6886520448d14d8096d27ac0dff5bfaa P 1ff2c7c93b904c11868a98297896e18f: Time spent bootstrapping tablet: real 0.065s	user 0.002s	sys 0.011s
I20260713 09:02:13.832187  1724 tablet_bootstrap.cc:654] T b5b289e2dc1b4c8aa6ecb262e0745834 P dea42d956b9441c0bb418d29e0f78ea3: Neither blocks nor log segments found. Creating new log.
I20260713 09:02:13.833612  1725 raft_consensus.cc:359] T 6886520448d14d8096d27ac0dff5bfaa P 1ff2c7c93b904c11868a98297896e18f [term 0 FOLLOWER]: Replica starting. Triggering 0 pending ops. Active config: opid_index: -1 OBSOLETE_local: false peers { permanent_uuid: "dea42d956b9441c0bb418d29e0f78ea3" member_type: VOTER last_known_addr { host: "127.0.107.193" port: 38165 } } peers { permanent_uuid: "1ff2c7c93b904c11868a98297896e18f" member_type: VOTER last_known_addr { host: "127.0.107.194" port: 34603 } } peers { permanent_uuid: "1f3fce89aaaf44388230a4cb06aa976e" member_type: VOTER last_known_addr { host: "127.0.107.195" port: 38633 } }
I20260713 09:02:13.834386  1725 raft_consensus.cc:385] T 6886520448d14d8096d27ac0dff5bfaa P 1ff2c7c93b904c11868a98297896e18f [term 0 FOLLOWER]: Consensus starting up: Expiring failure detector timer to make a prompt election more likely
I20260713 09:02:13.834685  1725 raft_consensus.cc:740] T 6886520448d14d8096d27ac0dff5bfaa P 1ff2c7c93b904c11868a98297896e18f [term 0 FOLLOWER]: Becoming Follower/Learner. State: Replica: 1ff2c7c93b904c11868a98297896e18f, State: Initialized, Role: FOLLOWER
I20260713 09:02:13.835595  1725 consensus_queue.cc:260] T 6886520448d14d8096d27ac0dff5bfaa P 1ff2c7c93b904c11868a98297896e18f [NON_LEADER]: Queue going to NON_LEADER mode. State: All replicated index: 0, Majority replicated index: 0, Committed index: 0, Last appended: 0.0, Last appended by leader: 0, Current term: 0, Majority size: -1, State: 0, Mode: NON_LEADER, active raft config: opid_index: -1 OBSOLETE_local: false peers { permanent_uuid: "dea42d956b9441c0bb418d29e0f78ea3" member_type: VOTER last_known_addr { host: "127.0.107.193" port: 38165 } } peers { permanent_uuid: "1ff2c7c93b904c11868a98297896e18f" member_type: VOTER last_known_addr { host: "127.0.107.194" port: 34603 } } peers { permanent_uuid: "1f3fce89aaaf44388230a4cb06aa976e" member_type: VOTER last_known_addr { host: "127.0.107.195" port: 38633 } }
I20260713 09:02:13.838518  1725 ts_tablet_manager.cc:1434] T 6886520448d14d8096d27ac0dff5bfaa P 1ff2c7c93b904c11868a98297896e18f: Time spent starting tablet: real 0.007s	user 0.007s	sys 0.001s
I20260713 09:02:13.839737  1725 tablet_bootstrap.cc:492] T 2003c60bf12c4a899dcc69b0293781c6 P 1ff2c7c93b904c11868a98297896e18f: Bootstrap starting.
I20260713 09:02:13.844843  1727 tablet_bootstrap.cc:654] T 6886520448d14d8096d27ac0dff5bfaa P 1f3fce89aaaf44388230a4cb06aa976e: Neither blocks nor log segments found. Creating new log.
I20260713 09:02:13.844983  1724 tablet_bootstrap.cc:492] T b5b289e2dc1b4c8aa6ecb262e0745834 P dea42d956b9441c0bb418d29e0f78ea3: No bootstrap required, opened a new log
I20260713 09:02:13.845489  1724 ts_tablet_manager.cc:1403] T b5b289e2dc1b4c8aa6ecb262e0745834 P dea42d956b9441c0bb418d29e0f78ea3: Time spent bootstrapping tablet: real 0.020s	user 0.015s	sys 0.003s
I20260713 09:02:13.848369  1724 raft_consensus.cc:359] T b5b289e2dc1b4c8aa6ecb262e0745834 P dea42d956b9441c0bb418d29e0f78ea3 [term 0 FOLLOWER]: Replica starting. Triggering 0 pending ops. Active config: opid_index: -1 OBSOLETE_local: false peers { permanent_uuid: "dea42d956b9441c0bb418d29e0f78ea3" member_type: VOTER last_known_addr { host: "127.0.107.193" port: 38165 } } peers { permanent_uuid: "1ff2c7c93b904c11868a98297896e18f" member_type: VOTER last_known_addr { host: "127.0.107.194" port: 34603 } } peers { permanent_uuid: "1f3fce89aaaf44388230a4cb06aa976e" member_type: VOTER last_known_addr { host: "127.0.107.195" port: 38633 } }
I20260713 09:02:13.849378  1724 raft_consensus.cc:385] T b5b289e2dc1b4c8aa6ecb262e0745834 P dea42d956b9441c0bb418d29e0f78ea3 [term 0 FOLLOWER]: Consensus starting up: Expiring failure detector timer to make a prompt election more likely
I20260713 09:02:13.849805  1724 raft_consensus.cc:740] T b5b289e2dc1b4c8aa6ecb262e0745834 P dea42d956b9441c0bb418d29e0f78ea3 [term 0 FOLLOWER]: Becoming Follower/Learner. State: Replica: dea42d956b9441c0bb418d29e0f78ea3, State: Initialized, Role: FOLLOWER
I20260713 09:02:13.850339  1725 tablet_bootstrap.cc:654] T 2003c60bf12c4a899dcc69b0293781c6 P 1ff2c7c93b904c11868a98297896e18f: Neither blocks nor log segments found. Creating new log.
I20260713 09:02:13.850170  1432 catalog_manager.cc:5697] T 47f83e371b7b4f00843cb7ca208ee02d P 1ff2c7c93b904c11868a98297896e18f reported cstate change: term changed from 0 to 1, leader changed from <none> to 1ff2c7c93b904c11868a98297896e18f (127.0.107.194). New cstate: current_term: 1 leader_uuid: "1ff2c7c93b904c11868a98297896e18f" committed_config { opid_index: -1 OBSOLETE_local: false peers { permanent_uuid: "1f3fce89aaaf44388230a4cb06aa976e" member_type: VOTER last_known_addr { host: "127.0.107.195" port: 38633 } health_report { overall_health: UNKNOWN } } peers { permanent_uuid: "1ff2c7c93b904c11868a98297896e18f" member_type: VOTER last_known_addr { host: "127.0.107.194" port: 34603 } health_report { overall_health: HEALTHY } } peers { permanent_uuid: "dea42d956b9441c0bb418d29e0f78ea3" member_type: VOTER last_known_addr { host: "127.0.107.193" port: 38165 } health_report { overall_health: UNKNOWN } } }
I20260713 09:02:13.850903  1724 consensus_queue.cc:260] T b5b289e2dc1b4c8aa6ecb262e0745834 P dea42d956b9441c0bb418d29e0f78ea3 [NON_LEADER]: Queue going to NON_LEADER mode. State: All replicated index: 0, Majority replicated index: 0, Committed index: 0, Last appended: 0.0, Last appended by leader: 0, Current term: 0, Majority size: -1, State: 0, Mode: NON_LEADER, active raft config: opid_index: -1 OBSOLETE_local: false peers { permanent_uuid: "dea42d956b9441c0bb418d29e0f78ea3" member_type: VOTER last_known_addr { host: "127.0.107.193" port: 38165 } } peers { permanent_uuid: "1ff2c7c93b904c11868a98297896e18f" member_type: VOTER last_known_addr { host: "127.0.107.194" port: 34603 } } peers { permanent_uuid: "1f3fce89aaaf44388230a4cb06aa976e" member_type: VOTER last_known_addr { host: "127.0.107.195" port: 38633 } }
I20260713 09:02:13.853067  1751 raft_consensus.cc:493] T 6886520448d14d8096d27ac0dff5bfaa P 1ff2c7c93b904c11868a98297896e18f [term 0 FOLLOWER]: Starting pre-election (no leader contacted us within the election timeout)
I20260713 09:02:13.856016  1751 raft_consensus.cc:515] T 6886520448d14d8096d27ac0dff5bfaa P 1ff2c7c93b904c11868a98297896e18f [term 0 FOLLOWER]: Starting pre-election with config: opid_index: -1 OBSOLETE_local: false peers { permanent_uuid: "dea42d956b9441c0bb418d29e0f78ea3" member_type: VOTER last_known_addr { host: "127.0.107.193" port: 38165 } } peers { permanent_uuid: "1ff2c7c93b904c11868a98297896e18f" member_type: VOTER last_known_addr { host: "127.0.107.194" port: 34603 } } peers { permanent_uuid: "1f3fce89aaaf44388230a4cb06aa976e" member_type: VOTER last_known_addr { host: "127.0.107.195" port: 38633 } }
I20260713 09:02:13.858278  1724 ts_tablet_manager.cc:1434] T b5b289e2dc1b4c8aa6ecb262e0745834 P dea42d956b9441c0bb418d29e0f78ea3: Time spent starting tablet: real 0.012s	user 0.006s	sys 0.000s
I20260713 09:02:13.859181  1724 tablet_bootstrap.cc:492] T 2003c60bf12c4a899dcc69b0293781c6 P dea42d956b9441c0bb418d29e0f78ea3: Bootstrap starting.
I20260713 09:02:13.861629  1535 tablet_service.cc:1917] Received RequestConsensusVote() RPC: tablet_id: "6886520448d14d8096d27ac0dff5bfaa" candidate_uuid: "1ff2c7c93b904c11868a98297896e18f" candidate_term: 1 candidate_status { last_received { term: 0 index: 0 } } ignore_live_leader: false dest_uuid: "dea42d956b9441c0bb418d29e0f78ea3" is_pre_election: true
I20260713 09:02:13.862480  1535 raft_consensus.cc:2468] T 6886520448d14d8096d27ac0dff5bfaa P dea42d956b9441c0bb418d29e0f78ea3 [term 0 FOLLOWER]: Leader pre-election vote request: Granting yes vote for candidate 1ff2c7c93b904c11868a98297896e18f in term 0.
I20260713 09:02:13.864565  1724 tablet_bootstrap.cc:654] T 2003c60bf12c4a899dcc69b0293781c6 P dea42d956b9441c0bb418d29e0f78ea3: Neither blocks nor log segments found. Creating new log.
I20260713 09:02:13.864288  1575 leader_election.cc:304] T 6886520448d14d8096d27ac0dff5bfaa P 1ff2c7c93b904c11868a98297896e18f [CANDIDATE]: Term 1 pre-election: Election decided. Result: candidate won. Election summary: received 2 responses out of 3 voters: 2 yes votes; 0 no votes. yes voters: 1ff2c7c93b904c11868a98297896e18f, dea42d956b9441c0bb418d29e0f78ea3; no voters: 
I20260713 09:02:13.865414  1746 raft_consensus.cc:2804] T 6886520448d14d8096d27ac0dff5bfaa P 1ff2c7c93b904c11868a98297896e18f [term 0 FOLLOWER]: Leader pre-election won for term 1
I20260713 09:02:13.865876  1746 raft_consensus.cc:493] T 6886520448d14d8096d27ac0dff5bfaa P 1ff2c7c93b904c11868a98297896e18f [term 0 FOLLOWER]: Starting leader election (no leader contacted us within the election timeout)
I20260713 09:02:13.866292  1746 raft_consensus.cc:3060] T 6886520448d14d8096d27ac0dff5bfaa P 1ff2c7c93b904c11868a98297896e18f [term 0 FOLLOWER]: Advancing to term 1
I20260713 09:02:13.871044  1684 tablet_service.cc:1917] Received RequestConsensusVote() RPC: tablet_id: "6886520448d14d8096d27ac0dff5bfaa" candidate_uuid: "1ff2c7c93b904c11868a98297896e18f" candidate_term: 1 candidate_status { last_received { term: 0 index: 0 } } ignore_live_leader: false dest_uuid: "1f3fce89aaaf44388230a4cb06aa976e" is_pre_election: true
W20260713 09:02:13.872843  1576 leader_election.cc:343] T 6886520448d14d8096d27ac0dff5bfaa P 1ff2c7c93b904c11868a98297896e18f [CANDIDATE]: Term 1 pre-election: Tablet error from VoteRequest() call to peer 1f3fce89aaaf44388230a4cb06aa976e (127.0.107.195:38633): Illegal state: must be running to vote when last-logged opid is not known
I20260713 09:02:13.873595  1751 leader_election.cc:290] T 6886520448d14d8096d27ac0dff5bfaa P 1ff2c7c93b904c11868a98297896e18f [CANDIDATE]: Term 1 pre-election: Requested pre-vote from peers dea42d956b9441c0bb418d29e0f78ea3 (127.0.107.193:38165), 1f3fce89aaaf44388230a4cb06aa976e (127.0.107.195:38633)
I20260713 09:02:13.880745  1746 raft_consensus.cc:515] T 6886520448d14d8096d27ac0dff5bfaa P 1ff2c7c93b904c11868a98297896e18f [term 1 FOLLOWER]: Starting leader election with config: opid_index: -1 OBSOLETE_local: false peers { permanent_uuid: "dea42d956b9441c0bb418d29e0f78ea3" member_type: VOTER last_known_addr { host: "127.0.107.193" port: 38165 } } peers { permanent_uuid: "1ff2c7c93b904c11868a98297896e18f" member_type: VOTER last_known_addr { host: "127.0.107.194" port: 34603 } } peers { permanent_uuid: "1f3fce89aaaf44388230a4cb06aa976e" member_type: VOTER last_known_addr { host: "127.0.107.195" port: 38633 } }
I20260713 09:02:13.885434  1725 tablet_bootstrap.cc:492] T 2003c60bf12c4a899dcc69b0293781c6 P 1ff2c7c93b904c11868a98297896e18f: No bootstrap required, opened a new log
I20260713 09:02:13.885815  1727 tablet_bootstrap.cc:492] T 6886520448d14d8096d27ac0dff5bfaa P 1f3fce89aaaf44388230a4cb06aa976e: No bootstrap required, opened a new log
I20260713 09:02:13.885869  1725 ts_tablet_manager.cc:1403] T 2003c60bf12c4a899dcc69b0293781c6 P 1ff2c7c93b904c11868a98297896e18f: Time spent bootstrapping tablet: real 0.046s	user 0.012s	sys 0.003s
I20260713 09:02:13.886369  1727 ts_tablet_manager.cc:1403] T 6886520448d14d8096d27ac0dff5bfaa P 1f3fce89aaaf44388230a4cb06aa976e: Time spent bootstrapping tablet: real 0.061s	user 0.028s	sys 0.016s
I20260713 09:02:13.887940  1684 tablet_service.cc:1917] Received RequestConsensusVote() RPC: tablet_id: "6886520448d14d8096d27ac0dff5bfaa" candidate_uuid: "1ff2c7c93b904c11868a98297896e18f" candidate_term: 1 candidate_status { last_received { term: 0 index: 0 } } ignore_live_leader: false dest_uuid: "1f3fce89aaaf44388230a4cb06aa976e"
I20260713 09:02:13.888641  1725 raft_consensus.cc:359] T 2003c60bf12c4a899dcc69b0293781c6 P 1ff2c7c93b904c11868a98297896e18f [term 0 FOLLOWER]: Replica starting. Triggering 0 pending ops. Active config: opid_index: -1 OBSOLETE_local: false peers { permanent_uuid: "dea42d956b9441c0bb418d29e0f78ea3" member_type: VOTER last_known_addr { host: "127.0.107.193" port: 38165 } } peers { permanent_uuid: "1ff2c7c93b904c11868a98297896e18f" member_type: VOTER last_known_addr { host: "127.0.107.194" port: 34603 } } peers { permanent_uuid: "1f3fce89aaaf44388230a4cb06aa976e" member_type: VOTER last_known_addr { host: "127.0.107.195" port: 38633 } }
W20260713 09:02:13.889269  1576 leader_election.cc:343] T 6886520448d14d8096d27ac0dff5bfaa P 1ff2c7c93b904c11868a98297896e18f [CANDIDATE]: Term 1 election: Tablet error from VoteRequest() call to peer 1f3fce89aaaf44388230a4cb06aa976e (127.0.107.195:38633): Illegal state: must be running to vote when last-logged opid is not known
I20260713 09:02:13.889635  1535 tablet_service.cc:1917] Received RequestConsensusVote() RPC: tablet_id: "6886520448d14d8096d27ac0dff5bfaa" candidate_uuid: "1ff2c7c93b904c11868a98297896e18f" candidate_term: 1 candidate_status { last_received { term: 0 index: 0 } } ignore_live_leader: false dest_uuid: "dea42d956b9441c0bb418d29e0f78ea3"
I20260713 09:02:13.889829  1746 leader_election.cc:290] T 6886520448d14d8096d27ac0dff5bfaa P 1ff2c7c93b904c11868a98297896e18f [CANDIDATE]: Term 1 election: Requested vote from peers dea42d956b9441c0bb418d29e0f78ea3 (127.0.107.193:38165), 1f3fce89aaaf44388230a4cb06aa976e (127.0.107.195:38633)
I20260713 09:02:13.890187  1535 raft_consensus.cc:3060] T 6886520448d14d8096d27ac0dff5bfaa P dea42d956b9441c0bb418d29e0f78ea3 [term 0 FOLLOWER]: Advancing to term 1
I20260713 09:02:13.889298  1725 raft_consensus.cc:385] T 2003c60bf12c4a899dcc69b0293781c6 P 1ff2c7c93b904c11868a98297896e18f [term 0 FOLLOWER]: Consensus starting up: Expiring failure detector timer to make a prompt election more likely
I20260713 09:02:13.890686  1724 tablet_bootstrap.cc:492] T 2003c60bf12c4a899dcc69b0293781c6 P dea42d956b9441c0bb418d29e0f78ea3: No bootstrap required, opened a new log
I20260713 09:02:13.890689  1725 raft_consensus.cc:740] T 2003c60bf12c4a899dcc69b0293781c6 P 1ff2c7c93b904c11868a98297896e18f [term 0 FOLLOWER]: Becoming Follower/Learner. State: Replica: 1ff2c7c93b904c11868a98297896e18f, State: Initialized, Role: FOLLOWER
I20260713 09:02:13.891211  1724 ts_tablet_manager.cc:1403] T 2003c60bf12c4a899dcc69b0293781c6 P dea42d956b9441c0bb418d29e0f78ea3: Time spent bootstrapping tablet: real 0.032s	user 0.009s	sys 0.017s
I20260713 09:02:13.891543  1725 consensus_queue.cc:260] T 2003c60bf12c4a899dcc69b0293781c6 P 1ff2c7c93b904c11868a98297896e18f [NON_LEADER]: Queue going to NON_LEADER mode. State: All replicated index: 0, Majority replicated index: 0, Committed index: 0, Last appended: 0.0, Last appended by leader: 0, Current term: 0, Majority size: -1, State: 0, Mode: NON_LEADER, active raft config: opid_index: -1 OBSOLETE_local: false peers { permanent_uuid: "dea42d956b9441c0bb418d29e0f78ea3" member_type: VOTER last_known_addr { host: "127.0.107.193" port: 38165 } } peers { permanent_uuid: "1ff2c7c93b904c11868a98297896e18f" member_type: VOTER last_known_addr { host: "127.0.107.194" port: 34603 } } peers { permanent_uuid: "1f3fce89aaaf44388230a4cb06aa976e" member_type: VOTER last_known_addr { host: "127.0.107.195" port: 38633 } }
I20260713 09:02:13.893456  1725 ts_tablet_manager.cc:1434] T 2003c60bf12c4a899dcc69b0293781c6 P 1ff2c7c93b904c11868a98297896e18f: Time spent starting tablet: real 0.007s	user 0.007s	sys 0.000s
I20260713 09:02:13.893460  1724 raft_consensus.cc:359] T 2003c60bf12c4a899dcc69b0293781c6 P dea42d956b9441c0bb418d29e0f78ea3 [term 0 FOLLOWER]: Replica starting. Triggering 0 pending ops. Active config: opid_index: -1 OBSOLETE_local: false peers { permanent_uuid: "dea42d956b9441c0bb418d29e0f78ea3" member_type: VOTER last_known_addr { host: "127.0.107.193" port: 38165 } } peers { permanent_uuid: "1ff2c7c93b904c11868a98297896e18f" member_type: VOTER last_known_addr { host: "127.0.107.194" port: 34603 } } peers { permanent_uuid: "1f3fce89aaaf44388230a4cb06aa976e" member_type: VOTER last_known_addr { host: "127.0.107.195" port: 38633 } }
I20260713 09:02:13.894248  1724 raft_consensus.cc:385] T 2003c60bf12c4a899dcc69b0293781c6 P dea42d956b9441c0bb418d29e0f78ea3 [term 0 FOLLOWER]: Consensus starting up: Expiring failure detector timer to make a prompt election more likely
I20260713 09:02:13.894455  1725 tablet_bootstrap.cc:492] T b5b289e2dc1b4c8aa6ecb262e0745834 P 1ff2c7c93b904c11868a98297896e18f: Bootstrap starting.
I20260713 09:02:13.894531  1724 raft_consensus.cc:740] T 2003c60bf12c4a899dcc69b0293781c6 P dea42d956b9441c0bb418d29e0f78ea3 [term 0 FOLLOWER]: Becoming Follower/Learner. State: Replica: dea42d956b9441c0bb418d29e0f78ea3, State: Initialized, Role: FOLLOWER
I20260713 09:02:13.895288  1724 consensus_queue.cc:260] T 2003c60bf12c4a899dcc69b0293781c6 P dea42d956b9441c0bb418d29e0f78ea3 [NON_LEADER]: Queue going to NON_LEADER mode. State: All replicated index: 0, Majority replicated index: 0, Committed index: 0, Last appended: 0.0, Last appended by leader: 0, Current term: 0, Majority size: -1, State: 0, Mode: NON_LEADER, active raft config: opid_index: -1 OBSOLETE_local: false peers { permanent_uuid: "dea42d956b9441c0bb418d29e0f78ea3" member_type: VOTER last_known_addr { host: "127.0.107.193" port: 38165 } } peers { permanent_uuid: "1ff2c7c93b904c11868a98297896e18f" member_type: VOTER last_known_addr { host: "127.0.107.194" port: 34603 } } peers { permanent_uuid: "1f3fce89aaaf44388230a4cb06aa976e" member_type: VOTER last_known_addr { host: "127.0.107.195" port: 38633 } }
I20260713 09:02:13.896888  1535 raft_consensus.cc:2468] T 6886520448d14d8096d27ac0dff5bfaa P dea42d956b9441c0bb418d29e0f78ea3 [term 1 FOLLOWER]: Leader election vote request: Granting yes vote for candidate 1ff2c7c93b904c11868a98297896e18f in term 1.
I20260713 09:02:13.897234  1724 ts_tablet_manager.cc:1434] T 2003c60bf12c4a899dcc69b0293781c6 P dea42d956b9441c0bb418d29e0f78ea3: Time spent starting tablet: real 0.006s	user 0.006s	sys 0.000s
I20260713 09:02:13.889300  1727 raft_consensus.cc:359] T 6886520448d14d8096d27ac0dff5bfaa P 1f3fce89aaaf44388230a4cb06aa976e [term 0 FOLLOWER]: Replica starting. Triggering 0 pending ops. Active config: opid_index: -1 OBSOLETE_local: false peers { permanent_uuid: "dea42d956b9441c0bb418d29e0f78ea3" member_type: VOTER last_known_addr { host: "127.0.107.193" port: 38165 } } peers { permanent_uuid: "1ff2c7c93b904c11868a98297896e18f" member_type: VOTER last_known_addr { host: "127.0.107.194" port: 34603 } } peers { permanent_uuid: "1f3fce89aaaf44388230a4cb06aa976e" member_type: VOTER last_known_addr { host: "127.0.107.195" port: 38633 } }
I20260713 09:02:13.898207  1727 raft_consensus.cc:385] T 6886520448d14d8096d27ac0dff5bfaa P 1f3fce89aaaf44388230a4cb06aa976e [term 0 FOLLOWER]: Consensus starting up: Expiring failure detector timer to make a prompt election more likely
I20260713 09:02:13.898113  1575 leader_election.cc:304] T 6886520448d14d8096d27ac0dff5bfaa P 1ff2c7c93b904c11868a98297896e18f [CANDIDATE]: Term 1 election: Election decided. Result: candidate won. Election summary: received 3 responses out of 3 voters: 2 yes votes; 1 no votes. yes voters: 1ff2c7c93b904c11868a98297896e18f, dea42d956b9441c0bb418d29e0f78ea3; no voters: 1f3fce89aaaf44388230a4cb06aa976e
I20260713 09:02:13.898581  1727 raft_consensus.cc:740] T 6886520448d14d8096d27ac0dff5bfaa P 1f3fce89aaaf44388230a4cb06aa976e [term 0 FOLLOWER]: Becoming Follower/Learner. State: Replica: 1f3fce89aaaf44388230a4cb06aa976e, State: Initialized, Role: FOLLOWER
I20260713 09:02:13.899242  1751 raft_consensus.cc:2804] T 6886520448d14d8096d27ac0dff5bfaa P 1ff2c7c93b904c11868a98297896e18f [term 1 FOLLOWER]: Leader election won for term 1
I20260713 09:02:13.899333  1727 consensus_queue.cc:260] T 6886520448d14d8096d27ac0dff5bfaa P 1f3fce89aaaf44388230a4cb06aa976e [NON_LEADER]: Queue going to NON_LEADER mode. State: All replicated index: 0, Majority replicated index: 0, Committed index: 0, Last appended: 0.0, Last appended by leader: 0, Current term: 0, Majority size: -1, State: 0, Mode: NON_LEADER, active raft config: opid_index: -1 OBSOLETE_local: false peers { permanent_uuid: "dea42d956b9441c0bb418d29e0f78ea3" member_type: VOTER last_known_addr { host: "127.0.107.193" port: 38165 } } peers { permanent_uuid: "1ff2c7c93b904c11868a98297896e18f" member_type: VOTER last_known_addr { host: "127.0.107.194" port: 34603 } } peers { permanent_uuid: "1f3fce89aaaf44388230a4cb06aa976e" member_type: VOTER last_known_addr { host: "127.0.107.195" port: 38633 } }
I20260713 09:02:13.901736  1727 ts_tablet_manager.cc:1434] T 6886520448d14d8096d27ac0dff5bfaa P 1f3fce89aaaf44388230a4cb06aa976e: Time spent starting tablet: real 0.015s	user 0.008s	sys 0.000s
I20260713 09:02:13.902715  1727 tablet_bootstrap.cc:492] T 410274271b9a4d7ea1434c59b12b5dab P 1f3fce89aaaf44388230a4cb06aa976e: Bootstrap starting.
I20260713 09:02:13.899768  1751 raft_consensus.cc:697] T 6886520448d14d8096d27ac0dff5bfaa P 1ff2c7c93b904c11868a98297896e18f [term 1 LEADER]: Becoming Leader. State: Replica: 1ff2c7c93b904c11868a98297896e18f, State: Running, Role: LEADER
I20260713 09:02:13.904111  1751 consensus_queue.cc:237] T 6886520448d14d8096d27ac0dff5bfaa P 1ff2c7c93b904c11868a98297896e18f [LEADER]: Queue going to LEADER mode. State: All replicated index: 0, Majority replicated index: 0, Committed index: 0, Last appended: 0.0, Last appended by leader: 0, Current term: 1, Majority size: 2, State: 0, Mode: LEADER, active raft config: opid_index: -1 OBSOLETE_local: false peers { permanent_uuid: "dea42d956b9441c0bb418d29e0f78ea3" member_type: VOTER last_known_addr { host: "127.0.107.193" port: 38165 } } peers { permanent_uuid: "1ff2c7c93b904c11868a98297896e18f" member_type: VOTER last_known_addr { host: "127.0.107.194" port: 34603 } } peers { permanent_uuid: "1f3fce89aaaf44388230a4cb06aa976e" member_type: VOTER last_known_addr { host: "127.0.107.195" port: 38633 } }
I20260713 09:02:13.905642  1725 tablet_bootstrap.cc:654] T b5b289e2dc1b4c8aa6ecb262e0745834 P 1ff2c7c93b904c11868a98297896e18f: Neither blocks nor log segments found. Creating new log.
I20260713 09:02:13.906621  1724 tablet_bootstrap.cc:492] T 3abb112c7f524195823ac33ec79ddee8 P dea42d956b9441c0bb418d29e0f78ea3: Bootstrap starting.
I20260713 09:02:13.908978  1727 tablet_bootstrap.cc:654] T 410274271b9a4d7ea1434c59b12b5dab P 1f3fce89aaaf44388230a4cb06aa976e: Neither blocks nor log segments found. Creating new log.
I20260713 09:02:13.913703  1724 tablet_bootstrap.cc:654] T 3abb112c7f524195823ac33ec79ddee8 P dea42d956b9441c0bb418d29e0f78ea3: Neither blocks nor log segments found. Creating new log.
I20260713 09:02:13.920887  1734 raft_consensus.cc:493] T 6886520448d14d8096d27ac0dff5bfaa P 1f3fce89aaaf44388230a4cb06aa976e [term 0 FOLLOWER]: Starting pre-election (no leader contacted us within the election timeout)
I20260713 09:02:13.921536  1734 raft_consensus.cc:515] T 6886520448d14d8096d27ac0dff5bfaa P 1f3fce89aaaf44388230a4cb06aa976e [term 0 FOLLOWER]: Starting pre-election with config: opid_index: -1 OBSOLETE_local: false peers { permanent_uuid: "dea42d956b9441c0bb418d29e0f78ea3" member_type: VOTER last_known_addr { host: "127.0.107.193" port: 38165 } } peers { permanent_uuid: "1ff2c7c93b904c11868a98297896e18f" member_type: VOTER last_known_addr { host: "127.0.107.194" port: 34603 } } peers { permanent_uuid: "1f3fce89aaaf44388230a4cb06aa976e" member_type: VOTER last_known_addr { host: "127.0.107.195" port: 38633 } }
I20260713 09:02:13.925527  1610 tablet_service.cc:1917] Received RequestConsensusVote() RPC: tablet_id: "6886520448d14d8096d27ac0dff5bfaa" candidate_uuid: "1f3fce89aaaf44388230a4cb06aa976e" candidate_term: 1 candidate_status { last_received { term: 0 index: 0 } } ignore_live_leader: false dest_uuid: "1ff2c7c93b904c11868a98297896e18f" is_pre_election: true
I20260713 09:02:13.926059  1751 raft_consensus.cc:493] T 2003c60bf12c4a899dcc69b0293781c6 P 1ff2c7c93b904c11868a98297896e18f [term 0 FOLLOWER]: Starting pre-election (no leader contacted us within the election timeout)
