I20260713 09:01:37.700335  7394 raft_consensus.cc:1275] T 55728674f58341ba97ee6b43c0b465a6 P b9bcbc1de949438180e6148fc1b53036 [term 1 FOLLOWER]: Refusing update from remote peer 3bc8d2c37d1b47a38efb505fcfdb2b88: Log matching property violated. Preceding OpId in replica: term: 1 index: 3. Preceding OpId from leader: term: 1 index: 4. (index mismatch)
I20260713 09:01:37.700903  7126 raft_consensus.cc:1275] T 55728674f58341ba97ee6b43c0b465a6 P cde87b45c474478f9a9ef5e93c0ccee5 [term 1 FOLLOWER]: Refusing update from remote peer 3bc8d2c37d1b47a38efb505fcfdb2b88: Log matching property violated. Preceding OpId in replica: term: 1 index: 3. Preceding OpId from leader: term: 1 index: 4. (index mismatch)
I20260713 09:01:37.704169  7614 consensus_queue.cc:1048] T 55728674f58341ba97ee6b43c0b465a6 P 3bc8d2c37d1b47a38efb505fcfdb2b88 [LEADER]: Connected to new peer: Peer: permanent_uuid: "cde87b45c474478f9a9ef5e93c0ccee5" member_type: VOTER last_known_addr { host: "127.5.187.131" port: 46195 }, Status: LMP_MISMATCH, Last received: 0.0, Next index: 4, Last known committed idx: 3, Time since last communication: 0.000s
I20260713 09:01:37.705943  7614 consensus_queue.cc:1048] T 55728674f58341ba97ee6b43c0b465a6 P 3bc8d2c37d1b47a38efb505fcfdb2b88 [LEADER]: Connected to new peer: Peer: permanent_uuid: "b9bcbc1de949438180e6148fc1b53036" member_type: VOTER last_known_addr { host: "127.5.187.132" port: 37149 } attrs { promote: false }, Status: LMP_MISMATCH, Last received: 0.0, Next index: 4, Last known committed idx: 3, Time since last communication: 0.001s
I20260713 09:01:37.716127  7583 raft_consensus.cc:2955] T 55728674f58341ba97ee6b43c0b465a6 P 3bc8d2c37d1b47a38efb505fcfdb2b88 [term 1 LEADER]: Committing config change with OpId 1.4: config changed from index 3 to 4, VOTER 08a7b5c973bb4018919fdffe3471b51b (127.5.187.129) evicted. New config: { opid_index: 4 OBSOLETE_local: false peers { permanent_uuid: "3bc8d2c37d1b47a38efb505fcfdb2b88" member_type: VOTER last_known_addr { host: "127.5.187.130" port: 33785 } } peers { permanent_uuid: "cde87b45c474478f9a9ef5e93c0ccee5" member_type: VOTER last_known_addr { host: "127.5.187.131" port: 46195 } } peers { permanent_uuid: "b9bcbc1de949438180e6148fc1b53036" member_type: VOTER last_known_addr { host: "127.5.187.132" port: 37149 } attrs { promote: false } } }
I20260713 09:01:37.718071  7126 raft_consensus.cc:2955] T 55728674f58341ba97ee6b43c0b465a6 P cde87b45c474478f9a9ef5e93c0ccee5 [term 1 FOLLOWER]: Committing config change with OpId 1.4: config changed from index 3 to 4, VOTER 08a7b5c973bb4018919fdffe3471b51b (127.5.187.129) evicted. New config: { opid_index: 4 OBSOLETE_local: false peers { permanent_uuid: "3bc8d2c37d1b47a38efb505fcfdb2b88" member_type: VOTER last_known_addr { host: "127.5.187.130" port: 33785 } } peers { permanent_uuid: "cde87b45c474478f9a9ef5e93c0ccee5" member_type: VOTER last_known_addr { host: "127.5.187.131" port: 46195 } } peers { permanent_uuid: "b9bcbc1de949438180e6148fc1b53036" member_type: VOTER last_known_addr { host: "127.5.187.132" port: 37149 } attrs { promote: false } } }
I20260713 09:01:37.720297  7394 raft_consensus.cc:1275] T 2e524ba077654cc4b98867639479bd0d P b9bcbc1de949438180e6148fc1b53036 [term 1 LEARNER]: Refusing update from remote peer 3bc8d2c37d1b47a38efb505fcfdb2b88: Log matching property violated. Preceding OpId in replica: term: 1 index: 2. Preceding OpId from leader: term: 1 index: 3. (index mismatch)
I20260713 09:01:37.722070  6975 raft_consensus.cc:1275] T 2e524ba077654cc4b98867639479bd0d P 08a7b5c973bb4018919fdffe3471b51b [term 1 FOLLOWER]: Refusing update from remote peer 3bc8d2c37d1b47a38efb505fcfdb2b88: Log matching property violated. Preceding OpId in replica: term: 1 index: 2. Preceding OpId from leader: term: 1 index: 3. (index mismatch)
I20260713 09:01:37.723567  7631 consensus_queue.cc:1048] T 2e524ba077654cc4b98867639479bd0d P 3bc8d2c37d1b47a38efb505fcfdb2b88 [LEADER]: Connected to new peer: Peer: permanent_uuid: "08a7b5c973bb4018919fdffe3471b51b" member_type: VOTER last_known_addr { host: "127.5.187.129" port: 36895 } attrs { replace: true }, Status: LMP_MISMATCH, Last received: 0.0, Next index: 3, Last known committed idx: 2, Time since last communication: 0.001s
I20260713 09:01:37.726231  7394 raft_consensus.cc:2955] T 55728674f58341ba97ee6b43c0b465a6 P b9bcbc1de949438180e6148fc1b53036 [term 1 FOLLOWER]: Committing config change with OpId 1.4: config changed from index 3 to 4, VOTER 08a7b5c973bb4018919fdffe3471b51b (127.5.187.129) evicted. New config: { opid_index: 4 OBSOLETE_local: false peers { permanent_uuid: "3bc8d2c37d1b47a38efb505fcfdb2b88" member_type: VOTER last_known_addr { host: "127.5.187.130" port: 33785 } } peers { permanent_uuid: "cde87b45c474478f9a9ef5e93c0ccee5" member_type: VOTER last_known_addr { host: "127.5.187.131" port: 46195 } } peers { permanent_uuid: "b9bcbc1de949438180e6148fc1b53036" member_type: VOTER last_known_addr { host: "127.5.187.132" port: 37149 } attrs { promote: false } } }
I20260713 09:01:37.728106  7614 consensus_queue.cc:1048] T 2e524ba077654cc4b98867639479bd0d P 3bc8d2c37d1b47a38efb505fcfdb2b88 [LEADER]: Connected to new peer: Peer: permanent_uuid: "b9bcbc1de949438180e6148fc1b53036" member_type: VOTER last_known_addr { host: "127.5.187.132" port: 37149 } attrs { promote: false }, Status: LMP_MISMATCH, Last received: 0.0, Next index: 3, Last known committed idx: 2, Time since last communication: 0.000s
I20260713 09:01:37.730854  7125 raft_consensus.cc:1275] T 2e524ba077654cc4b98867639479bd0d P cde87b45c474478f9a9ef5e93c0ccee5 [term 1 FOLLOWER]: Refusing update from remote peer 3bc8d2c37d1b47a38efb505fcfdb2b88: Log matching property violated. Preceding OpId in replica: term: 1 index: 2. Preceding OpId from leader: term: 1 index: 3. (index mismatch)
I20260713 09:01:37.736354  7632 consensus_queue.cc:1048] T 2e524ba077654cc4b98867639479bd0d P 3bc8d2c37d1b47a38efb505fcfdb2b88 [LEADER]: Connected to new peer: Peer: permanent_uuid: "cde87b45c474478f9a9ef5e93c0ccee5" member_type: VOTER last_known_addr { host: "127.5.187.131" port: 46195 }, Status: LMP_MISMATCH, Last received: 0.0, Next index: 3, Last known committed idx: 2, Time since last communication: 0.000s
I20260713 09:01:37.771698  7632 raft_consensus.cc:2955] T 2e524ba077654cc4b98867639479bd0d P 3bc8d2c37d1b47a38efb505fcfdb2b88 [term 1 LEADER]: Committing config change with OpId 1.3: config changed from index 2 to 3, b9bcbc1de949438180e6148fc1b53036 (127.5.187.132) changed from NON_VOTER to VOTER. New config: { opid_index: 3 OBSOLETE_local: false peers { permanent_uuid: "08a7b5c973bb4018919fdffe3471b51b" member_type: VOTER last_known_addr { host: "127.5.187.129" port: 36895 } attrs { replace: true } } peers { permanent_uuid: "3bc8d2c37d1b47a38efb505fcfdb2b88" member_type: VOTER last_known_addr { host: "127.5.187.130" port: 33785 } } peers { permanent_uuid: "cde87b45c474478f9a9ef5e93c0ccee5" member_type: VOTER last_known_addr { host: "127.5.187.131" port: 46195 } } peers { permanent_uuid: "b9bcbc1de949438180e6148fc1b53036" member_type: VOTER last_known_addr { host: "127.5.187.132" port: 37149 } attrs { promote: false } } }
I20260713 09:01:37.775388  7128 raft_consensus.cc:2955] T 2e524ba077654cc4b98867639479bd0d P cde87b45c474478f9a9ef5e93c0ccee5 [term 1 FOLLOWER]: Committing config change with OpId 1.3: config changed from index 2 to 3, b9bcbc1de949438180e6148fc1b53036 (127.5.187.132) changed from NON_VOTER to VOTER. New config: { opid_index: 3 OBSOLETE_local: false peers { permanent_uuid: "08a7b5c973bb4018919fdffe3471b51b" member_type: VOTER last_known_addr { host: "127.5.187.129" port: 36895 } attrs { replace: true } } peers { permanent_uuid: "3bc8d2c37d1b47a38efb505fcfdb2b88" member_type: VOTER last_known_addr { host: "127.5.187.130" port: 33785 } } peers { permanent_uuid: "cde87b45c474478f9a9ef5e93c0ccee5" member_type: VOTER last_known_addr { host: "127.5.187.131" port: 46195 } } peers { permanent_uuid: "b9bcbc1de949438180e6148fc1b53036" member_type: VOTER last_known_addr { host: "127.5.187.132" port: 37149 } attrs { promote: false } } }
I20260713 09:01:37.785552  7397 raft_consensus.cc:2955] T 2e524ba077654cc4b98867639479bd0d P b9bcbc1de949438180e6148fc1b53036 [term 1 FOLLOWER]: Committing config change with OpId 1.3: config changed from index 2 to 3, b9bcbc1de949438180e6148fc1b53036 (127.5.187.132) changed from NON_VOTER to VOTER. New config: { opid_index: 3 OBSOLETE_local: false peers { permanent_uuid: "08a7b5c973bb4018919fdffe3471b51b" member_type: VOTER last_known_addr { host: "127.5.187.129" port: 36895 } attrs { replace: true } } peers { permanent_uuid: "3bc8d2c37d1b47a38efb505fcfdb2b88" member_type: VOTER last_known_addr { host: "127.5.187.130" port: 33785 } } peers { permanent_uuid: "cde87b45c474478f9a9ef5e93c0ccee5" member_type: VOTER last_known_addr { host: "127.5.187.131" port: 46195 } } peers { permanent_uuid: "b9bcbc1de949438180e6148fc1b53036" member_type: VOTER last_known_addr { host: "127.5.187.132" port: 37149 } attrs { promote: false } } }
I20260713 09:01:37.786618  6877 catalog_manager.cc:5697] T 55728674f58341ba97ee6b43c0b465a6 P cde87b45c474478f9a9ef5e93c0ccee5 reported cstate change: config changed from index 3 to 4, VOTER 08a7b5c973bb4018919fdffe3471b51b (127.5.187.129) evicted. New cstate: current_term: 1 leader_uuid: "3bc8d2c37d1b47a38efb505fcfdb2b88" committed_config { opid_index: 4 OBSOLETE_local: false peers { permanent_uuid: "3bc8d2c37d1b47a38efb505fcfdb2b88" member_type: VOTER last_known_addr { host: "127.5.187.130" port: 33785 } } peers { permanent_uuid: "cde87b45c474478f9a9ef5e93c0ccee5" member_type: VOTER last_known_addr { host: "127.5.187.131" port: 46195 } } peers { permanent_uuid: "b9bcbc1de949438180e6148fc1b53036" member_type: VOTER last_known_addr { host: "127.5.187.132" port: 37149 } attrs { promote: false } } }
I20260713 09:01:37.787511  6875 catalog_manager.cc:5697] T 2e524ba077654cc4b98867639479bd0d P 3bc8d2c37d1b47a38efb505fcfdb2b88 reported cstate change: config changed from index 2 to 3, b9bcbc1de949438180e6148fc1b53036 (127.5.187.132) changed from NON_VOTER to VOTER. New cstate: current_term: 1 leader_uuid: "3bc8d2c37d1b47a38efb505fcfdb2b88" committed_config { opid_index: 3 OBSOLETE_local: false peers { permanent_uuid: "08a7b5c973bb4018919fdffe3471b51b" member_type: VOTER last_known_addr { host: "127.5.187.129" port: 36895 } attrs { replace: true } health_report { overall_health: UNKNOWN } } peers { permanent_uuid: "3bc8d2c37d1b47a38efb505fcfdb2b88" member_type: VOTER last_known_addr { host: "127.5.187.130" port: 33785 } health_report { overall_health: HEALTHY } } peers { permanent_uuid: "cde87b45c474478f9a9ef5e93c0ccee5" member_type: VOTER last_known_addr { host: "127.5.187.131" port: 46195 } health_report { overall_health: HEALTHY } } peers { permanent_uuid: "b9bcbc1de949438180e6148fc1b53036" member_type: VOTER last_known_addr { host: "127.5.187.132" port: 37149 } attrs { promote: false } health_report { overall_health: UNKNOWN } } }
I20260713 09:01:37.790361  6863 catalog_manager.cc:5210] ChangeConfig:REMOVE_PEER RPC for tablet 55728674f58341ba97ee6b43c0b465a6 with cas_config_opid_index 3: ChangeConfig:REMOVE_PEER succeeded (attempt 1)
I20260713 09:01:37.817466  7049 consensus_queue.cc:237] T 2e524ba077654cc4b98867639479bd0d P 3bc8d2c37d1b47a38efb505fcfdb2b88 [LEADER]: Queue going to LEADER mode. State: All replicated index: 0, Majority replicated index: 3, Committed index: 3, Last appended: 1.3, Last appended by leader: 0, Current term: 1, Majority size: 2, State: 0, Mode: LEADER, active raft config: opid_index: 4 OBSOLETE_local: false peers { permanent_uuid: "3bc8d2c37d1b47a38efb505fcfdb2b88" member_type: VOTER last_known_addr { host: "127.5.187.130" port: 33785 } } peers { permanent_uuid: "cde87b45c474478f9a9ef5e93c0ccee5" member_type: VOTER last_known_addr { host: "127.5.187.131" port: 46195 } } peers { permanent_uuid: "b9bcbc1de949438180e6148fc1b53036" member_type: VOTER last_known_addr { host: "127.5.187.132" port: 37149 } attrs { promote: false } }
I20260713 09:01:37.826126  6968 tablet_service.cc:1558] Processing DeleteTablet for tablet 55728674f58341ba97ee6b43c0b465a6 with delete_type TABLET_DATA_TOMBSTONED (TS 08a7b5c973bb4018919fdffe3471b51b not found in new config with opid_index 4) from {username='slave'} at 127.0.0.1:60104
I20260713 09:01:37.827008  7397 raft_consensus.cc:1275] T 2e524ba077654cc4b98867639479bd0d P b9bcbc1de949438180e6148fc1b53036 [term 1 FOLLOWER]: Refusing update from remote peer 3bc8d2c37d1b47a38efb505fcfdb2b88: Log matching property violated. Preceding OpId in replica: term: 1 index: 3. Preceding OpId from leader: term: 1 index: 4. (index mismatch)
I20260713 09:01:37.829557  7614 consensus_queue.cc:1048] T 2e524ba077654cc4b98867639479bd0d P 3bc8d2c37d1b47a38efb505fcfdb2b88 [LEADER]: Connected to new peer: Peer: permanent_uuid: "b9bcbc1de949438180e6148fc1b53036" member_type: VOTER last_known_addr { host: "127.5.187.132" port: 37149 } attrs { promote: false }, Status: LMP_MISMATCH, Last received: 0.0, Next index: 4, Last known committed idx: 3, Time since last communication: 0.000s
I20260713 09:01:37.830278  7641 tablet_replica.cc:333] T 55728674f58341ba97ee6b43c0b465a6 P 08a7b5c973bb4018919fdffe3471b51b: stopping tablet replica
I20260713 09:01:37.831382  7641 raft_consensus.cc:2243] T 55728674f58341ba97ee6b43c0b465a6 P 08a7b5c973bb4018919fdffe3471b51b [term 1 FOLLOWER]: Raft consensus shutting down.
I20260713 09:01:37.832159  7641 raft_consensus.cc:2272] T 55728674f58341ba97ee6b43c0b465a6 P 08a7b5c973bb4018919fdffe3471b51b [term 1 FOLLOWER]: Raft consensus is shut down!
I20260713 09:01:37.834184  7128 raft_consensus.cc:1275] T 2e524ba077654cc4b98867639479bd0d P cde87b45c474478f9a9ef5e93c0ccee5 [term 1 FOLLOWER]: Refusing update from remote peer 3bc8d2c37d1b47a38efb505fcfdb2b88: Log matching property violated. Preceding OpId in replica: term: 1 index: 3. Preceding OpId from leader: term: 1 index: 4. (index mismatch)
I20260713 09:01:37.835393  7641 ts_tablet_manager.cc:1916] T 55728674f58341ba97ee6b43c0b465a6 P 08a7b5c973bb4018919fdffe3471b51b: Deleting tablet data with delete state TABLET_DATA_TOMBSTONED
I20260713 09:01:37.836393  7614 consensus_queue.cc:1048] T 2e524ba077654cc4b98867639479bd0d P 3bc8d2c37d1b47a38efb505fcfdb2b88 [LEADER]: Connected to new peer: Peer: permanent_uuid: "cde87b45c474478f9a9ef5e93c0ccee5" member_type: VOTER last_known_addr { host: "127.5.187.131" port: 46195 }, Status: LMP_MISMATCH, Last received: 0.0, Next index: 4, Last known committed idx: 3, Time since last communication: 0.000s
I20260713 09:01:37.838373  7507 raft_consensus.cc:2955] T 2e524ba077654cc4b98867639479bd0d P 3bc8d2c37d1b47a38efb505fcfdb2b88 [term 1 LEADER]: Committing config change with OpId 1.4: config changed from index 3 to 4, VOTER 08a7b5c973bb4018919fdffe3471b51b (127.5.187.129) evicted. New config: { opid_index: 4 OBSOLETE_local: false peers { permanent_uuid: "3bc8d2c37d1b47a38efb505fcfdb2b88" member_type: VOTER last_known_addr { host: "127.5.187.130" port: 33785 } } peers { permanent_uuid: "cde87b45c474478f9a9ef5e93c0ccee5" member_type: VOTER last_known_addr { host: "127.5.187.131" port: 46195 } } peers { permanent_uuid: "b9bcbc1de949438180e6148fc1b53036" member_type: VOTER last_known_addr { host: "127.5.187.132" port: 37149 } attrs { promote: false } } }
I20260713 09:01:37.846629  7397 raft_consensus.cc:2955] T 2e524ba077654cc4b98867639479bd0d P b9bcbc1de949438180e6148fc1b53036 [term 1 FOLLOWER]: Committing config change with OpId 1.4: config changed from index 3 to 4, VOTER 08a7b5c973bb4018919fdffe3471b51b (127.5.187.129) evicted. New config: { opid_index: 4 OBSOLETE_local: false peers { permanent_uuid: "3bc8d2c37d1b47a38efb505fcfdb2b88" member_type: VOTER last_known_addr { host: "127.5.187.130" port: 33785 } } peers { permanent_uuid: "cde87b45c474478f9a9ef5e93c0ccee5" member_type: VOTER last_known_addr { host: "127.5.187.131" port: 46195 } } peers { permanent_uuid: "b9bcbc1de949438180e6148fc1b53036" member_type: VOTER last_known_addr { host: "127.5.187.132" port: 37149 } attrs { promote: false } } }
I20260713 09:01:37.849540  7128 raft_consensus.cc:2955] T 2e524ba077654cc4b98867639479bd0d P cde87b45c474478f9a9ef5e93c0ccee5 [term 1 FOLLOWER]: Committing config change with OpId 1.4: config changed from index 3 to 4, VOTER 08a7b5c973bb4018919fdffe3471b51b (127.5.187.129) evicted. New config: { opid_index: 4 OBSOLETE_local: false peers { permanent_uuid: "3bc8d2c37d1b47a38efb505fcfdb2b88" member_type: VOTER last_known_addr { host: "127.5.187.130" port: 33785 } } peers { permanent_uuid: "cde87b45c474478f9a9ef5e93c0ccee5" member_type: VOTER last_known_addr { host: "127.5.187.131" port: 46195 } } peers { permanent_uuid: "b9bcbc1de949438180e6148fc1b53036" member_type: VOTER last_known_addr { host: "127.5.187.132" port: 37149 } attrs { promote: false } } }
I20260713 09:01:37.852156  7641 ts_tablet_manager.cc:1929] T 55728674f58341ba97ee6b43c0b465a6 P 08a7b5c973bb4018919fdffe3471b51b: tablet deleted with delete type TABLET_DATA_TOMBSTONED: last-logged OpId 1.3
I20260713 09:01:37.852650  7641 log.cc:1199] T 55728674f58341ba97ee6b43c0b465a6 P 08a7b5c973bb4018919fdffe3471b51b: Deleting WAL directory at /tmp/dist-test-taskSw8aRs/test-tmp/auto_leader_rebalancer-test.0.LeaderRebalancerTest.AddTserver.1783933261263538-5870-0/minicluster-data/ts-0-root/wals/55728674f58341ba97ee6b43c0b465a6
I20260713 09:01:37.854451  6861 catalog_manager.cc:5028] TS 08a7b5c973bb4018919fdffe3471b51b (127.5.187.129:36895): tablet 55728674f58341ba97ee6b43c0b465a6 (table test-workload [id=12dd2c64dea8461e8e1a93c866ea9d85]) successfully deleted
I20260713 09:01:37.861572  6863 catalog_manager.cc:5210] ChangeConfig:REMOVE_PEER RPC for tablet 2e524ba077654cc4b98867639479bd0d with cas_config_opid_index 3: ChangeConfig:REMOVE_PEER succeeded (attempt 1)
I20260713 09:01:37.865764  6873 catalog_manager.cc:5697] T 2e524ba077654cc4b98867639479bd0d P b9bcbc1de949438180e6148fc1b53036 reported cstate change: config changed from index 3 to 4, VOTER 08a7b5c973bb4018919fdffe3471b51b (127.5.187.129) evicted. New cstate: current_term: 1 leader_uuid: "3bc8d2c37d1b47a38efb505fcfdb2b88" committed_config { opid_index: 4 OBSOLETE_local: false peers { permanent_uuid: "3bc8d2c37d1b47a38efb505fcfdb2b88" member_type: VOTER last_known_addr { host: "127.5.187.130" port: 33785 } } peers { permanent_uuid: "cde87b45c474478f9a9ef5e93c0ccee5" member_type: VOTER last_known_addr { host: "127.5.187.131" port: 46195 } } peers { permanent_uuid: "b9bcbc1de949438180e6148fc1b53036" member_type: VOTER last_known_addr { host: "127.5.187.132" port: 37149 } attrs { promote: false } } }
I20260713 09:01:37.875515  6968 tablet_service.cc:1558] Processing DeleteTablet for tablet 2e524ba077654cc4b98867639479bd0d with delete_type TABLET_DATA_TOMBSTONED (TS 08a7b5c973bb4018919fdffe3471b51b not found in new config with opid_index 4) from {username='slave'} at 127.0.0.1:60104
I20260713 09:01:37.876394  7641 tablet_replica.cc:333] T 2e524ba077654cc4b98867639479bd0d P 08a7b5c973bb4018919fdffe3471b51b: stopping tablet replica
I20260713 09:01:37.877101  7641 raft_consensus.cc:2243] T 2e524ba077654cc4b98867639479bd0d P 08a7b5c973bb4018919fdffe3471b51b [term 1 FOLLOWER]: Raft consensus shutting down.
I20260713 09:01:37.877751  7641 pending_rounds.cc:70] T 2e524ba077654cc4b98867639479bd0d P 08a7b5c973bb4018919fdffe3471b51b: Trying to abort 1 pending ops.
I20260713 09:01:37.877949  7641 pending_rounds.cc:77] T 2e524ba077654cc4b98867639479bd0d P 08a7b5c973bb4018919fdffe3471b51b: Aborting op as it isn't in flight: id { term: 1 index: 3 } timestamp: 7306990787339128832 op_type: CHANGE_CONFIG_OP change_config_record { tablet_id: "2e524ba077654cc4b98867639479bd0d" old_config { opid_index: 2 OBSOLETE_local: false peers { permanent_uuid: "08a7b5c973bb4018919fdffe3471b51b" member_type: VOTER last_known_addr { host: "127.5.187.129" port: 36895 } attrs { replace: true } } peers { permanent_uuid: "3bc8d2c37d1b47a38efb505fcfdb2b88" member_type: VOTER last_known_addr { host: "127.5.187.130" port: 33785 } } peers { permanent_uuid: "cde87b45c474478f9a9ef5e93c0ccee5" member_type: VOTER last_known_addr { host: "127.5.187.131" port: 46195 } } peers { permanent_uuid: "b9bcbc1de949438180e6148fc1b53036" member_type: NON_VOTER last_known_addr { host: "127.5.187.132" port: 37149 } attrs { promote: true } } } new_config { opid_index: 3 OBSOLETE_local: false peers { permanent_uuid: "08a7b5c973bb4018919fdffe3471b51b" member_type: VOTER last_known_addr { host: "127.5.187.129" port: 36895 } attrs { replace: true } } peers { permanent_uuid: "3bc8d2c37d1b47a38efb505fcfdb2b88" member_type: VOTER last_known_addr { host: "127.5.187.130" port: 33785 } } peers { permanent_uuid: "cde87b45c474478f9a9ef5e93c0ccee5" member_type: VOTER last_known_addr { host: "127.5.187.131" port: 46195 } } peers { permanent_uuid: "b9bcbc1de949438180e6148fc1b53036" member_type: VOTER last_known_addr { host: "127.5.187.132" port: 37149 } attrs { promote: false } } } }
I20260713 09:01:37.878768  7641 raft_consensus.cc:2917] T 2e524ba077654cc4b98867639479bd0d P 08a7b5c973bb4018919fdffe3471b51b [term 1 FOLLOWER]: Aborting config change with OpId 1.3: Aborted: Op aborted
I20260713 09:01:37.879050  7641 raft_consensus.cc:2889] T 2e524ba077654cc4b98867639479bd0d P 08a7b5c973bb4018919fdffe3471b51b [term 1 FOLLOWER]: CHANGE_CONFIG_OP replication failed: Aborted: Op aborted
I20260713 09:01:37.879283  7641 raft_consensus.cc:2272] T 2e524ba077654cc4b98867639479bd0d P 08a7b5c973bb4018919fdffe3471b51b [term 1 FOLLOWER]: Raft consensus is shut down!
I20260713 09:01:37.881685  7641 ts_tablet_manager.cc:1916] T 2e524ba077654cc4b98867639479bd0d P 08a7b5c973bb4018919fdffe3471b51b: Deleting tablet data with delete state TABLET_DATA_TOMBSTONED
I20260713 09:01:37.892174  7641 ts_tablet_manager.cc:1929] T 2e524ba077654cc4b98867639479bd0d P 08a7b5c973bb4018919fdffe3471b51b: tablet deleted with delete type TABLET_DATA_TOMBSTONED: last-logged OpId 1.3
I20260713 09:01:37.892498  7641 log.cc:1199] T 2e524ba077654cc4b98867639479bd0d P 08a7b5c973bb4018919fdffe3471b51b: Deleting WAL directory at /tmp/dist-test-taskSw8aRs/test-tmp/auto_leader_rebalancer-test.0.LeaderRebalancerTest.AddTserver.1783933261263538-5870-0/minicluster-data/ts-0-root/wals/2e524ba077654cc4b98867639479bd0d
I20260713 09:01:37.893603  6861 catalog_manager.cc:5028] TS 08a7b5c973bb4018919fdffe3471b51b (127.5.187.129:36895): tablet 2e524ba077654cc4b98867639479bd0d (table test-workload [id=12dd2c64dea8461e8e1a93c866ea9d85]) successfully deleted
I20260713 09:01:38.903693  6975 consensus_queue.cc:237] T c1217d8a4d1d48f6b59786a72e8764d6 P 08a7b5c973bb4018919fdffe3471b51b [LEADER]: Queue going to LEADER mode. State: All replicated index: 0, Majority replicated index: 1, Committed index: 1, Last appended: 1.1, Last appended by leader: 0, Current term: 1, Majority size: 2, State: 0, Mode: LEADER, active raft config: opid_index: 2 OBSOLETE_local: false peers { permanent_uuid: "08a7b5c973bb4018919fdffe3471b51b" member_type: VOTER last_known_addr { host: "127.5.187.129" port: 36895 } } peers { permanent_uuid: "3bc8d2c37d1b47a38efb505fcfdb2b88" member_type: VOTER last_known_addr { host: "127.5.187.130" port: 33785 } } peers { permanent_uuid: "cde87b45c474478f9a9ef5e93c0ccee5" member_type: VOTER last_known_addr { host: "127.5.187.131" port: 46195 } attrs { replace: true } } peers { permanent_uuid: "b9bcbc1de949438180e6148fc1b53036" member_type: NON_VOTER last_known_addr { host: "127.5.187.132" port: 37149 } attrs { promote: true } }
I20260713 09:01:38.909582  7128 raft_consensus.cc:1275] T c1217d8a4d1d48f6b59786a72e8764d6 P cde87b45c474478f9a9ef5e93c0ccee5 [term 1 FOLLOWER]: Refusing update from remote peer 08a7b5c973bb4018919fdffe3471b51b: Log matching property violated. Preceding OpId in replica: term: 1 index: 1. Preceding OpId from leader: term: 1 index: 2. (index mismatch)
W20260713 09:01:38.909909  6945 consensus_peers.cc:597] T c1217d8a4d1d48f6b59786a72e8764d6 P 08a7b5c973bb4018919fdffe3471b51b -> Peer b9bcbc1de949438180e6148fc1b53036 (127.5.187.132:37149): Couldn't send request to peer b9bcbc1de949438180e6148fc1b53036. Error code: TABLET_NOT_FOUND (6). Status: Not found: Tablet not found: c1217d8a4d1d48f6b59786a72e8764d6. This is attempt 1: this message will repeat every 5th retry.
I20260713 09:01:38.910917  7597 consensus_queue.cc:1048] T c1217d8a4d1d48f6b59786a72e8764d6 P 08a7b5c973bb4018919fdffe3471b51b [LEADER]: Connected to new peer: Peer: permanent_uuid: "cde87b45c474478f9a9ef5e93c0ccee5" member_type: VOTER last_known_addr { host: "127.5.187.131" port: 46195 } attrs { replace: true }, Status: LMP_MISMATCH, Last received: 0.0, Next index: 2, Last known committed idx: 1, Time since last communication: 0.000s
I20260713 09:01:38.911157  7049 raft_consensus.cc:1275] T c1217d8a4d1d48f6b59786a72e8764d6 P 3bc8d2c37d1b47a38efb505fcfdb2b88 [term 1 FOLLOWER]: Refusing update from remote peer 08a7b5c973bb4018919fdffe3471b51b: Log matching property violated. Preceding OpId in replica: term: 1 index: 1. Preceding OpId from leader: term: 1 index: 2. (index mismatch)
I20260713 09:01:38.912622  7615 consensus_queue.cc:1048] T c1217d8a4d1d48f6b59786a72e8764d6 P 08a7b5c973bb4018919fdffe3471b51b [LEADER]: Connected to new peer: Peer: permanent_uuid: "3bc8d2c37d1b47a38efb505fcfdb2b88" member_type: VOTER last_known_addr { host: "127.5.187.130" port: 33785 }, Status: LMP_MISMATCH, Last received: 0.0, Next index: 2, Last known committed idx: 1, Time since last communication: 0.000s
I20260713 09:01:38.918877  7646 raft_consensus.cc:2955] T c1217d8a4d1d48f6b59786a72e8764d6 P 08a7b5c973bb4018919fdffe3471b51b [term 1 LEADER]: Committing config change with OpId 1.2: config changed from index -1 to 2, NON_VOTER b9bcbc1de949438180e6148fc1b53036 (127.5.187.132) added. New config: { opid_index: 2 OBSOLETE_local: false peers { permanent_uuid: "08a7b5c973bb4018919fdffe3471b51b" member_type: VOTER last_known_addr { host: "127.5.187.129" port: 36895 } } peers { permanent_uuid: "3bc8d2c37d1b47a38efb505fcfdb2b88" member_type: VOTER last_known_addr { host: "127.5.187.130" port: 33785 } } peers { permanent_uuid: "cde87b45c474478f9a9ef5e93c0ccee5" member_type: VOTER last_known_addr { host: "127.5.187.131" port: 46195 } attrs { replace: true } } peers { permanent_uuid: "b9bcbc1de949438180e6148fc1b53036" member_type: NON_VOTER last_known_addr { host: "127.5.187.132" port: 37149 } attrs { promote: true } } }
I20260713 09:01:38.921720  7128 raft_consensus.cc:2955] T c1217d8a4d1d48f6b59786a72e8764d6 P cde87b45c474478f9a9ef5e93c0ccee5 [term 1 FOLLOWER]: Committing config change with OpId 1.2: config changed from index -1 to 2, NON_VOTER b9bcbc1de949438180e6148fc1b53036 (127.5.187.132) added. New config: { opid_index: 2 OBSOLETE_local: false peers { permanent_uuid: "08a7b5c973bb4018919fdffe3471b51b" member_type: VOTER last_known_addr { host: "127.5.187.129" port: 36895 } } peers { permanent_uuid: "3bc8d2c37d1b47a38efb505fcfdb2b88" member_type: VOTER last_known_addr { host: "127.5.187.130" port: 33785 } } peers { permanent_uuid: "cde87b45c474478f9a9ef5e93c0ccee5" member_type: VOTER last_known_addr { host: "127.5.187.131" port: 46195 } attrs { replace: true } } peers { permanent_uuid: "b9bcbc1de949438180e6148fc1b53036" member_type: NON_VOTER last_known_addr { host: "127.5.187.132" port: 37149 } attrs { promote: true } } }
I20260713 09:01:38.922350  7051 raft_consensus.cc:2955] T c1217d8a4d1d48f6b59786a72e8764d6 P 3bc8d2c37d1b47a38efb505fcfdb2b88 [term 1 FOLLOWER]: Committing config change with OpId 1.2: config changed from index -1 to 2, NON_VOTER b9bcbc1de949438180e6148fc1b53036 (127.5.187.132) added. New config: { opid_index: 2 OBSOLETE_local: false peers { permanent_uuid: "08a7b5c973bb4018919fdffe3471b51b" member_type: VOTER last_known_addr { host: "127.5.187.129" port: 36895 } } peers { permanent_uuid: "3bc8d2c37d1b47a38efb505fcfdb2b88" member_type: VOTER last_known_addr { host: "127.5.187.130" port: 33785 } } peers { permanent_uuid: "cde87b45c474478f9a9ef5e93c0ccee5" member_type: VOTER last_known_addr { host: "127.5.187.131" port: 46195 } attrs { replace: true } } peers { permanent_uuid: "b9bcbc1de949438180e6148fc1b53036" member_type: NON_VOTER last_known_addr { host: "127.5.187.132" port: 37149 } attrs { promote: true } } }
I20260713 09:01:38.932428  6875 catalog_manager.cc:5697] T c1217d8a4d1d48f6b59786a72e8764d6 P 08a7b5c973bb4018919fdffe3471b51b reported cstate change: config changed from index -1 to 2, NON_VOTER b9bcbc1de949438180e6148fc1b53036 (127.5.187.132) added. New cstate: current_term: 1 leader_uuid: "08a7b5c973bb4018919fdffe3471b51b" committed_config { opid_index: 2 OBSOLETE_local: false peers { permanent_uuid: "08a7b5c973bb4018919fdffe3471b51b" member_type: VOTER last_known_addr { host: "127.5.187.129" port: 36895 } health_report { overall_health: HEALTHY } } peers { permanent_uuid: "3bc8d2c37d1b47a38efb505fcfdb2b88" member_type: VOTER last_known_addr { host: "127.5.187.130" port: 33785 } health_report { overall_health: HEALTHY } } peers { permanent_uuid: "cde87b45c474478f9a9ef5e93c0ccee5" member_type: VOTER last_known_addr { host: "127.5.187.131" port: 46195 } attrs { replace: true } health_report { overall_health: HEALTHY } } peers { permanent_uuid: "b9bcbc1de949438180e6148fc1b53036" member_type: NON_VOTER last_known_addr { host: "127.5.187.132" port: 37149 } attrs { promote: true } health_report { overall_health: UNKNOWN } } }
I20260713 09:01:38.932817  7126 consensus_queue.cc:237] T 17c2b70606fd4d30ad8311caa7e114ea P cde87b45c474478f9a9ef5e93c0ccee5 [LEADER]: Queue going to LEADER mode. State: All replicated index: 0, Majority replicated index: 1, Committed index: 1, Last appended: 1.1, Last appended by leader: 0, Current term: 1, Majority size: 2, State: 0, Mode: LEADER, active raft config: opid_index: 2 OBSOLETE_local: false peers { permanent_uuid: "08a7b5c973bb4018919fdffe3471b51b" member_type: VOTER last_known_addr { host: "127.5.187.129" port: 36895 } attrs { replace: true } } peers { permanent_uuid: "3bc8d2c37d1b47a38efb505fcfdb2b88" member_type: VOTER last_known_addr { host: "127.5.187.130" port: 33785 } } peers { permanent_uuid: "cde87b45c474478f9a9ef5e93c0ccee5" member_type: VOTER last_known_addr { host: "127.5.187.131" port: 46195 } } peers { permanent_uuid: "b9bcbc1de949438180e6148fc1b53036" member_type: NON_VOTER last_known_addr { host: "127.5.187.132" port: 37149 } attrs { promote: true } }
I20260713 09:01:38.943502  7051 raft_consensus.cc:1275] T 17c2b70606fd4d30ad8311caa7e114ea P 3bc8d2c37d1b47a38efb505fcfdb2b88 [term 1 FOLLOWER]: Refusing update from remote peer cde87b45c474478f9a9ef5e93c0ccee5: Log matching property violated. Preceding OpId in replica: term: 1 index: 1. Preceding OpId from leader: term: 1 index: 2. (index mismatch)
I20260713 09:01:38.944075  6975 raft_consensus.cc:1275] T 17c2b70606fd4d30ad8311caa7e114ea P 08a7b5c973bb4018919fdffe3471b51b [term 1 FOLLOWER]: Refusing update from remote peer cde87b45c474478f9a9ef5e93c0ccee5: Log matching property violated. Preceding OpId in replica: term: 1 index: 1. Preceding OpId from leader: term: 1 index: 2. (index mismatch)
I20260713 09:01:38.944921  7643 consensus_queue.cc:1048] T 17c2b70606fd4d30ad8311caa7e114ea P cde87b45c474478f9a9ef5e93c0ccee5 [LEADER]: Connected to new peer: Peer: permanent_uuid: "3bc8d2c37d1b47a38efb505fcfdb2b88" member_type: VOTER last_known_addr { host: "127.5.187.130" port: 33785 }, Status: LMP_MISMATCH, Last received: 0.0, Next index: 2, Last known committed idx: 1, Time since last communication: 0.000s
I20260713 09:01:38.945942  7613 consensus_queue.cc:1048] T 17c2b70606fd4d30ad8311caa7e114ea P cde87b45c474478f9a9ef5e93c0ccee5 [LEADER]: Connected to new peer: Peer: permanent_uuid: "08a7b5c973bb4018919fdffe3471b51b" member_type: VOTER last_known_addr { host: "127.5.187.129" port: 36895 } attrs { replace: true }, Status: LMP_MISMATCH, Last received: 0.0, Next index: 2, Last known committed idx: 1, Time since last communication: 0.001s
W20260713 09:01:38.945840  7094 consensus_peers.cc:597] T 17c2b70606fd4d30ad8311caa7e114ea P cde87b45c474478f9a9ef5e93c0ccee5 -> Peer b9bcbc1de949438180e6148fc1b53036 (127.5.187.132:37149): Couldn't send request to peer b9bcbc1de949438180e6148fc1b53036. Error code: TABLET_NOT_FOUND (6). Status: Not found: Tablet not found: 17c2b70606fd4d30ad8311caa7e114ea. This is attempt 1: this message will repeat every 5th retry.
I20260713 09:01:38.954763  7613 raft_consensus.cc:2955] T 17c2b70606fd4d30ad8311caa7e114ea P cde87b45c474478f9a9ef5e93c0ccee5 [term 1 LEADER]: Committing config change with OpId 1.2: config changed from index -1 to 2, NON_VOTER b9bcbc1de949438180e6148fc1b53036 (127.5.187.132) added. New config: { opid_index: 2 OBSOLETE_local: false peers { permanent_uuid: "08a7b5c973bb4018919fdffe3471b51b" member_type: VOTER last_known_addr { host: "127.5.187.129" port: 36895 } attrs { replace: true } } peers { permanent_uuid: "3bc8d2c37d1b47a38efb505fcfdb2b88" member_type: VOTER last_known_addr { host: "127.5.187.130" port: 33785 } } peers { permanent_uuid: "cde87b45c474478f9a9ef5e93c0ccee5" member_type: VOTER last_known_addr { host: "127.5.187.131" port: 46195 } } peers { permanent_uuid: "b9bcbc1de949438180e6148fc1b53036" member_type: NON_VOTER last_known_addr { host: "127.5.187.132" port: 37149 } attrs { promote: true } } }
I20260713 09:01:38.956291  6975 raft_consensus.cc:2955] T 17c2b70606fd4d30ad8311caa7e114ea P 08a7b5c973bb4018919fdffe3471b51b [term 1 FOLLOWER]: Committing config change with OpId 1.2: config changed from index -1 to 2, NON_VOTER b9bcbc1de949438180e6148fc1b53036 (127.5.187.132) added. New config: { opid_index: 2 OBSOLETE_local: false peers { permanent_uuid: "08a7b5c973bb4018919fdffe3471b51b" member_type: VOTER last_known_addr { host: "127.5.187.129" port: 36895 } attrs { replace: true } } peers { permanent_uuid: "3bc8d2c37d1b47a38efb505fcfdb2b88" member_type: VOTER last_known_addr { host: "127.5.187.130" port: 33785 } } peers { permanent_uuid: "cde87b45c474478f9a9ef5e93c0ccee5" member_type: VOTER last_known_addr { host: "127.5.187.131" port: 46195 } } peers { permanent_uuid: "b9bcbc1de949438180e6148fc1b53036" member_type: NON_VOTER last_known_addr { host: "127.5.187.132" port: 37149 } attrs { promote: true } } }
I20260713 09:01:38.961229  7051 raft_consensus.cc:2955] T 17c2b70606fd4d30ad8311caa7e114ea P 3bc8d2c37d1b47a38efb505fcfdb2b88 [term 1 FOLLOWER]: Committing config change with OpId 1.2: config changed from index -1 to 2, NON_VOTER b9bcbc1de949438180e6148fc1b53036 (127.5.187.132) added. New config: { opid_index: 2 OBSOLETE_local: false peers { permanent_uuid: "08a7b5c973bb4018919fdffe3471b51b" member_type: VOTER last_known_addr { host: "127.5.187.129" port: 36895 } attrs { replace: true } } peers { permanent_uuid: "3bc8d2c37d1b47a38efb505fcfdb2b88" member_type: VOTER last_known_addr { host: "127.5.187.130" port: 33785 } } peers { permanent_uuid: "cde87b45c474478f9a9ef5e93c0ccee5" member_type: VOTER last_known_addr { host: "127.5.187.131" port: 46195 } } peers { permanent_uuid: "b9bcbc1de949438180e6148fc1b53036" member_type: NON_VOTER last_known_addr { host: "127.5.187.132" port: 37149 } attrs { promote: true } } }
I20260713 09:01:38.971659  6975 consensus_queue.cc:237] T 0310c89616f94f9aa7100a22401a4ee9 P 08a7b5c973bb4018919fdffe3471b51b [LEADER]: Queue going to LEADER mode. State: All replicated index: 0, Majority replicated index: 1, Committed index: 1, Last appended: 1.1, Last appended by leader: 0, Current term: 1, Majority size: 2, State: 0, Mode: LEADER, active raft config: opid_index: 2 OBSOLETE_local: false peers { permanent_uuid: "08a7b5c973bb4018919fdffe3471b51b" member_type: VOTER last_known_addr { host: "127.5.187.129" port: 36895 } } peers { permanent_uuid: "3bc8d2c37d1b47a38efb505fcfdb2b88" member_type: VOTER last_known_addr { host: "127.5.187.130" port: 33785 } attrs { replace: true } } peers { permanent_uuid: "cde87b45c474478f9a9ef5e93c0ccee5" member_type: VOTER last_known_addr { host: "127.5.187.131" port: 46195 } } peers { permanent_uuid: "b9bcbc1de949438180e6148fc1b53036" member_type: NON_VOTER last_known_addr { host: "127.5.187.132" port: 37149 } attrs { promote: true } }
I20260713 09:01:38.975529  6877 catalog_manager.cc:5697] T 17c2b70606fd4d30ad8311caa7e114ea P cde87b45c474478f9a9ef5e93c0ccee5 reported cstate change: config changed from index -1 to 2, NON_VOTER b9bcbc1de949438180e6148fc1b53036 (127.5.187.132) added. New cstate: current_term: 1 leader_uuid: "cde87b45c474478f9a9ef5e93c0ccee5" committed_config { opid_index: 2 OBSOLETE_local: false peers { permanent_uuid: "08a7b5c973bb4018919fdffe3471b51b" member_type: VOTER last_known_addr { host: "127.5.187.129" port: 36895 } attrs { replace: true } health_report { overall_health: HEALTHY } } peers { permanent_uuid: "3bc8d2c37d1b47a38efb505fcfdb2b88" member_type: VOTER last_known_addr { host: "127.5.187.130" port: 33785 } health_report { overall_health: HEALTHY } } peers { permanent_uuid: "cde87b45c474478f9a9ef5e93c0ccee5" member_type: VOTER last_known_addr { host: "127.5.187.131" port: 46195 } health_report { overall_health: HEALTHY } } peers { permanent_uuid: "b9bcbc1de949438180e6148fc1b53036" member_type: NON_VOTER last_known_addr { host: "127.5.187.132" port: 37149 } attrs { promote: true } health_report { overall_health: UNKNOWN } } }
I20260713 09:01:38.979557  7126 raft_consensus.cc:1275] T 0310c89616f94f9aa7100a22401a4ee9 P cde87b45c474478f9a9ef5e93c0ccee5 [term 1 FOLLOWER]: Refusing update from remote peer 08a7b5c973bb4018919fdffe3471b51b: Log matching property violated. Preceding OpId in replica: term: 1 index: 1. Preceding OpId from leader: term: 1 index: 2. (index mismatch)
W20260713 09:01:38.979866  6945 consensus_peers.cc:597] T 0310c89616f94f9aa7100a22401a4ee9 P 08a7b5c973bb4018919fdffe3471b51b -> Peer b9bcbc1de949438180e6148fc1b53036 (127.5.187.132:37149): Couldn't send request to peer b9bcbc1de949438180e6148fc1b53036. Error code: TABLET_NOT_FOUND (6). Status: Not found: Tablet not found: 0310c89616f94f9aa7100a22401a4ee9. This is attempt 1: this message will repeat every 5th retry.
I20260713 09:01:38.980887  7615 consensus_queue.cc:1048] T 0310c89616f94f9aa7100a22401a4ee9 P 08a7b5c973bb4018919fdffe3471b51b [LEADER]: Connected to new peer: Peer: permanent_uuid: "cde87b45c474478f9a9ef5e93c0ccee5" member_type: VOTER last_known_addr { host: "127.5.187.131" port: 46195 }, Status: LMP_MISMATCH, Last received: 0.0, Next index: 2, Last known committed idx: 1, Time since last communication: 0.000s
I20260713 09:01:38.985924  7051 raft_consensus.cc:1275] T 0310c89616f94f9aa7100a22401a4ee9 P 3bc8d2c37d1b47a38efb505fcfdb2b88 [term 1 FOLLOWER]: Refusing update from remote peer 08a7b5c973bb4018919fdffe3471b51b: Log matching property violated. Preceding OpId in replica: term: 1 index: 1. Preceding OpId from leader: term: 1 index: 2. (index mismatch)
I20260713 09:01:38.987401  7615 consensus_queue.cc:1048] T 0310c89616f94f9aa7100a22401a4ee9 P 08a7b5c973bb4018919fdffe3471b51b [LEADER]: Connected to new peer: Peer: permanent_uuid: "3bc8d2c37d1b47a38efb505fcfdb2b88" member_type: VOTER last_known_addr { host: "127.5.187.130" port: 33785 } attrs { replace: true }, Status: LMP_MISMATCH, Last received: 0.0, Next index: 2, Last known committed idx: 1, Time since last communication: 0.000s
I20260713 09:01:38.993860  7597 raft_consensus.cc:2955] T 0310c89616f94f9aa7100a22401a4ee9 P 08a7b5c973bb4018919fdffe3471b51b [term 1 LEADER]: Committing config change with OpId 1.2: config changed from index -1 to 2, NON_VOTER b9bcbc1de949438180e6148fc1b53036 (127.5.187.132) added. New config: { opid_index: 2 OBSOLETE_local: false peers { permanent_uuid: "08a7b5c973bb4018919fdffe3471b51b" member_type: VOTER last_known_addr { host: "127.5.187.129" port: 36895 } } peers { permanent_uuid: "3bc8d2c37d1b47a38efb505fcfdb2b88" member_type: VOTER last_known_addr { host: "127.5.187.130" port: 33785 } attrs { replace: true } } peers { permanent_uuid: "cde87b45c474478f9a9ef5e93c0ccee5" member_type: VOTER last_known_addr { host: "127.5.187.131" port: 46195 } } peers { permanent_uuid: "b9bcbc1de949438180e6148fc1b53036" member_type: NON_VOTER last_known_addr { host: "127.5.187.132" port: 37149 } attrs { promote: true } } }
I20260713 09:01:38.999573  7126 raft_consensus.cc:2955] T 0310c89616f94f9aa7100a22401a4ee9 P cde87b45c474478f9a9ef5e93c0ccee5 [term 1 FOLLOWER]: Committing config change with OpId 1.2: config changed from index -1 to 2, NON_VOTER b9bcbc1de949438180e6148fc1b53036 (127.5.187.132) added. New config: { opid_index: 2 OBSOLETE_local: false peers { permanent_uuid: "08a7b5c973bb4018919fdffe3471b51b" member_type: VOTER last_known_addr { host: "127.5.187.129" port: 36895 } } peers { permanent_uuid: "3bc8d2c37d1b47a38efb505fcfdb2b88" member_type: VOTER last_known_addr { host: "127.5.187.130" port: 33785 } attrs { replace: true } } peers { permanent_uuid: "cde87b45c474478f9a9ef5e93c0ccee5" member_type: VOTER last_known_addr { host: "127.5.187.131" port: 46195 } } peers { permanent_uuid: "b9bcbc1de949438180e6148fc1b53036" member_type: NON_VOTER last_known_addr { host: "127.5.187.132" port: 37149 } attrs { promote: true } } }
I20260713 09:01:38.999508  7051 raft_consensus.cc:2955] T 0310c89616f94f9aa7100a22401a4ee9 P 3bc8d2c37d1b47a38efb505fcfdb2b88 [term 1 FOLLOWER]: Committing config change with OpId 1.2: config changed from index -1 to 2, NON_VOTER b9bcbc1de949438180e6148fc1b53036 (127.5.187.132) added. New config: { opid_index: 2 OBSOLETE_local: false peers { permanent_uuid: "08a7b5c973bb4018919fdffe3471b51b" member_type: VOTER last_known_addr { host: "127.5.187.129" port: 36895 } } peers { permanent_uuid: "3bc8d2c37d1b47a38efb505fcfdb2b88" member_type: VOTER last_known_addr { host: "127.5.187.130" port: 33785 } attrs { replace: true } } peers { permanent_uuid: "cde87b45c474478f9a9ef5e93c0ccee5" member_type: VOTER last_known_addr { host: "127.5.187.131" port: 46195 } } peers { permanent_uuid: "b9bcbc1de949438180e6148fc1b53036" member_type: NON_VOTER last_known_addr { host: "127.5.187.132" port: 37149 } attrs { promote: true } } }
I20260713 09:01:39.008121  7128 consensus_queue.cc:237] T fa24a79b75594156ae81758ab8e5774d P cde87b45c474478f9a9ef5e93c0ccee5 [LEADER]: Queue going to LEADER mode. State: All replicated index: 0, Majority replicated index: 1, Committed index: 1, Last appended: 1.1, Last appended by leader: 0, Current term: 1, Majority size: 2, State: 0, Mode: LEADER, active raft config: opid_index: 2 OBSOLETE_local: false peers { permanent_uuid: "08a7b5c973bb4018919fdffe3471b51b" member_type: VOTER last_known_addr { host: "127.5.187.129" port: 36895 } attrs { replace: true } } peers { permanent_uuid: "3bc8d2c37d1b47a38efb505fcfdb2b88" member_type: VOTER last_known_addr { host: "127.5.187.130" port: 33785 } } peers { permanent_uuid: "cde87b45c474478f9a9ef5e93c0ccee5" member_type: VOTER last_known_addr { host: "127.5.187.131" port: 46195 } } peers { permanent_uuid: "b9bcbc1de949438180e6148fc1b53036" member_type: NON_VOTER last_known_addr { host: "127.5.187.132" port: 37149 } attrs { promote: true } }
I20260713 09:01:39.009196  6875 catalog_manager.cc:5697] T 0310c89616f94f9aa7100a22401a4ee9 P 08a7b5c973bb4018919fdffe3471b51b reported cstate change: config changed from index -1 to 2, NON_VOTER b9bcbc1de949438180e6148fc1b53036 (127.5.187.132) added. New cstate: current_term: 1 leader_uuid: "08a7b5c973bb4018919fdffe3471b51b" committed_config { opid_index: 2 OBSOLETE_local: false peers { permanent_uuid: "08a7b5c973bb4018919fdffe3471b51b" member_type: VOTER last_known_addr { host: "127.5.187.129" port: 36895 } health_report { overall_health: HEALTHY } } peers { permanent_uuid: "3bc8d2c37d1b47a38efb505fcfdb2b88" member_type: VOTER last_known_addr { host: "127.5.187.130" port: 33785 } attrs { replace: true } health_report { overall_health: HEALTHY } } peers { permanent_uuid: "cde87b45c474478f9a9ef5e93c0ccee5" member_type: VOTER last_known_addr { host: "127.5.187.131" port: 46195 } health_report { overall_health: HEALTHY } } peers { permanent_uuid: "b9bcbc1de949438180e6148fc1b53036" member_type: NON_VOTER last_known_addr { host: "127.5.187.132" port: 37149 } attrs { promote: true } health_report { overall_health: UNKNOWN } } }
W20260713 09:01:39.020175  7094 consensus_peers.cc:597] T fa24a79b75594156ae81758ab8e5774d P cde87b45c474478f9a9ef5e93c0ccee5 -> Peer b9bcbc1de949438180e6148fc1b53036 (127.5.187.132:37149): Couldn't send request to peer b9bcbc1de949438180e6148fc1b53036. Error code: TABLET_NOT_FOUND (6). Status: Not found: Tablet not found: fa24a79b75594156ae81758ab8e5774d. This is attempt 1: this message will repeat every 5th retry.
I20260713 09:01:39.020331  6975 raft_consensus.cc:1275] T fa24a79b75594156ae81758ab8e5774d P 08a7b5c973bb4018919fdffe3471b51b [term 1 FOLLOWER]: Refusing update from remote peer cde87b45c474478f9a9ef5e93c0ccee5: Log matching property violated. Preceding OpId in replica: term: 1 index: 1. Preceding OpId from leader: term: 1 index: 2. (index mismatch)
I20260713 09:01:39.020680  7051 raft_consensus.cc:1275] T fa24a79b75594156ae81758ab8e5774d P 3bc8d2c37d1b47a38efb505fcfdb2b88 [term 1 FOLLOWER]: Refusing update from remote peer cde87b45c474478f9a9ef5e93c0ccee5: Log matching property violated. Preceding OpId in replica: term: 1 index: 1. Preceding OpId from leader: term: 1 index: 2. (index mismatch)
I20260713 09:01:39.021924  7613 consensus_queue.cc:1048] T fa24a79b75594156ae81758ab8e5774d P cde87b45c474478f9a9ef5e93c0ccee5 [LEADER]: Connected to new peer: Peer: permanent_uuid: "08a7b5c973bb4018919fdffe3471b51b" member_type: VOTER last_known_addr { host: "127.5.187.129" port: 36895 } attrs { replace: true }, Status: LMP_MISMATCH, Last received: 0.0, Next index: 2, Last known committed idx: 1, Time since last communication: 0.000s
I20260713 09:01:39.022627  7643 consensus_queue.cc:1048] T fa24a79b75594156ae81758ab8e5774d P cde87b45c474478f9a9ef5e93c0ccee5 [LEADER]: Connected to new peer: Peer: permanent_uuid: "3bc8d2c37d1b47a38efb505fcfdb2b88" member_type: VOTER last_known_addr { host: "127.5.187.130" port: 33785 }, Status: LMP_MISMATCH, Last received: 0.0, Next index: 2, Last known committed idx: 1, Time since last communication: 0.000s
I20260713 09:01:39.035147  7613 raft_consensus.cc:2955] T fa24a79b75594156ae81758ab8e5774d P cde87b45c474478f9a9ef5e93c0ccee5 [term 1 LEADER]: Committing config change with OpId 1.2: config changed from index -1 to 2, NON_VOTER b9bcbc1de949438180e6148fc1b53036 (127.5.187.132) added. New config: { opid_index: 2 OBSOLETE_local: false peers { permanent_uuid: "08a7b5c973bb4018919fdffe3471b51b" member_type: VOTER last_known_addr { host: "127.5.187.129" port: 36895 } attrs { replace: true } } peers { permanent_uuid: "3bc8d2c37d1b47a38efb505fcfdb2b88" member_type: VOTER last_known_addr { host: "127.5.187.130" port: 33785 } } peers { permanent_uuid: "cde87b45c474478f9a9ef5e93c0ccee5" member_type: VOTER last_known_addr { host: "127.5.187.131" port: 46195 } } peers { permanent_uuid: "b9bcbc1de949438180e6148fc1b53036" member_type: NON_VOTER last_known_addr { host: "127.5.187.132" port: 37149 } attrs { promote: true } } }
I20260713 09:01:39.036701  6975 raft_consensus.cc:2955] T fa24a79b75594156ae81758ab8e5774d P 08a7b5c973bb4018919fdffe3471b51b [term 1 FOLLOWER]: Committing config change with OpId 1.2: config changed from index -1 to 2, NON_VOTER b9bcbc1de949438180e6148fc1b53036 (127.5.187.132) added. New config: { opid_index: 2 OBSOLETE_local: false peers { permanent_uuid: "08a7b5c973bb4018919fdffe3471b51b" member_type: VOTER last_known_addr { host: "127.5.187.129" port: 36895 } attrs { replace: true } } peers { permanent_uuid: "3bc8d2c37d1b47a38efb505fcfdb2b88" member_type: VOTER last_known_addr { host: "127.5.187.130" port: 33785 } } peers { permanent_uuid: "cde87b45c474478f9a9ef5e93c0ccee5" member_type: VOTER last_known_addr { host: "127.5.187.131" port: 46195 } } peers { permanent_uuid: "b9bcbc1de949438180e6148fc1b53036" member_type: NON_VOTER last_known_addr { host: "127.5.187.132" port: 37149 } attrs { promote: true } } }
I20260713 09:01:39.038699  7051 raft_consensus.cc:2955] T fa24a79b75594156ae81758ab8e5774d P 3bc8d2c37d1b47a38efb505fcfdb2b88 [term 1 FOLLOWER]: Committing config change with OpId 1.2: config changed from index -1 to 2, NON_VOTER b9bcbc1de949438180e6148fc1b53036 (127.5.187.132) added. New config: { opid_index: 2 OBSOLETE_local: false peers { permanent_uuid: "08a7b5c973bb4018919fdffe3471b51b" member_type: VOTER last_known_addr { host: "127.5.187.129" port: 36895 } attrs { replace: true } } peers { permanent_uuid: "3bc8d2c37d1b47a38efb505fcfdb2b88" member_type: VOTER last_known_addr { host: "127.5.187.130" port: 33785 } } peers { permanent_uuid: "cde87b45c474478f9a9ef5e93c0ccee5" member_type: VOTER last_known_addr { host: "127.5.187.131" port: 46195 } } peers { permanent_uuid: "b9bcbc1de949438180e6148fc1b53036" member_type: NON_VOTER last_known_addr { host: "127.5.187.132" port: 37149 } attrs { promote: true } } }
