I20260713 09:01:01.427994  6166 tablet_service.cc:1917] Received RequestConsensusVote() RPC: tablet_id: "d8f68665d5ae432d8d9f5eeb803c6057" candidate_uuid: "6de603d6fa8c4b509717ce0ae17d94ac" candidate_term: 2 candidate_status { last_received { term: 1 index: 1 } } ignore_live_leader: true dest_uuid: "7b619b9e41ef487fbb49c6635f47ae9b"
I20260713 09:01:01.428313  6233 raft_consensus.cc:697] T d8f68665d5ae432d8d9f5eeb803c6057 P 6de603d6fa8c4b509717ce0ae17d94ac [term 2 LEADER]: Becoming Leader. State: Replica: 6de603d6fa8c4b509717ce0ae17d94ac, State: Running, Role: LEADER
I20260713 09:01:01.428684  6166 raft_consensus.cc:3060] T d8f68665d5ae432d8d9f5eeb803c6057 P 7b619b9e41ef487fbb49c6635f47ae9b [term 1 FOLLOWER]: Advancing to term 2
I20260713 09:01:01.428313  5914 catalog_manager.cc:5697] T 82e3a44077ab48229882ddb510d1ee3d P df79cd20d0324c209c0aecbdac983afe reported cstate change: term changed from 1 to 2, leader changed from 6de603d6fa8c4b509717ce0ae17d94ac (127.5.190.194) to df79cd20d0324c209c0aecbdac983afe (127.5.190.193). New cstate: current_term: 2 leader_uuid: "df79cd20d0324c209c0aecbdac983afe" committed_config { opid_index: -1 OBSOLETE_local: false peers { permanent_uuid: "6de603d6fa8c4b509717ce0ae17d94ac" member_type: VOTER last_known_addr { host: "127.5.190.194" port: 44521 } health_report { overall_health: UNKNOWN } } peers { permanent_uuid: "7b619b9e41ef487fbb49c6635f47ae9b" member_type: VOTER last_known_addr { host: "127.5.190.195" port: 46803 } health_report { overall_health: UNKNOWN } } peers { permanent_uuid: "df79cd20d0324c209c0aecbdac983afe" member_type: VOTER last_known_addr { host: "127.5.190.193" port: 42557 } health_report { overall_health: HEALTHY } } }
I20260713 09:01:01.429191  6233 consensus_queue.cc:237] T d8f68665d5ae432d8d9f5eeb803c6057 P 6de603d6fa8c4b509717ce0ae17d94ac [LEADER]: Queue going to LEADER mode. State: All replicated index: 0, Majority replicated index: 1, Committed index: 1, Last appended: 1.1, Last appended by leader: 1, Current term: 2, Majority size: 2, State: 0, Mode: LEADER, active raft config: opid_index: -1 OBSOLETE_local: false peers { permanent_uuid: "df79cd20d0324c209c0aecbdac983afe" member_type: VOTER last_known_addr { host: "127.5.190.193" port: 42557 } } peers { permanent_uuid: "6de603d6fa8c4b509717ce0ae17d94ac" member_type: VOTER last_known_addr { host: "127.5.190.194" port: 44521 } } peers { permanent_uuid: "7b619b9e41ef487fbb49c6635f47ae9b" member_type: VOTER last_known_addr { host: "127.5.190.195" port: 46803 } }
I20260713 09:01:01.434917  6166 raft_consensus.cc:2468] T d8f68665d5ae432d8d9f5eeb803c6057 P 7b619b9e41ef487fbb49c6635f47ae9b [term 2 FOLLOWER]: Leader election vote request: Granting yes vote for candidate 6de603d6fa8c4b509717ce0ae17d94ac in term 2.
I20260713 09:01:01.441030  5915 catalog_manager.cc:5697] T d8f68665d5ae432d8d9f5eeb803c6057 P 6de603d6fa8c4b509717ce0ae17d94ac reported cstate change: term changed from 1 to 2, leader changed from df79cd20d0324c209c0aecbdac983afe (127.5.190.193) to 6de603d6fa8c4b509717ce0ae17d94ac (127.5.190.194). New cstate: current_term: 2 leader_uuid: "6de603d6fa8c4b509717ce0ae17d94ac" committed_config { opid_index: -1 OBSOLETE_local: false peers { permanent_uuid: "df79cd20d0324c209c0aecbdac983afe" member_type: VOTER last_known_addr { host: "127.5.190.193" port: 42557 } health_report { overall_health: UNKNOWN } } peers { permanent_uuid: "6de603d6fa8c4b509717ce0ae17d94ac" member_type: VOTER last_known_addr { host: "127.5.190.194" port: 44521 } health_report { overall_health: HEALTHY } } peers { permanent_uuid: "7b619b9e41ef487fbb49c6635f47ae9b" member_type: VOTER last_known_addr { host: "127.5.190.195" port: 46803 } health_report { overall_health: UNKNOWN } } }
I20260713 09:01:01.441587  6091 raft_consensus.cc:2468] T 82e3a44077ab48229882ddb510d1ee3d P 6de603d6fa8c4b509717ce0ae17d94ac [term 2 FOLLOWER]: Leader election vote request: Granting yes vote for candidate df79cd20d0324c209c0aecbdac983afe in term 2.
I20260713 09:01:01.542573  6091 raft_consensus.cc:1275] T c3502de11b1047de91621bbe9da2e10c P 6de603d6fa8c4b509717ce0ae17d94ac [term 2 FOLLOWER]: Refusing update from remote peer df79cd20d0324c209c0aecbdac983afe: Log matching property violated. Preceding OpId in replica: term: 1 index: 1. Preceding OpId from leader: term: 2 index: 2. (index mismatch)
I20260713 09:01:01.543735  6259 consensus_queue.cc:1048] T c3502de11b1047de91621bbe9da2e10c P df79cd20d0324c209c0aecbdac983afe [LEADER]: Connected to new peer: Peer: permanent_uuid: "6de603d6fa8c4b509717ce0ae17d94ac" member_type: VOTER last_known_addr { host: "127.5.190.194" port: 44521 }, Status: LMP_MISMATCH, Last received: 0.0, Next index: 2, Last known committed idx: 1, Time since last communication: 0.000s
I20260713 09:01:01.551533  6166 raft_consensus.cc:1275] T c3502de11b1047de91621bbe9da2e10c P 7b619b9e41ef487fbb49c6635f47ae9b [term 2 FOLLOWER]: Refusing update from remote peer df79cd20d0324c209c0aecbdac983afe: Log matching property violated. Preceding OpId in replica: term: 1 index: 1. Preceding OpId from leader: term: 2 index: 2. (index mismatch)
I20260713 09:01:01.552902  6261 consensus_queue.cc:1048] T c3502de11b1047de91621bbe9da2e10c P df79cd20d0324c209c0aecbdac983afe [LEADER]: Connected to new peer: Peer: permanent_uuid: "7b619b9e41ef487fbb49c6635f47ae9b" member_type: VOTER last_known_addr { host: "127.5.190.195" port: 46803 }, Status: LMP_MISMATCH, Last received: 0.0, Next index: 2, Last known committed idx: 1, Time since last communication: 0.000s
I20260713 09:01:01.563706  6091 raft_consensus.cc:1275] T c03b9b6461474b839f727b9c9d6e5118 P 6de603d6fa8c4b509717ce0ae17d94ac [term 2 FOLLOWER]: Refusing update from remote peer df79cd20d0324c209c0aecbdac983afe: Log matching property violated. Preceding OpId in replica: term: 1 index: 1. Preceding OpId from leader: term: 2 index: 2. (index mismatch)
I20260713 09:01:01.564944  6261 consensus_queue.cc:1048] T c03b9b6461474b839f727b9c9d6e5118 P df79cd20d0324c209c0aecbdac983afe [LEADER]: Connected to new peer: Peer: permanent_uuid: "6de603d6fa8c4b509717ce0ae17d94ac" member_type: VOTER last_known_addr { host: "127.5.190.194" port: 44521 }, Status: LMP_MISMATCH, Last received: 0.0, Next index: 2, Last known committed idx: 1, Time since last communication: 0.000s
I20260713 09:01:01.573691  6166 raft_consensus.cc:1275] T c03b9b6461474b839f727b9c9d6e5118 P 7b619b9e41ef487fbb49c6635f47ae9b [term 2 FOLLOWER]: Refusing update from remote peer df79cd20d0324c209c0aecbdac983afe: Log matching property violated. Preceding OpId in replica: term: 1 index: 1. Preceding OpId from leader: term: 2 index: 2. (index mismatch)
I20260713 09:01:01.575112  6259 consensus_queue.cc:1048] T c03b9b6461474b839f727b9c9d6e5118 P df79cd20d0324c209c0aecbdac983afe [LEADER]: Connected to new peer: Peer: permanent_uuid: "7b619b9e41ef487fbb49c6635f47ae9b" member_type: VOTER last_known_addr { host: "127.5.190.195" port: 46803 }, Status: LMP_MISMATCH, Last received: 0.0, Next index: 2, Last known committed idx: 1, Time since last communication: 0.000s
I20260713 09:01:01.577994  6247 raft_consensus.cc:993] T eee24a7d67cd4e2186d60632a6699936 P 7b619b9e41ef487fbb49c6635f47ae9b: : Instructing follower df79cd20d0324c209c0aecbdac983afe to start an election
I20260713 09:01:01.578567  6247 raft_consensus.cc:1081] T eee24a7d67cd4e2186d60632a6699936 P 7b619b9e41ef487fbb49c6635f47ae9b [term 1 LEADER]: Signalling peer df79cd20d0324c209c0aecbdac983afe to start an election
I20260713 09:01:01.580075  6017 tablet_service.cc:2044] Received Run Leader Election RPC: tablet_id: "eee24a7d67cd4e2186d60632a6699936"
dest_uuid: "df79cd20d0324c209c0aecbdac983afe"
 from {username='slave'} at 127.0.0.1:52628
I20260713 09:01:01.580586  6017 raft_consensus.cc:493] T eee24a7d67cd4e2186d60632a6699936 P df79cd20d0324c209c0aecbdac983afe [term 1 FOLLOWER]: Starting forced leader election (received explicit request)
I20260713 09:01:01.580927  6017 raft_consensus.cc:3060] T eee24a7d67cd4e2186d60632a6699936 P df79cd20d0324c209c0aecbdac983afe [term 1 FOLLOWER]: Advancing to term 2
I20260713 09:01:01.586985  6017 raft_consensus.cc:515] T eee24a7d67cd4e2186d60632a6699936 P df79cd20d0324c209c0aecbdac983afe [term 2 FOLLOWER]: Starting forced leader election with config: opid_index: -1 OBSOLETE_local: false peers { permanent_uuid: "df79cd20d0324c209c0aecbdac983afe" member_type: VOTER last_known_addr { host: "127.5.190.193" port: 42557 } } peers { permanent_uuid: "6de603d6fa8c4b509717ce0ae17d94ac" member_type: VOTER last_known_addr { host: "127.5.190.194" port: 44521 } } peers { permanent_uuid: "7b619b9e41ef487fbb49c6635f47ae9b" member_type: VOTER last_known_addr { host: "127.5.190.195" port: 46803 } }
I20260713 09:01:01.589371  6091 tablet_service.cc:1917] Received RequestConsensusVote() RPC: tablet_id: "eee24a7d67cd4e2186d60632a6699936" candidate_uuid: "df79cd20d0324c209c0aecbdac983afe" candidate_term: 2 candidate_status { last_received { term: 1 index: 1 } } ignore_live_leader: true dest_uuid: "6de603d6fa8c4b509717ce0ae17d94ac"
I20260713 09:01:01.589956  6091 raft_consensus.cc:3060] T eee24a7d67cd4e2186d60632a6699936 P 6de603d6fa8c4b509717ce0ae17d94ac [term 1 FOLLOWER]: Advancing to term 2
I20260713 09:01:01.591336  6166 tablet_service.cc:1917] Received RequestConsensusVote() RPC: tablet_id: "eee24a7d67cd4e2186d60632a6699936" candidate_uuid: "df79cd20d0324c209c0aecbdac983afe" candidate_term: 2 candidate_status { last_received { term: 1 index: 1 } } ignore_live_leader: true dest_uuid: "7b619b9e41ef487fbb49c6635f47ae9b"
I20260713 09:01:01.592305  6166 raft_consensus.cc:3055] T eee24a7d67cd4e2186d60632a6699936 P 7b619b9e41ef487fbb49c6635f47ae9b [term 1 LEADER]: Stepping down as leader of term 1
I20260713 09:01:01.592635  6166 raft_consensus.cc:740] T eee24a7d67cd4e2186d60632a6699936 P 7b619b9e41ef487fbb49c6635f47ae9b [term 1 LEADER]: Becoming Follower/Learner. State: Replica: 7b619b9e41ef487fbb49c6635f47ae9b, State: Running, Role: LEADER
I20260713 09:01:01.593632  6017 leader_election.cc:290] T eee24a7d67cd4e2186d60632a6699936 P df79cd20d0324c209c0aecbdac983afe [CANDIDATE]: Term 2 election: Requested vote from peers 6de603d6fa8c4b509717ce0ae17d94ac (127.5.190.194:44521), 7b619b9e41ef487fbb49c6635f47ae9b (127.5.190.195:46803)
I20260713 09:01:01.593410  6166 consensus_queue.cc:260] T eee24a7d67cd4e2186d60632a6699936 P 7b619b9e41ef487fbb49c6635f47ae9b [NON_LEADER]: Queue going to NON_LEADER mode. State: All replicated index: 0, Majority replicated index: 1, Committed index: 1, Last appended: 1.1, Last appended by leader: 1, Current term: 1, Majority size: -1, State: 0, Mode: NON_LEADER, active raft config: opid_index: -1 OBSOLETE_local: false peers { permanent_uuid: "df79cd20d0324c209c0aecbdac983afe" member_type: VOTER last_known_addr { host: "127.5.190.193" port: 42557 } } peers { permanent_uuid: "6de603d6fa8c4b509717ce0ae17d94ac" member_type: VOTER last_known_addr { host: "127.5.190.194" port: 44521 } } peers { permanent_uuid: "7b619b9e41ef487fbb49c6635f47ae9b" member_type: VOTER last_known_addr { host: "127.5.190.195" port: 46803 } }
I20260713 09:01:01.595103  6166 raft_consensus.cc:3060] T eee24a7d67cd4e2186d60632a6699936 P 7b619b9e41ef487fbb49c6635f47ae9b [term 1 FOLLOWER]: Advancing to term 2
I20260713 09:01:01.597517  6091 raft_consensus.cc:2468] T eee24a7d67cd4e2186d60632a6699936 P 6de603d6fa8c4b509717ce0ae17d94ac [term 2 FOLLOWER]: Leader election vote request: Granting yes vote for candidate df79cd20d0324c209c0aecbdac983afe in term 2.
I20260713 09:01:01.598663  5982 leader_election.cc:304] T eee24a7d67cd4e2186d60632a6699936 P df79cd20d0324c209c0aecbdac983afe [CANDIDATE]: Term 2 election: Election decided. Result: candidate won. Election summary: received 2 responses out of 3 voters: 2 yes votes; 0 no votes. yes voters: 6de603d6fa8c4b509717ce0ae17d94ac, df79cd20d0324c209c0aecbdac983afe; no voters: 
I20260713 09:01:01.599215  6166 raft_consensus.cc:2468] T eee24a7d67cd4e2186d60632a6699936 P 7b619b9e41ef487fbb49c6635f47ae9b [term 2 FOLLOWER]: Leader election vote request: Granting yes vote for candidate df79cd20d0324c209c0aecbdac983afe in term 2.
I20260713 09:01:01.599418  6259 raft_consensus.cc:2804] T eee24a7d67cd4e2186d60632a6699936 P df79cd20d0324c209c0aecbdac983afe [term 2 FOLLOWER]: Leader election won for term 2
I20260713 09:01:01.599890  6259 raft_consensus.cc:697] T eee24a7d67cd4e2186d60632a6699936 P df79cd20d0324c209c0aecbdac983afe [term 2 LEADER]: Becoming Leader. State: Replica: df79cd20d0324c209c0aecbdac983afe, State: Running, Role: LEADER
I20260713 09:01:01.600658  6259 consensus_queue.cc:237] T eee24a7d67cd4e2186d60632a6699936 P df79cd20d0324c209c0aecbdac983afe [LEADER]: Queue going to LEADER mode. State: All replicated index: 0, Majority replicated index: 1, Committed index: 1, Last appended: 1.1, Last appended by leader: 1, Current term: 2, Majority size: 2, State: 0, Mode: LEADER, active raft config: opid_index: -1 OBSOLETE_local: false peers { permanent_uuid: "df79cd20d0324c209c0aecbdac983afe" member_type: VOTER last_known_addr { host: "127.5.190.193" port: 42557 } } peers { permanent_uuid: "6de603d6fa8c4b509717ce0ae17d94ac" member_type: VOTER last_known_addr { host: "127.5.190.194" port: 44521 } } peers { permanent_uuid: "7b619b9e41ef487fbb49c6635f47ae9b" member_type: VOTER last_known_addr { host: "127.5.190.195" port: 46803 } }
I20260713 09:01:01.606637  5914 catalog_manager.cc:5697] T eee24a7d67cd4e2186d60632a6699936 P df79cd20d0324c209c0aecbdac983afe reported cstate change: term changed from 1 to 2, leader changed from 7b619b9e41ef487fbb49c6635f47ae9b (127.5.190.195) to df79cd20d0324c209c0aecbdac983afe (127.5.190.193). New cstate: current_term: 2 leader_uuid: "df79cd20d0324c209c0aecbdac983afe" committed_config { opid_index: -1 OBSOLETE_local: false peers { permanent_uuid: "df79cd20d0324c209c0aecbdac983afe" member_type: VOTER last_known_addr { host: "127.5.190.193" port: 42557 } health_report { overall_health: HEALTHY } } peers { permanent_uuid: "6de603d6fa8c4b509717ce0ae17d94ac" member_type: VOTER last_known_addr { host: "127.5.190.194" port: 44521 } health_report { overall_health: UNKNOWN } } peers { permanent_uuid: "7b619b9e41ef487fbb49c6635f47ae9b" member_type: VOTER last_known_addr { host: "127.5.190.195" port: 46803 } health_report { overall_health: UNKNOWN } } }
I20260713 09:01:01.756464  6091 raft_consensus.cc:3060] T 3de7f98bdb22461788441ae144b124a8 P 6de603d6fa8c4b509717ce0ae17d94ac [term 1 FOLLOWER]: Advancing to term 2
I20260713 09:01:01.763615  6091 raft_consensus.cc:1275] T 3de7f98bdb22461788441ae144b124a8 P 6de603d6fa8c4b509717ce0ae17d94ac [term 2 FOLLOWER]: Refusing update from remote peer 7b619b9e41ef487fbb49c6635f47ae9b: Log matching property violated. Preceding OpId in replica: term: 1 index: 1. Preceding OpId from leader: term: 2 index: 2. (index mismatch)
I20260713 09:01:01.764930  6217 consensus_queue.cc:1048] T 3de7f98bdb22461788441ae144b124a8 P 7b619b9e41ef487fbb49c6635f47ae9b [LEADER]: Connected to new peer: Peer: permanent_uuid: "6de603d6fa8c4b509717ce0ae17d94ac" member_type: VOTER last_known_addr { host: "127.5.190.194" port: 44521 }, Status: LMP_MISMATCH, Last received: 0.0, Next index: 2, Last known committed idx: 1, Time since last communication: 0.000s
I20260713 09:01:01.771757  6017 raft_consensus.cc:1275] T df277524e13d46909c67b9ed5ead16f5 P df79cd20d0324c209c0aecbdac983afe [term 2 FOLLOWER]: Refusing update from remote peer 6de603d6fa8c4b509717ce0ae17d94ac: Log matching property violated. Preceding OpId in replica: term: 1 index: 1. Preceding OpId from leader: term: 2 index: 2. (index mismatch)
I20260713 09:01:01.773084  6233 consensus_queue.cc:1048] T df277524e13d46909c67b9ed5ead16f5 P 6de603d6fa8c4b509717ce0ae17d94ac [LEADER]: Connected to new peer: Peer: permanent_uuid: "df79cd20d0324c209c0aecbdac983afe" member_type: VOTER last_known_addr { host: "127.5.190.193" port: 42557 }, Status: LMP_MISMATCH, Last received: 0.0, Next index: 2, Last known committed idx: 1, Time since last communication: 0.000s
I20260713 09:01:01.774691  6018 raft_consensus.cc:1275] T 3de7f98bdb22461788441ae144b124a8 P df79cd20d0324c209c0aecbdac983afe [term 2 FOLLOWER]: Refusing update from remote peer 7b619b9e41ef487fbb49c6635f47ae9b: Log matching property violated. Preceding OpId in replica: term: 1 index: 1. Preceding OpId from leader: term: 2 index: 2. (index mismatch)
I20260713 09:01:01.776104  6237 consensus_queue.cc:1048] T 3de7f98bdb22461788441ae144b124a8 P 7b619b9e41ef487fbb49c6635f47ae9b [LEADER]: Connected to new peer: Peer: permanent_uuid: "df79cd20d0324c209c0aecbdac983afe" member_type: VOTER last_known_addr { host: "127.5.190.193" port: 42557 }, Status: LMP_MISMATCH, Last received: 0.0, Next index: 2, Last known committed idx: 1, Time since last communication: 0.000s
I20260713 09:01:01.787722  6166 raft_consensus.cc:1275] T df277524e13d46909c67b9ed5ead16f5 P 7b619b9e41ef487fbb49c6635f47ae9b [term 2 FOLLOWER]: Refusing update from remote peer 6de603d6fa8c4b509717ce0ae17d94ac: Log matching property violated. Preceding OpId in replica: term: 1 index: 1. Preceding OpId from leader: term: 2 index: 2. (index mismatch)
I20260713 09:01:01.789075  6233 consensus_queue.cc:1048] T df277524e13d46909c67b9ed5ead16f5 P 6de603d6fa8c4b509717ce0ae17d94ac [LEADER]: Connected to new peer: Peer: permanent_uuid: "7b619b9e41ef487fbb49c6635f47ae9b" member_type: VOTER last_known_addr { host: "127.5.190.195" port: 46803 }, Status: LMP_MISMATCH, Last received: 0.0, Next index: 2, Last known committed idx: 1, Time since last communication: 0.000s
I20260713 09:01:01.828003  6167 raft_consensus.cc:1275] T d8f68665d5ae432d8d9f5eeb803c6057 P 7b619b9e41ef487fbb49c6635f47ae9b [term 2 FOLLOWER]: Refusing update from remote peer 6de603d6fa8c4b509717ce0ae17d94ac: Log matching property violated. Preceding OpId in replica: term: 1 index: 1. Preceding OpId from leader: term: 2 index: 2. (index mismatch)
I20260713 09:01:01.829584  6233 consensus_queue.cc:1048] T d8f68665d5ae432d8d9f5eeb803c6057 P 6de603d6fa8c4b509717ce0ae17d94ac [LEADER]: Connected to new peer: Peer: permanent_uuid: "7b619b9e41ef487fbb49c6635f47ae9b" member_type: VOTER last_known_addr { host: "127.5.190.195" port: 46803 }, Status: LMP_MISMATCH, Last received: 0.0, Next index: 2, Last known committed idx: 1, Time since last communication: 0.000s
I20260713 09:01:01.838917  6017 raft_consensus.cc:1275] T d8f68665d5ae432d8d9f5eeb803c6057 P df79cd20d0324c209c0aecbdac983afe [term 2 FOLLOWER]: Refusing update from remote peer 6de603d6fa8c4b509717ce0ae17d94ac: Log matching property violated. Preceding OpId in replica: term: 1 index: 1. Preceding OpId from leader: term: 2 index: 2. (index mismatch)
I20260713 09:01:01.840355  6270 consensus_queue.cc:1048] T d8f68665d5ae432d8d9f5eeb803c6057 P 6de603d6fa8c4b509717ce0ae17d94ac [LEADER]: Connected to new peer: Peer: permanent_uuid: "df79cd20d0324c209c0aecbdac983afe" member_type: VOTER last_known_addr { host: "127.5.190.193" port: 42557 }, Status: LMP_MISMATCH, Last received: 0.0, Next index: 2, Last known committed idx: 1, Time since last communication: 0.000s
I20260713 09:01:01.922080  6167 raft_consensus.cc:1275] T 82e3a44077ab48229882ddb510d1ee3d P 7b619b9e41ef487fbb49c6635f47ae9b [term 2 FOLLOWER]: Refusing update from remote peer df79cd20d0324c209c0aecbdac983afe: Log matching property violated. Preceding OpId in replica: term: 1 index: 1. Preceding OpId from leader: term: 2 index: 2. (index mismatch)
I20260713 09:01:01.923243  6259 consensus_queue.cc:1048] T 82e3a44077ab48229882ddb510d1ee3d P df79cd20d0324c209c0aecbdac983afe [LEADER]: Connected to new peer: Peer: permanent_uuid: "7b619b9e41ef487fbb49c6635f47ae9b" member_type: VOTER last_known_addr { host: "127.5.190.195" port: 46803 }, Status: LMP_MISMATCH, Last received: 0.0, Next index: 2, Last known committed idx: 1, Time since last communication: 0.000s
I20260713 09:01:01.931181  6091 raft_consensus.cc:1275] T 82e3a44077ab48229882ddb510d1ee3d P 6de603d6fa8c4b509717ce0ae17d94ac [term 2 FOLLOWER]: Refusing update from remote peer df79cd20d0324c209c0aecbdac983afe: Log matching property violated. Preceding OpId in replica: term: 1 index: 1. Preceding OpId from leader: term: 2 index: 2. (index mismatch)
I20260713 09:01:01.932786  6218 consensus_queue.cc:1048] T 82e3a44077ab48229882ddb510d1ee3d P df79cd20d0324c209c0aecbdac983afe [LEADER]: Connected to new peer: Peer: permanent_uuid: "6de603d6fa8c4b509717ce0ae17d94ac" member_type: VOTER last_known_addr { host: "127.5.190.194" port: 44521 }, Status: LMP_MISMATCH, Last received: 0.0, Next index: 2, Last known committed idx: 1, Time since last communication: 0.000s
I20260713 09:01:01.995126  6167 raft_consensus.cc:1275] T eee24a7d67cd4e2186d60632a6699936 P 7b619b9e41ef487fbb49c6635f47ae9b [term 2 FOLLOWER]: Refusing update from remote peer df79cd20d0324c209c0aecbdac983afe: Log matching property violated. Preceding OpId in replica: term: 1 index: 1. Preceding OpId from leader: term: 2 index: 2. (index mismatch)
I20260713 09:01:01.996253  6218 consensus_queue.cc:1048] T eee24a7d67cd4e2186d60632a6699936 P df79cd20d0324c209c0aecbdac983afe [LEADER]: Connected to new peer: Peer: permanent_uuid: "7b619b9e41ef487fbb49c6635f47ae9b" member_type: VOTER last_known_addr { host: "127.5.190.195" port: 46803 }, Status: LMP_MISMATCH, Last received: 0.0, Next index: 2, Last known committed idx: 1, Time since last communication: 0.000s
I20260713 09:01:02.004933  6091 raft_consensus.cc:1275] T eee24a7d67cd4e2186d60632a6699936 P 6de603d6fa8c4b509717ce0ae17d94ac [term 2 FOLLOWER]: Refusing update from remote peer df79cd20d0324c209c0aecbdac983afe: Log matching property violated. Preceding OpId in replica: term: 1 index: 1. Preceding OpId from leader: term: 2 index: 2. (index mismatch)
I20260713 09:01:02.007462  6218 consensus_queue.cc:1048] T eee24a7d67cd4e2186d60632a6699936 P df79cd20d0324c209c0aecbdac983afe [LEADER]: Connected to new peer: Peer: permanent_uuid: "6de603d6fa8c4b509717ce0ae17d94ac" member_type: VOTER last_known_addr { host: "127.5.190.194" port: 44521 }, Status: LMP_MISMATCH, Last received: 0.0, Next index: 2, Last known committed idx: 1, Time since last communication: 0.000s
I20260713 09:01:04.227665  5883 auto_leader_rebalancer-test.cc:320] The leader distribution is 
I20260713 09:01:04.228401  5883 auto_leader_rebalancer.cc:141] leader rebalance for table test-workload
I20260713 09:01:04.246784  6016 tablet_service.cc:2072] Received LeaderStepDown RPC: tablet_id: "82e3a44077ab48229882ddb510d1ee3d"
dest_uuid: "df79cd20d0324c209c0aecbdac983afe"
mode: GRACEFUL
new_leader_uuid: "7b619b9e41ef487fbb49c6635f47ae9b"
 from {username='slave'} at 127.0.0.1:52640
I20260713 09:01:04.247210  6016 raft_consensus.cc:606] T 82e3a44077ab48229882ddb510d1ee3d P df79cd20d0324c209c0aecbdac983afe [term 2 LEADER]: Received request to transfer leadership to TS 7b619b9e41ef487fbb49c6635f47ae9b
I20260713 09:01:04.257848  6091 tablet_service.cc:2072] Received LeaderStepDown RPC: tablet_id: "df277524e13d46909c67b9ed5ead16f5"
dest_uuid: "6de603d6fa8c4b509717ce0ae17d94ac"
mode: GRACEFUL
new_leader_uuid: "7b619b9e41ef487fbb49c6635f47ae9b"
 from {username='slave'} at 127.0.0.1:45824
I20260713 09:01:04.258287  6091 raft_consensus.cc:606] T df277524e13d46909c67b9ed5ead16f5 P 6de603d6fa8c4b509717ce0ae17d94ac [term 2 LEADER]: Received request to transfer leadership to TS 7b619b9e41ef487fbb49c6635f47ae9b
I20260713 09:01:04.259343  5883 auto_leader_rebalancer.cc:479] table: test-workload, leader rebalance finish, leader transfer count: 2
I20260713 09:01:04.259771  5883 auto_leader_rebalancer.cc:554] All tables' leader rebalancing finished this round
I20260713 09:01:04.442621  6218 raft_consensus.cc:993] T 82e3a44077ab48229882ddb510d1ee3d P df79cd20d0324c209c0aecbdac983afe: : Instructing follower 7b619b9e41ef487fbb49c6635f47ae9b to start an election
I20260713 09:01:04.443032  6301 raft_consensus.cc:1081] T 82e3a44077ab48229882ddb510d1ee3d P df79cd20d0324c209c0aecbdac983afe [term 2 LEADER]: Signalling peer 7b619b9e41ef487fbb49c6635f47ae9b to start an election
I20260713 09:01:04.444299  6167 tablet_service.cc:2044] Received Run Leader Election RPC: tablet_id: "82e3a44077ab48229882ddb510d1ee3d"
dest_uuid: "7b619b9e41ef487fbb49c6635f47ae9b"
 from {username='slave'} at 127.0.0.1:56232
I20260713 09:01:04.444689  6167 raft_consensus.cc:493] T 82e3a44077ab48229882ddb510d1ee3d P 7b619b9e41ef487fbb49c6635f47ae9b [term 2 FOLLOWER]: Starting forced leader election (received explicit request)
I20260713 09:01:04.444945  6167 raft_consensus.cc:3060] T 82e3a44077ab48229882ddb510d1ee3d P 7b619b9e41ef487fbb49c6635f47ae9b [term 2 FOLLOWER]: Advancing to term 3
I20260713 09:01:04.448493  6167 raft_consensus.cc:515] T 82e3a44077ab48229882ddb510d1ee3d P 7b619b9e41ef487fbb49c6635f47ae9b [term 3 FOLLOWER]: Starting forced leader election with config: opid_index: -1 OBSOLETE_local: false peers { permanent_uuid: "6de603d6fa8c4b509717ce0ae17d94ac" member_type: VOTER last_known_addr { host: "127.5.190.194" port: 44521 } } peers { permanent_uuid: "7b619b9e41ef487fbb49c6635f47ae9b" member_type: VOTER last_known_addr { host: "127.5.190.195" port: 46803 } } peers { permanent_uuid: "df79cd20d0324c209c0aecbdac983afe" member_type: VOTER last_known_addr { host: "127.5.190.193" port: 42557 } }
I20260713 09:01:04.449934  6167 leader_election.cc:290] T 82e3a44077ab48229882ddb510d1ee3d P 7b619b9e41ef487fbb49c6635f47ae9b [CANDIDATE]: Term 3 election: Requested vote from peers 6de603d6fa8c4b509717ce0ae17d94ac (127.5.190.194:44521), df79cd20d0324c209c0aecbdac983afe (127.5.190.193:42557)
I20260713 09:01:04.450624  6091 tablet_service.cc:1917] Received RequestConsensusVote() RPC: tablet_id: "82e3a44077ab48229882ddb510d1ee3d" candidate_uuid: "7b619b9e41ef487fbb49c6635f47ae9b" candidate_term: 3 candidate_status { last_received { term: 2 index: 2 } } ignore_live_leader: true dest_uuid: "6de603d6fa8c4b509717ce0ae17d94ac"
I20260713 09:01:04.450920  6016 tablet_service.cc:1917] Received RequestConsensusVote() RPC: tablet_id: "82e3a44077ab48229882ddb510d1ee3d" candidate_uuid: "7b619b9e41ef487fbb49c6635f47ae9b" candidate_term: 3 candidate_status { last_received { term: 2 index: 2 } } ignore_live_leader: true dest_uuid: "df79cd20d0324c209c0aecbdac983afe"
I20260713 09:01:04.451187  6091 raft_consensus.cc:3060] T 82e3a44077ab48229882ddb510d1ee3d P 6de603d6fa8c4b509717ce0ae17d94ac [term 2 FOLLOWER]: Advancing to term 3
I20260713 09:01:04.451469  6016 raft_consensus.cc:3055] T 82e3a44077ab48229882ddb510d1ee3d P df79cd20d0324c209c0aecbdac983afe [term 2 LEADER]: Stepping down as leader of term 2
I20260713 09:01:04.451797  6016 raft_consensus.cc:740] T 82e3a44077ab48229882ddb510d1ee3d P df79cd20d0324c209c0aecbdac983afe [term 2 LEADER]: Becoming Follower/Learner. State: Replica: df79cd20d0324c209c0aecbdac983afe, State: Running, Role: LEADER
I20260713 09:01:04.452524  6016 consensus_queue.cc:260] T 82e3a44077ab48229882ddb510d1ee3d P df79cd20d0324c209c0aecbdac983afe [NON_LEADER]: Queue going to NON_LEADER mode. State: All replicated index: 0, Majority replicated index: 2, Committed index: 2, Last appended: 2.2, Last appended by leader: 2, Current term: 2, Majority size: -1, State: 0, Mode: NON_LEADER, active raft config: opid_index: -1 OBSOLETE_local: false peers { permanent_uuid: "6de603d6fa8c4b509717ce0ae17d94ac" member_type: VOTER last_known_addr { host: "127.5.190.194" port: 44521 } } peers { permanent_uuid: "7b619b9e41ef487fbb49c6635f47ae9b" member_type: VOTER last_known_addr { host: "127.5.190.195" port: 46803 } } peers { permanent_uuid: "df79cd20d0324c209c0aecbdac983afe" member_type: VOTER last_known_addr { host: "127.5.190.193" port: 42557 } }
I20260713 09:01:04.453739  6016 raft_consensus.cc:3060] T 82e3a44077ab48229882ddb510d1ee3d P df79cd20d0324c209c0aecbdac983afe [term 2 FOLLOWER]: Advancing to term 3
I20260713 09:01:04.456329  6091 raft_consensus.cc:2468] T 82e3a44077ab48229882ddb510d1ee3d P 6de603d6fa8c4b509717ce0ae17d94ac [term 3 FOLLOWER]: Leader election vote request: Granting yes vote for candidate 7b619b9e41ef487fbb49c6635f47ae9b in term 3.
I20260713 09:01:04.457369  6131 leader_election.cc:304] T 82e3a44077ab48229882ddb510d1ee3d P 7b619b9e41ef487fbb49c6635f47ae9b [CANDIDATE]: Term 3 election: Election decided. Result: candidate won. Election summary: received 2 responses out of 3 voters: 2 yes votes; 0 no votes. yes voters: 6de603d6fa8c4b509717ce0ae17d94ac, 7b619b9e41ef487fbb49c6635f47ae9b; no voters: 
I20260713 09:01:04.458122  6217 raft_consensus.cc:2804] T 82e3a44077ab48229882ddb510d1ee3d P 7b619b9e41ef487fbb49c6635f47ae9b [term 3 FOLLOWER]: Leader election won for term 3
I20260713 09:01:04.458336  6016 raft_consensus.cc:2468] T 82e3a44077ab48229882ddb510d1ee3d P df79cd20d0324c209c0aecbdac983afe [term 3 FOLLOWER]: Leader election vote request: Granting yes vote for candidate 7b619b9e41ef487fbb49c6635f47ae9b in term 3.
I20260713 09:01:04.459373  6217 raft_consensus.cc:697] T 82e3a44077ab48229882ddb510d1ee3d P 7b619b9e41ef487fbb49c6635f47ae9b [term 3 LEADER]: Becoming Leader. State: Replica: 7b619b9e41ef487fbb49c6635f47ae9b, State: Running, Role: LEADER
I20260713 09:01:04.460114  6217 consensus_queue.cc:237] T 82e3a44077ab48229882ddb510d1ee3d P 7b619b9e41ef487fbb49c6635f47ae9b [LEADER]: Queue going to LEADER mode. State: All replicated index: 0, Majority replicated index: 2, Committed index: 2, Last appended: 2.2, Last appended by leader: 2, Current term: 3, Majority size: 2, State: 0, Mode: LEADER, active raft config: opid_index: -1 OBSOLETE_local: false peers { permanent_uuid: "6de603d6fa8c4b509717ce0ae17d94ac" member_type: VOTER last_known_addr { host: "127.5.190.194" port: 44521 } } peers { permanent_uuid: "7b619b9e41ef487fbb49c6635f47ae9b" member_type: VOTER last_known_addr { host: "127.5.190.195" port: 46803 } } peers { permanent_uuid: "df79cd20d0324c209c0aecbdac983afe" member_type: VOTER last_known_addr { host: "127.5.190.193" port: 42557 } }
I20260713 09:01:04.466303  5913 catalog_manager.cc:5697] T 82e3a44077ab48229882ddb510d1ee3d P 7b619b9e41ef487fbb49c6635f47ae9b reported cstate change: term changed from 2 to 3, leader changed from df79cd20d0324c209c0aecbdac983afe (127.5.190.193) to 7b619b9e41ef487fbb49c6635f47ae9b (127.5.190.195). New cstate: current_term: 3 leader_uuid: "7b619b9e41ef487fbb49c6635f47ae9b" committed_config { opid_index: -1 OBSOLETE_local: false peers { permanent_uuid: "6de603d6fa8c4b509717ce0ae17d94ac" member_type: VOTER last_known_addr { host: "127.5.190.194" port: 44521 } health_report { overall_health: UNKNOWN } } peers { permanent_uuid: "7b619b9e41ef487fbb49c6635f47ae9b" member_type: VOTER last_known_addr { host: "127.5.190.195" port: 46803 } health_report { overall_health: HEALTHY } } peers { permanent_uuid: "df79cd20d0324c209c0aecbdac983afe" member_type: VOTER last_known_addr { host: "127.5.190.193" port: 42557 } health_report { overall_health: UNKNOWN } } }
I20260713 09:01:04.548971  6233 raft_consensus.cc:993] T df277524e13d46909c67b9ed5ead16f5 P 6de603d6fa8c4b509717ce0ae17d94ac: : Instructing follower 7b619b9e41ef487fbb49c6635f47ae9b to start an election
I20260713 09:01:04.549470  6297 raft_consensus.cc:1081] T df277524e13d46909c67b9ed5ead16f5 P 6de603d6fa8c4b509717ce0ae17d94ac [term 2 LEADER]: Signalling peer 7b619b9e41ef487fbb49c6635f47ae9b to start an election
I20260713 09:01:04.551143  6167 tablet_service.cc:2044] Received Run Leader Election RPC: tablet_id: "df277524e13d46909c67b9ed5ead16f5"
dest_uuid: "7b619b9e41ef487fbb49c6635f47ae9b"
 from {username='slave'} at 127.0.0.1:56224
I20260713 09:01:04.551534  6167 raft_consensus.cc:493] T df277524e13d46909c67b9ed5ead16f5 P 7b619b9e41ef487fbb49c6635f47ae9b [term 2 FOLLOWER]: Starting forced leader election (received explicit request)
I20260713 09:01:04.551775  6167 raft_consensus.cc:3060] T df277524e13d46909c67b9ed5ead16f5 P 7b619b9e41ef487fbb49c6635f47ae9b [term 2 FOLLOWER]: Advancing to term 3
I20260713 09:01:04.555527  6167 raft_consensus.cc:515] T df277524e13d46909c67b9ed5ead16f5 P 7b619b9e41ef487fbb49c6635f47ae9b [term 3 FOLLOWER]: Starting forced leader election with config: opid_index: -1 OBSOLETE_local: false peers { permanent_uuid: "df79cd20d0324c209c0aecbdac983afe" member_type: VOTER last_known_addr { host: "127.5.190.193" port: 42557 } } peers { permanent_uuid: "6de603d6fa8c4b509717ce0ae17d94ac" member_type: VOTER last_known_addr { host: "127.5.190.194" port: 44521 } } peers { permanent_uuid: "7b619b9e41ef487fbb49c6635f47ae9b" member_type: VOTER last_known_addr { host: "127.5.190.195" port: 46803 } }
I20260713 09:01:04.556893  6167 leader_election.cc:290] T df277524e13d46909c67b9ed5ead16f5 P 7b619b9e41ef487fbb49c6635f47ae9b [CANDIDATE]: Term 3 election: Requested vote from peers df79cd20d0324c209c0aecbdac983afe (127.5.190.193:42557), 6de603d6fa8c4b509717ce0ae17d94ac (127.5.190.194:44521)
I20260713 09:01:04.557538  6016 tablet_service.cc:1917] Received RequestConsensusVote() RPC: tablet_id: "df277524e13d46909c67b9ed5ead16f5" candidate_uuid: "7b619b9e41ef487fbb49c6635f47ae9b" candidate_term: 3 candidate_status { last_received { term: 2 index: 2 } } ignore_live_leader: true dest_uuid: "df79cd20d0324c209c0aecbdac983afe"
I20260713 09:01:04.557979  6091 tablet_service.cc:1917] Received RequestConsensusVote() RPC: tablet_id: "df277524e13d46909c67b9ed5ead16f5" candidate_uuid: "7b619b9e41ef487fbb49c6635f47ae9b" candidate_term: 3 candidate_status { last_received { term: 2 index: 2 } } ignore_live_leader: true dest_uuid: "6de603d6fa8c4b509717ce0ae17d94ac"
I20260713 09:01:04.558135  6016 raft_consensus.cc:3060] T df277524e13d46909c67b9ed5ead16f5 P df79cd20d0324c209c0aecbdac983afe [term 2 FOLLOWER]: Advancing to term 3
I20260713 09:01:04.558599  6091 raft_consensus.cc:3055] T df277524e13d46909c67b9ed5ead16f5 P 6de603d6fa8c4b509717ce0ae17d94ac [term 2 LEADER]: Stepping down as leader of term 2
I20260713 09:01:04.558916  6091 raft_consensus.cc:740] T df277524e13d46909c67b9ed5ead16f5 P 6de603d6fa8c4b509717ce0ae17d94ac [term 2 LEADER]: Becoming Follower/Learner. State: Replica: 6de603d6fa8c4b509717ce0ae17d94ac, State: Running, Role: LEADER
I20260713 09:01:04.559690  6091 consensus_queue.cc:260] T df277524e13d46909c67b9ed5ead16f5 P 6de603d6fa8c4b509717ce0ae17d94ac [NON_LEADER]: Queue going to NON_LEADER mode. State: All replicated index: 0, Majority replicated index: 2, Committed index: 2, Last appended: 2.2, Last appended by leader: 2, Current term: 2, Majority size: -1, State: 0, Mode: NON_LEADER, active raft config: opid_index: -1 OBSOLETE_local: false peers { permanent_uuid: "df79cd20d0324c209c0aecbdac983afe" member_type: VOTER last_known_addr { host: "127.5.190.193" port: 42557 } } peers { permanent_uuid: "6de603d6fa8c4b509717ce0ae17d94ac" member_type: VOTER last_known_addr { host: "127.5.190.194" port: 44521 } } peers { permanent_uuid: "7b619b9e41ef487fbb49c6635f47ae9b" member_type: VOTER last_known_addr { host: "127.5.190.195" port: 46803 } }
I20260713 09:01:04.560824  6091 raft_consensus.cc:3060] T df277524e13d46909c67b9ed5ead16f5 P 6de603d6fa8c4b509717ce0ae17d94ac [term 2 FOLLOWER]: Advancing to term 3
I20260713 09:01:04.564625  6016 raft_consensus.cc:2468] T df277524e13d46909c67b9ed5ead16f5 P df79cd20d0324c209c0aecbdac983afe [term 3 FOLLOWER]: Leader election vote request: Granting yes vote for candidate 7b619b9e41ef487fbb49c6635f47ae9b in term 3.
I20260713 09:01:04.565690  6130 leader_election.cc:304] T df277524e13d46909c67b9ed5ead16f5 P 7b619b9e41ef487fbb49c6635f47ae9b [CANDIDATE]: Term 3 election: Election decided. Result: candidate won. Election summary: received 2 responses out of 3 voters: 2 yes votes; 0 no votes. yes voters: 7b619b9e41ef487fbb49c6635f47ae9b, df79cd20d0324c209c0aecbdac983afe; no voters: 
I20260713 09:01:04.566423  6217 raft_consensus.cc:2804] T df277524e13d46909c67b9ed5ead16f5 P 7b619b9e41ef487fbb49c6635f47ae9b [term 3 FOLLOWER]: Leader election won for term 3
I20260713 09:01:04.566627  6091 raft_consensus.cc:2468] T df277524e13d46909c67b9ed5ead16f5 P 6de603d6fa8c4b509717ce0ae17d94ac [term 3 FOLLOWER]: Leader election vote request: Granting yes vote for candidate 7b619b9e41ef487fbb49c6635f47ae9b in term 3.
I20260713 09:01:04.566879  6217 raft_consensus.cc:697] T df277524e13d46909c67b9ed5ead16f5 P 7b619b9e41ef487fbb49c6635f47ae9b [term 3 LEADER]: Becoming Leader. State: Replica: 7b619b9e41ef487fbb49c6635f47ae9b, State: Running, Role: LEADER
I20260713 09:01:04.567739  6217 consensus_queue.cc:237] T df277524e13d46909c67b9ed5ead16f5 P 7b619b9e41ef487fbb49c6635f47ae9b [LEADER]: Queue going to LEADER mode. State: All replicated index: 0, Majority replicated index: 2, Committed index: 2, Last appended: 2.2, Last appended by leader: 2, Current term: 3, Majority size: 2, State: 0, Mode: LEADER, active raft config: opid_index: -1 OBSOLETE_local: false peers { permanent_uuid: "df79cd20d0324c209c0aecbdac983afe" member_type: VOTER last_known_addr { host: "127.5.190.193" port: 42557 } } peers { permanent_uuid: "6de603d6fa8c4b509717ce0ae17d94ac" member_type: VOTER last_known_addr { host: "127.5.190.194" port: 44521 } } peers { permanent_uuid: "7b619b9e41ef487fbb49c6635f47ae9b" member_type: VOTER last_known_addr { host: "127.5.190.195" port: 46803 } }
I20260713 09:01:04.574555  5913 catalog_manager.cc:5697] T df277524e13d46909c67b9ed5ead16f5 P 7b619b9e41ef487fbb49c6635f47ae9b reported cstate change: term changed from 2 to 3, leader changed from 6de603d6fa8c4b509717ce0ae17d94ac (127.5.190.194) to 7b619b9e41ef487fbb49c6635f47ae9b (127.5.190.195). New cstate: current_term: 3 leader_uuid: "7b619b9e41ef487fbb49c6635f47ae9b" committed_config { opid_index: -1 OBSOLETE_local: false peers { permanent_uuid: "df79cd20d0324c209c0aecbdac983afe" member_type: VOTER last_known_addr { host: "127.5.190.193" port: 42557 } health_report { overall_health: UNKNOWN } } peers { permanent_uuid: "6de603d6fa8c4b509717ce0ae17d94ac" member_type: VOTER last_known_addr { host: "127.5.190.194" port: 44521 } health_report { overall_health: UNKNOWN } } peers { permanent_uuid: "7b619b9e41ef487fbb49c6635f47ae9b" member_type: VOTER last_known_addr { host: "127.5.190.195" port: 46803 } health_report { overall_health: HEALTHY } } }
I20260713 09:01:04.974752  6016 raft_consensus.cc:1275] T 82e3a44077ab48229882ddb510d1ee3d P df79cd20d0324c209c0aecbdac983afe [term 3 FOLLOWER]: Refusing update from remote peer 7b619b9e41ef487fbb49c6635f47ae9b: Log matching property violated. Preceding OpId in replica: term: 2 index: 2. Preceding OpId from leader: term: 3 index: 3. (index mismatch)
I20260713 09:01:04.975916  6217 consensus_queue.cc:1048] T 82e3a44077ab48229882ddb510d1ee3d P 7b619b9e41ef487fbb49c6635f47ae9b [LEADER]: Connected to new peer: Peer: permanent_uuid: "df79cd20d0324c209c0aecbdac983afe" member_type: VOTER last_known_addr { host: "127.5.190.193" port: 42557 }, Status: LMP_MISMATCH, Last received: 0.0, Next index: 3, Last known committed idx: 2, Time since last communication: 0.000s
I20260713 09:01:04.984746  6091 raft_consensus.cc:1275] T 82e3a44077ab48229882ddb510d1ee3d P 6de603d6fa8c4b509717ce0ae17d94ac [term 3 FOLLOWER]: Refusing update from remote peer 7b619b9e41ef487fbb49c6635f47ae9b: Log matching property violated. Preceding OpId in replica: term: 2 index: 2. Preceding OpId from leader: term: 3 index: 3. (index mismatch)
I20260713 09:01:04.986845  6313 consensus_queue.cc:1048] T 82e3a44077ab48229882ddb510d1ee3d P 7b619b9e41ef487fbb49c6635f47ae9b [LEADER]: Connected to new peer: Peer: permanent_uuid: "6de603d6fa8c4b509717ce0ae17d94ac" member_type: VOTER last_known_addr { host: "127.5.190.194" port: 44521 }, Status: LMP_MISMATCH, Last received: 0.0, Next index: 3, Last known committed idx: 2, Time since last communication: 0.000s
I20260713 09:01:05.056221  6016 raft_consensus.cc:1275] T df277524e13d46909c67b9ed5ead16f5 P df79cd20d0324c209c0aecbdac983afe [term 3 FOLLOWER]: Refusing update from remote peer 7b619b9e41ef487fbb49c6635f47ae9b: Log matching property violated. Preceding OpId in replica: term: 2 index: 2. Preceding OpId from leader: term: 3 index: 3. (index mismatch)
I20260713 09:01:05.057467  6313 consensus_queue.cc:1048] T df277524e13d46909c67b9ed5ead16f5 P 7b619b9e41ef487fbb49c6635f47ae9b [LEADER]: Connected to new peer: Peer: permanent_uuid: "df79cd20d0324c209c0aecbdac983afe" member_type: VOTER last_known_addr { host: "127.5.190.193" port: 42557 }, Status: LMP_MISMATCH, Last received: 0.0, Next index: 3, Last known committed idx: 2, Time since last communication: 0.000s
I20260713 09:01:05.065009  6091 raft_consensus.cc:1275] T df277524e13d46909c67b9ed5ead16f5 P 6de603d6fa8c4b509717ce0ae17d94ac [term 3 FOLLOWER]: Refusing update from remote peer 7b619b9e41ef487fbb49c6635f47ae9b: Log matching property violated. Preceding OpId in replica: term: 2 index: 2. Preceding OpId from leader: term: 3 index: 3. (index mismatch)
I20260713 09:01:05.066874  6302 consensus_queue.cc:1048] T df277524e13d46909c67b9ed5ead16f5 P 7b619b9e41ef487fbb49c6635f47ae9b [LEADER]: Connected to new peer: Peer: permanent_uuid: "6de603d6fa8c4b509717ce0ae17d94ac" member_type: VOTER last_known_addr { host: "127.5.190.194" port: 44521 }, Status: LMP_MISMATCH, Last received: 0.0, Next index: 3, Last known committed idx: 2, Time since last communication: 0.000s
I20260713 09:01:05.260483  5883 auto_leader_rebalancer.cc:141] leader rebalance for table test-workload
I20260713 09:01:05.269687  6167 tablet_service.cc:2072] Received LeaderStepDown RPC: tablet_id: "82e3a44077ab48229882ddb510d1ee3d"
dest_uuid: "7b619b9e41ef487fbb49c6635f47ae9b"
mode: GRACEFUL
new_leader_uuid: "6de603d6fa8c4b509717ce0ae17d94ac"
 from {username='slave'} at 127.0.0.1:56238
I20260713 09:01:05.270169  6167 raft_consensus.cc:606] T 82e3a44077ab48229882ddb510d1ee3d P 7b619b9e41ef487fbb49c6635f47ae9b [term 3 LEADER]: Received request to transfer leadership to TS 6de603d6fa8c4b509717ce0ae17d94ac
I20260713 09:01:05.274456  6016 tablet_service.cc:2072] Received LeaderStepDown RPC: tablet_id: "eee24a7d67cd4e2186d60632a6699936"
dest_uuid: "df79cd20d0324c209c0aecbdac983afe"
mode: GRACEFUL
new_leader_uuid: "6de603d6fa8c4b509717ce0ae17d94ac"
 from {username='slave'} at 127.0.0.1:52634
I20260713 09:01:05.274991  6016 raft_consensus.cc:606] T eee24a7d67cd4e2186d60632a6699936 P df79cd20d0324c209c0aecbdac983afe [term 2 LEADER]: Received request to transfer leadership to TS 6de603d6fa8c4b509717ce0ae17d94ac
I20260713 09:01:05.279242  6016 tablet_service.cc:2072] Received LeaderStepDown RPC: tablet_id: "c03b9b6461474b839f727b9c9d6e5118"
dest_uuid: "df79cd20d0324c209c0aecbdac983afe"
mode: GRACEFUL
new_leader_uuid: "6de603d6fa8c4b509717ce0ae17d94ac"
 from {username='slave'} at 127.0.0.1:52634
I20260713 09:01:05.279681  6016 raft_consensus.cc:606] T c03b9b6461474b839f727b9c9d6e5118 P df79cd20d0324c209c0aecbdac983afe [term 2 LEADER]: Received request to transfer leadership to TS 6de603d6fa8c4b509717ce0ae17d94ac
I20260713 09:01:05.283591  6016 tablet_service.cc:2072] Received LeaderStepDown RPC: tablet_id: "c3502de11b1047de91621bbe9da2e10c"
dest_uuid: "df79cd20d0324c209c0aecbdac983afe"
mode: GRACEFUL
new_leader_uuid: "6de603d6fa8c4b509717ce0ae17d94ac"
 from {username='slave'} at 127.0.0.1:52634
I20260713 09:01:05.283991  6016 raft_consensus.cc:606] T c3502de11b1047de91621bbe9da2e10c P df79cd20d0324c209c0aecbdac983afe [term 2 LEADER]: Received request to transfer leadership to TS 6de603d6fa8c4b509717ce0ae17d94ac
I20260713 09:01:05.290207  6167 tablet_service.cc:2072] Received LeaderStepDown RPC: tablet_id: "df277524e13d46909c67b9ed5ead16f5"
dest_uuid: "7b619b9e41ef487fbb49c6635f47ae9b"
mode: GRACEFUL
new_leader_uuid: "6de603d6fa8c4b509717ce0ae17d94ac"
 from {username='slave'} at 127.0.0.1:56238
I20260713 09:01:05.290647  6167 raft_consensus.cc:606] T df277524e13d46909c67b9ed5ead16f5 P 7b619b9e41ef487fbb49c6635f47ae9b [term 3 LEADER]: Received request to transfer leadership to TS 6de603d6fa8c4b509717ce0ae17d94ac
I20260713 09:01:05.410053  6301 raft_consensus.cc:993] T c3502de11b1047de91621bbe9da2e10c P df79cd20d0324c209c0aecbdac983afe: : Instructing follower 6de603d6fa8c4b509717ce0ae17d94ac to start an election
I20260713 09:01:05.410480  6318 raft_consensus.cc:1081] T c3502de11b1047de91621bbe9da2e10c P df79cd20d0324c209c0aecbdac983afe [term 2 LEADER]: Signalling peer 6de603d6fa8c4b509717ce0ae17d94ac to start an election
I20260713 09:01:05.411949  6091 tablet_service.cc:2044] Received Run Leader Election RPC: tablet_id: "c3502de11b1047de91621bbe9da2e10c"
dest_uuid: "6de603d6fa8c4b509717ce0ae17d94ac"
 from {username='slave'} at 127.0.0.1:45814
I20260713 09:01:05.412468  6091 raft_consensus.cc:493] T c3502de11b1047de91621bbe9da2e10c P 6de603d6fa8c4b509717ce0ae17d94ac [term 2 FOLLOWER]: Starting forced leader election (received explicit request)
I20260713 09:01:05.412772  6091 raft_consensus.cc:3060] T c3502de11b1047de91621bbe9da2e10c P 6de603d6fa8c4b509717ce0ae17d94ac [term 2 FOLLOWER]: Advancing to term 3
I20260713 09:01:05.417248  6091 raft_consensus.cc:515] T c3502de11b1047de91621bbe9da2e10c P 6de603d6fa8c4b509717ce0ae17d94ac [term 3 FOLLOWER]: Starting forced leader election with config: opid_index: -1 OBSOLETE_local: false peers { permanent_uuid: "df79cd20d0324c209c0aecbdac983afe" member_type: VOTER last_known_addr { host: "127.5.190.193" port: 42557 } } peers { permanent_uuid: "6de603d6fa8c4b509717ce0ae17d94ac" member_type: VOTER last_known_addr { host: "127.5.190.194" port: 44521 } } peers { permanent_uuid: "7b619b9e41ef487fbb49c6635f47ae9b" member_type: VOTER last_known_addr { host: "127.5.190.195" port: 46803 } }
I20260713 09:01:05.418943  6091 leader_election.cc:290] T c3502de11b1047de91621bbe9da2e10c P 6de603d6fa8c4b509717ce0ae17d94ac [CANDIDATE]: Term 3 election: Requested vote from peers df79cd20d0324c209c0aecbdac983afe (127.5.190.193:42557), 7b619b9e41ef487fbb49c6635f47ae9b (127.5.190.195:46803)
I20260713 09:01:05.419433  6016 tablet_service.cc:1917] Received RequestConsensusVote() RPC: tablet_id: "c3502de11b1047de91621bbe9da2e10c" candidate_uuid: "6de603d6fa8c4b509717ce0ae17d94ac" candidate_term: 3 candidate_status { last_received { term: 2 index: 2 } } ignore_live_leader: true dest_uuid: "df79cd20d0324c209c0aecbdac983afe"
I20260713 09:01:05.419909  6167 tablet_service.cc:1917] Received RequestConsensusVote() RPC: tablet_id: "c3502de11b1047de91621bbe9da2e10c" candidate_uuid: "6de603d6fa8c4b509717ce0ae17d94ac" candidate_term: 3 candidate_status { last_received { term: 2 index: 2 } } ignore_live_leader: true dest_uuid: "7b619b9e41ef487fbb49c6635f47ae9b"
I20260713 09:01:05.420130  6016 raft_consensus.cc:3055] T c3502de11b1047de91621bbe9da2e10c P df79cd20d0324c209c0aecbdac983afe [term 2 LEADER]: Stepping down as leader of term 2
I20260713 09:01:05.420356  6167 raft_consensus.cc:3060] T c3502de11b1047de91621bbe9da2e10c P 7b619b9e41ef487fbb49c6635f47ae9b [term 2 FOLLOWER]: Advancing to term 3
I20260713 09:01:05.420507  6016 raft_consensus.cc:740] T c3502de11b1047de91621bbe9da2e10c P df79cd20d0324c209c0aecbdac983afe [term 2 LEADER]: Becoming Follower/Learner. State: Replica: df79cd20d0324c209c0aecbdac983afe, State: Running, Role: LEADER
I20260713 09:01:05.421317  6016 consensus_queue.cc:260] T c3502de11b1047de91621bbe9da2e10c P df79cd20d0324c209c0aecbdac983afe [NON_LEADER]: Queue going to NON_LEADER mode. State: All replicated index: 0, Majority replicated index: 2, Committed index: 2, Last appended: 2.2, Last appended by leader: 2, Current term: 2, Majority size: -1, State: 0, Mode: NON_LEADER, active raft config: opid_index: -1 OBSOLETE_local: false peers { permanent_uuid: "df79cd20d0324c209c0aecbdac983afe" member_type: VOTER last_known_addr { host: "127.5.190.193" port: 42557 } } peers { permanent_uuid: "6de603d6fa8c4b509717ce0ae17d94ac" member_type: VOTER last_known_addr { host: "127.5.190.194" port: 44521 } } peers { permanent_uuid: "7b619b9e41ef487fbb49c6635f47ae9b" member_type: VOTER last_known_addr { host: "127.5.190.195" port: 46803 } }
I20260713 09:01:05.422230  6016 raft_consensus.cc:3060] T c3502de11b1047de91621bbe9da2e10c P df79cd20d0324c209c0aecbdac983afe [term 2 FOLLOWER]: Advancing to term 3
I20260713 09:01:05.424181  6167 raft_consensus.cc:2468] T c3502de11b1047de91621bbe9da2e10c P 7b619b9e41ef487fbb49c6635f47ae9b [term 3 FOLLOWER]: Leader election vote request: Granting yes vote for candidate 6de603d6fa8c4b509717ce0ae17d94ac in term 3.
I20260713 09:01:05.425097  6056 leader_election.cc:304] T c3502de11b1047de91621bbe9da2e10c P 6de603d6fa8c4b509717ce0ae17d94ac [CANDIDATE]: Term 3 election: Election decided. Result: candidate won. Election summary: received 2 responses out of 3 voters: 2 yes votes; 0 no votes. yes voters: 6de603d6fa8c4b509717ce0ae17d94ac, 7b619b9e41ef487fbb49c6635f47ae9b; no voters: 
I20260713 09:01:05.425730  6297 raft_consensus.cc:2804] T c3502de11b1047de91621bbe9da2e10c P 6de603d6fa8c4b509717ce0ae17d94ac [term 3 FOLLOWER]: Leader election won for term 3
I20260713 09:01:05.426421  6016 raft_consensus.cc:2468] T c3502de11b1047de91621bbe9da2e10c P df79cd20d0324c209c0aecbdac983afe [term 3 FOLLOWER]: Leader election vote request: Granting yes vote for candidate 6de603d6fa8c4b509717ce0ae17d94ac in term 3.
I20260713 09:01:05.426714  6297 raft_consensus.cc:697] T c3502de11b1047de91621bbe9da2e10c P 6de603d6fa8c4b509717ce0ae17d94ac [term 3 LEADER]: Becoming Leader. State: Replica: 6de603d6fa8c4b509717ce0ae17d94ac, State: Running, Role: LEADER
