I20260713 09:01:53.961826  1070 leader_election.cc:290] T 87d70198fd1b4f8283f97cdd97a907d8 P 09e0e5d050564f22942bc3bbcc2942aa [CANDIDATE]: Term 2 election: Requested vote from peers ef9942591973428ea3b922a5ba2d3c8b (127.0.107.194:35195), aba4a51a31d14865994441ddcde0b0a3 (127.0.107.195:45215)
I20260713 09:01:53.962199  1144 consensus_queue.cc:260] T 87d70198fd1b4f8283f97cdd97a907d8 P ef9942591973428ea3b922a5ba2d3c8b [NON_LEADER]: Queue going to NON_LEADER mode. State: All replicated index: 0, Majority replicated index: 1, Committed index: 1, Last appended: 1.1, Last appended by leader: 1, Current term: 1, Majority size: -1, State: 0, Mode: NON_LEADER, active raft config: opid_index: -1 OBSOLETE_local: false peers { permanent_uuid: "09e0e5d050564f22942bc3bbcc2942aa" member_type: VOTER last_known_addr { host: "127.0.107.193" port: 42873 } } peers { permanent_uuid: "ef9942591973428ea3b922a5ba2d3c8b" member_type: VOTER last_known_addr { host: "127.0.107.194" port: 35195 } } peers { permanent_uuid: "aba4a51a31d14865994441ddcde0b0a3" member_type: VOTER last_known_addr { host: "127.0.107.195" port: 45215 } }
I20260713 09:01:53.963325  1144 raft_consensus.cc:3060] T 87d70198fd1b4f8283f97cdd97a907d8 P ef9942591973428ea3b922a5ba2d3c8b [term 1 FOLLOWER]: Advancing to term 2
I20260713 09:01:53.964936  1218 tablet_service.cc:1917] Received RequestConsensusVote() RPC: tablet_id: "87d70198fd1b4f8283f97cdd97a907d8" candidate_uuid: "09e0e5d050564f22942bc3bbcc2942aa" candidate_term: 2 candidate_status { last_received { term: 1 index: 1 } } ignore_live_leader: true dest_uuid: "aba4a51a31d14865994441ddcde0b0a3"
I20260713 09:01:53.965523  1218 raft_consensus.cc:3060] T 87d70198fd1b4f8283f97cdd97a907d8 P aba4a51a31d14865994441ddcde0b0a3 [term 1 FOLLOWER]: Advancing to term 2
I20260713 09:01:53.971840  1218 raft_consensus.cc:2468] T 87d70198fd1b4f8283f97cdd97a907d8 P aba4a51a31d14865994441ddcde0b0a3 [term 2 FOLLOWER]: Leader election vote request: Granting yes vote for candidate 09e0e5d050564f22942bc3bbcc2942aa in term 2.
I20260713 09:01:53.971916  1144 raft_consensus.cc:2468] T 87d70198fd1b4f8283f97cdd97a907d8 P ef9942591973428ea3b922a5ba2d3c8b [term 2 FOLLOWER]: Leader election vote request: Granting yes vote for candidate 09e0e5d050564f22942bc3bbcc2942aa in term 2.
I20260713 09:01:53.972874  1035 leader_election.cc:304] T 87d70198fd1b4f8283f97cdd97a907d8 P 09e0e5d050564f22942bc3bbcc2942aa [CANDIDATE]: Term 2 election: Election decided. Result: candidate won. Election summary: received 2 responses out of 3 voters: 2 yes votes; 0 no votes. yes voters: 09e0e5d050564f22942bc3bbcc2942aa, aba4a51a31d14865994441ddcde0b0a3; no voters: 
I20260713 09:01:53.974200  1381 raft_consensus.cc:2804] T 87d70198fd1b4f8283f97cdd97a907d8 P 09e0e5d050564f22942bc3bbcc2942aa [term 2 FOLLOWER]: Leader election won for term 2
I20260713 09:01:53.974694  1381 raft_consensus.cc:697] T 87d70198fd1b4f8283f97cdd97a907d8 P 09e0e5d050564f22942bc3bbcc2942aa [term 2 LEADER]: Becoming Leader. State: Replica: 09e0e5d050564f22942bc3bbcc2942aa, State: Running, Role: LEADER
I20260713 09:01:53.975524  1381 consensus_queue.cc:237] T 87d70198fd1b4f8283f97cdd97a907d8 P 09e0e5d050564f22942bc3bbcc2942aa [LEADER]: Queue going to LEADER mode. State: All replicated index: 0, Majority replicated index: 1, Committed index: 1, Last appended: 1.1, Last appended by leader: 1, Current term: 2, Majority size: 2, State: 0, Mode: LEADER, active raft config: opid_index: -1 OBSOLETE_local: false peers { permanent_uuid: "09e0e5d050564f22942bc3bbcc2942aa" member_type: VOTER last_known_addr { host: "127.0.107.193" port: 42873 } } peers { permanent_uuid: "ef9942591973428ea3b922a5ba2d3c8b" member_type: VOTER last_known_addr { host: "127.0.107.194" port: 35195 } } peers { permanent_uuid: "aba4a51a31d14865994441ddcde0b0a3" member_type: VOTER last_known_addr { host: "127.0.107.195" port: 45215 } }
I20260713 09:01:53.985378   967 catalog_manager.cc:5697] T 87d70198fd1b4f8283f97cdd97a907d8 P 09e0e5d050564f22942bc3bbcc2942aa reported cstate change: term changed from 1 to 2, leader changed from ef9942591973428ea3b922a5ba2d3c8b (127.0.107.194) to 09e0e5d050564f22942bc3bbcc2942aa (127.0.107.193). New cstate: current_term: 2 leader_uuid: "09e0e5d050564f22942bc3bbcc2942aa" committed_config { opid_index: -1 OBSOLETE_local: false peers { permanent_uuid: "09e0e5d050564f22942bc3bbcc2942aa" member_type: VOTER last_known_addr { host: "127.0.107.193" port: 42873 } health_report { overall_health: HEALTHY } } peers { permanent_uuid: "ef9942591973428ea3b922a5ba2d3c8b" member_type: VOTER last_known_addr { host: "127.0.107.194" port: 35195 } health_report { overall_health: UNKNOWN } } peers { permanent_uuid: "aba4a51a31d14865994441ddcde0b0a3" member_type: VOTER last_known_addr { host: "127.0.107.195" port: 45215 } health_report { overall_health: UNKNOWN } } }
I20260713 09:01:54.260587  1145 raft_consensus.cc:1275] T fccf51650954414a9566991857de06eb P ef9942591973428ea3b922a5ba2d3c8b [term 2 FOLLOWER]: Refusing update from remote peer 09e0e5d050564f22942bc3bbcc2942aa: Log matching property violated. Preceding OpId in replica: term: 1 index: 1. Preceding OpId from leader: term: 2 index: 2. (index mismatch)
I20260713 09:01:54.262729  1381 consensus_queue.cc:1048] T fccf51650954414a9566991857de06eb P 09e0e5d050564f22942bc3bbcc2942aa [LEADER]: Connected to new peer: Peer: permanent_uuid: "ef9942591973428ea3b922a5ba2d3c8b" member_type: VOTER last_known_addr { host: "127.0.107.194" port: 35195 }, Status: LMP_MISMATCH, Last received: 0.0, Next index: 2, Last known committed idx: 1, Time since last communication: 0.000s
I20260713 09:01:54.270961  1218 raft_consensus.cc:1275] T fccf51650954414a9566991857de06eb P aba4a51a31d14865994441ddcde0b0a3 [term 2 FOLLOWER]: Refusing update from remote peer 09e0e5d050564f22942bc3bbcc2942aa: Log matching property violated. Preceding OpId in replica: term: 1 index: 1. Preceding OpId from leader: term: 2 index: 2. (index mismatch)
I20260713 09:01:54.272979  1354 consensus_queue.cc:1048] T fccf51650954414a9566991857de06eb P 09e0e5d050564f22942bc3bbcc2942aa [LEADER]: Connected to new peer: Peer: permanent_uuid: "aba4a51a31d14865994441ddcde0b0a3" member_type: VOTER last_known_addr { host: "127.0.107.195" port: 45215 }, Status: LMP_MISMATCH, Last received: 0.0, Next index: 2, Last known committed idx: 1, Time since last communication: 0.000s
I20260713 09:01:54.283066  1145 raft_consensus.cc:1275] T 99644884f7d140d183f3cc01df69b58b P ef9942591973428ea3b922a5ba2d3c8b [term 4 FOLLOWER]: Refusing update from remote peer 09e0e5d050564f22942bc3bbcc2942aa: Log matching property violated. Preceding OpId in replica: term: 3 index: 3. Preceding OpId from leader: term: 4 index: 4. (index mismatch)
I20260713 09:01:54.284373  1354 consensus_queue.cc:1048] T 99644884f7d140d183f3cc01df69b58b P 09e0e5d050564f22942bc3bbcc2942aa [LEADER]: Connected to new peer: Peer: permanent_uuid: "ef9942591973428ea3b922a5ba2d3c8b" member_type: VOTER last_known_addr { host: "127.0.107.194" port: 35195 }, Status: LMP_MISMATCH, Last received: 0.0, Next index: 4, Last known committed idx: 3, Time since last communication: 0.000s
I20260713 09:01:54.295615  1218 raft_consensus.cc:1275] T 99644884f7d140d183f3cc01df69b58b P aba4a51a31d14865994441ddcde0b0a3 [term 4 FOLLOWER]: Refusing update from remote peer 09e0e5d050564f22942bc3bbcc2942aa: Log matching property violated. Preceding OpId in replica: term: 3 index: 3. Preceding OpId from leader: term: 4 index: 4. (index mismatch)
I20260713 09:01:54.297087  1354 consensus_queue.cc:1048] T 99644884f7d140d183f3cc01df69b58b P 09e0e5d050564f22942bc3bbcc2942aa [LEADER]: Connected to new peer: Peer: permanent_uuid: "aba4a51a31d14865994441ddcde0b0a3" member_type: VOTER last_known_addr { host: "127.0.107.195" port: 45215 }, Status: LMP_MISMATCH, Last received: 0.0, Next index: 4, Last known committed idx: 3, Time since last communication: 0.000s
I20260713 09:01:54.324323  1219 raft_consensus.cc:1275] T 773b48aac03547129c88345d82a15531 P aba4a51a31d14865994441ddcde0b0a3 [term 3 FOLLOWER]: Refusing update from remote peer 09e0e5d050564f22942bc3bbcc2942aa: Log matching property violated. Preceding OpId in replica: term: 2 index: 2. Preceding OpId from leader: term: 3 index: 3. (index mismatch)
I20260713 09:01:54.325479  1354 consensus_queue.cc:1048] T 773b48aac03547129c88345d82a15531 P 09e0e5d050564f22942bc3bbcc2942aa [LEADER]: Connected to new peer: Peer: permanent_uuid: "aba4a51a31d14865994441ddcde0b0a3" member_type: VOTER last_known_addr { host: "127.0.107.195" port: 45215 }, Status: LMP_MISMATCH, Last received: 0.0, Next index: 3, Last known committed idx: 2, Time since last communication: 0.000s
I20260713 09:01:54.334805  1145 raft_consensus.cc:1275] T 773b48aac03547129c88345d82a15531 P ef9942591973428ea3b922a5ba2d3c8b [term 3 FOLLOWER]: Refusing update from remote peer 09e0e5d050564f22942bc3bbcc2942aa: Log matching property violated. Preceding OpId in replica: term: 2 index: 2. Preceding OpId from leader: term: 3 index: 3. (index mismatch)
I20260713 09:01:54.336401  1381 consensus_queue.cc:1048] T 773b48aac03547129c88345d82a15531 P 09e0e5d050564f22942bc3bbcc2942aa [LEADER]: Connected to new peer: Peer: permanent_uuid: "ef9942591973428ea3b922a5ba2d3c8b" member_type: VOTER last_known_addr { host: "127.0.107.194" port: 35195 }, Status: LMP_MISMATCH, Last received: 0.0, Next index: 3, Last known committed idx: 2, Time since last communication: 0.000s
I20260713 09:01:54.374928  1145 raft_consensus.cc:1275] T 87d70198fd1b4f8283f97cdd97a907d8 P ef9942591973428ea3b922a5ba2d3c8b [term 2 FOLLOWER]: Refusing update from remote peer 09e0e5d050564f22942bc3bbcc2942aa: Log matching property violated. Preceding OpId in replica: term: 1 index: 1. Preceding OpId from leader: term: 2 index: 2. (index mismatch)
I20260713 09:01:54.376144  1381 consensus_queue.cc:1048] T 87d70198fd1b4f8283f97cdd97a907d8 P 09e0e5d050564f22942bc3bbcc2942aa [LEADER]: Connected to new peer: Peer: permanent_uuid: "ef9942591973428ea3b922a5ba2d3c8b" member_type: VOTER last_known_addr { host: "127.0.107.194" port: 35195 }, Status: LMP_MISMATCH, Last received: 0.0, Next index: 2, Last known committed idx: 1, Time since last communication: 0.000s
I20260713 09:01:54.384857  1219 raft_consensus.cc:1275] T 87d70198fd1b4f8283f97cdd97a907d8 P aba4a51a31d14865994441ddcde0b0a3 [term 2 FOLLOWER]: Refusing update from remote peer 09e0e5d050564f22942bc3bbcc2942aa: Log matching property violated. Preceding OpId in replica: term: 1 index: 1. Preceding OpId from leader: term: 2 index: 2. (index mismatch)
I20260713 09:01:54.386193  1354 consensus_queue.cc:1048] T 87d70198fd1b4f8283f97cdd97a907d8 P 09e0e5d050564f22942bc3bbcc2942aa [LEADER]: Connected to new peer: Peer: permanent_uuid: "aba4a51a31d14865994441ddcde0b0a3" member_type: VOTER last_known_addr { host: "127.0.107.195" port: 45215 }, Status: LMP_MISMATCH, Last received: 0.0, Next index: 2, Last known committed idx: 1, Time since last communication: 0.000s
I20260713 09:01:56.452827   431 auto_leader_rebalancer.cc:141] leader rebalance for table test-workload
I20260713 09:01:56.460228  1070 tablet_service.cc:2072] Received LeaderStepDown RPC: tablet_id: "462ab2702e8c4628aec8b60a11da557a"
dest_uuid: "09e0e5d050564f22942bc3bbcc2942aa"
mode: GRACEFUL
new_leader_uuid: "aba4a51a31d14865994441ddcde0b0a3"
 from {username='slave'} at 127.0.0.1:52250
I20260713 09:01:56.460987  1070 raft_consensus.cc:606] T 462ab2702e8c4628aec8b60a11da557a P 09e0e5d050564f22942bc3bbcc2942aa [term 1 LEADER]: Received request to transfer leadership to TS aba4a51a31d14865994441ddcde0b0a3
I20260713 09:01:56.463517  1070 tablet_service.cc:2072] Received LeaderStepDown RPC: tablet_id: "773b48aac03547129c88345d82a15531"
dest_uuid: "09e0e5d050564f22942bc3bbcc2942aa"
mode: GRACEFUL
new_leader_uuid: "ef9942591973428ea3b922a5ba2d3c8b"
 from {username='slave'} at 127.0.0.1:52250
I20260713 09:01:56.463913  1070 raft_consensus.cc:606] T 773b48aac03547129c88345d82a15531 P 09e0e5d050564f22942bc3bbcc2942aa [term 3 LEADER]: Received request to transfer leadership to TS ef9942591973428ea3b922a5ba2d3c8b
I20260713 09:01:56.465886  1070 tablet_service.cc:2072] Received LeaderStepDown RPC: tablet_id: "c0af8611273e472d8f99abb0039e276f"
dest_uuid: "09e0e5d050564f22942bc3bbcc2942aa"
mode: GRACEFUL
new_leader_uuid: "ef9942591973428ea3b922a5ba2d3c8b"
 from {username='slave'} at 127.0.0.1:52250
I20260713 09:01:56.466277  1070 raft_consensus.cc:606] T c0af8611273e472d8f99abb0039e276f P 09e0e5d050564f22942bc3bbcc2942aa [term 1 LEADER]: Received request to transfer leadership to TS ef9942591973428ea3b922a5ba2d3c8b
I20260713 09:01:56.468262  1070 tablet_service.cc:2072] Received LeaderStepDown RPC: tablet_id: "da411ce3f9ae4292bc280a3c3f7b64bd"
dest_uuid: "09e0e5d050564f22942bc3bbcc2942aa"
mode: GRACEFUL
new_leader_uuid: "aba4a51a31d14865994441ddcde0b0a3"
 from {username='slave'} at 127.0.0.1:52250
I20260713 09:01:56.468670  1070 raft_consensus.cc:606] T da411ce3f9ae4292bc280a3c3f7b64bd P 09e0e5d050564f22942bc3bbcc2942aa [term 4 LEADER]: Received request to transfer leadership to TS aba4a51a31d14865994441ddcde0b0a3
I20260713 09:01:56.469617   431 auto_leader_rebalancer.cc:479] table: test-workload, leader rebalance finish, leader transfer count: 4
I20260713 09:01:56.470029   431 auto_leader_rebalancer.cc:554] All tables' leader rebalancing finished this round
I20260713 09:01:56.587982  1399 raft_consensus.cc:993] T da411ce3f9ae4292bc280a3c3f7b64bd P 09e0e5d050564f22942bc3bbcc2942aa: : Instructing follower aba4a51a31d14865994441ddcde0b0a3 to start an election
I20260713 09:01:56.588475  1397 raft_consensus.cc:1081] T da411ce3f9ae4292bc280a3c3f7b64bd P 09e0e5d050564f22942bc3bbcc2942aa [term 4 LEADER]: Signalling peer aba4a51a31d14865994441ddcde0b0a3 to start an election
I20260713 09:01:56.589923  1219 tablet_service.cc:2044] Received Run Leader Election RPC: tablet_id: "da411ce3f9ae4292bc280a3c3f7b64bd"
dest_uuid: "aba4a51a31d14865994441ddcde0b0a3"
 from {username='slave'} at 127.0.0.1:41650
I20260713 09:01:56.590368  1219 raft_consensus.cc:493] T da411ce3f9ae4292bc280a3c3f7b64bd P aba4a51a31d14865994441ddcde0b0a3 [term 4 FOLLOWER]: Starting forced leader election (received explicit request)
I20260713 09:01:56.590700  1219 raft_consensus.cc:3060] T da411ce3f9ae4292bc280a3c3f7b64bd P aba4a51a31d14865994441ddcde0b0a3 [term 4 FOLLOWER]: Advancing to term 5
I20260713 09:01:56.595954  1219 raft_consensus.cc:515] T da411ce3f9ae4292bc280a3c3f7b64bd P aba4a51a31d14865994441ddcde0b0a3 [term 5 FOLLOWER]: Starting forced leader election with config: opid_index: -1 OBSOLETE_local: false peers { permanent_uuid: "09e0e5d050564f22942bc3bbcc2942aa" member_type: VOTER last_known_addr { host: "127.0.107.193" port: 42873 } } peers { permanent_uuid: "ef9942591973428ea3b922a5ba2d3c8b" member_type: VOTER last_known_addr { host: "127.0.107.194" port: 35195 } } peers { permanent_uuid: "aba4a51a31d14865994441ddcde0b0a3" member_type: VOTER last_known_addr { host: "127.0.107.195" port: 45215 } }
I20260713 09:01:56.597489  1219 leader_election.cc:290] T da411ce3f9ae4292bc280a3c3f7b64bd P aba4a51a31d14865994441ddcde0b0a3 [CANDIDATE]: Term 5 election: Requested vote from peers 09e0e5d050564f22942bc3bbcc2942aa (127.0.107.193:42873), ef9942591973428ea3b922a5ba2d3c8b (127.0.107.194:35195)
I20260713 09:01:56.598309  1070 tablet_service.cc:1917] Received RequestConsensusVote() RPC: tablet_id: "da411ce3f9ae4292bc280a3c3f7b64bd" candidate_uuid: "aba4a51a31d14865994441ddcde0b0a3" candidate_term: 5 candidate_status { last_received { term: 4 index: 4 } } ignore_live_leader: true dest_uuid: "09e0e5d050564f22942bc3bbcc2942aa"
I20260713 09:01:56.598636  1144 tablet_service.cc:1917] Received RequestConsensusVote() RPC: tablet_id: "da411ce3f9ae4292bc280a3c3f7b64bd" candidate_uuid: "aba4a51a31d14865994441ddcde0b0a3" candidate_term: 5 candidate_status { last_received { term: 4 index: 4 } } ignore_live_leader: true dest_uuid: "ef9942591973428ea3b922a5ba2d3c8b"
I20260713 09:01:56.599046  1070 raft_consensus.cc:3055] T da411ce3f9ae4292bc280a3c3f7b64bd P 09e0e5d050564f22942bc3bbcc2942aa [term 4 LEADER]: Stepping down as leader of term 4
I20260713 09:01:56.599123  1144 raft_consensus.cc:3060] T da411ce3f9ae4292bc280a3c3f7b64bd P ef9942591973428ea3b922a5ba2d3c8b [term 4 FOLLOWER]: Advancing to term 5
I20260713 09:01:56.599401  1070 raft_consensus.cc:740] T da411ce3f9ae4292bc280a3c3f7b64bd P 09e0e5d050564f22942bc3bbcc2942aa [term 4 LEADER]: Becoming Follower/Learner. State: Replica: 09e0e5d050564f22942bc3bbcc2942aa, State: Running, Role: LEADER
I20260713 09:01:56.600216  1070 consensus_queue.cc:260] T da411ce3f9ae4292bc280a3c3f7b64bd P 09e0e5d050564f22942bc3bbcc2942aa [NON_LEADER]: Queue going to NON_LEADER mode. State: All replicated index: 0, Majority replicated index: 4, Committed index: 4, Last appended: 4.4, Last appended by leader: 4, Current term: 4, Majority size: -1, State: 0, Mode: NON_LEADER, active raft config: opid_index: -1 OBSOLETE_local: false peers { permanent_uuid: "09e0e5d050564f22942bc3bbcc2942aa" member_type: VOTER last_known_addr { host: "127.0.107.193" port: 42873 } } peers { permanent_uuid: "ef9942591973428ea3b922a5ba2d3c8b" member_type: VOTER last_known_addr { host: "127.0.107.194" port: 35195 } } peers { permanent_uuid: "aba4a51a31d14865994441ddcde0b0a3" member_type: VOTER last_known_addr { host: "127.0.107.195" port: 45215 } }
I20260713 09:01:56.601445  1070 raft_consensus.cc:3060] T da411ce3f9ae4292bc280a3c3f7b64bd P 09e0e5d050564f22942bc3bbcc2942aa [term 4 FOLLOWER]: Advancing to term 5
I20260713 09:01:56.605731  1144 raft_consensus.cc:2468] T da411ce3f9ae4292bc280a3c3f7b64bd P ef9942591973428ea3b922a5ba2d3c8b [term 5 FOLLOWER]: Leader election vote request: Granting yes vote for candidate aba4a51a31d14865994441ddcde0b0a3 in term 5.
I20260713 09:01:56.606894  1184 leader_election.cc:304] T da411ce3f9ae4292bc280a3c3f7b64bd P aba4a51a31d14865994441ddcde0b0a3 [CANDIDATE]: Term 5 election: Election decided. Result: candidate won. Election summary: received 2 responses out of 3 voters: 2 yes votes; 0 no votes. yes voters: aba4a51a31d14865994441ddcde0b0a3, ef9942591973428ea3b922a5ba2d3c8b; no voters: 
I20260713 09:01:56.607731  1400 raft_consensus.cc:2804] T da411ce3f9ae4292bc280a3c3f7b64bd P aba4a51a31d14865994441ddcde0b0a3 [term 5 FOLLOWER]: Leader election won for term 5
I20260713 09:01:56.607785  1070 raft_consensus.cc:2468] T da411ce3f9ae4292bc280a3c3f7b64bd P 09e0e5d050564f22942bc3bbcc2942aa [term 5 FOLLOWER]: Leader election vote request: Granting yes vote for candidate aba4a51a31d14865994441ddcde0b0a3 in term 5.
I20260713 09:01:56.608796  1400 raft_consensus.cc:697] T da411ce3f9ae4292bc280a3c3f7b64bd P aba4a51a31d14865994441ddcde0b0a3 [term 5 LEADER]: Becoming Leader. State: Replica: aba4a51a31d14865994441ddcde0b0a3, State: Running, Role: LEADER
I20260713 09:01:56.609629  1400 consensus_queue.cc:237] T da411ce3f9ae4292bc280a3c3f7b64bd P aba4a51a31d14865994441ddcde0b0a3 [LEADER]: Queue going to LEADER mode. State: All replicated index: 0, Majority replicated index: 4, Committed index: 4, Last appended: 4.4, Last appended by leader: 4, Current term: 5, Majority size: 2, State: 0, Mode: LEADER, active raft config: opid_index: -1 OBSOLETE_local: false peers { permanent_uuid: "09e0e5d050564f22942bc3bbcc2942aa" member_type: VOTER last_known_addr { host: "127.0.107.193" port: 42873 } } peers { permanent_uuid: "ef9942591973428ea3b922a5ba2d3c8b" member_type: VOTER last_known_addr { host: "127.0.107.194" port: 35195 } } peers { permanent_uuid: "aba4a51a31d14865994441ddcde0b0a3" member_type: VOTER last_known_addr { host: "127.0.107.195" port: 45215 } }
I20260713 09:01:56.615567   966 catalog_manager.cc:5697] T da411ce3f9ae4292bc280a3c3f7b64bd P aba4a51a31d14865994441ddcde0b0a3 reported cstate change: term changed from 4 to 5, leader changed from 09e0e5d050564f22942bc3bbcc2942aa (127.0.107.193) to aba4a51a31d14865994441ddcde0b0a3 (127.0.107.195). New cstate: current_term: 5 leader_uuid: "aba4a51a31d14865994441ddcde0b0a3" committed_config { opid_index: -1 OBSOLETE_local: false peers { permanent_uuid: "09e0e5d050564f22942bc3bbcc2942aa" member_type: VOTER last_known_addr { host: "127.0.107.193" port: 42873 } health_report { overall_health: UNKNOWN } } peers { permanent_uuid: "ef9942591973428ea3b922a5ba2d3c8b" member_type: VOTER last_known_addr { host: "127.0.107.194" port: 35195 } health_report { overall_health: UNKNOWN } } peers { permanent_uuid: "aba4a51a31d14865994441ddcde0b0a3" member_type: VOTER last_known_addr { host: "127.0.107.195" port: 45215 } health_report { overall_health: HEALTHY } } }
I20260713 09:01:56.689049  1399 raft_consensus.cc:993] T 462ab2702e8c4628aec8b60a11da557a P 09e0e5d050564f22942bc3bbcc2942aa: : Instructing follower aba4a51a31d14865994441ddcde0b0a3 to start an election
I20260713 09:01:56.689450  1397 raft_consensus.cc:1081] T 462ab2702e8c4628aec8b60a11da557a P 09e0e5d050564f22942bc3bbcc2942aa [term 1 LEADER]: Signalling peer aba4a51a31d14865994441ddcde0b0a3 to start an election
I20260713 09:01:56.690613  1219 tablet_service.cc:2044] Received Run Leader Election RPC: tablet_id: "462ab2702e8c4628aec8b60a11da557a"
dest_uuid: "aba4a51a31d14865994441ddcde0b0a3"
 from {username='slave'} at 127.0.0.1:41650
I20260713 09:01:56.691004  1219 raft_consensus.cc:493] T 462ab2702e8c4628aec8b60a11da557a P aba4a51a31d14865994441ddcde0b0a3 [term 1 FOLLOWER]: Starting forced leader election (received explicit request)
I20260713 09:01:56.691280  1219 raft_consensus.cc:3060] T 462ab2702e8c4628aec8b60a11da557a P aba4a51a31d14865994441ddcde0b0a3 [term 1 FOLLOWER]: Advancing to term 2
I20260713 09:01:56.695060  1219 raft_consensus.cc:515] T 462ab2702e8c4628aec8b60a11da557a P aba4a51a31d14865994441ddcde0b0a3 [term 2 FOLLOWER]: Starting forced leader election with config: opid_index: -1 OBSOLETE_local: false peers { permanent_uuid: "09e0e5d050564f22942bc3bbcc2942aa" member_type: VOTER last_known_addr { host: "127.0.107.193" port: 42873 } } peers { permanent_uuid: "ef9942591973428ea3b922a5ba2d3c8b" member_type: VOTER last_known_addr { host: "127.0.107.194" port: 35195 } } peers { permanent_uuid: "aba4a51a31d14865994441ddcde0b0a3" member_type: VOTER last_known_addr { host: "127.0.107.195" port: 45215 } }
I20260713 09:01:56.696365  1219 leader_election.cc:290] T 462ab2702e8c4628aec8b60a11da557a P aba4a51a31d14865994441ddcde0b0a3 [CANDIDATE]: Term 2 election: Requested vote from peers 09e0e5d050564f22942bc3bbcc2942aa (127.0.107.193:42873), ef9942591973428ea3b922a5ba2d3c8b (127.0.107.194:35195)
I20260713 09:01:56.697137  1070 tablet_service.cc:1917] Received RequestConsensusVote() RPC: tablet_id: "462ab2702e8c4628aec8b60a11da557a" candidate_uuid: "aba4a51a31d14865994441ddcde0b0a3" candidate_term: 2 candidate_status { last_received { term: 1 index: 1 } } ignore_live_leader: true dest_uuid: "09e0e5d050564f22942bc3bbcc2942aa"
I20260713 09:01:56.697391  1144 tablet_service.cc:1917] Received RequestConsensusVote() RPC: tablet_id: "462ab2702e8c4628aec8b60a11da557a" candidate_uuid: "aba4a51a31d14865994441ddcde0b0a3" candidate_term: 2 candidate_status { last_received { term: 1 index: 1 } } ignore_live_leader: true dest_uuid: "ef9942591973428ea3b922a5ba2d3c8b"
I20260713 09:01:56.697669  1070 raft_consensus.cc:3055] T 462ab2702e8c4628aec8b60a11da557a P 09e0e5d050564f22942bc3bbcc2942aa [term 1 LEADER]: Stepping down as leader of term 1
I20260713 09:01:56.697885  1144 raft_consensus.cc:3060] T 462ab2702e8c4628aec8b60a11da557a P ef9942591973428ea3b922a5ba2d3c8b [term 1 FOLLOWER]: Advancing to term 2
I20260713 09:01:56.697970  1070 raft_consensus.cc:740] T 462ab2702e8c4628aec8b60a11da557a P 09e0e5d050564f22942bc3bbcc2942aa [term 1 LEADER]: Becoming Follower/Learner. State: Replica: 09e0e5d050564f22942bc3bbcc2942aa, State: Running, Role: LEADER
I20260713 09:01:56.698726  1070 consensus_queue.cc:260] T 462ab2702e8c4628aec8b60a11da557a P 09e0e5d050564f22942bc3bbcc2942aa [NON_LEADER]: Queue going to NON_LEADER mode. State: All replicated index: 0, Majority replicated index: 1, Committed index: 1, Last appended: 1.1, Last appended by leader: 1, Current term: 1, Majority size: -1, State: 0, Mode: NON_LEADER, active raft config: opid_index: -1 OBSOLETE_local: false peers { permanent_uuid: "09e0e5d050564f22942bc3bbcc2942aa" member_type: VOTER last_known_addr { host: "127.0.107.193" port: 42873 } } peers { permanent_uuid: "ef9942591973428ea3b922a5ba2d3c8b" member_type: VOTER last_known_addr { host: "127.0.107.194" port: 35195 } } peers { permanent_uuid: "aba4a51a31d14865994441ddcde0b0a3" member_type: VOTER last_known_addr { host: "127.0.107.195" port: 45215 } }
I20260713 09:01:56.699818  1070 raft_consensus.cc:3060] T 462ab2702e8c4628aec8b60a11da557a P 09e0e5d050564f22942bc3bbcc2942aa [term 1 FOLLOWER]: Advancing to term 2
I20260713 09:01:56.703450  1144 raft_consensus.cc:2468] T 462ab2702e8c4628aec8b60a11da557a P ef9942591973428ea3b922a5ba2d3c8b [term 2 FOLLOWER]: Leader election vote request: Granting yes vote for candidate aba4a51a31d14865994441ddcde0b0a3 in term 2.
I20260713 09:01:56.704381  1184 leader_election.cc:304] T 462ab2702e8c4628aec8b60a11da557a P aba4a51a31d14865994441ddcde0b0a3 [CANDIDATE]: Term 2 election: Election decided. Result: candidate won. Election summary: received 2 responses out of 3 voters: 2 yes votes; 0 no votes. yes voters: aba4a51a31d14865994441ddcde0b0a3, ef9942591973428ea3b922a5ba2d3c8b; no voters: 
I20260713 09:01:56.705024  1400 raft_consensus.cc:2804] T 462ab2702e8c4628aec8b60a11da557a P aba4a51a31d14865994441ddcde0b0a3 [term 2 FOLLOWER]: Leader election won for term 2
I20260713 09:01:56.705132  1070 raft_consensus.cc:2468] T 462ab2702e8c4628aec8b60a11da557a P 09e0e5d050564f22942bc3bbcc2942aa [term 2 FOLLOWER]: Leader election vote request: Granting yes vote for candidate aba4a51a31d14865994441ddcde0b0a3 in term 2.
I20260713 09:01:56.705507  1400 raft_consensus.cc:697] T 462ab2702e8c4628aec8b60a11da557a P aba4a51a31d14865994441ddcde0b0a3 [term 2 LEADER]: Becoming Leader. State: Replica: aba4a51a31d14865994441ddcde0b0a3, State: Running, Role: LEADER
I20260713 09:01:56.706382  1400 consensus_queue.cc:237] T 462ab2702e8c4628aec8b60a11da557a P aba4a51a31d14865994441ddcde0b0a3 [LEADER]: Queue going to LEADER mode. State: All replicated index: 0, Majority replicated index: 1, Committed index: 1, Last appended: 1.1, Last appended by leader: 1, Current term: 2, Majority size: 2, State: 0, Mode: LEADER, active raft config: opid_index: -1 OBSOLETE_local: false peers { permanent_uuid: "09e0e5d050564f22942bc3bbcc2942aa" member_type: VOTER last_known_addr { host: "127.0.107.193" port: 42873 } } peers { permanent_uuid: "ef9942591973428ea3b922a5ba2d3c8b" member_type: VOTER last_known_addr { host: "127.0.107.194" port: 35195 } } peers { permanent_uuid: "aba4a51a31d14865994441ddcde0b0a3" member_type: VOTER last_known_addr { host: "127.0.107.195" port: 45215 } }
I20260713 09:01:56.712172   966 catalog_manager.cc:5697] T 462ab2702e8c4628aec8b60a11da557a P aba4a51a31d14865994441ddcde0b0a3 reported cstate change: term changed from 1 to 2, leader changed from 09e0e5d050564f22942bc3bbcc2942aa (127.0.107.193) to aba4a51a31d14865994441ddcde0b0a3 (127.0.107.195). New cstate: current_term: 2 leader_uuid: "aba4a51a31d14865994441ddcde0b0a3" committed_config { opid_index: -1 OBSOLETE_local: false peers { permanent_uuid: "09e0e5d050564f22942bc3bbcc2942aa" member_type: VOTER last_known_addr { host: "127.0.107.193" port: 42873 } health_report { overall_health: UNKNOWN } } peers { permanent_uuid: "ef9942591973428ea3b922a5ba2d3c8b" member_type: VOTER last_known_addr { host: "127.0.107.194" port: 35195 } health_report { overall_health: UNKNOWN } } peers { permanent_uuid: "aba4a51a31d14865994441ddcde0b0a3" member_type: VOTER last_known_addr { host: "127.0.107.195" port: 45215 } health_report { overall_health: HEALTHY } } }
I20260713 09:01:56.879792  1399 raft_consensus.cc:993] T c0af8611273e472d8f99abb0039e276f P 09e0e5d050564f22942bc3bbcc2942aa: : Instructing follower ef9942591973428ea3b922a5ba2d3c8b to start an election
I20260713 09:01:56.880204  1397 raft_consensus.cc:1081] T c0af8611273e472d8f99abb0039e276f P 09e0e5d050564f22942bc3bbcc2942aa [term 1 LEADER]: Signalling peer ef9942591973428ea3b922a5ba2d3c8b to start an election
I20260713 09:01:56.881481  1144 tablet_service.cc:2044] Received Run Leader Election RPC: tablet_id: "c0af8611273e472d8f99abb0039e276f"
dest_uuid: "ef9942591973428ea3b922a5ba2d3c8b"
 from {username='slave'} at 127.0.0.1:34590
I20260713 09:01:56.881889  1144 raft_consensus.cc:493] T c0af8611273e472d8f99abb0039e276f P ef9942591973428ea3b922a5ba2d3c8b [term 1 FOLLOWER]: Starting forced leader election (received explicit request)
I20260713 09:01:56.882153  1144 raft_consensus.cc:3060] T c0af8611273e472d8f99abb0039e276f P ef9942591973428ea3b922a5ba2d3c8b [term 1 FOLLOWER]: Advancing to term 2
I20260713 09:01:56.885941  1144 raft_consensus.cc:515] T c0af8611273e472d8f99abb0039e276f P ef9942591973428ea3b922a5ba2d3c8b [term 2 FOLLOWER]: Starting forced leader election with config: opid_index: -1 OBSOLETE_local: false peers { permanent_uuid: "09e0e5d050564f22942bc3bbcc2942aa" member_type: VOTER last_known_addr { host: "127.0.107.193" port: 42873 } } peers { permanent_uuid: "ef9942591973428ea3b922a5ba2d3c8b" member_type: VOTER last_known_addr { host: "127.0.107.194" port: 35195 } } peers { permanent_uuid: "aba4a51a31d14865994441ddcde0b0a3" member_type: VOTER last_known_addr { host: "127.0.107.195" port: 45215 } }
I20260713 09:01:56.887279  1144 leader_election.cc:290] T c0af8611273e472d8f99abb0039e276f P ef9942591973428ea3b922a5ba2d3c8b [CANDIDATE]: Term 2 election: Requested vote from peers 09e0e5d050564f22942bc3bbcc2942aa (127.0.107.193:42873), aba4a51a31d14865994441ddcde0b0a3 (127.0.107.195:45215)
I20260713 09:01:56.887990  1070 tablet_service.cc:1917] Received RequestConsensusVote() RPC: tablet_id: "c0af8611273e472d8f99abb0039e276f" candidate_uuid: "ef9942591973428ea3b922a5ba2d3c8b" candidate_term: 2 candidate_status { last_received { term: 1 index: 1 } } ignore_live_leader: true dest_uuid: "09e0e5d050564f22942bc3bbcc2942aa"
I20260713 09:01:56.888363  1219 tablet_service.cc:1917] Received RequestConsensusVote() RPC: tablet_id: "c0af8611273e472d8f99abb0039e276f" candidate_uuid: "ef9942591973428ea3b922a5ba2d3c8b" candidate_term: 2 candidate_status { last_received { term: 1 index: 1 } } ignore_live_leader: true dest_uuid: "aba4a51a31d14865994441ddcde0b0a3"
I20260713 09:01:56.888569  1070 raft_consensus.cc:3055] T c0af8611273e472d8f99abb0039e276f P 09e0e5d050564f22942bc3bbcc2942aa [term 1 LEADER]: Stepping down as leader of term 1
I20260713 09:01:56.888859  1219 raft_consensus.cc:3060] T c0af8611273e472d8f99abb0039e276f P aba4a51a31d14865994441ddcde0b0a3 [term 1 FOLLOWER]: Advancing to term 2
I20260713 09:01:56.888924  1070 raft_consensus.cc:740] T c0af8611273e472d8f99abb0039e276f P 09e0e5d050564f22942bc3bbcc2942aa [term 1 LEADER]: Becoming Follower/Learner. State: Replica: 09e0e5d050564f22942bc3bbcc2942aa, State: Running, Role: LEADER
I20260713 09:01:56.889765  1070 consensus_queue.cc:260] T c0af8611273e472d8f99abb0039e276f P 09e0e5d050564f22942bc3bbcc2942aa [NON_LEADER]: Queue going to NON_LEADER mode. State: All replicated index: 0, Majority replicated index: 1, Committed index: 1, Last appended: 1.1, Last appended by leader: 1, Current term: 1, Majority size: -1, State: 0, Mode: NON_LEADER, active raft config: opid_index: -1 OBSOLETE_local: false peers { permanent_uuid: "09e0e5d050564f22942bc3bbcc2942aa" member_type: VOTER last_known_addr { host: "127.0.107.193" port: 42873 } } peers { permanent_uuid: "ef9942591973428ea3b922a5ba2d3c8b" member_type: VOTER last_known_addr { host: "127.0.107.194" port: 35195 } } peers { permanent_uuid: "aba4a51a31d14865994441ddcde0b0a3" member_type: VOTER last_known_addr { host: "127.0.107.195" port: 45215 } }
I20260713 09:01:56.890722  1070 raft_consensus.cc:3060] T c0af8611273e472d8f99abb0039e276f P 09e0e5d050564f22942bc3bbcc2942aa [term 1 FOLLOWER]: Advancing to term 2
I20260713 09:01:56.893687  1219 raft_consensus.cc:2468] T c0af8611273e472d8f99abb0039e276f P aba4a51a31d14865994441ddcde0b0a3 [term 2 FOLLOWER]: Leader election vote request: Granting yes vote for candidate ef9942591973428ea3b922a5ba2d3c8b in term 2.
I20260713 09:01:56.895061  1110 leader_election.cc:304] T c0af8611273e472d8f99abb0039e276f P ef9942591973428ea3b922a5ba2d3c8b [CANDIDATE]: Term 2 election: Election decided. Result: candidate won. Election summary: received 2 responses out of 3 voters: 2 yes votes; 0 no votes. yes voters: aba4a51a31d14865994441ddcde0b0a3, ef9942591973428ea3b922a5ba2d3c8b; no voters: 
I20260713 09:01:56.895789  1070 raft_consensus.cc:2468] T c0af8611273e472d8f99abb0039e276f P 09e0e5d050564f22942bc3bbcc2942aa [term 2 FOLLOWER]: Leader election vote request: Granting yes vote for candidate ef9942591973428ea3b922a5ba2d3c8b in term 2.
I20260713 09:01:56.895884  1378 raft_consensus.cc:2804] T c0af8611273e472d8f99abb0039e276f P ef9942591973428ea3b922a5ba2d3c8b [term 2 FOLLOWER]: Leader election won for term 2
I20260713 09:01:56.897039  1378 raft_consensus.cc:697] T c0af8611273e472d8f99abb0039e276f P ef9942591973428ea3b922a5ba2d3c8b [term 2 LEADER]: Becoming Leader. State: Replica: ef9942591973428ea3b922a5ba2d3c8b, State: Running, Role: LEADER
I20260713 09:01:56.897842  1378 consensus_queue.cc:237] T c0af8611273e472d8f99abb0039e276f P ef9942591973428ea3b922a5ba2d3c8b [LEADER]: Queue going to LEADER mode. State: All replicated index: 0, Majority replicated index: 1, Committed index: 1, Last appended: 1.1, Last appended by leader: 1, Current term: 2, Majority size: 2, State: 0, Mode: LEADER, active raft config: opid_index: -1 OBSOLETE_local: false peers { permanent_uuid: "09e0e5d050564f22942bc3bbcc2942aa" member_type: VOTER last_known_addr { host: "127.0.107.193" port: 42873 } } peers { permanent_uuid: "ef9942591973428ea3b922a5ba2d3c8b" member_type: VOTER last_known_addr { host: "127.0.107.194" port: 35195 } } peers { permanent_uuid: "aba4a51a31d14865994441ddcde0b0a3" member_type: VOTER last_known_addr { host: "127.0.107.195" port: 45215 } }
I20260713 09:01:56.903811   966 catalog_manager.cc:5697] T c0af8611273e472d8f99abb0039e276f P ef9942591973428ea3b922a5ba2d3c8b reported cstate change: term changed from 1 to 2, leader changed from 09e0e5d050564f22942bc3bbcc2942aa (127.0.107.193) to ef9942591973428ea3b922a5ba2d3c8b (127.0.107.194). New cstate: current_term: 2 leader_uuid: "ef9942591973428ea3b922a5ba2d3c8b" committed_config { opid_index: -1 OBSOLETE_local: false peers { permanent_uuid: "09e0e5d050564f22942bc3bbcc2942aa" member_type: VOTER last_known_addr { host: "127.0.107.193" port: 42873 } health_report { overall_health: UNKNOWN } } peers { permanent_uuid: "ef9942591973428ea3b922a5ba2d3c8b" member_type: VOTER last_known_addr { host: "127.0.107.194" port: 35195 } health_report { overall_health: HEALTHY } } peers { permanent_uuid: "aba4a51a31d14865994441ddcde0b0a3" member_type: VOTER last_known_addr { host: "127.0.107.195" port: 45215 } health_report { overall_health: UNKNOWN } } }
I20260713 09:01:56.989214  1070 raft_consensus.cc:1275] T da411ce3f9ae4292bc280a3c3f7b64bd P 09e0e5d050564f22942bc3bbcc2942aa [term 5 FOLLOWER]: Refusing update from remote peer aba4a51a31d14865994441ddcde0b0a3: Log matching property violated. Preceding OpId in replica: term: 4 index: 4. Preceding OpId from leader: term: 5 index: 5. (index mismatch)
I20260713 09:01:56.990487  1401 consensus_queue.cc:1048] T da411ce3f9ae4292bc280a3c3f7b64bd P aba4a51a31d14865994441ddcde0b0a3 [LEADER]: Connected to new peer: Peer: permanent_uuid: "09e0e5d050564f22942bc3bbcc2942aa" member_type: VOTER last_known_addr { host: "127.0.107.193" port: 42873 }, Status: LMP_MISMATCH, Last received: 0.0, Next index: 5, Last known committed idx: 4, Time since last communication: 0.000s
I20260713 09:01:57.000277  1145 raft_consensus.cc:1275] T da411ce3f9ae4292bc280a3c3f7b64bd P ef9942591973428ea3b922a5ba2d3c8b [term 5 FOLLOWER]: Refusing update from remote peer aba4a51a31d14865994441ddcde0b0a3: Log matching property violated. Preceding OpId in replica: term: 4 index: 4. Preceding OpId from leader: term: 5 index: 5. (index mismatch)
I20260713 09:01:57.002314  1401 consensus_queue.cc:1048] T da411ce3f9ae4292bc280a3c3f7b64bd P aba4a51a31d14865994441ddcde0b0a3 [LEADER]: Connected to new peer: Peer: permanent_uuid: "ef9942591973428ea3b922a5ba2d3c8b" member_type: VOTER last_known_addr { host: "127.0.107.194" port: 35195 }, Status: LMP_MISMATCH, Last received: 0.0, Next index: 5, Last known committed idx: 4, Time since last communication: 0.000s
I20260713 09:01:57.018916  1399 raft_consensus.cc:993] T 773b48aac03547129c88345d82a15531 P 09e0e5d050564f22942bc3bbcc2942aa: : Instructing follower ef9942591973428ea3b922a5ba2d3c8b to start an election
I20260713 09:01:57.019349  1397 raft_consensus.cc:1081] T 773b48aac03547129c88345d82a15531 P 09e0e5d050564f22942bc3bbcc2942aa [term 3 LEADER]: Signalling peer ef9942591973428ea3b922a5ba2d3c8b to start an election
I20260713 09:01:57.020495  1144 tablet_service.cc:2044] Received Run Leader Election RPC: tablet_id: "773b48aac03547129c88345d82a15531"
dest_uuid: "ef9942591973428ea3b922a5ba2d3c8b"
 from {username='slave'} at 127.0.0.1:34590
I20260713 09:01:57.020824  1144 raft_consensus.cc:493] T 773b48aac03547129c88345d82a15531 P ef9942591973428ea3b922a5ba2d3c8b [term 3 FOLLOWER]: Starting forced leader election (received explicit request)
I20260713 09:01:57.021024  1144 raft_consensus.cc:3060] T 773b48aac03547129c88345d82a15531 P ef9942591973428ea3b922a5ba2d3c8b [term 3 FOLLOWER]: Advancing to term 4
I20260713 09:01:57.024950  1144 raft_consensus.cc:515] T 773b48aac03547129c88345d82a15531 P ef9942591973428ea3b922a5ba2d3c8b [term 4 FOLLOWER]: Starting forced leader election with config: opid_index: -1 OBSOLETE_local: false peers { permanent_uuid: "09e0e5d050564f22942bc3bbcc2942aa" member_type: VOTER last_known_addr { host: "127.0.107.193" port: 42873 } } peers { permanent_uuid: "ef9942591973428ea3b922a5ba2d3c8b" member_type: VOTER last_known_addr { host: "127.0.107.194" port: 35195 } } peers { permanent_uuid: "aba4a51a31d14865994441ddcde0b0a3" member_type: VOTER last_known_addr { host: "127.0.107.195" port: 45215 } }
I20260713 09:01:57.026218  1144 leader_election.cc:290] T 773b48aac03547129c88345d82a15531 P ef9942591973428ea3b922a5ba2d3c8b [CANDIDATE]: Term 4 election: Requested vote from peers 09e0e5d050564f22942bc3bbcc2942aa (127.0.107.193:42873), aba4a51a31d14865994441ddcde0b0a3 (127.0.107.195:45215)
I20260713 09:01:57.026919  1070 tablet_service.cc:1917] Received RequestConsensusVote() RPC: tablet_id: "773b48aac03547129c88345d82a15531" candidate_uuid: "ef9942591973428ea3b922a5ba2d3c8b" candidate_term: 4 candidate_status { last_received { term: 3 index: 3 } } ignore_live_leader: true dest_uuid: "09e0e5d050564f22942bc3bbcc2942aa"
I20260713 09:01:57.027208  1219 tablet_service.cc:1917] Received RequestConsensusVote() RPC: tablet_id: "773b48aac03547129c88345d82a15531" candidate_uuid: "ef9942591973428ea3b922a5ba2d3c8b" candidate_term: 4 candidate_status { last_received { term: 3 index: 3 } } ignore_live_leader: true dest_uuid: "aba4a51a31d14865994441ddcde0b0a3"
I20260713 09:01:57.027374  1070 raft_consensus.cc:3055] T 773b48aac03547129c88345d82a15531 P 09e0e5d050564f22942bc3bbcc2942aa [term 3 LEADER]: Stepping down as leader of term 3
I20260713 09:01:57.027680  1219 raft_consensus.cc:3060] T 773b48aac03547129c88345d82a15531 P aba4a51a31d14865994441ddcde0b0a3 [term 3 FOLLOWER]: Advancing to term 4
I20260713 09:01:57.027835  1070 raft_consensus.cc:740] T 773b48aac03547129c88345d82a15531 P 09e0e5d050564f22942bc3bbcc2942aa [term 3 LEADER]: Becoming Follower/Learner. State: Replica: 09e0e5d050564f22942bc3bbcc2942aa, State: Running, Role: LEADER
I20260713 09:01:57.028465  1070 consensus_queue.cc:260] T 773b48aac03547129c88345d82a15531 P 09e0e5d050564f22942bc3bbcc2942aa [NON_LEADER]: Queue going to NON_LEADER mode. State: All replicated index: 0, Majority replicated index: 3, Committed index: 3, Last appended: 3.3, Last appended by leader: 3, Current term: 3, Majority size: -1, State: 0, Mode: NON_LEADER, active raft config: opid_index: -1 OBSOLETE_local: false peers { permanent_uuid: "09e0e5d050564f22942bc3bbcc2942aa" member_type: VOTER last_known_addr { host: "127.0.107.193" port: 42873 } } peers { permanent_uuid: "ef9942591973428ea3b922a5ba2d3c8b" member_type: VOTER last_known_addr { host: "127.0.107.194" port: 35195 } } peers { permanent_uuid: "aba4a51a31d14865994441ddcde0b0a3" member_type: VOTER last_known_addr { host: "127.0.107.195" port: 45215 } }
I20260713 09:01:57.029224  1070 raft_consensus.cc:3060] T 773b48aac03547129c88345d82a15531 P 09e0e5d050564f22942bc3bbcc2942aa [term 3 FOLLOWER]: Advancing to term 4
I20260713 09:01:57.032116  1219 raft_consensus.cc:2468] T 773b48aac03547129c88345d82a15531 P aba4a51a31d14865994441ddcde0b0a3 [term 4 FOLLOWER]: Leader election vote request: Granting yes vote for candidate ef9942591973428ea3b922a5ba2d3c8b in term 4.
I20260713 09:01:57.033049  1070 raft_consensus.cc:2468] T 773b48aac03547129c88345d82a15531 P 09e0e5d050564f22942bc3bbcc2942aa [term 4 FOLLOWER]: Leader election vote request: Granting yes vote for candidate ef9942591973428ea3b922a5ba2d3c8b in term 4.
I20260713 09:01:57.032992  1110 leader_election.cc:304] T 773b48aac03547129c88345d82a15531 P ef9942591973428ea3b922a5ba2d3c8b [CANDIDATE]: Term 4 election: Election decided. Result: candidate won. Election summary: received 2 responses out of 3 voters: 2 yes votes; 0 no votes. yes voters: aba4a51a31d14865994441ddcde0b0a3, ef9942591973428ea3b922a5ba2d3c8b; no voters: 
I20260713 09:01:57.033808  1378 raft_consensus.cc:2804] T 773b48aac03547129c88345d82a15531 P ef9942591973428ea3b922a5ba2d3c8b [term 4 FOLLOWER]: Leader election won for term 4
I20260713 09:01:57.034297  1378 raft_consensus.cc:697] T 773b48aac03547129c88345d82a15531 P ef9942591973428ea3b922a5ba2d3c8b [term 4 LEADER]: Becoming Leader. State: Replica: ef9942591973428ea3b922a5ba2d3c8b, State: Running, Role: LEADER
I20260713 09:01:57.035059  1378 consensus_queue.cc:237] T 773b48aac03547129c88345d82a15531 P ef9942591973428ea3b922a5ba2d3c8b [LEADER]: Queue going to LEADER mode. State: All replicated index: 0, Majority replicated index: 3, Committed index: 3, Last appended: 3.3, Last appended by leader: 3, Current term: 4, Majority size: 2, State: 0, Mode: LEADER, active raft config: opid_index: -1 OBSOLETE_local: false peers { permanent_uuid: "09e0e5d050564f22942bc3bbcc2942aa" member_type: VOTER last_known_addr { host: "127.0.107.193" port: 42873 } } peers { permanent_uuid: "ef9942591973428ea3b922a5ba2d3c8b" member_type: VOTER last_known_addr { host: "127.0.107.194" port: 35195 } } peers { permanent_uuid: "aba4a51a31d14865994441ddcde0b0a3" member_type: VOTER last_known_addr { host: "127.0.107.195" port: 45215 } }
I20260713 09:01:57.041498   967 catalog_manager.cc:5697] T 773b48aac03547129c88345d82a15531 P ef9942591973428ea3b922a5ba2d3c8b reported cstate change: term changed from 3 to 4, leader changed from 09e0e5d050564f22942bc3bbcc2942aa (127.0.107.193) to ef9942591973428ea3b922a5ba2d3c8b (127.0.107.194). New cstate: current_term: 4 leader_uuid: "ef9942591973428ea3b922a5ba2d3c8b" committed_config { opid_index: -1 OBSOLETE_local: false peers { permanent_uuid: "09e0e5d050564f22942bc3bbcc2942aa" member_type: VOTER last_known_addr { host: "127.0.107.193" port: 42873 } health_report { overall_health: UNKNOWN } } peers { permanent_uuid: "ef9942591973428ea3b922a5ba2d3c8b" member_type: VOTER last_known_addr { host: "127.0.107.194" port: 35195 } health_report { overall_health: HEALTHY } } peers { permanent_uuid: "aba4a51a31d14865994441ddcde0b0a3" member_type: VOTER last_known_addr { host: "127.0.107.195" port: 45215 } health_report { overall_health: UNKNOWN } } }
I20260713 09:01:57.189224  1144 raft_consensus.cc:1275] T 462ab2702e8c4628aec8b60a11da557a P ef9942591973428ea3b922a5ba2d3c8b [term 2 FOLLOWER]: Refusing update from remote peer aba4a51a31d14865994441ddcde0b0a3: Log matching property violated. Preceding OpId in replica: term: 1 index: 1. Preceding OpId from leader: term: 2 index: 2. (index mismatch)
I20260713 09:01:57.190521  1401 consensus_queue.cc:1048] T 462ab2702e8c4628aec8b60a11da557a P aba4a51a31d14865994441ddcde0b0a3 [LEADER]: Connected to new peer: Peer: permanent_uuid: "ef9942591973428ea3b922a5ba2d3c8b" member_type: VOTER last_known_addr { host: "127.0.107.194" port: 35195 }, Status: LMP_MISMATCH, Last received: 0.0, Next index: 2, Last known committed idx: 1, Time since last communication: 0.000s
I20260713 09:01:57.199436  1070 raft_consensus.cc:1275] T 462ab2702e8c4628aec8b60a11da557a P 09e0e5d050564f22942bc3bbcc2942aa [term 2 FOLLOWER]: Refusing update from remote peer aba4a51a31d14865994441ddcde0b0a3: Log matching property violated. Preceding OpId in replica: term: 1 index: 1. Preceding OpId from leader: term: 2 index: 2. (index mismatch)
I20260713 09:01:57.201357  1417 consensus_queue.cc:1048] T 462ab2702e8c4628aec8b60a11da557a P aba4a51a31d14865994441ddcde0b0a3 [LEADER]: Connected to new peer: Peer: permanent_uuid: "09e0e5d050564f22942bc3bbcc2942aa" member_type: VOTER last_known_addr { host: "127.0.107.193" port: 42873 }, Status: LMP_MISMATCH, Last received: 0.0, Next index: 2, Last known committed idx: 1, Time since last communication: 0.001s
I20260713 09:01:57.401558  1219 raft_consensus.cc:1275] T c0af8611273e472d8f99abb0039e276f P aba4a51a31d14865994441ddcde0b0a3 [term 2 FOLLOWER]: Refusing update from remote peer ef9942591973428ea3b922a5ba2d3c8b: Log matching property violated. Preceding OpId in replica: term: 1 index: 1. Preceding OpId from leader: term: 2 index: 2. (index mismatch)
I20260713 09:01:57.402621  1378 consensus_queue.cc:1048] T c0af8611273e472d8f99abb0039e276f P ef9942591973428ea3b922a5ba2d3c8b [LEADER]: Connected to new peer: Peer: permanent_uuid: "aba4a51a31d14865994441ddcde0b0a3" member_type: VOTER last_known_addr { host: "127.0.107.195" port: 45215 }, Status: LMP_MISMATCH, Last received: 0.0, Next index: 2, Last known committed idx: 1, Time since last communication: 0.000s
I20260713 09:01:57.410936  1070 raft_consensus.cc:1275] T c0af8611273e472d8f99abb0039e276f P 09e0e5d050564f22942bc3bbcc2942aa [term 2 FOLLOWER]: Refusing update from remote peer ef9942591973428ea3b922a5ba2d3c8b: Log matching property violated. Preceding OpId in replica: term: 1 index: 1. Preceding OpId from leader: term: 2 index: 2. (index mismatch)
I20260713 09:01:57.412572  1378 consensus_queue.cc:1048] T c0af8611273e472d8f99abb0039e276f P ef9942591973428ea3b922a5ba2d3c8b [LEADER]: Connected to new peer: Peer: permanent_uuid: "09e0e5d050564f22942bc3bbcc2942aa" member_type: VOTER last_known_addr { host: "127.0.107.193" port: 42873 }, Status: LMP_MISMATCH, Last received: 0.0, Next index: 2, Last known committed idx: 1, Time since last communication: 0.000s
I20260713 09:01:57.470949   431 auto_leader_rebalancer.cc:141] leader rebalance for table test-workload
I20260713 09:01:57.476303   431 tablet_server.cc:179] TabletServer@127.0.107.193:0 shutting down...
I20260713 09:01:57.496486   431 ts_tablet_manager.cc:1507] Shutting down tablet manager...
I20260713 09:01:57.497153   431 tablet_replica.cc:333] T 87d70198fd1b4f8283f97cdd97a907d8 P 09e0e5d050564f22942bc3bbcc2942aa: stopping tablet replica
I20260713 09:01:57.497753   431 raft_consensus.cc:2243] T 87d70198fd1b4f8283f97cdd97a907d8 P 09e0e5d050564f22942bc3bbcc2942aa [term 2 LEADER]: Raft consensus shutting down.
I20260713 09:01:57.498467   431 raft_consensus.cc:2272] T 87d70198fd1b4f8283f97cdd97a907d8 P 09e0e5d050564f22942bc3bbcc2942aa [term 2 FOLLOWER]: Raft consensus is shut down!
I20260713 09:01:57.500218   431 tablet_replica.cc:333] T 773b48aac03547129c88345d82a15531 P 09e0e5d050564f22942bc3bbcc2942aa: stopping tablet replica
I20260713 09:01:57.500746   431 raft_consensus.cc:2243] T 773b48aac03547129c88345d82a15531 P 09e0e5d050564f22942bc3bbcc2942aa [term 4 FOLLOWER]: Raft consensus shutting down.
I20260713 09:01:57.501096   431 raft_consensus.cc:2272] T 773b48aac03547129c88345d82a15531 P 09e0e5d050564f22942bc3bbcc2942aa [term 4 FOLLOWER]: Raft consensus is shut down!
I20260713 09:01:57.502693   431 tablet_replica.cc:333] T 575c875acf3f4f3681a0fafb9368772a P 09e0e5d050564f22942bc3bbcc2942aa: stopping tablet replica
I20260713 09:01:57.503188   431 raft_consensus.cc:2243] T 575c875acf3f4f3681a0fafb9368772a P 09e0e5d050564f22942bc3bbcc2942aa [term 1 FOLLOWER]: Raft consensus shutting down.
I20260713 09:01:57.503558   431 raft_consensus.cc:2272] T 575c875acf3f4f3681a0fafb9368772a P 09e0e5d050564f22942bc3bbcc2942aa [term 1 FOLLOWER]: Raft consensus is shut down!
I20260713 09:01:57.505084   431 tablet_replica.cc:333] T fccf51650954414a9566991857de06eb P 09e0e5d050564f22942bc3bbcc2942aa: stopping tablet replica
I20260713 09:01:57.505636   431 raft_consensus.cc:2243] T fccf51650954414a9566991857de06eb P 09e0e5d050564f22942bc3bbcc2942aa [term 2 LEADER]: Raft consensus shutting down.
I20260713 09:01:57.506309   431 raft_consensus.cc:2272] T fccf51650954414a9566991857de06eb P 09e0e5d050564f22942bc3bbcc2942aa [term 2 FOLLOWER]: Raft consensus is shut down!
I20260713 09:01:57.507772   431 tablet_replica.cc:333] T da411ce3f9ae4292bc280a3c3f7b64bd P 09e0e5d050564f22942bc3bbcc2942aa: stopping tablet replica
I20260713 09:01:57.508229   431 raft_consensus.cc:2243] T da411ce3f9ae4292bc280a3c3f7b64bd P 09e0e5d050564f22942bc3bbcc2942aa [term 5 FOLLOWER]: Raft consensus shutting down.
I20260713 09:01:57.508584   431 raft_consensus.cc:2272] T da411ce3f9ae4292bc280a3c3f7b64bd P 09e0e5d050564f22942bc3bbcc2942aa [term 5 FOLLOWER]: Raft consensus is shut down!
I20260713 09:01:57.510798   431 tablet_replica.cc:333] T 6e99a5f908ef4b4fba8cb8c0ff321b8c P 09e0e5d050564f22942bc3bbcc2942aa: stopping tablet replica
