I20260713 08:58:49.250701   942 catalog_manager.cc:5697] T cc9cf3e0d3764b72acf1ff0dc2569145 P cd0121a9ee7042708bb62f661d27c46e reported cstate change: term changed from 0 to 1, leader changed from <none> to cd0121a9ee7042708bb62f661d27c46e (127.0.107.193). New cstate: current_term: 1 leader_uuid: "cd0121a9ee7042708bb62f661d27c46e" committed_config { opid_index: -1 OBSOLETE_local: false peers { permanent_uuid: "cd0121a9ee7042708bb62f661d27c46e" member_type: VOTER last_known_addr { host: "127.0.107.193" port: 36359 } health_report { overall_health: HEALTHY } } peers { permanent_uuid: "2f4f0c9369b043829ccd2bae62fc26cc" member_type: VOTER last_known_addr { host: "127.0.107.194" port: 39541 } health_report { overall_health: UNKNOWN } } peers { permanent_uuid: "4518bd1701924d7b8f3aaf9abcb430bb" member_type: VOTER last_known_addr { host: "127.0.107.195" port: 46413 } health_report { overall_health: UNKNOWN } } }
I20260713 08:58:49.253105  1235 ts_tablet_manager.cc:1434] T 7696f434d84b420492c2ae4e1feda019 P 4518bd1701924d7b8f3aaf9abcb430bb: Time spent starting tablet: real 0.006s	user 0.005s	sys 0.000s
I20260713 08:58:49.251998  1237 tablet_bootstrap.cc:654] T 3c3722be7272460e97a4694d8514e47e P cd0121a9ee7042708bb62f661d27c46e: Neither blocks nor log segments found. Creating new log.
I20260713 08:58:49.253996  1235 tablet_bootstrap.cc:492] T cc9cf3e0d3764b72acf1ff0dc2569145 P 4518bd1701924d7b8f3aaf9abcb430bb: Bootstrap starting.
I20260713 08:58:49.260417  1235 tablet_bootstrap.cc:654] T cc9cf3e0d3764b72acf1ff0dc2569145 P 4518bd1701924d7b8f3aaf9abcb430bb: Neither blocks nor log segments found. Creating new log.
I20260713 08:58:49.265563  1237 tablet_bootstrap.cc:492] T 3c3722be7272460e97a4694d8514e47e P cd0121a9ee7042708bb62f661d27c46e: No bootstrap required, opened a new log
I20260713 08:58:49.266253  1237 ts_tablet_manager.cc:1403] T 3c3722be7272460e97a4694d8514e47e P cd0121a9ee7042708bb62f661d27c46e: Time spent bootstrapping tablet: real 0.023s	user 0.009s	sys 0.009s
I20260713 08:58:49.269906  1235 tablet_bootstrap.cc:492] T cc9cf3e0d3764b72acf1ff0dc2569145 P 4518bd1701924d7b8f3aaf9abcb430bb: No bootstrap required, opened a new log
I20260713 08:58:49.269479  1237 raft_consensus.cc:359] T 3c3722be7272460e97a4694d8514e47e P cd0121a9ee7042708bb62f661d27c46e [term 0 FOLLOWER]: Replica starting. Triggering 0 pending ops. Active config: opid_index: -1 OBSOLETE_local: false peers { permanent_uuid: "cd0121a9ee7042708bb62f661d27c46e" member_type: VOTER last_known_addr { host: "127.0.107.193" port: 36359 } } peers { permanent_uuid: "2f4f0c9369b043829ccd2bae62fc26cc" member_type: VOTER last_known_addr { host: "127.0.107.194" port: 39541 } } peers { permanent_uuid: "4518bd1701924d7b8f3aaf9abcb430bb" member_type: VOTER last_known_addr { host: "127.0.107.195" port: 46413 } }
I20260713 08:58:49.270279  1237 raft_consensus.cc:385] T 3c3722be7272460e97a4694d8514e47e P cd0121a9ee7042708bb62f661d27c46e [term 0 FOLLOWER]: Consensus starting up: Expiring failure detector timer to make a prompt election more likely
I20260713 08:58:49.270385  1235 ts_tablet_manager.cc:1403] T cc9cf3e0d3764b72acf1ff0dc2569145 P 4518bd1701924d7b8f3aaf9abcb430bb: Time spent bootstrapping tablet: real 0.017s	user 0.013s	sys 0.000s
I20260713 08:58:49.270612  1237 raft_consensus.cc:740] T 3c3722be7272460e97a4694d8514e47e P cd0121a9ee7042708bb62f661d27c46e [term 0 FOLLOWER]: Becoming Follower/Learner. State: Replica: cd0121a9ee7042708bb62f661d27c46e, State: Initialized, Role: FOLLOWER
I20260713 08:58:49.271337  1237 consensus_queue.cc:260] T 3c3722be7272460e97a4694d8514e47e P cd0121a9ee7042708bb62f661d27c46e [NON_LEADER]: Queue going to NON_LEADER mode. State: All replicated index: 0, Majority replicated index: 0, Committed index: 0, Last appended: 0.0, Last appended by leader: 0, Current term: 0, Majority size: -1, State: 0, Mode: NON_LEADER, active raft config: opid_index: -1 OBSOLETE_local: false peers { permanent_uuid: "cd0121a9ee7042708bb62f661d27c46e" member_type: VOTER last_known_addr { host: "127.0.107.193" port: 36359 } } peers { permanent_uuid: "2f4f0c9369b043829ccd2bae62fc26cc" member_type: VOTER last_known_addr { host: "127.0.107.194" port: 39541 } } peers { permanent_uuid: "4518bd1701924d7b8f3aaf9abcb430bb" member_type: VOTER last_known_addr { host: "127.0.107.195" port: 46413 } }
I20260713 08:58:49.272924  1235 raft_consensus.cc:359] T cc9cf3e0d3764b72acf1ff0dc2569145 P 4518bd1701924d7b8f3aaf9abcb430bb [term 0 FOLLOWER]: Replica starting. Triggering 0 pending ops. Active config: opid_index: -1 OBSOLETE_local: false peers { permanent_uuid: "cd0121a9ee7042708bb62f661d27c46e" member_type: VOTER last_known_addr { host: "127.0.107.193" port: 36359 } } peers { permanent_uuid: "2f4f0c9369b043829ccd2bae62fc26cc" member_type: VOTER last_known_addr { host: "127.0.107.194" port: 39541 } } peers { permanent_uuid: "4518bd1701924d7b8f3aaf9abcb430bb" member_type: VOTER last_known_addr { host: "127.0.107.195" port: 46413 } }
I20260713 08:58:49.273480  1237 ts_tablet_manager.cc:1434] T 3c3722be7272460e97a4694d8514e47e P cd0121a9ee7042708bb62f661d27c46e: Time spent starting tablet: real 0.007s	user 0.002s	sys 0.004s
I20260713 08:58:49.273586  1235 raft_consensus.cc:385] T cc9cf3e0d3764b72acf1ff0dc2569145 P 4518bd1701924d7b8f3aaf9abcb430bb [term 0 FOLLOWER]: Consensus starting up: Expiring failure detector timer to make a prompt election more likely
I20260713 08:58:49.273895  1235 raft_consensus.cc:740] T cc9cf3e0d3764b72acf1ff0dc2569145 P 4518bd1701924d7b8f3aaf9abcb430bb [term 0 FOLLOWER]: Becoming Follower/Learner. State: Replica: 4518bd1701924d7b8f3aaf9abcb430bb, State: Initialized, Role: FOLLOWER
I20260713 08:58:49.274470  1237 tablet_bootstrap.cc:492] T 789bf44d5da94d5cb31acf53d5a87df4 P cd0121a9ee7042708bb62f661d27c46e: Bootstrap starting.
I20260713 08:58:49.274595  1235 consensus_queue.cc:260] T cc9cf3e0d3764b72acf1ff0dc2569145 P 4518bd1701924d7b8f3aaf9abcb430bb [NON_LEADER]: Queue going to NON_LEADER mode. State: All replicated index: 0, Majority replicated index: 0, Committed index: 0, Last appended: 0.0, Last appended by leader: 0, Current term: 0, Majority size: -1, State: 0, Mode: NON_LEADER, active raft config: opid_index: -1 OBSOLETE_local: false peers { permanent_uuid: "cd0121a9ee7042708bb62f661d27c46e" member_type: VOTER last_known_addr { host: "127.0.107.193" port: 36359 } } peers { permanent_uuid: "2f4f0c9369b043829ccd2bae62fc26cc" member_type: VOTER last_known_addr { host: "127.0.107.194" port: 39541 } } peers { permanent_uuid: "4518bd1701924d7b8f3aaf9abcb430bb" member_type: VOTER last_known_addr { host: "127.0.107.195" port: 46413 } }
I20260713 08:58:49.276703  1235 ts_tablet_manager.cc:1434] T cc9cf3e0d3764b72acf1ff0dc2569145 P 4518bd1701924d7b8f3aaf9abcb430bb: Time spent starting tablet: real 0.006s	user 0.005s	sys 0.001s
I20260713 08:58:49.280344  1237 tablet_bootstrap.cc:654] T 789bf44d5da94d5cb31acf53d5a87df4 P cd0121a9ee7042708bb62f661d27c46e: Neither blocks nor log segments found. Creating new log.
I20260713 08:58:49.283877  1276 raft_consensus.cc:493] T dee80f91717044b3afc7230c42747e7e P cd0121a9ee7042708bb62f661d27c46e [term 0 FOLLOWER]: Starting pre-election (no leader contacted us within the election timeout)
I20260713 08:58:49.284394  1276 raft_consensus.cc:515] T dee80f91717044b3afc7230c42747e7e P cd0121a9ee7042708bb62f661d27c46e [term 0 FOLLOWER]: Starting pre-election with config: opid_index: -1 OBSOLETE_local: false peers { permanent_uuid: "cd0121a9ee7042708bb62f661d27c46e" member_type: VOTER last_known_addr { host: "127.0.107.193" port: 36359 } } peers { permanent_uuid: "2f4f0c9369b043829ccd2bae62fc26cc" member_type: VOTER last_known_addr { host: "127.0.107.194" port: 39541 } } peers { permanent_uuid: "4518bd1701924d7b8f3aaf9abcb430bb" member_type: VOTER last_known_addr { host: "127.0.107.195" port: 46413 } }
I20260713 08:58:49.285356  1237 tablet_bootstrap.cc:492] T 789bf44d5da94d5cb31acf53d5a87df4 P cd0121a9ee7042708bb62f661d27c46e: No bootstrap required, opened a new log
I20260713 08:58:49.285799  1237 ts_tablet_manager.cc:1403] T 789bf44d5da94d5cb31acf53d5a87df4 P cd0121a9ee7042708bb62f661d27c46e: Time spent bootstrapping tablet: real 0.012s	user 0.006s	sys 0.004s
I20260713 08:58:49.286633  1276 leader_election.cc:290] T dee80f91717044b3afc7230c42747e7e P cd0121a9ee7042708bb62f661d27c46e [CANDIDATE]: Term 1 pre-election: Requested pre-vote from peers 2f4f0c9369b043829ccd2bae62fc26cc (127.0.107.194:39541), 4518bd1701924d7b8f3aaf9abcb430bb (127.0.107.195:46413)
I20260713 08:58:49.287302  1120 tablet_service.cc:1917] Received RequestConsensusVote() RPC: tablet_id: "dee80f91717044b3afc7230c42747e7e" candidate_uuid: "cd0121a9ee7042708bb62f661d27c46e" candidate_term: 1 candidate_status { last_received { term: 0 index: 0 } } ignore_live_leader: false dest_uuid: "2f4f0c9369b043829ccd2bae62fc26cc" is_pre_election: true
I20260713 08:58:49.287899  1120 raft_consensus.cc:2468] T dee80f91717044b3afc7230c42747e7e P 2f4f0c9369b043829ccd2bae62fc26cc [term 0 FOLLOWER]: Leader pre-election vote request: Granting yes vote for candidate cd0121a9ee7042708bb62f661d27c46e in term 0.
I20260713 08:58:49.288386  1237 raft_consensus.cc:359] T 789bf44d5da94d5cb31acf53d5a87df4 P cd0121a9ee7042708bb62f661d27c46e [term 0 FOLLOWER]: Replica starting. Triggering 0 pending ops. Active config: opid_index: -1 OBSOLETE_local: false peers { permanent_uuid: "cd0121a9ee7042708bb62f661d27c46e" member_type: VOTER last_known_addr { host: "127.0.107.193" port: 36359 } } peers { permanent_uuid: "2f4f0c9369b043829ccd2bae62fc26cc" member_type: VOTER last_known_addr { host: "127.0.107.194" port: 39541 } } peers { permanent_uuid: "4518bd1701924d7b8f3aaf9abcb430bb" member_type: VOTER last_known_addr { host: "127.0.107.195" port: 46413 } }
I20260713 08:58:49.288727  1193 tablet_service.cc:1917] Received RequestConsensusVote() RPC: tablet_id: "dee80f91717044b3afc7230c42747e7e" candidate_uuid: "cd0121a9ee7042708bb62f661d27c46e" candidate_term: 1 candidate_status { last_received { term: 0 index: 0 } } ignore_live_leader: false dest_uuid: "4518bd1701924d7b8f3aaf9abcb430bb" is_pre_election: true
I20260713 08:58:49.288915  1011 leader_election.cc:304] T dee80f91717044b3afc7230c42747e7e P cd0121a9ee7042708bb62f661d27c46e [CANDIDATE]: Term 1 pre-election: Election decided. Result: candidate won. Election summary: received 2 responses out of 3 voters: 2 yes votes; 0 no votes. yes voters: 2f4f0c9369b043829ccd2bae62fc26cc, cd0121a9ee7042708bb62f661d27c46e; no voters: 
I20260713 08:58:49.289137  1237 raft_consensus.cc:385] T 789bf44d5da94d5cb31acf53d5a87df4 P cd0121a9ee7042708bb62f661d27c46e [term 0 FOLLOWER]: Consensus starting up: Expiring failure detector timer to make a prompt election more likely
I20260713 08:58:49.289348  1193 raft_consensus.cc:2468] T dee80f91717044b3afc7230c42747e7e P 4518bd1701924d7b8f3aaf9abcb430bb [term 0 FOLLOWER]: Leader pre-election vote request: Granting yes vote for candidate cd0121a9ee7042708bb62f661d27c46e in term 0.
I20260713 08:58:49.289482  1237 raft_consensus.cc:740] T 789bf44d5da94d5cb31acf53d5a87df4 P cd0121a9ee7042708bb62f661d27c46e [term 0 FOLLOWER]: Becoming Follower/Learner. State: Replica: cd0121a9ee7042708bb62f661d27c46e, State: Initialized, Role: FOLLOWER
I20260713 08:58:49.289664  1276 raft_consensus.cc:2804] T dee80f91717044b3afc7230c42747e7e P cd0121a9ee7042708bb62f661d27c46e [term 0 FOLLOWER]: Leader pre-election won for term 1
I20260713 08:58:49.290050  1276 raft_consensus.cc:493] T dee80f91717044b3afc7230c42747e7e P cd0121a9ee7042708bb62f661d27c46e [term 0 FOLLOWER]: Starting leader election (no leader contacted us within the election timeout)
I20260713 08:58:49.290422  1276 raft_consensus.cc:3060] T dee80f91717044b3afc7230c42747e7e P cd0121a9ee7042708bb62f661d27c46e [term 0 FOLLOWER]: Advancing to term 1
I20260713 08:58:49.290298  1237 consensus_queue.cc:260] T 789bf44d5da94d5cb31acf53d5a87df4 P cd0121a9ee7042708bb62f661d27c46e [NON_LEADER]: Queue going to NON_LEADER mode. State: All replicated index: 0, Majority replicated index: 0, Committed index: 0, Last appended: 0.0, Last appended by leader: 0, Current term: 0, Majority size: -1, State: 0, Mode: NON_LEADER, active raft config: opid_index: -1 OBSOLETE_local: false peers { permanent_uuid: "cd0121a9ee7042708bb62f661d27c46e" member_type: VOTER last_known_addr { host: "127.0.107.193" port: 36359 } } peers { permanent_uuid: "2f4f0c9369b043829ccd2bae62fc26cc" member_type: VOTER last_known_addr { host: "127.0.107.194" port: 39541 } } peers { permanent_uuid: "4518bd1701924d7b8f3aaf9abcb430bb" member_type: VOTER last_known_addr { host: "127.0.107.195" port: 46413 } }
I20260713 08:58:49.292764  1237 ts_tablet_manager.cc:1434] T 789bf44d5da94d5cb31acf53d5a87df4 P cd0121a9ee7042708bb62f661d27c46e: Time spent starting tablet: real 0.007s	user 0.008s	sys 0.000s
I20260713 08:58:49.293738  1237 tablet_bootstrap.cc:492] T a07008a5df83477dbe7a0d47abc97360 P cd0121a9ee7042708bb62f661d27c46e: Bootstrap starting.
I20260713 08:58:49.297593  1276 raft_consensus.cc:515] T dee80f91717044b3afc7230c42747e7e P cd0121a9ee7042708bb62f661d27c46e [term 1 FOLLOWER]: Starting leader election with config: opid_index: -1 OBSOLETE_local: false peers { permanent_uuid: "cd0121a9ee7042708bb62f661d27c46e" member_type: VOTER last_known_addr { host: "127.0.107.193" port: 36359 } } peers { permanent_uuid: "2f4f0c9369b043829ccd2bae62fc26cc" member_type: VOTER last_known_addr { host: "127.0.107.194" port: 39541 } } peers { permanent_uuid: "4518bd1701924d7b8f3aaf9abcb430bb" member_type: VOTER last_known_addr { host: "127.0.107.195" port: 46413 } }
I20260713 08:58:49.299721  1276 leader_election.cc:290] T dee80f91717044b3afc7230c42747e7e P cd0121a9ee7042708bb62f661d27c46e [CANDIDATE]: Term 1 election: Requested vote from peers 2f4f0c9369b043829ccd2bae62fc26cc (127.0.107.194:39541), 4518bd1701924d7b8f3aaf9abcb430bb (127.0.107.195:46413)
I20260713 08:58:49.300084  1237 tablet_bootstrap.cc:654] T a07008a5df83477dbe7a0d47abc97360 P cd0121a9ee7042708bb62f661d27c46e: Neither blocks nor log segments found. Creating new log.
I20260713 08:58:49.300422  1120 tablet_service.cc:1917] Received RequestConsensusVote() RPC: tablet_id: "dee80f91717044b3afc7230c42747e7e" candidate_uuid: "cd0121a9ee7042708bb62f661d27c46e" candidate_term: 1 candidate_status { last_received { term: 0 index: 0 } } ignore_live_leader: false dest_uuid: "2f4f0c9369b043829ccd2bae62fc26cc"
I20260713 08:58:49.300694  1193 tablet_service.cc:1917] Received RequestConsensusVote() RPC: tablet_id: "dee80f91717044b3afc7230c42747e7e" candidate_uuid: "cd0121a9ee7042708bb62f661d27c46e" candidate_term: 1 candidate_status { last_received { term: 0 index: 0 } } ignore_live_leader: false dest_uuid: "4518bd1701924d7b8f3aaf9abcb430bb"
I20260713 08:58:49.301035  1120 raft_consensus.cc:3060] T dee80f91717044b3afc7230c42747e7e P 2f4f0c9369b043829ccd2bae62fc26cc [term 0 FOLLOWER]: Advancing to term 1
I20260713 08:58:49.301350  1193 raft_consensus.cc:3060] T dee80f91717044b3afc7230c42747e7e P 4518bd1701924d7b8f3aaf9abcb430bb [term 0 FOLLOWER]: Advancing to term 1
I20260713 08:58:49.303751  1238 raft_consensus.cc:493] T a07008a5df83477dbe7a0d47abc97360 P 4518bd1701924d7b8f3aaf9abcb430bb [term 0 FOLLOWER]: Starting pre-election (no leader contacted us within the election timeout)
I20260713 08:58:49.304189  1238 raft_consensus.cc:515] T a07008a5df83477dbe7a0d47abc97360 P 4518bd1701924d7b8f3aaf9abcb430bb [term 0 FOLLOWER]: Starting pre-election with config: opid_index: -1 OBSOLETE_local: false peers { permanent_uuid: "cd0121a9ee7042708bb62f661d27c46e" member_type: VOTER last_known_addr { host: "127.0.107.193" port: 36359 } } peers { permanent_uuid: "2f4f0c9369b043829ccd2bae62fc26cc" member_type: VOTER last_known_addr { host: "127.0.107.194" port: 39541 } } peers { permanent_uuid: "4518bd1701924d7b8f3aaf9abcb430bb" member_type: VOTER last_known_addr { host: "127.0.107.195" port: 46413 } }
I20260713 08:58:49.306219  1238 leader_election.cc:290] T a07008a5df83477dbe7a0d47abc97360 P 4518bd1701924d7b8f3aaf9abcb430bb [CANDIDATE]: Term 1 pre-election: Requested pre-vote from peers cd0121a9ee7042708bb62f661d27c46e (127.0.107.193:36359), 2f4f0c9369b043829ccd2bae62fc26cc (127.0.107.194:39541)
I20260713 08:58:49.306514  1120 raft_consensus.cc:2468] T dee80f91717044b3afc7230c42747e7e P 2f4f0c9369b043829ccd2bae62fc26cc [term 1 FOLLOWER]: Leader election vote request: Granting yes vote for candidate cd0121a9ee7042708bb62f661d27c46e in term 1.
I20260713 08:58:49.307358  1043 tablet_service.cc:1917] Received RequestConsensusVote() RPC: tablet_id: "a07008a5df83477dbe7a0d47abc97360" candidate_uuid: "4518bd1701924d7b8f3aaf9abcb430bb" candidate_term: 1 candidate_status { last_received { term: 0 index: 0 } } ignore_live_leader: false dest_uuid: "cd0121a9ee7042708bb62f661d27c46e" is_pre_election: true
I20260713 08:58:49.307875  1237 tablet_bootstrap.cc:492] T a07008a5df83477dbe7a0d47abc97360 P cd0121a9ee7042708bb62f661d27c46e: No bootstrap required, opened a new log
I20260713 08:58:49.307749  1119 tablet_service.cc:1917] Received RequestConsensusVote() RPC: tablet_id: "a07008a5df83477dbe7a0d47abc97360" candidate_uuid: "4518bd1701924d7b8f3aaf9abcb430bb" candidate_term: 1 candidate_status { last_received { term: 0 index: 0 } } ignore_live_leader: false dest_uuid: "2f4f0c9369b043829ccd2bae62fc26cc" is_pre_election: true
I20260713 08:58:49.308285  1237 ts_tablet_manager.cc:1403] T a07008a5df83477dbe7a0d47abc97360 P cd0121a9ee7042708bb62f661d27c46e: Time spent bootstrapping tablet: real 0.015s	user 0.010s	sys 0.000s
I20260713 08:58:49.308322  1119 raft_consensus.cc:2468] T a07008a5df83477dbe7a0d47abc97360 P 2f4f0c9369b043829ccd2bae62fc26cc [term 0 FOLLOWER]: Leader pre-election vote request: Granting yes vote for candidate 4518bd1701924d7b8f3aaf9abcb430bb in term 0.
I20260713 08:58:49.308400  1193 raft_consensus.cc:2468] T dee80f91717044b3afc7230c42747e7e P 4518bd1701924d7b8f3aaf9abcb430bb [term 1 FOLLOWER]: Leader election vote request: Granting yes vote for candidate cd0121a9ee7042708bb62f661d27c46e in term 1.
W20260713 08:58:49.308823  1160 leader_election.cc:343] T a07008a5df83477dbe7a0d47abc97360 P 4518bd1701924d7b8f3aaf9abcb430bb [CANDIDATE]: Term 1 pre-election: Tablet error from VoteRequest() call to peer cd0121a9ee7042708bb62f661d27c46e (127.0.107.193:36359): Illegal state: must be running to vote when last-logged opid is not known
I20260713 08:58:49.309722  1010 leader_election.cc:304] T dee80f91717044b3afc7230c42747e7e P cd0121a9ee7042708bb62f661d27c46e [CANDIDATE]: Term 1 election: Election decided. Result: candidate won. Election summary: received 2 responses out of 3 voters: 2 yes votes; 0 no votes. yes voters: 4518bd1701924d7b8f3aaf9abcb430bb, cd0121a9ee7042708bb62f661d27c46e; no voters: 
I20260713 08:58:49.309787  1160 leader_election.cc:304] T a07008a5df83477dbe7a0d47abc97360 P 4518bd1701924d7b8f3aaf9abcb430bb [CANDIDATE]: Term 1 pre-election: Election decided. Result: candidate won. Election summary: received 3 responses out of 3 voters: 2 yes votes; 1 no votes. yes voters: 2f4f0c9369b043829ccd2bae62fc26cc, 4518bd1701924d7b8f3aaf9abcb430bb; no voters: cd0121a9ee7042708bb62f661d27c46e
I20260713 08:58:49.310669  1276 raft_consensus.cc:2804] T dee80f91717044b3afc7230c42747e7e P cd0121a9ee7042708bb62f661d27c46e [term 1 FOLLOWER]: Leader election won for term 1
I20260713 08:58:49.310856  1238 raft_consensus.cc:2804] T a07008a5df83477dbe7a0d47abc97360 P 4518bd1701924d7b8f3aaf9abcb430bb [term 0 FOLLOWER]: Leader pre-election won for term 1
I20260713 08:58:49.311146  1276 raft_consensus.cc:697] T dee80f91717044b3afc7230c42747e7e P cd0121a9ee7042708bb62f661d27c46e [term 1 LEADER]: Becoming Leader. State: Replica: cd0121a9ee7042708bb62f661d27c46e, State: Running, Role: LEADER
I20260713 08:58:49.311272  1238 raft_consensus.cc:493] T a07008a5df83477dbe7a0d47abc97360 P 4518bd1701924d7b8f3aaf9abcb430bb [term 0 FOLLOWER]: Starting leader election (no leader contacted us within the election timeout)
I20260713 08:58:49.311074  1237 raft_consensus.cc:359] T a07008a5df83477dbe7a0d47abc97360 P cd0121a9ee7042708bb62f661d27c46e [term 0 FOLLOWER]: Replica starting. Triggering 0 pending ops. Active config: opid_index: -1 OBSOLETE_local: false peers { permanent_uuid: "cd0121a9ee7042708bb62f661d27c46e" member_type: VOTER last_known_addr { host: "127.0.107.193" port: 36359 } } peers { permanent_uuid: "2f4f0c9369b043829ccd2bae62fc26cc" member_type: VOTER last_known_addr { host: "127.0.107.194" port: 39541 } } peers { permanent_uuid: "4518bd1701924d7b8f3aaf9abcb430bb" member_type: VOTER last_known_addr { host: "127.0.107.195" port: 46413 } }
I20260713 08:58:49.311723  1238 raft_consensus.cc:3060] T a07008a5df83477dbe7a0d47abc97360 P 4518bd1701924d7b8f3aaf9abcb430bb [term 0 FOLLOWER]: Advancing to term 1
I20260713 08:58:49.311818  1237 raft_consensus.cc:385] T a07008a5df83477dbe7a0d47abc97360 P cd0121a9ee7042708bb62f661d27c46e [term 0 FOLLOWER]: Consensus starting up: Expiring failure detector timer to make a prompt election more likely
I20260713 08:58:49.312206  1237 raft_consensus.cc:740] T a07008a5df83477dbe7a0d47abc97360 P cd0121a9ee7042708bb62f661d27c46e [term 0 FOLLOWER]: Becoming Follower/Learner. State: Replica: cd0121a9ee7042708bb62f661d27c46e, State: Initialized, Role: FOLLOWER
I20260713 08:58:49.312041  1276 consensus_queue.cc:237] T dee80f91717044b3afc7230c42747e7e P cd0121a9ee7042708bb62f661d27c46e [LEADER]: Queue going to LEADER mode. State: All replicated index: 0, Majority replicated index: 0, Committed index: 0, Last appended: 0.0, Last appended by leader: 0, Current term: 1, Majority size: 2, State: 0, Mode: LEADER, active raft config: opid_index: -1 OBSOLETE_local: false peers { permanent_uuid: "cd0121a9ee7042708bb62f661d27c46e" member_type: VOTER last_known_addr { host: "127.0.107.193" port: 36359 } } peers { permanent_uuid: "2f4f0c9369b043829ccd2bae62fc26cc" member_type: VOTER last_known_addr { host: "127.0.107.194" port: 39541 } } peers { permanent_uuid: "4518bd1701924d7b8f3aaf9abcb430bb" member_type: VOTER last_known_addr { host: "127.0.107.195" port: 46413 } }
I20260713 08:58:49.312927  1237 consensus_queue.cc:260] T a07008a5df83477dbe7a0d47abc97360 P cd0121a9ee7042708bb62f661d27c46e [NON_LEADER]: Queue going to NON_LEADER mode. State: All replicated index: 0, Majority replicated index: 0, Committed index: 0, Last appended: 0.0, Last appended by leader: 0, Current term: 0, Majority size: -1, State: 0, Mode: NON_LEADER, active raft config: opid_index: -1 OBSOLETE_local: false peers { permanent_uuid: "cd0121a9ee7042708bb62f661d27c46e" member_type: VOTER last_known_addr { host: "127.0.107.193" port: 36359 } } peers { permanent_uuid: "2f4f0c9369b043829ccd2bae62fc26cc" member_type: VOTER last_known_addr { host: "127.0.107.194" port: 39541 } } peers { permanent_uuid: "4518bd1701924d7b8f3aaf9abcb430bb" member_type: VOTER last_known_addr { host: "127.0.107.195" port: 46413 } }
I20260713 08:58:49.314802  1237 ts_tablet_manager.cc:1434] T a07008a5df83477dbe7a0d47abc97360 P cd0121a9ee7042708bb62f661d27c46e: Time spent starting tablet: real 0.006s	user 0.004s	sys 0.000s
I20260713 08:58:49.315884  1237 tablet_bootstrap.cc:492] T 189b247f9b2342409dbf3e0f65f6282b P cd0121a9ee7042708bb62f661d27c46e: Bootstrap starting.
I20260713 08:58:49.316838  1238 raft_consensus.cc:515] T a07008a5df83477dbe7a0d47abc97360 P 4518bd1701924d7b8f3aaf9abcb430bb [term 1 FOLLOWER]: Starting leader election with config: opid_index: -1 OBSOLETE_local: false peers { permanent_uuid: "cd0121a9ee7042708bb62f661d27c46e" member_type: VOTER last_known_addr { host: "127.0.107.193" port: 36359 } } peers { permanent_uuid: "2f4f0c9369b043829ccd2bae62fc26cc" member_type: VOTER last_known_addr { host: "127.0.107.194" port: 39541 } } peers { permanent_uuid: "4518bd1701924d7b8f3aaf9abcb430bb" member_type: VOTER last_known_addr { host: "127.0.107.195" port: 46413 } }
I20260713 08:58:49.319803  1043 tablet_service.cc:1917] Received RequestConsensusVote() RPC: tablet_id: "a07008a5df83477dbe7a0d47abc97360" candidate_uuid: "4518bd1701924d7b8f3aaf9abcb430bb" candidate_term: 1 candidate_status { last_received { term: 0 index: 0 } } ignore_live_leader: false dest_uuid: "cd0121a9ee7042708bb62f661d27c46e"
I20260713 08:58:49.320350  1043 raft_consensus.cc:3060] T a07008a5df83477dbe7a0d47abc97360 P cd0121a9ee7042708bb62f661d27c46e [term 0 FOLLOWER]: Advancing to term 1
I20260713 08:58:49.321851  1237 tablet_bootstrap.cc:654] T 189b247f9b2342409dbf3e0f65f6282b P cd0121a9ee7042708bb62f661d27c46e: Neither blocks nor log segments found. Creating new log.
I20260713 08:58:49.320894  1120 tablet_service.cc:1917] Received RequestConsensusVote() RPC: tablet_id: "a07008a5df83477dbe7a0d47abc97360" candidate_uuid: "4518bd1701924d7b8f3aaf9abcb430bb" candidate_term: 1 candidate_status { last_received { term: 0 index: 0 } } ignore_live_leader: false dest_uuid: "2f4f0c9369b043829ccd2bae62fc26cc"
I20260713 08:58:49.323549  1120 raft_consensus.cc:3060] T a07008a5df83477dbe7a0d47abc97360 P 2f4f0c9369b043829ccd2bae62fc26cc [term 0 FOLLOWER]: Advancing to term 1
I20260713 08:58:49.322628   942 catalog_manager.cc:5697] T dee80f91717044b3afc7230c42747e7e P cd0121a9ee7042708bb62f661d27c46e reported cstate change: term changed from 0 to 1, leader changed from <none> to cd0121a9ee7042708bb62f661d27c46e (127.0.107.193). New cstate: current_term: 1 leader_uuid: "cd0121a9ee7042708bb62f661d27c46e" committed_config { opid_index: -1 OBSOLETE_local: false peers { permanent_uuid: "cd0121a9ee7042708bb62f661d27c46e" member_type: VOTER last_known_addr { host: "127.0.107.193" port: 36359 } health_report { overall_health: HEALTHY } } peers { permanent_uuid: "2f4f0c9369b043829ccd2bae62fc26cc" member_type: VOTER last_known_addr { host: "127.0.107.194" port: 39541 } health_report { overall_health: UNKNOWN } } peers { permanent_uuid: "4518bd1701924d7b8f3aaf9abcb430bb" member_type: VOTER last_known_addr { host: "127.0.107.195" port: 46413 } health_report { overall_health: UNKNOWN } } }
I20260713 08:58:49.327107  1043 raft_consensus.cc:2468] T a07008a5df83477dbe7a0d47abc97360 P cd0121a9ee7042708bb62f661d27c46e [term 1 FOLLOWER]: Leader election vote request: Granting yes vote for candidate 4518bd1701924d7b8f3aaf9abcb430bb in term 1.
I20260713 08:58:49.328627  1264 raft_consensus.cc:493] T 7696f434d84b420492c2ae4e1feda019 P 4518bd1701924d7b8f3aaf9abcb430bb [term 0 FOLLOWER]: Starting pre-election (no leader contacted us within the election timeout)
I20260713 08:58:49.328792  1160 leader_election.cc:304] T a07008a5df83477dbe7a0d47abc97360 P 4518bd1701924d7b8f3aaf9abcb430bb [CANDIDATE]: Term 1 election: Election decided. Result: candidate won. Election summary: received 2 responses out of 3 voters: 2 yes votes; 0 no votes. yes voters: 4518bd1701924d7b8f3aaf9abcb430bb, cd0121a9ee7042708bb62f661d27c46e; no voters: 
I20260713 08:58:49.329097  1264 raft_consensus.cc:515] T 7696f434d84b420492c2ae4e1feda019 P 4518bd1701924d7b8f3aaf9abcb430bb [term 0 FOLLOWER]: Starting pre-election with config: opid_index: -1 OBSOLETE_local: false peers { permanent_uuid: "cd0121a9ee7042708bb62f661d27c46e" member_type: VOTER last_known_addr { host: "127.0.107.193" port: 36359 } } peers { permanent_uuid: "2f4f0c9369b043829ccd2bae62fc26cc" member_type: VOTER last_known_addr { host: "127.0.107.194" port: 39541 } } peers { permanent_uuid: "4518bd1701924d7b8f3aaf9abcb430bb" member_type: VOTER last_known_addr { host: "127.0.107.195" port: 46413 } }
I20260713 08:58:49.331074  1120 raft_consensus.cc:2468] T a07008a5df83477dbe7a0d47abc97360 P 2f4f0c9369b043829ccd2bae62fc26cc [term 1 FOLLOWER]: Leader election vote request: Granting yes vote for candidate 4518bd1701924d7b8f3aaf9abcb430bb in term 1.
I20260713 08:58:49.331180  1264 leader_election.cc:290] T 7696f434d84b420492c2ae4e1feda019 P 4518bd1701924d7b8f3aaf9abcb430bb [CANDIDATE]: Term 1 pre-election: Requested pre-vote from peers cd0121a9ee7042708bb62f661d27c46e (127.0.107.193:36359), 2f4f0c9369b043829ccd2bae62fc26cc (127.0.107.194:39541)
I20260713 08:58:49.331604  1265 raft_consensus.cc:2804] T a07008a5df83477dbe7a0d47abc97360 P 4518bd1701924d7b8f3aaf9abcb430bb [term 1 FOLLOWER]: Leader election won for term 1
I20260713 08:58:49.332075  1265 raft_consensus.cc:697] T a07008a5df83477dbe7a0d47abc97360 P 4518bd1701924d7b8f3aaf9abcb430bb [term 1 LEADER]: Becoming Leader. State: Replica: 4518bd1701924d7b8f3aaf9abcb430bb, State: Running, Role: LEADER
I20260713 08:58:49.320386  1238 leader_election.cc:290] T a07008a5df83477dbe7a0d47abc97360 P 4518bd1701924d7b8f3aaf9abcb430bb [CANDIDATE]: Term 1 election: Requested vote from peers cd0121a9ee7042708bb62f661d27c46e (127.0.107.193:36359), 2f4f0c9369b043829ccd2bae62fc26cc (127.0.107.194:39541)
I20260713 08:58:49.332314  1043 tablet_service.cc:1917] Received RequestConsensusVote() RPC: tablet_id: "7696f434d84b420492c2ae4e1feda019" candidate_uuid: "4518bd1701924d7b8f3aaf9abcb430bb" candidate_term: 1 candidate_status { last_received { term: 0 index: 0 } } ignore_live_leader: false dest_uuid: "cd0121a9ee7042708bb62f661d27c46e" is_pre_election: true
I20260713 08:58:49.332876  1265 consensus_queue.cc:237] T a07008a5df83477dbe7a0d47abc97360 P 4518bd1701924d7b8f3aaf9abcb430bb [LEADER]: Queue going to LEADER mode. State: All replicated index: 0, Majority replicated index: 0, Committed index: 0, Last appended: 0.0, Last appended by leader: 0, Current term: 1, Majority size: 2, State: 0, Mode: LEADER, active raft config: opid_index: -1 OBSOLETE_local: false peers { permanent_uuid: "cd0121a9ee7042708bb62f661d27c46e" member_type: VOTER last_known_addr { host: "127.0.107.193" port: 36359 } } peers { permanent_uuid: "2f4f0c9369b043829ccd2bae62fc26cc" member_type: VOTER last_known_addr { host: "127.0.107.194" port: 39541 } } peers { permanent_uuid: "4518bd1701924d7b8f3aaf9abcb430bb" member_type: VOTER last_known_addr { host: "127.0.107.195" port: 46413 } }
W20260713 08:58:49.333556  1160 leader_election.cc:343] T 7696f434d84b420492c2ae4e1feda019 P 4518bd1701924d7b8f3aaf9abcb430bb [CANDIDATE]: Term 1 pre-election: Tablet error from VoteRequest() call to peer cd0121a9ee7042708bb62f661d27c46e (127.0.107.193:36359): Illegal state: must be running to vote when last-logged opid is not known
I20260713 08:58:49.334779  1120 tablet_service.cc:1917] Received RequestConsensusVote() RPC: tablet_id: "7696f434d84b420492c2ae4e1feda019" candidate_uuid: "4518bd1701924d7b8f3aaf9abcb430bb" candidate_term: 1 candidate_status { last_received { term: 0 index: 0 } } ignore_live_leader: false dest_uuid: "2f4f0c9369b043829ccd2bae62fc26cc" is_pre_election: true
I20260713 08:58:49.335361  1120 raft_consensus.cc:2468] T 7696f434d84b420492c2ae4e1feda019 P 2f4f0c9369b043829ccd2bae62fc26cc [term 0 FOLLOWER]: Leader pre-election vote request: Granting yes vote for candidate 4518bd1701924d7b8f3aaf9abcb430bb in term 0.
I20260713 08:58:49.338364  1160 leader_election.cc:304] T 7696f434d84b420492c2ae4e1feda019 P 4518bd1701924d7b8f3aaf9abcb430bb [CANDIDATE]: Term 1 pre-election: Election decided. Result: candidate won. Election summary: received 3 responses out of 3 voters: 2 yes votes; 1 no votes. yes voters: 2f4f0c9369b043829ccd2bae62fc26cc, 4518bd1701924d7b8f3aaf9abcb430bb; no voters: cd0121a9ee7042708bb62f661d27c46e
I20260713 08:58:49.338907  1237 tablet_bootstrap.cc:492] T 189b247f9b2342409dbf3e0f65f6282b P cd0121a9ee7042708bb62f661d27c46e: No bootstrap required, opened a new log
I20260713 08:58:49.339291  1265 raft_consensus.cc:2804] T 7696f434d84b420492c2ae4e1feda019 P 4518bd1701924d7b8f3aaf9abcb430bb [term 0 FOLLOWER]: Leader pre-election won for term 1
I20260713 08:58:49.339674  1265 raft_consensus.cc:493] T 7696f434d84b420492c2ae4e1feda019 P 4518bd1701924d7b8f3aaf9abcb430bb [term 0 FOLLOWER]: Starting leader election (no leader contacted us within the election timeout)
I20260713 08:58:49.340085  1265 raft_consensus.cc:3060] T 7696f434d84b420492c2ae4e1feda019 P 4518bd1701924d7b8f3aaf9abcb430bb [term 0 FOLLOWER]: Advancing to term 1
I20260713 08:58:49.341657   940 catalog_manager.cc:5697] T a07008a5df83477dbe7a0d47abc97360 P 4518bd1701924d7b8f3aaf9abcb430bb reported cstate change: term changed from 0 to 1, leader changed from <none> to 4518bd1701924d7b8f3aaf9abcb430bb (127.0.107.195). New cstate: current_term: 1 leader_uuid: "4518bd1701924d7b8f3aaf9abcb430bb" committed_config { opid_index: -1 OBSOLETE_local: false peers { permanent_uuid: "cd0121a9ee7042708bb62f661d27c46e" member_type: VOTER last_known_addr { host: "127.0.107.193" port: 36359 } health_report { overall_health: UNKNOWN } } peers { permanent_uuid: "2f4f0c9369b043829ccd2bae62fc26cc" member_type: VOTER last_known_addr { host: "127.0.107.194" port: 39541 } health_report { overall_health: UNKNOWN } } peers { permanent_uuid: "4518bd1701924d7b8f3aaf9abcb430bb" member_type: VOTER last_known_addr { host: "127.0.107.195" port: 46413 } health_report { overall_health: HEALTHY } } }
I20260713 08:58:49.339305  1237 ts_tablet_manager.cc:1403] T 189b247f9b2342409dbf3e0f65f6282b P cd0121a9ee7042708bb62f661d27c46e: Time spent bootstrapping tablet: real 0.024s	user 0.013s	sys 0.000s
I20260713 08:58:49.347155  1265 raft_consensus.cc:515] T 7696f434d84b420492c2ae4e1feda019 P 4518bd1701924d7b8f3aaf9abcb430bb [term 1 FOLLOWER]: Starting leader election with config: opid_index: -1 OBSOLETE_local: false peers { permanent_uuid: "cd0121a9ee7042708bb62f661d27c46e" member_type: VOTER last_known_addr { host: "127.0.107.193" port: 36359 } } peers { permanent_uuid: "2f4f0c9369b043829ccd2bae62fc26cc" member_type: VOTER last_known_addr { host: "127.0.107.194" port: 39541 } } peers { permanent_uuid: "4518bd1701924d7b8f3aaf9abcb430bb" member_type: VOTER last_known_addr { host: "127.0.107.195" port: 46413 } }
I20260713 08:58:49.347803  1237 raft_consensus.cc:359] T 189b247f9b2342409dbf3e0f65f6282b P cd0121a9ee7042708bb62f661d27c46e [term 0 FOLLOWER]: Replica starting. Triggering 0 pending ops. Active config: opid_index: -1 OBSOLETE_local: false peers { permanent_uuid: "cd0121a9ee7042708bb62f661d27c46e" member_type: VOTER last_known_addr { host: "127.0.107.193" port: 36359 } } peers { permanent_uuid: "2f4f0c9369b043829ccd2bae62fc26cc" member_type: VOTER last_known_addr { host: "127.0.107.194" port: 39541 } } peers { permanent_uuid: "4518bd1701924d7b8f3aaf9abcb430bb" member_type: VOTER last_known_addr { host: "127.0.107.195" port: 46413 } }
I20260713 08:58:49.348531  1237 raft_consensus.cc:385] T 189b247f9b2342409dbf3e0f65f6282b P cd0121a9ee7042708bb62f661d27c46e [term 0 FOLLOWER]: Consensus starting up: Expiring failure detector timer to make a prompt election more likely
I20260713 08:58:49.348839  1237 raft_consensus.cc:740] T 189b247f9b2342409dbf3e0f65f6282b P cd0121a9ee7042708bb62f661d27c46e [term 0 FOLLOWER]: Becoming Follower/Learner. State: Replica: cd0121a9ee7042708bb62f661d27c46e, State: Initialized, Role: FOLLOWER
I20260713 08:58:49.349040  1276 raft_consensus.cc:493] T e5538838315d418e9ad61ed61eef0bee P cd0121a9ee7042708bb62f661d27c46e [term 0 FOLLOWER]: Starting pre-election (no leader contacted us within the election timeout)
I20260713 08:58:49.349479  1237 consensus_queue.cc:260] T 189b247f9b2342409dbf3e0f65f6282b P cd0121a9ee7042708bb62f661d27c46e [NON_LEADER]: Queue going to NON_LEADER mode. State: All replicated index: 0, Majority replicated index: 0, Committed index: 0, Last appended: 0.0, Last appended by leader: 0, Current term: 0, Majority size: -1, State: 0, Mode: NON_LEADER, active raft config: opid_index: -1 OBSOLETE_local: false peers { permanent_uuid: "cd0121a9ee7042708bb62f661d27c46e" member_type: VOTER last_known_addr { host: "127.0.107.193" port: 36359 } } peers { permanent_uuid: "2f4f0c9369b043829ccd2bae62fc26cc" member_type: VOTER last_known_addr { host: "127.0.107.194" port: 39541 } } peers { permanent_uuid: "4518bd1701924d7b8f3aaf9abcb430bb" member_type: VOTER last_known_addr { host: "127.0.107.195" port: 46413 } }
I20260713 08:58:49.349604  1276 raft_consensus.cc:515] T e5538838315d418e9ad61ed61eef0bee P cd0121a9ee7042708bb62f661d27c46e [term 0 FOLLOWER]: Starting pre-election with config: opid_index: -1 OBSOLETE_local: false peers { permanent_uuid: "2f4f0c9369b043829ccd2bae62fc26cc" member_type: VOTER last_known_addr { host: "127.0.107.194" port: 39541 } } peers { permanent_uuid: "4518bd1701924d7b8f3aaf9abcb430bb" member_type: VOTER last_known_addr { host: "127.0.107.195" port: 46413 } } peers { permanent_uuid: "cd0121a9ee7042708bb62f661d27c46e" member_type: VOTER last_known_addr { host: "127.0.107.193" port: 36359 } }
I20260713 08:58:49.350054  1043 tablet_service.cc:1917] Received RequestConsensusVote() RPC: tablet_id: "7696f434d84b420492c2ae4e1feda019" candidate_uuid: "4518bd1701924d7b8f3aaf9abcb430bb" candidate_term: 1 candidate_status { last_received { term: 0 index: 0 } } ignore_live_leader: false dest_uuid: "cd0121a9ee7042708bb62f661d27c46e"
I20260713 08:58:49.351177  1265 leader_election.cc:290] T 7696f434d84b420492c2ae4e1feda019 P 4518bd1701924d7b8f3aaf9abcb430bb [CANDIDATE]: Term 1 election: Requested vote from peers cd0121a9ee7042708bb62f661d27c46e (127.0.107.193:36359), 2f4f0c9369b043829ccd2bae62fc26cc (127.0.107.194:39541)
I20260713 08:58:49.351485  1237 ts_tablet_manager.cc:1434] T 189b247f9b2342409dbf3e0f65f6282b P cd0121a9ee7042708bb62f661d27c46e: Time spent starting tablet: real 0.006s	user 0.005s	sys 0.000s
W20260713 08:58:49.353536  1160 leader_election.cc:343] T 7696f434d84b420492c2ae4e1feda019 P 4518bd1701924d7b8f3aaf9abcb430bb [CANDIDATE]: Term 1 election: Tablet error from VoteRequest() call to peer cd0121a9ee7042708bb62f661d27c46e (127.0.107.193:36359): Illegal state: must be running to vote when last-logged opid is not known
I20260713 08:58:49.353765  1276 leader_election.cc:290] T e5538838315d418e9ad61ed61eef0bee P cd0121a9ee7042708bb62f661d27c46e [CANDIDATE]: Term 1 pre-election: Requested pre-vote from peers 2f4f0c9369b043829ccd2bae62fc26cc (127.0.107.194:39541), 4518bd1701924d7b8f3aaf9abcb430bb (127.0.107.195:46413)
I20260713 08:58:49.353951  1237 tablet_bootstrap.cc:492] T 7696f434d84b420492c2ae4e1feda019 P cd0121a9ee7042708bb62f661d27c46e: Bootstrap starting.
I20260713 08:58:49.354782  1119 tablet_service.cc:1917] Received RequestConsensusVote() RPC: tablet_id: "e5538838315d418e9ad61ed61eef0bee" candidate_uuid: "cd0121a9ee7042708bb62f661d27c46e" candidate_term: 1 candidate_status { last_received { term: 0 index: 0 } } ignore_live_leader: false dest_uuid: "2f4f0c9369b043829ccd2bae62fc26cc" is_pre_election: true
I20260713 08:58:49.355165  1193 tablet_service.cc:1917] Received RequestConsensusVote() RPC: tablet_id: "e5538838315d418e9ad61ed61eef0bee" candidate_uuid: "cd0121a9ee7042708bb62f661d27c46e" candidate_term: 1 candidate_status { last_received { term: 0 index: 0 } } ignore_live_leader: false dest_uuid: "4518bd1701924d7b8f3aaf9abcb430bb" is_pre_election: true
I20260713 08:58:49.355495  1119 raft_consensus.cc:2393] T e5538838315d418e9ad61ed61eef0bee P 2f4f0c9369b043829ccd2bae62fc26cc [term 1 FOLLOWER]: Leader pre-election vote request: Denying vote to candidate cd0121a9ee7042708bb62f661d27c46e in current term 1: Already voted for candidate 4518bd1701924d7b8f3aaf9abcb430bb in this term.
I20260713 08:58:49.351799  1120 tablet_service.cc:1917] Received RequestConsensusVote() RPC: tablet_id: "7696f434d84b420492c2ae4e1feda019" candidate_uuid: "4518bd1701924d7b8f3aaf9abcb430bb" candidate_term: 1 candidate_status { last_received { term: 0 index: 0 } } ignore_live_leader: false dest_uuid: "2f4f0c9369b043829ccd2bae62fc26cc"
I20260713 08:58:49.356822  1011 leader_election.cc:304] T e5538838315d418e9ad61ed61eef0bee P cd0121a9ee7042708bb62f661d27c46e [CANDIDATE]: Term 1 pre-election: Election decided. Result: candidate lost. Election summary: received 3 responses out of 3 voters: 1 yes votes; 2 no votes. yes voters: cd0121a9ee7042708bb62f661d27c46e; no voters: 2f4f0c9369b043829ccd2bae62fc26cc, 4518bd1701924d7b8f3aaf9abcb430bb
I20260713 08:58:49.357381  1120 raft_consensus.cc:3060] T 7696f434d84b420492c2ae4e1feda019 P 2f4f0c9369b043829ccd2bae62fc26cc [term 0 FOLLOWER]: Advancing to term 1
I20260713 08:58:49.357640  1276 raft_consensus.cc:3060] T e5538838315d418e9ad61ed61eef0bee P cd0121a9ee7042708bb62f661d27c46e [term 0 FOLLOWER]: Advancing to term 1
I20260713 08:58:49.360239  1237 tablet_bootstrap.cc:654] T 7696f434d84b420492c2ae4e1feda019 P cd0121a9ee7042708bb62f661d27c46e: Neither blocks nor log segments found. Creating new log.
I20260713 08:58:49.364100  1276 raft_consensus.cc:2749] T e5538838315d418e9ad61ed61eef0bee P cd0121a9ee7042708bb62f661d27c46e [term 1 FOLLOWER]: Leader pre-election lost for term 1. Reason: could not achieve majority
I20260713 08:58:49.364068  1120 raft_consensus.cc:2468] T 7696f434d84b420492c2ae4e1feda019 P 2f4f0c9369b043829ccd2bae62fc26cc [term 1 FOLLOWER]: Leader election vote request: Granting yes vote for candidate 4518bd1701924d7b8f3aaf9abcb430bb in term 1.
I20260713 08:58:49.365340  1160 leader_election.cc:304] T 7696f434d84b420492c2ae4e1feda019 P 4518bd1701924d7b8f3aaf9abcb430bb [CANDIDATE]: Term 1 election: Election decided. Result: candidate won. Election summary: received 3 responses out of 3 voters: 2 yes votes; 1 no votes. yes voters: 2f4f0c9369b043829ccd2bae62fc26cc, 4518bd1701924d7b8f3aaf9abcb430bb; no voters: cd0121a9ee7042708bb62f661d27c46e
I20260713 08:58:49.366134  1265 raft_consensus.cc:2804] T 7696f434d84b420492c2ae4e1feda019 P 4518bd1701924d7b8f3aaf9abcb430bb [term 1 FOLLOWER]: Leader election won for term 1
I20260713 08:58:49.366604  1265 raft_consensus.cc:697] T 7696f434d84b420492c2ae4e1feda019 P 4518bd1701924d7b8f3aaf9abcb430bb [term 1 LEADER]: Becoming Leader. State: Replica: 4518bd1701924d7b8f3aaf9abcb430bb, State: Running, Role: LEADER
I20260713 08:58:49.367373  1237 tablet_bootstrap.cc:492] T 7696f434d84b420492c2ae4e1feda019 P cd0121a9ee7042708bb62f661d27c46e: No bootstrap required, opened a new log
I20260713 08:58:49.367748  1237 ts_tablet_manager.cc:1403] T 7696f434d84b420492c2ae4e1feda019 P cd0121a9ee7042708bb62f661d27c46e: Time spent bootstrapping tablet: real 0.014s	user 0.004s	sys 0.006s
I20260713 08:58:49.367302  1265 consensus_queue.cc:237] T 7696f434d84b420492c2ae4e1feda019 P 4518bd1701924d7b8f3aaf9abcb430bb [LEADER]: Queue going to LEADER mode. State: All replicated index: 0, Majority replicated index: 0, Committed index: 0, Last appended: 0.0, Last appended by leader: 0, Current term: 1, Majority size: 2, State: 0, Mode: LEADER, active raft config: opid_index: -1 OBSOLETE_local: false peers { permanent_uuid: "cd0121a9ee7042708bb62f661d27c46e" member_type: VOTER last_known_addr { host: "127.0.107.193" port: 36359 } } peers { permanent_uuid: "2f4f0c9369b043829ccd2bae62fc26cc" member_type: VOTER last_known_addr { host: "127.0.107.194" port: 39541 } } peers { permanent_uuid: "4518bd1701924d7b8f3aaf9abcb430bb" member_type: VOTER last_known_addr { host: "127.0.107.195" port: 46413 } }
I20260713 08:58:49.370131  1237 raft_consensus.cc:359] T 7696f434d84b420492c2ae4e1feda019 P cd0121a9ee7042708bb62f661d27c46e [term 0 FOLLOWER]: Replica starting. Triggering 0 pending ops. Active config: opid_index: -1 OBSOLETE_local: false peers { permanent_uuid: "cd0121a9ee7042708bb62f661d27c46e" member_type: VOTER last_known_addr { host: "127.0.107.193" port: 36359 } } peers { permanent_uuid: "2f4f0c9369b043829ccd2bae62fc26cc" member_type: VOTER last_known_addr { host: "127.0.107.194" port: 39541 } } peers { permanent_uuid: "4518bd1701924d7b8f3aaf9abcb430bb" member_type: VOTER last_known_addr { host: "127.0.107.195" port: 46413 } }
I20260713 08:58:49.370796  1237 raft_consensus.cc:385] T 7696f434d84b420492c2ae4e1feda019 P cd0121a9ee7042708bb62f661d27c46e [term 0 FOLLOWER]: Consensus starting up: Expiring failure detector timer to make a prompt election more likely
I20260713 08:58:49.371068  1237 raft_consensus.cc:740] T 7696f434d84b420492c2ae4e1feda019 P cd0121a9ee7042708bb62f661d27c46e [term 0 FOLLOWER]: Becoming Follower/Learner. State: Replica: cd0121a9ee7042708bb62f661d27c46e, State: Initialized, Role: FOLLOWER
I20260713 08:58:49.371634  1237 consensus_queue.cc:260] T 7696f434d84b420492c2ae4e1feda019 P cd0121a9ee7042708bb62f661d27c46e [NON_LEADER]: Queue going to NON_LEADER mode. State: All replicated index: 0, Majority replicated index: 0, Committed index: 0, Last appended: 0.0, Last appended by leader: 0, Current term: 0, Majority size: -1, State: 0, Mode: NON_LEADER, active raft config: opid_index: -1 OBSOLETE_local: false peers { permanent_uuid: "cd0121a9ee7042708bb62f661d27c46e" member_type: VOTER last_known_addr { host: "127.0.107.193" port: 36359 } } peers { permanent_uuid: "2f4f0c9369b043829ccd2bae62fc26cc" member_type: VOTER last_known_addr { host: "127.0.107.194" port: 39541 } } peers { permanent_uuid: "4518bd1701924d7b8f3aaf9abcb430bb" member_type: VOTER last_known_addr { host: "127.0.107.195" port: 46413 } }
I20260713 08:58:49.373351  1237 ts_tablet_manager.cc:1434] T 7696f434d84b420492c2ae4e1feda019 P cd0121a9ee7042708bb62f661d27c46e: Time spent starting tablet: real 0.005s	user 0.006s	sys 0.000s
I20260713 08:58:49.375342   940 catalog_manager.cc:5697] T 7696f434d84b420492c2ae4e1feda019 P 4518bd1701924d7b8f3aaf9abcb430bb reported cstate change: term changed from 0 to 1, leader changed from <none> to 4518bd1701924d7b8f3aaf9abcb430bb (127.0.107.195). New cstate: current_term: 1 leader_uuid: "4518bd1701924d7b8f3aaf9abcb430bb" committed_config { opid_index: -1 OBSOLETE_local: false peers { permanent_uuid: "cd0121a9ee7042708bb62f661d27c46e" member_type: VOTER last_known_addr { host: "127.0.107.193" port: 36359 } health_report { overall_health: UNKNOWN } } peers { permanent_uuid: "2f4f0c9369b043829ccd2bae62fc26cc" member_type: VOTER last_known_addr { host: "127.0.107.194" port: 39541 } health_report { overall_health: UNKNOWN } } peers { permanent_uuid: "4518bd1701924d7b8f3aaf9abcb430bb" member_type: VOTER last_known_addr { host: "127.0.107.195" port: 46413 } health_report { overall_health: HEALTHY } } }
I20260713 08:58:49.383423  1043 raft_consensus.cc:3060] T 189b247f9b2342409dbf3e0f65f6282b P cd0121a9ee7042708bb62f661d27c46e [term 0 FOLLOWER]: Advancing to term 1
I20260713 08:58:49.389602  1265 consensus_queue.cc:1048] T 189b247f9b2342409dbf3e0f65f6282b P 4518bd1701924d7b8f3aaf9abcb430bb [LEADER]: Connected to new peer: Peer: permanent_uuid: "cd0121a9ee7042708bb62f661d27c46e" member_type: VOTER last_known_addr { host: "127.0.107.193" port: 36359 }, Status: LMP_MISMATCH, Last received: 0.0, Next index: 1, Last known committed idx: 0, Time since last communication: 0.000s
I20260713 08:58:49.402226  1264 consensus_queue.cc:1048] T 189b247f9b2342409dbf3e0f65f6282b P 4518bd1701924d7b8f3aaf9abcb430bb [LEADER]: Connected to new peer: Peer: permanent_uuid: "2f4f0c9369b043829ccd2bae62fc26cc" member_type: VOTER last_known_addr { host: "127.0.107.194" port: 39541 }, Status: LMP_MISMATCH, Last received: 0.0, Next index: 1, Last known committed idx: 0, Time since last communication: 0.000s
I20260713 08:58:49.469296  1264 consensus_queue.cc:1048] T e5538838315d418e9ad61ed61eef0bee P 4518bd1701924d7b8f3aaf9abcb430bb [LEADER]: Connected to new peer: Peer: permanent_uuid: "2f4f0c9369b043829ccd2bae62fc26cc" member_type: VOTER last_known_addr { host: "127.0.107.194" port: 39541 }, Status: LMP_MISMATCH, Last received: 0.0, Next index: 1, Last known committed idx: 0, Time since last communication: 0.000s
I20260713 08:58:49.474756  1276 consensus_queue.cc:1048] T 9ed399cb92ad40b09c9ea48fd95ca9fc P cd0121a9ee7042708bb62f661d27c46e [LEADER]: Connected to new peer: Peer: permanent_uuid: "2f4f0c9369b043829ccd2bae62fc26cc" member_type: VOTER last_known_addr { host: "127.0.107.194" port: 39541 }, Status: LMP_MISMATCH, Last received: 0.0, Next index: 1, Last known committed idx: 0, Time since last communication: 0.000s
I20260713 08:58:49.475713  1265 raft_consensus.cc:493] T cc9cf3e0d3764b72acf1ff0dc2569145 P 4518bd1701924d7b8f3aaf9abcb430bb [term 0 FOLLOWER]: Starting pre-election (no leader contacted us within the election timeout)
I20260713 08:58:49.476183  1265 raft_consensus.cc:515] T cc9cf3e0d3764b72acf1ff0dc2569145 P 4518bd1701924d7b8f3aaf9abcb430bb [term 0 FOLLOWER]: Starting pre-election with config: opid_index: -1 OBSOLETE_local: false peers { permanent_uuid: "cd0121a9ee7042708bb62f661d27c46e" member_type: VOTER last_known_addr { host: "127.0.107.193" port: 36359 } } peers { permanent_uuid: "2f4f0c9369b043829ccd2bae62fc26cc" member_type: VOTER last_known_addr { host: "127.0.107.194" port: 39541 } } peers { permanent_uuid: "4518bd1701924d7b8f3aaf9abcb430bb" member_type: VOTER last_known_addr { host: "127.0.107.195" port: 46413 } }
I20260713 08:58:49.478173  1265 leader_election.cc:290] T cc9cf3e0d3764b72acf1ff0dc2569145 P 4518bd1701924d7b8f3aaf9abcb430bb [CANDIDATE]: Term 1 pre-election: Requested pre-vote from peers cd0121a9ee7042708bb62f661d27c46e (127.0.107.193:36359), 2f4f0c9369b043829ccd2bae62fc26cc (127.0.107.194:39541)
I20260713 08:58:49.480149  1119 tablet_service.cc:1917] Received RequestConsensusVote() RPC: tablet_id: "cc9cf3e0d3764b72acf1ff0dc2569145" candidate_uuid: "4518bd1701924d7b8f3aaf9abcb430bb" candidate_term: 1 candidate_status { last_received { term: 0 index: 0 } } ignore_live_leader: false dest_uuid: "2f4f0c9369b043829ccd2bae62fc26cc" is_pre_election: true
I20260713 08:58:49.480944  1119 raft_consensus.cc:2393] T cc9cf3e0d3764b72acf1ff0dc2569145 P 2f4f0c9369b043829ccd2bae62fc26cc [term 1 FOLLOWER]: Leader pre-election vote request: Denying vote to candidate 4518bd1701924d7b8f3aaf9abcb430bb in current term 1: Already voted for candidate cd0121a9ee7042708bb62f661d27c46e in this term.
I20260713 08:58:49.481750  1045 tablet_service.cc:1917] Received RequestConsensusVote() RPC: tablet_id: "cc9cf3e0d3764b72acf1ff0dc2569145" candidate_uuid: "4518bd1701924d7b8f3aaf9abcb430bb" candidate_term: 1 candidate_status { last_received { term: 0 index: 0 } } ignore_live_leader: false dest_uuid: "cd0121a9ee7042708bb62f661d27c46e" is_pre_election: true
