I20260713 09:02:02.962793  1751 raft_consensus.cc:385] T a23ee3b6ae984489a2c9ed61bca5a208 P d14e997c9a2845bfbecb3756b88cb949 [term 0 FOLLOWER]: Consensus starting up: Expiring failure detector timer to make a prompt election more likely
I20260713 09:02:02.962837  1758 raft_consensus.cc:740] T a1b5fbbff86f4180899c67d6dd11da08 P 7c72ad5b27d942f885eea08883f05418 [term 0 FOLLOWER]: Becoming Follower/Learner. State: Replica: 7c72ad5b27d942f885eea08883f05418, State: Initialized, Role: FOLLOWER
I20260713 09:02:02.963212  1751 raft_consensus.cc:740] T a23ee3b6ae984489a2c9ed61bca5a208 P d14e997c9a2845bfbecb3756b88cb949 [term 0 FOLLOWER]: Becoming Follower/Learner. State: Replica: d14e997c9a2845bfbecb3756b88cb949, State: Initialized, Role: FOLLOWER
I20260713 09:02:02.963737  1758 consensus_queue.cc:260] T a1b5fbbff86f4180899c67d6dd11da08 P 7c72ad5b27d942f885eea08883f05418 [NON_LEADER]: Queue going to NON_LEADER mode. State: All replicated index: 0, Majority replicated index: 0, Committed index: 0, Last appended: 0.0, Last appended by leader: 0, Current term: 0, Majority size: -1, State: 0, Mode: NON_LEADER, active raft config: opid_index: -1 OBSOLETE_local: false peers { permanent_uuid: "86386723dc9d4bb087f7e8aa30484358" member_type: VOTER last_known_addr { host: "127.0.107.193" port: 38113 } } peers { permanent_uuid: "7c72ad5b27d942f885eea08883f05418" member_type: VOTER last_known_addr { host: "127.0.107.194" port: 37829 } } peers { permanent_uuid: "d14e997c9a2845bfbecb3756b88cb949" member_type: VOTER last_known_addr { host: "127.0.107.195" port: 46177 } }
I20260713 09:02:02.964146  1751 consensus_queue.cc:260] T a23ee3b6ae984489a2c9ed61bca5a208 P d14e997c9a2845bfbecb3756b88cb949 [NON_LEADER]: Queue going to NON_LEADER mode. State: All replicated index: 0, Majority replicated index: 0, Committed index: 0, Last appended: 0.0, Last appended by leader: 0, Current term: 0, Majority size: -1, State: 0, Mode: NON_LEADER, active raft config: opid_index: -1 OBSOLETE_local: false peers { permanent_uuid: "86386723dc9d4bb087f7e8aa30484358" member_type: VOTER last_known_addr { host: "127.0.107.193" port: 38113 } } peers { permanent_uuid: "7c72ad5b27d942f885eea08883f05418" member_type: VOTER last_known_addr { host: "127.0.107.194" port: 37829 } } peers { permanent_uuid: "d14e997c9a2845bfbecb3756b88cb949" member_type: VOTER last_known_addr { host: "127.0.107.195" port: 46177 } }
I20260713 09:02:02.965394  1765 raft_consensus.cc:493] T 18e8a2a53cf14d8f9cd9eb8f3ee74e1d P 7c72ad5b27d942f885eea08883f05418 [term 0 FOLLOWER]: Starting pre-election (no leader contacted us within the election timeout)
I20260713 09:02:02.966020  1758 ts_tablet_manager.cc:1434] T a1b5fbbff86f4180899c67d6dd11da08 P 7c72ad5b27d942f885eea08883f05418: Time spent starting tablet: real 0.007s	user 0.006s	sys 0.000s
I20260713 09:02:02.965857  1765 raft_consensus.cc:515] T 18e8a2a53cf14d8f9cd9eb8f3ee74e1d P 7c72ad5b27d942f885eea08883f05418 [term 0 FOLLOWER]: Starting pre-election with config: opid_index: -1 OBSOLETE_local: false peers { permanent_uuid: "86386723dc9d4bb087f7e8aa30484358" member_type: VOTER last_known_addr { host: "127.0.107.193" port: 38113 } } peers { permanent_uuid: "7c72ad5b27d942f885eea08883f05418" member_type: VOTER last_known_addr { host: "127.0.107.194" port: 37829 } } peers { permanent_uuid: "d14e997c9a2845bfbecb3756b88cb949" member_type: VOTER last_known_addr { host: "127.0.107.195" port: 46177 } }
I20260713 09:02:02.967016  1758 tablet_bootstrap.cc:492] T c894306791244d8989cc4c73154d21de P 7c72ad5b27d942f885eea08883f05418: Bootstrap starting.
I20260713 09:02:02.968334  1765 leader_election.cc:290] T 18e8a2a53cf14d8f9cd9eb8f3ee74e1d P 7c72ad5b27d942f885eea08883f05418 [CANDIDATE]: Term 1 pre-election: Requested pre-vote from peers 86386723dc9d4bb087f7e8aa30484358 (127.0.107.193:38113), d14e997c9a2845bfbecb3756b88cb949 (127.0.107.195:46177)
I20260713 09:02:02.975154  1758 tablet_bootstrap.cc:654] T c894306791244d8989cc4c73154d21de P 7c72ad5b27d942f885eea08883f05418: Neither blocks nor log segments found. Creating new log.
I20260713 09:02:02.980144  1757 tablet_bootstrap.cc:654] T 6e70af1ea22144b6b306ad4fdb6e0f13 P 86386723dc9d4bb087f7e8aa30484358: Neither blocks nor log segments found. Creating new log.
I20260713 09:02:02.980613  1751 ts_tablet_manager.cc:1434] T a23ee3b6ae984489a2c9ed61bca5a208 P d14e997c9a2845bfbecb3756b88cb949: Time spent starting tablet: real 0.021s	user 0.006s	sys 0.000s
I20260713 09:02:02.983249  1751 tablet_bootstrap.cc:492] T 3bd90e738e3e404588c73bf85d756e79 P d14e997c9a2845bfbecb3756b88cb949: Bootstrap starting.
I20260713 09:02:03.005697  1758 tablet_bootstrap.cc:492] T c894306791244d8989cc4c73154d21de P 7c72ad5b27d942f885eea08883f05418: No bootstrap required, opened a new log
I20260713 09:02:03.017494  1758 ts_tablet_manager.cc:1403] T c894306791244d8989cc4c73154d21de P 7c72ad5b27d942f885eea08883f05418: Time spent bootstrapping tablet: real 0.051s	user 0.018s	sys 0.022s
I20260713 09:02:03.018067  1754 raft_consensus.cc:493] T 692d2316e08149c5ba07667a11054aa5 P d14e997c9a2845bfbecb3756b88cb949 [term 0 FOLLOWER]: Starting pre-election (no leader contacted us within the election timeout)
I20260713 09:02:03.018827  1754 raft_consensus.cc:515] T 692d2316e08149c5ba07667a11054aa5 P d14e997c9a2845bfbecb3756b88cb949 [term 0 FOLLOWER]: Starting pre-election with config: opid_index: -1 OBSOLETE_local: false peers { permanent_uuid: "86386723dc9d4bb087f7e8aa30484358" member_type: VOTER last_known_addr { host: "127.0.107.193" port: 38113 } } peers { permanent_uuid: "7c72ad5b27d942f885eea08883f05418" member_type: VOTER last_known_addr { host: "127.0.107.194" port: 37829 } } peers { permanent_uuid: "d14e997c9a2845bfbecb3756b88cb949" member_type: VOTER last_known_addr { host: "127.0.107.195" port: 46177 } }
I20260713 09:02:03.019933  1751 tablet_bootstrap.cc:654] T 3bd90e738e3e404588c73bf85d756e79 P d14e997c9a2845bfbecb3756b88cb949: Neither blocks nor log segments found. Creating new log.
I20260713 09:02:03.021409  1758 raft_consensus.cc:359] T c894306791244d8989cc4c73154d21de P 7c72ad5b27d942f885eea08883f05418 [term 0 FOLLOWER]: Replica starting. Triggering 0 pending ops. Active config: opid_index: -1 OBSOLETE_local: false peers { permanent_uuid: "86386723dc9d4bb087f7e8aa30484358" member_type: VOTER last_known_addr { host: "127.0.107.193" port: 38113 } } peers { permanent_uuid: "7c72ad5b27d942f885eea08883f05418" member_type: VOTER last_known_addr { host: "127.0.107.194" port: 37829 } } peers { permanent_uuid: "d14e997c9a2845bfbecb3756b88cb949" member_type: VOTER last_known_addr { host: "127.0.107.195" port: 46177 } }
I20260713 09:02:03.021991  1757 tablet_bootstrap.cc:492] T 6e70af1ea22144b6b306ad4fdb6e0f13 P 86386723dc9d4bb087f7e8aa30484358: No bootstrap required, opened a new log
I20260713 09:02:03.021911  1562 tablet_service.cc:1917] Received RequestConsensusVote() RPC: tablet_id: "692d2316e08149c5ba07667a11054aa5" candidate_uuid: "d14e997c9a2845bfbecb3756b88cb949" candidate_term: 1 candidate_status { last_received { term: 0 index: 0 } } ignore_live_leader: false dest_uuid: "86386723dc9d4bb087f7e8aa30484358" is_pre_election: true
I20260713 09:02:03.022876  1757 ts_tablet_manager.cc:1403] T 6e70af1ea22144b6b306ad4fdb6e0f13 P 86386723dc9d4bb087f7e8aa30484358: Time spent bootstrapping tablet: real 0.063s	user 0.014s	sys 0.028s
I20260713 09:02:03.022226  1758 raft_consensus.cc:385] T c894306791244d8989cc4c73154d21de P 7c72ad5b27d942f885eea08883f05418 [term 0 FOLLOWER]: Consensus starting up: Expiring failure detector timer to make a prompt election more likely
I20260713 09:02:03.023129  1754 leader_election.cc:290] T 692d2316e08149c5ba07667a11054aa5 P d14e997c9a2845bfbecb3756b88cb949 [CANDIDATE]: Term 1 pre-election: Requested pre-vote from peers 86386723dc9d4bb087f7e8aa30484358 (127.0.107.193:38113), 7c72ad5b27d942f885eea08883f05418 (127.0.107.194:37829)
I20260713 09:02:03.023530  1758 raft_consensus.cc:740] T c894306791244d8989cc4c73154d21de P 7c72ad5b27d942f885eea08883f05418 [term 0 FOLLOWER]: Becoming Follower/Learner. State: Replica: 7c72ad5b27d942f885eea08883f05418, State: Initialized, Role: FOLLOWER
I20260713 09:02:03.025854  1637 tablet_service.cc:1917] Received RequestConsensusVote() RPC: tablet_id: "692d2316e08149c5ba07667a11054aa5" candidate_uuid: "d14e997c9a2845bfbecb3756b88cb949" candidate_term: 1 candidate_status { last_received { term: 0 index: 0 } } ignore_live_leader: false dest_uuid: "7c72ad5b27d942f885eea08883f05418" is_pre_election: true
I20260713 09:02:03.024313  1758 consensus_queue.cc:260] T c894306791244d8989cc4c73154d21de P 7c72ad5b27d942f885eea08883f05418 [NON_LEADER]: Queue going to NON_LEADER mode. State: All replicated index: 0, Majority replicated index: 0, Committed index: 0, Last appended: 0.0, Last appended by leader: 0, Current term: 0, Majority size: -1, State: 0, Mode: NON_LEADER, active raft config: opid_index: -1 OBSOLETE_local: false peers { permanent_uuid: "86386723dc9d4bb087f7e8aa30484358" member_type: VOTER last_known_addr { host: "127.0.107.193" port: 38113 } } peers { permanent_uuid: "7c72ad5b27d942f885eea08883f05418" member_type: VOTER last_known_addr { host: "127.0.107.194" port: 37829 } } peers { permanent_uuid: "d14e997c9a2845bfbecb3756b88cb949" member_type: VOTER last_known_addr { host: "127.0.107.195" port: 46177 } }
I20260713 09:02:03.029528  1758 ts_tablet_manager.cc:1434] T c894306791244d8989cc4c73154d21de P 7c72ad5b27d942f885eea08883f05418: Time spent starting tablet: real 0.011s	user 0.006s	sys 0.001s
I20260713 09:02:03.030550  1758 tablet_bootstrap.cc:492] T 3bd90e738e3e404588c73bf85d756e79 P 7c72ad5b27d942f885eea08883f05418: Bootstrap starting.
W20260713 09:02:03.026005  1677 leader_election.cc:343] T 692d2316e08149c5ba07667a11054aa5 P d14e997c9a2845bfbecb3756b88cb949 [CANDIDATE]: Term 1 pre-election: Tablet error from VoteRequest() call to peer 86386723dc9d4bb087f7e8aa30484358 (127.0.107.193:38113): Illegal state: must be running to vote when last-logged opid is not known
I20260713 09:02:03.035657  1562 tablet_service.cc:1917] Received RequestConsensusVote() RPC: tablet_id: "18e8a2a53cf14d8f9cd9eb8f3ee74e1d" candidate_uuid: "7c72ad5b27d942f885eea08883f05418" candidate_term: 1 candidate_status { last_received { term: 0 index: 0 } } ignore_live_leader: false dest_uuid: "86386723dc9d4bb087f7e8aa30484358" is_pre_election: true
I20260713 09:02:03.026885  1757 raft_consensus.cc:359] T 6e70af1ea22144b6b306ad4fdb6e0f13 P 86386723dc9d4bb087f7e8aa30484358 [term 0 FOLLOWER]: Replica starting. Triggering 0 pending ops. Active config: opid_index: -1 OBSOLETE_local: false peers { permanent_uuid: "86386723dc9d4bb087f7e8aa30484358" member_type: VOTER last_known_addr { host: "127.0.107.193" port: 38113 } } peers { permanent_uuid: "7c72ad5b27d942f885eea08883f05418" member_type: VOTER last_known_addr { host: "127.0.107.194" port: 37829 } } peers { permanent_uuid: "d14e997c9a2845bfbecb3756b88cb949" member_type: VOTER last_known_addr { host: "127.0.107.195" port: 46177 } }
I20260713 09:02:03.036501  1757 raft_consensus.cc:385] T 6e70af1ea22144b6b306ad4fdb6e0f13 P 86386723dc9d4bb087f7e8aa30484358 [term 0 FOLLOWER]: Consensus starting up: Expiring failure detector timer to make a prompt election more likely
I20260713 09:02:03.036837  1757 raft_consensus.cc:740] T 6e70af1ea22144b6b306ad4fdb6e0f13 P 86386723dc9d4bb087f7e8aa30484358 [term 0 FOLLOWER]: Becoming Follower/Learner. State: Replica: 86386723dc9d4bb087f7e8aa30484358, State: Initialized, Role: FOLLOWER
W20260713 09:02:03.037180  1603 leader_election.cc:343] T 18e8a2a53cf14d8f9cd9eb8f3ee74e1d P 7c72ad5b27d942f885eea08883f05418 [CANDIDATE]: Term 1 pre-election: Tablet error from VoteRequest() call to peer 86386723dc9d4bb087f7e8aa30484358 (127.0.107.193:38113): Illegal state: must be running to vote when last-logged opid is not known
W20260713 09:02:03.035687  1677 leader_election.cc:343] T 692d2316e08149c5ba07667a11054aa5 P d14e997c9a2845bfbecb3756b88cb949 [CANDIDATE]: Term 1 pre-election: Tablet error from VoteRequest() call to peer 7c72ad5b27d942f885eea08883f05418 (127.0.107.194:37829): Illegal state: must be running to vote when last-logged opid is not known
I20260713 09:02:03.037611  1757 consensus_queue.cc:260] T 6e70af1ea22144b6b306ad4fdb6e0f13 P 86386723dc9d4bb087f7e8aa30484358 [NON_LEADER]: Queue going to NON_LEADER mode. State: All replicated index: 0, Majority replicated index: 0, Committed index: 0, Last appended: 0.0, Last appended by leader: 0, Current term: 0, Majority size: -1, State: 0, Mode: NON_LEADER, active raft config: opid_index: -1 OBSOLETE_local: false peers { permanent_uuid: "86386723dc9d4bb087f7e8aa30484358" member_type: VOTER last_known_addr { host: "127.0.107.193" port: 38113 } } peers { permanent_uuid: "7c72ad5b27d942f885eea08883f05418" member_type: VOTER last_known_addr { host: "127.0.107.194" port: 37829 } } peers { permanent_uuid: "d14e997c9a2845bfbecb3756b88cb949" member_type: VOTER last_known_addr { host: "127.0.107.195" port: 46177 } }
I20260713 09:02:03.037917  1711 tablet_service.cc:1917] Received RequestConsensusVote() RPC: tablet_id: "18e8a2a53cf14d8f9cd9eb8f3ee74e1d" candidate_uuid: "7c72ad5b27d942f885eea08883f05418" candidate_term: 1 candidate_status { last_received { term: 0 index: 0 } } ignore_live_leader: false dest_uuid: "d14e997c9a2845bfbecb3756b88cb949" is_pre_election: true
I20260713 09:02:03.038278  1677 leader_election.cc:304] T 692d2316e08149c5ba07667a11054aa5 P d14e997c9a2845bfbecb3756b88cb949 [CANDIDATE]: Term 1 pre-election: Election decided. Result: candidate lost. Election summary: received 3 responses out of 3 voters: 1 yes votes; 2 no votes. yes voters: d14e997c9a2845bfbecb3756b88cb949; no voters: 7c72ad5b27d942f885eea08883f05418, 86386723dc9d4bb087f7e8aa30484358
I20260713 09:02:03.039012  1754 raft_consensus.cc:2749] T 692d2316e08149c5ba07667a11054aa5 P d14e997c9a2845bfbecb3756b88cb949 [term 0 FOLLOWER]: Leader pre-election lost for term 1. Reason: could not achieve majority
I20260713 09:02:03.039443  1758 tablet_bootstrap.cc:654] T 3bd90e738e3e404588c73bf85d756e79 P 7c72ad5b27d942f885eea08883f05418: Neither blocks nor log segments found. Creating new log.
W20260713 09:02:03.039368  1600 leader_election.cc:343] T 18e8a2a53cf14d8f9cd9eb8f3ee74e1d P 7c72ad5b27d942f885eea08883f05418 [CANDIDATE]: Term 1 pre-election: Tablet error from VoteRequest() call to peer d14e997c9a2845bfbecb3756b88cb949 (127.0.107.195:46177): Illegal state: must be running to vote when last-logged opid is not known
I20260713 09:02:03.039929  1600 leader_election.cc:304] T 18e8a2a53cf14d8f9cd9eb8f3ee74e1d P 7c72ad5b27d942f885eea08883f05418 [CANDIDATE]: Term 1 pre-election: Election decided. Result: candidate lost. Election summary: received 3 responses out of 3 voters: 1 yes votes; 2 no votes. yes voters: 7c72ad5b27d942f885eea08883f05418; no voters: 86386723dc9d4bb087f7e8aa30484358, d14e997c9a2845bfbecb3756b88cb949
I20260713 09:02:03.041178  1774 raft_consensus.cc:2749] T 18e8a2a53cf14d8f9cd9eb8f3ee74e1d P 7c72ad5b27d942f885eea08883f05418 [term 0 FOLLOWER]: Leader pre-election lost for term 1. Reason: could not achieve majority
I20260713 09:02:03.042883  1757 ts_tablet_manager.cc:1434] T 6e70af1ea22144b6b306ad4fdb6e0f13 P 86386723dc9d4bb087f7e8aa30484358: Time spent starting tablet: real 0.020s	user 0.006s	sys 0.000s
I20260713 09:02:03.043799  1757 tablet_bootstrap.cc:492] T 2e8900d05e0d433fb8441207318e5ac5 P 86386723dc9d4bb087f7e8aa30484358: Bootstrap starting.
I20260713 09:02:03.048322  1761 raft_consensus.cc:493] T 6e70af1ea22144b6b306ad4fdb6e0f13 P 86386723dc9d4bb087f7e8aa30484358 [term 0 FOLLOWER]: Starting pre-election (no leader contacted us within the election timeout)
I20260713 09:02:03.048764  1761 raft_consensus.cc:515] T 6e70af1ea22144b6b306ad4fdb6e0f13 P 86386723dc9d4bb087f7e8aa30484358 [term 0 FOLLOWER]: Starting pre-election with config: opid_index: -1 OBSOLETE_local: false peers { permanent_uuid: "86386723dc9d4bb087f7e8aa30484358" member_type: VOTER last_known_addr { host: "127.0.107.193" port: 38113 } } peers { permanent_uuid: "7c72ad5b27d942f885eea08883f05418" member_type: VOTER last_known_addr { host: "127.0.107.194" port: 37829 } } peers { permanent_uuid: "d14e997c9a2845bfbecb3756b88cb949" member_type: VOTER last_known_addr { host: "127.0.107.195" port: 46177 } }
I20260713 09:02:03.050684  1751 tablet_bootstrap.cc:492] T 3bd90e738e3e404588c73bf85d756e79 P d14e997c9a2845bfbecb3756b88cb949: No bootstrap required, opened a new log
I20260713 09:02:03.051115  1751 ts_tablet_manager.cc:1403] T 3bd90e738e3e404588c73bf85d756e79 P d14e997c9a2845bfbecb3756b88cb949: Time spent bootstrapping tablet: real 0.068s	user 0.010s	sys 0.003s
I20260713 09:02:03.051728  1758 tablet_bootstrap.cc:492] T 3bd90e738e3e404588c73bf85d756e79 P 7c72ad5b27d942f885eea08883f05418: No bootstrap required, opened a new log
I20260713 09:02:03.052167  1758 ts_tablet_manager.cc:1403] T 3bd90e738e3e404588c73bf85d756e79 P 7c72ad5b27d942f885eea08883f05418: Time spent bootstrapping tablet: real 0.022s	user 0.016s	sys 0.000s
I20260713 09:02:03.053858  1751 raft_consensus.cc:359] T 3bd90e738e3e404588c73bf85d756e79 P d14e997c9a2845bfbecb3756b88cb949 [term 0 FOLLOWER]: Replica starting. Triggering 0 pending ops. Active config: opid_index: -1 OBSOLETE_local: false peers { permanent_uuid: "86386723dc9d4bb087f7e8aa30484358" member_type: VOTER last_known_addr { host: "127.0.107.193" port: 38113 } } peers { permanent_uuid: "7c72ad5b27d942f885eea08883f05418" member_type: VOTER last_known_addr { host: "127.0.107.194" port: 37829 } } peers { permanent_uuid: "d14e997c9a2845bfbecb3756b88cb949" member_type: VOTER last_known_addr { host: "127.0.107.195" port: 46177 } }
I20260713 09:02:03.054527  1751 raft_consensus.cc:385] T 3bd90e738e3e404588c73bf85d756e79 P d14e997c9a2845bfbecb3756b88cb949 [term 0 FOLLOWER]: Consensus starting up: Expiring failure detector timer to make a prompt election more likely
I20260713 09:02:03.054790  1751 raft_consensus.cc:740] T 3bd90e738e3e404588c73bf85d756e79 P d14e997c9a2845bfbecb3756b88cb949 [term 0 FOLLOWER]: Becoming Follower/Learner. State: Replica: d14e997c9a2845bfbecb3756b88cb949, State: Initialized, Role: FOLLOWER
I20260713 09:02:03.054854  1758 raft_consensus.cc:359] T 3bd90e738e3e404588c73bf85d756e79 P 7c72ad5b27d942f885eea08883f05418 [term 0 FOLLOWER]: Replica starting. Triggering 0 pending ops. Active config: opid_index: -1 OBSOLETE_local: false peers { permanent_uuid: "86386723dc9d4bb087f7e8aa30484358" member_type: VOTER last_known_addr { host: "127.0.107.193" port: 38113 } } peers { permanent_uuid: "7c72ad5b27d942f885eea08883f05418" member_type: VOTER last_known_addr { host: "127.0.107.194" port: 37829 } } peers { permanent_uuid: "d14e997c9a2845bfbecb3756b88cb949" member_type: VOTER last_known_addr { host: "127.0.107.195" port: 46177 } }
I20260713 09:02:03.055495  1758 raft_consensus.cc:385] T 3bd90e738e3e404588c73bf85d756e79 P 7c72ad5b27d942f885eea08883f05418 [term 0 FOLLOWER]: Consensus starting up: Expiring failure detector timer to make a prompt election more likely
I20260713 09:02:03.055944  1758 raft_consensus.cc:740] T 3bd90e738e3e404588c73bf85d756e79 P 7c72ad5b27d942f885eea08883f05418 [term 0 FOLLOWER]: Becoming Follower/Learner. State: Replica: 7c72ad5b27d942f885eea08883f05418, State: Initialized, Role: FOLLOWER
I20260713 09:02:03.055490  1751 consensus_queue.cc:260] T 3bd90e738e3e404588c73bf85d756e79 P d14e997c9a2845bfbecb3756b88cb949 [NON_LEADER]: Queue going to NON_LEADER mode. State: All replicated index: 0, Majority replicated index: 0, Committed index: 0, Last appended: 0.0, Last appended by leader: 0, Current term: 0, Majority size: -1, State: 0, Mode: NON_LEADER, active raft config: opid_index: -1 OBSOLETE_local: false peers { permanent_uuid: "86386723dc9d4bb087f7e8aa30484358" member_type: VOTER last_known_addr { host: "127.0.107.193" port: 38113 } } peers { permanent_uuid: "7c72ad5b27d942f885eea08883f05418" member_type: VOTER last_known_addr { host: "127.0.107.194" port: 37829 } } peers { permanent_uuid: "d14e997c9a2845bfbecb3756b88cb949" member_type: VOTER last_known_addr { host: "127.0.107.195" port: 46177 } }
I20260713 09:02:03.056833  1757 tablet_bootstrap.cc:654] T 2e8900d05e0d433fb8441207318e5ac5 P 86386723dc9d4bb087f7e8aa30484358: Neither blocks nor log segments found. Creating new log.
I20260713 09:02:03.057437  1758 consensus_queue.cc:260] T 3bd90e738e3e404588c73bf85d756e79 P 7c72ad5b27d942f885eea08883f05418 [NON_LEADER]: Queue going to NON_LEADER mode. State: All replicated index: 0, Majority replicated index: 0, Committed index: 0, Last appended: 0.0, Last appended by leader: 0, Current term: 0, Majority size: -1, State: 0, Mode: NON_LEADER, active raft config: opid_index: -1 OBSOLETE_local: false peers { permanent_uuid: "86386723dc9d4bb087f7e8aa30484358" member_type: VOTER last_known_addr { host: "127.0.107.193" port: 38113 } } peers { permanent_uuid: "7c72ad5b27d942f885eea08883f05418" member_type: VOTER last_known_addr { host: "127.0.107.194" port: 37829 } } peers { permanent_uuid: "d14e997c9a2845bfbecb3756b88cb949" member_type: VOTER last_known_addr { host: "127.0.107.195" port: 46177 } }
I20260713 09:02:03.060050  1758 ts_tablet_manager.cc:1434] T 3bd90e738e3e404588c73bf85d756e79 P 7c72ad5b27d942f885eea08883f05418: Time spent starting tablet: real 0.008s	user 0.006s	sys 0.003s
I20260713 09:02:03.061018  1758 tablet_bootstrap.cc:492] T ecfc3034c4d5419386c73d454bcb3b4d P 7c72ad5b27d942f885eea08883f05418: Bootstrap starting.
I20260713 09:02:03.064980  1761 leader_election.cc:290] T 6e70af1ea22144b6b306ad4fdb6e0f13 P 86386723dc9d4bb087f7e8aa30484358 [CANDIDATE]: Term 1 pre-election: Requested pre-vote from peers 7c72ad5b27d942f885eea08883f05418 (127.0.107.194:37829), d14e997c9a2845bfbecb3756b88cb949 (127.0.107.195:46177)
I20260713 09:02:03.065826  1751 ts_tablet_manager.cc:1434] T 3bd90e738e3e404588c73bf85d756e79 P d14e997c9a2845bfbecb3756b88cb949: Time spent starting tablet: real 0.014s	user 0.007s	sys 0.000s
I20260713 09:02:03.066712  1751 tablet_bootstrap.cc:492] T 2f3f936a431247aaa8a53f626f7e9eac P d14e997c9a2845bfbecb3756b88cb949: Bootstrap starting.
I20260713 09:02:03.071323  1758 tablet_bootstrap.cc:654] T ecfc3034c4d5419386c73d454bcb3b4d P 7c72ad5b27d942f885eea08883f05418: Neither blocks nor log segments found. Creating new log.
I20260713 09:02:03.077560  1751 tablet_bootstrap.cc:654] T 2f3f936a431247aaa8a53f626f7e9eac P d14e997c9a2845bfbecb3756b88cb949: Neither blocks nor log segments found. Creating new log.
I20260713 09:02:03.082746  1757 tablet_bootstrap.cc:492] T 2e8900d05e0d433fb8441207318e5ac5 P 86386723dc9d4bb087f7e8aa30484358: No bootstrap required, opened a new log
I20260713 09:02:03.083233  1637 tablet_service.cc:1917] Received RequestConsensusVote() RPC: tablet_id: "6e70af1ea22144b6b306ad4fdb6e0f13" candidate_uuid: "86386723dc9d4bb087f7e8aa30484358" candidate_term: 1 candidate_status { last_received { term: 0 index: 0 } } ignore_live_leader: false dest_uuid: "7c72ad5b27d942f885eea08883f05418" is_pre_election: true
I20260713 09:02:03.083578  1711 tablet_service.cc:1917] Received RequestConsensusVote() RPC: tablet_id: "6e70af1ea22144b6b306ad4fdb6e0f13" candidate_uuid: "86386723dc9d4bb087f7e8aa30484358" candidate_term: 1 candidate_status { last_received { term: 0 index: 0 } } ignore_live_leader: false dest_uuid: "d14e997c9a2845bfbecb3756b88cb949" is_pre_election: true
W20260713 09:02:03.084636  1528 leader_election.cc:343] T 6e70af1ea22144b6b306ad4fdb6e0f13 P 86386723dc9d4bb087f7e8aa30484358 [CANDIDATE]: Term 1 pre-election: Tablet error from VoteRequest() call to peer 7c72ad5b27d942f885eea08883f05418 (127.0.107.194:37829): Illegal state: must be running to vote when last-logged opid is not known
W20260713 09:02:03.085220  1525 leader_election.cc:343] T 6e70af1ea22144b6b306ad4fdb6e0f13 P 86386723dc9d4bb087f7e8aa30484358 [CANDIDATE]: Term 1 pre-election: Tablet error from VoteRequest() call to peer d14e997c9a2845bfbecb3756b88cb949 (127.0.107.195:46177): Illegal state: must be running to vote when last-logged opid is not known
I20260713 09:02:03.083250  1757 ts_tablet_manager.cc:1403] T 2e8900d05e0d433fb8441207318e5ac5 P 86386723dc9d4bb087f7e8aa30484358: Time spent bootstrapping tablet: real 0.040s	user 0.014s	sys 0.015s
I20260713 09:02:03.085628  1525 leader_election.cc:304] T 6e70af1ea22144b6b306ad4fdb6e0f13 P 86386723dc9d4bb087f7e8aa30484358 [CANDIDATE]: Term 1 pre-election: Election decided. Result: candidate lost. Election summary: received 3 responses out of 3 voters: 1 yes votes; 2 no votes. yes voters: 86386723dc9d4bb087f7e8aa30484358; no voters: 7c72ad5b27d942f885eea08883f05418, d14e997c9a2845bfbecb3756b88cb949
I20260713 09:02:03.086314  1758 tablet_bootstrap.cc:492] T ecfc3034c4d5419386c73d454bcb3b4d P 7c72ad5b27d942f885eea08883f05418: No bootstrap required, opened a new log
I20260713 09:02:03.086776  1761 raft_consensus.cc:2749] T 6e70af1ea22144b6b306ad4fdb6e0f13 P 86386723dc9d4bb087f7e8aa30484358 [term 0 FOLLOWER]: Leader pre-election lost for term 1. Reason: could not achieve majority
I20260713 09:02:03.088028  1758 ts_tablet_manager.cc:1403] T ecfc3034c4d5419386c73d454bcb3b4d P 7c72ad5b27d942f885eea08883f05418: Time spent bootstrapping tablet: real 0.027s	user 0.008s	sys 0.003s
I20260713 09:02:03.088496  1757 raft_consensus.cc:359] T 2e8900d05e0d433fb8441207318e5ac5 P 86386723dc9d4bb087f7e8aa30484358 [term 0 FOLLOWER]: Replica starting. Triggering 0 pending ops. Active config: opid_index: -1 OBSOLETE_local: false peers { permanent_uuid: "86386723dc9d4bb087f7e8aa30484358" member_type: VOTER last_known_addr { host: "127.0.107.193" port: 38113 } } peers { permanent_uuid: "7c72ad5b27d942f885eea08883f05418" member_type: VOTER last_known_addr { host: "127.0.107.194" port: 37829 } } peers { permanent_uuid: "d14e997c9a2845bfbecb3756b88cb949" member_type: VOTER last_known_addr { host: "127.0.107.195" port: 46177 } }
I20260713 09:02:03.089026  1751 tablet_bootstrap.cc:492] T 2f3f936a431247aaa8a53f626f7e9eac P d14e997c9a2845bfbecb3756b88cb949: No bootstrap required, opened a new log
I20260713 09:02:03.089251  1757 raft_consensus.cc:385] T 2e8900d05e0d433fb8441207318e5ac5 P 86386723dc9d4bb087f7e8aa30484358 [term 0 FOLLOWER]: Consensus starting up: Expiring failure detector timer to make a prompt election more likely
I20260713 09:02:03.089455  1751 ts_tablet_manager.cc:1403] T 2f3f936a431247aaa8a53f626f7e9eac P d14e997c9a2845bfbecb3756b88cb949: Time spent bootstrapping tablet: real 0.023s	user 0.008s	sys 0.005s
I20260713 09:02:03.089581  1757 raft_consensus.cc:740] T 2e8900d05e0d433fb8441207318e5ac5 P 86386723dc9d4bb087f7e8aa30484358 [term 0 FOLLOWER]: Becoming Follower/Learner. State: Replica: 86386723dc9d4bb087f7e8aa30484358, State: Initialized, Role: FOLLOWER
I20260713 09:02:03.090420  1757 consensus_queue.cc:260] T 2e8900d05e0d433fb8441207318e5ac5 P 86386723dc9d4bb087f7e8aa30484358 [NON_LEADER]: Queue going to NON_LEADER mode. State: All replicated index: 0, Majority replicated index: 0, Committed index: 0, Last appended: 0.0, Last appended by leader: 0, Current term: 0, Majority size: -1, State: 0, Mode: NON_LEADER, active raft config: opid_index: -1 OBSOLETE_local: false peers { permanent_uuid: "86386723dc9d4bb087f7e8aa30484358" member_type: VOTER last_known_addr { host: "127.0.107.193" port: 38113 } } peers { permanent_uuid: "7c72ad5b27d942f885eea08883f05418" member_type: VOTER last_known_addr { host: "127.0.107.194" port: 37829 } } peers { permanent_uuid: "d14e997c9a2845bfbecb3756b88cb949" member_type: VOTER last_known_addr { host: "127.0.107.195" port: 46177 } }
I20260713 09:02:03.091161  1758 raft_consensus.cc:359] T ecfc3034c4d5419386c73d454bcb3b4d P 7c72ad5b27d942f885eea08883f05418 [term 0 FOLLOWER]: Replica starting. Triggering 0 pending ops. Active config: opid_index: -1 OBSOLETE_local: false peers { permanent_uuid: "86386723dc9d4bb087f7e8aa30484358" member_type: VOTER last_known_addr { host: "127.0.107.193" port: 38113 } } peers { permanent_uuid: "7c72ad5b27d942f885eea08883f05418" member_type: VOTER last_known_addr { host: "127.0.107.194" port: 37829 } } peers { permanent_uuid: "d14e997c9a2845bfbecb3756b88cb949" member_type: VOTER last_known_addr { host: "127.0.107.195" port: 46177 } }
I20260713 09:02:03.091885  1758 raft_consensus.cc:385] T ecfc3034c4d5419386c73d454bcb3b4d P 7c72ad5b27d942f885eea08883f05418 [term 0 FOLLOWER]: Consensus starting up: Expiring failure detector timer to make a prompt election more likely
I20260713 09:02:03.092200  1758 raft_consensus.cc:740] T ecfc3034c4d5419386c73d454bcb3b4d P 7c72ad5b27d942f885eea08883f05418 [term 0 FOLLOWER]: Becoming Follower/Learner. State: Replica: 7c72ad5b27d942f885eea08883f05418, State: Initialized, Role: FOLLOWER
I20260713 09:02:03.092715  1757 ts_tablet_manager.cc:1434] T 2e8900d05e0d433fb8441207318e5ac5 P 86386723dc9d4bb087f7e8aa30484358: Time spent starting tablet: real 0.007s	user 0.005s	sys 0.001s
I20260713 09:02:03.092733  1751 raft_consensus.cc:359] T 2f3f936a431247aaa8a53f626f7e9eac P d14e997c9a2845bfbecb3756b88cb949 [term 0 FOLLOWER]: Replica starting. Triggering 0 pending ops. Active config: opid_index: -1 OBSOLETE_local: false peers { permanent_uuid: "86386723dc9d4bb087f7e8aa30484358" member_type: VOTER last_known_addr { host: "127.0.107.193" port: 38113 } } peers { permanent_uuid: "7c72ad5b27d942f885eea08883f05418" member_type: VOTER last_known_addr { host: "127.0.107.194" port: 37829 } } peers { permanent_uuid: "d14e997c9a2845bfbecb3756b88cb949" member_type: VOTER last_known_addr { host: "127.0.107.195" port: 46177 } }
I20260713 09:02:03.093485  1751 raft_consensus.cc:385] T 2f3f936a431247aaa8a53f626f7e9eac P d14e997c9a2845bfbecb3756b88cb949 [term 0 FOLLOWER]: Consensus starting up: Expiring failure detector timer to make a prompt election more likely
I20260713 09:02:03.093003  1758 consensus_queue.cc:260] T ecfc3034c4d5419386c73d454bcb3b4d P 7c72ad5b27d942f885eea08883f05418 [NON_LEADER]: Queue going to NON_LEADER mode. State: All replicated index: 0, Majority replicated index: 0, Committed index: 0, Last appended: 0.0, Last appended by leader: 0, Current term: 0, Majority size: -1, State: 0, Mode: NON_LEADER, active raft config: opid_index: -1 OBSOLETE_local: false peers { permanent_uuid: "86386723dc9d4bb087f7e8aa30484358" member_type: VOTER last_known_addr { host: "127.0.107.193" port: 38113 } } peers { permanent_uuid: "7c72ad5b27d942f885eea08883f05418" member_type: VOTER last_known_addr { host: "127.0.107.194" port: 37829 } } peers { permanent_uuid: "d14e997c9a2845bfbecb3756b88cb949" member_type: VOTER last_known_addr { host: "127.0.107.195" port: 46177 } }
I20260713 09:02:03.093745  1751 raft_consensus.cc:740] T 2f3f936a431247aaa8a53f626f7e9eac P d14e997c9a2845bfbecb3756b88cb949 [term 0 FOLLOWER]: Becoming Follower/Learner. State: Replica: d14e997c9a2845bfbecb3756b88cb949, State: Initialized, Role: FOLLOWER
I20260713 09:02:03.094446  1751 consensus_queue.cc:260] T 2f3f936a431247aaa8a53f626f7e9eac P d14e997c9a2845bfbecb3756b88cb949 [NON_LEADER]: Queue going to NON_LEADER mode. State: All replicated index: 0, Majority replicated index: 0, Committed index: 0, Last appended: 0.0, Last appended by leader: 0, Current term: 0, Majority size: -1, State: 0, Mode: NON_LEADER, active raft config: opid_index: -1 OBSOLETE_local: false peers { permanent_uuid: "86386723dc9d4bb087f7e8aa30484358" member_type: VOTER last_known_addr { host: "127.0.107.193" port: 38113 } } peers { permanent_uuid: "7c72ad5b27d942f885eea08883f05418" member_type: VOTER last_known_addr { host: "127.0.107.194" port: 37829 } } peers { permanent_uuid: "d14e997c9a2845bfbecb3756b88cb949" member_type: VOTER last_known_addr { host: "127.0.107.195" port: 46177 } }
I20260713 09:02:03.095695  1758 ts_tablet_manager.cc:1434] T ecfc3034c4d5419386c73d454bcb3b4d P 7c72ad5b27d942f885eea08883f05418: Time spent starting tablet: real 0.007s	user 0.006s	sys 0.000s
I20260713 09:02:03.096346  1751 ts_tablet_manager.cc:1434] T 2f3f936a431247aaa8a53f626f7e9eac P d14e997c9a2845bfbecb3756b88cb949: Time spent starting tablet: real 0.007s	user 0.004s	sys 0.000s
I20260713 09:02:03.096609  1758 tablet_bootstrap.cc:492] T 2f3f936a431247aaa8a53f626f7e9eac P 7c72ad5b27d942f885eea08883f05418: Bootstrap starting.
I20260713 09:02:03.097193  1751 tablet_bootstrap.cc:492] T 7e6e392cac834178b41981879734f576 P d14e997c9a2845bfbecb3756b88cb949: Bootstrap starting.
I20260713 09:02:03.097218  1757 tablet_bootstrap.cc:492] T 7d05417411764599be302f0471d89f42 P 86386723dc9d4bb087f7e8aa30484358: Bootstrap starting.
I20260713 09:02:03.102952  1751 tablet_bootstrap.cc:654] T 7e6e392cac834178b41981879734f576 P d14e997c9a2845bfbecb3756b88cb949: Neither blocks nor log segments found. Creating new log.
I20260713 09:02:03.102952  1758 tablet_bootstrap.cc:654] T 2f3f936a431247aaa8a53f626f7e9eac P 7c72ad5b27d942f885eea08883f05418: Neither blocks nor log segments found. Creating new log.
I20260713 09:02:03.104763  1757 tablet_bootstrap.cc:654] T 7d05417411764599be302f0471d89f42 P 86386723dc9d4bb087f7e8aa30484358: Neither blocks nor log segments found. Creating new log.
I20260713 09:02:03.119508  1757 tablet_bootstrap.cc:492] T 7d05417411764599be302f0471d89f42 P 86386723dc9d4bb087f7e8aa30484358: No bootstrap required, opened a new log
I20260713 09:02:03.119992  1757 ts_tablet_manager.cc:1403] T 7d05417411764599be302f0471d89f42 P 86386723dc9d4bb087f7e8aa30484358: Time spent bootstrapping tablet: real 0.023s	user 0.015s	sys 0.000s
I20260713 09:02:03.120258  1758 tablet_bootstrap.cc:492] T 2f3f936a431247aaa8a53f626f7e9eac P 7c72ad5b27d942f885eea08883f05418: No bootstrap required, opened a new log
I20260713 09:02:03.120698  1758 ts_tablet_manager.cc:1403] T 2f3f936a431247aaa8a53f626f7e9eac P 7c72ad5b27d942f885eea08883f05418: Time spent bootstrapping tablet: real 0.024s	user 0.014s	sys 0.007s
I20260713 09:02:03.120749  1751 tablet_bootstrap.cc:492] T 7e6e392cac834178b41981879734f576 P d14e997c9a2845bfbecb3756b88cb949: No bootstrap required, opened a new log
I20260713 09:02:03.121186  1751 ts_tablet_manager.cc:1403] T 7e6e392cac834178b41981879734f576 P d14e997c9a2845bfbecb3756b88cb949: Time spent bootstrapping tablet: real 0.024s	user 0.011s	sys 0.008s
I20260713 09:02:03.122893  1757 raft_consensus.cc:359] T 7d05417411764599be302f0471d89f42 P 86386723dc9d4bb087f7e8aa30484358 [term 0 FOLLOWER]: Replica starting. Triggering 0 pending ops. Active config: opid_index: -1 OBSOLETE_local: false peers { permanent_uuid: "86386723dc9d4bb087f7e8aa30484358" member_type: VOTER last_known_addr { host: "127.0.107.193" port: 38113 } } peers { permanent_uuid: "7c72ad5b27d942f885eea08883f05418" member_type: VOTER last_known_addr { host: "127.0.107.194" port: 37829 } } peers { permanent_uuid: "d14e997c9a2845bfbecb3756b88cb949" member_type: VOTER last_known_addr { host: "127.0.107.195" port: 46177 } }
I20260713 09:02:03.123044  1758 raft_consensus.cc:359] T 2f3f936a431247aaa8a53f626f7e9eac P 7c72ad5b27d942f885eea08883f05418 [term 0 FOLLOWER]: Replica starting. Triggering 0 pending ops. Active config: opid_index: -1 OBSOLETE_local: false peers { permanent_uuid: "86386723dc9d4bb087f7e8aa30484358" member_type: VOTER last_known_addr { host: "127.0.107.193" port: 38113 } } peers { permanent_uuid: "7c72ad5b27d942f885eea08883f05418" member_type: VOTER last_known_addr { host: "127.0.107.194" port: 37829 } } peers { permanent_uuid: "d14e997c9a2845bfbecb3756b88cb949" member_type: VOTER last_known_addr { host: "127.0.107.195" port: 46177 } }
I20260713 09:02:03.123620  1757 raft_consensus.cc:385] T 7d05417411764599be302f0471d89f42 P 86386723dc9d4bb087f7e8aa30484358 [term 0 FOLLOWER]: Consensus starting up: Expiring failure detector timer to make a prompt election more likely
I20260713 09:02:03.123756  1758 raft_consensus.cc:385] T 2f3f936a431247aaa8a53f626f7e9eac P 7c72ad5b27d942f885eea08883f05418 [term 0 FOLLOWER]: Consensus starting up: Expiring failure detector timer to make a prompt election more likely
I20260713 09:02:03.123507  1751 raft_consensus.cc:359] T 7e6e392cac834178b41981879734f576 P d14e997c9a2845bfbecb3756b88cb949 [term 0 FOLLOWER]: Replica starting. Triggering 0 pending ops. Active config: opid_index: -1 OBSOLETE_local: false peers { permanent_uuid: "86386723dc9d4bb087f7e8aa30484358" member_type: VOTER last_known_addr { host: "127.0.107.193" port: 38113 } } peers { permanent_uuid: "7c72ad5b27d942f885eea08883f05418" member_type: VOTER last_known_addr { host: "127.0.107.194" port: 37829 } } peers { permanent_uuid: "d14e997c9a2845bfbecb3756b88cb949" member_type: VOTER last_known_addr { host: "127.0.107.195" port: 46177 } }
I20260713 09:02:03.123998  1757 raft_consensus.cc:740] T 7d05417411764599be302f0471d89f42 P 86386723dc9d4bb087f7e8aa30484358 [term 0 FOLLOWER]: Becoming Follower/Learner. State: Replica: 86386723dc9d4bb087f7e8aa30484358, State: Initialized, Role: FOLLOWER
I20260713 09:02:03.124105  1758 raft_consensus.cc:740] T 2f3f936a431247aaa8a53f626f7e9eac P 7c72ad5b27d942f885eea08883f05418 [term 0 FOLLOWER]: Becoming Follower/Learner. State: Replica: 7c72ad5b27d942f885eea08883f05418, State: Initialized, Role: FOLLOWER
I20260713 09:02:03.124207  1751 raft_consensus.cc:385] T 7e6e392cac834178b41981879734f576 P d14e997c9a2845bfbecb3756b88cb949 [term 0 FOLLOWER]: Consensus starting up: Expiring failure detector timer to make a prompt election more likely
I20260713 09:02:03.124536  1751 raft_consensus.cc:740] T 7e6e392cac834178b41981879734f576 P d14e997c9a2845bfbecb3756b88cb949 [term 0 FOLLOWER]: Becoming Follower/Learner. State: Replica: d14e997c9a2845bfbecb3756b88cb949, State: Initialized, Role: FOLLOWER
I20260713 09:02:03.124802  1758 consensus_queue.cc:260] T 2f3f936a431247aaa8a53f626f7e9eac P 7c72ad5b27d942f885eea08883f05418 [NON_LEADER]: Queue going to NON_LEADER mode. State: All replicated index: 0, Majority replicated index: 0, Committed index: 0, Last appended: 0.0, Last appended by leader: 0, Current term: 0, Majority size: -1, State: 0, Mode: NON_LEADER, active raft config: opid_index: -1 OBSOLETE_local: false peers { permanent_uuid: "86386723dc9d4bb087f7e8aa30484358" member_type: VOTER last_known_addr { host: "127.0.107.193" port: 38113 } } peers { permanent_uuid: "7c72ad5b27d942f885eea08883f05418" member_type: VOTER last_known_addr { host: "127.0.107.194" port: 37829 } } peers { permanent_uuid: "d14e997c9a2845bfbecb3756b88cb949" member_type: VOTER last_known_addr { host: "127.0.107.195" port: 46177 } }
I20260713 09:02:03.124975  1757 consensus_queue.cc:260] T 7d05417411764599be302f0471d89f42 P 86386723dc9d4bb087f7e8aa30484358 [NON_LEADER]: Queue going to NON_LEADER mode. State: All replicated index: 0, Majority replicated index: 0, Committed index: 0, Last appended: 0.0, Last appended by leader: 0, Current term: 0, Majority size: -1, State: 0, Mode: NON_LEADER, active raft config: opid_index: -1 OBSOLETE_local: false peers { permanent_uuid: "86386723dc9d4bb087f7e8aa30484358" member_type: VOTER last_known_addr { host: "127.0.107.193" port: 38113 } } peers { permanent_uuid: "7c72ad5b27d942f885eea08883f05418" member_type: VOTER last_known_addr { host: "127.0.107.194" port: 37829 } } peers { permanent_uuid: "d14e997c9a2845bfbecb3756b88cb949" member_type: VOTER last_known_addr { host: "127.0.107.195" port: 46177 } }
I20260713 09:02:03.125289  1751 consensus_queue.cc:260] T 7e6e392cac834178b41981879734f576 P d14e997c9a2845bfbecb3756b88cb949 [NON_LEADER]: Queue going to NON_LEADER mode. State: All replicated index: 0, Majority replicated index: 0, Committed index: 0, Last appended: 0.0, Last appended by leader: 0, Current term: 0, Majority size: -1, State: 0, Mode: NON_LEADER, active raft config: opid_index: -1 OBSOLETE_local: false peers { permanent_uuid: "86386723dc9d4bb087f7e8aa30484358" member_type: VOTER last_known_addr { host: "127.0.107.193" port: 38113 } } peers { permanent_uuid: "7c72ad5b27d942f885eea08883f05418" member_type: VOTER last_known_addr { host: "127.0.107.194" port: 37829 } } peers { permanent_uuid: "d14e997c9a2845bfbecb3756b88cb949" member_type: VOTER last_known_addr { host: "127.0.107.195" port: 46177 } }
I20260713 09:02:03.127285  1751 ts_tablet_manager.cc:1434] T 7e6e392cac834178b41981879734f576 P d14e997c9a2845bfbecb3756b88cb949: Time spent starting tablet: real 0.006s	user 0.004s	sys 0.000s
I20260713 09:02:03.129201  1758 ts_tablet_manager.cc:1434] T 2f3f936a431247aaa8a53f626f7e9eac P 7c72ad5b27d942f885eea08883f05418: Time spent starting tablet: real 0.008s	user 0.006s	sys 0.000s
I20260713 09:02:03.130103  1757 ts_tablet_manager.cc:1434] T 7d05417411764599be302f0471d89f42 P 86386723dc9d4bb087f7e8aa30484358: Time spent starting tablet: real 0.010s	user 0.002s	sys 0.006s
I20260713 09:02:03.130113  1758 tablet_bootstrap.cc:492] T de02b13c2ee64c8b917de52c1e7de26a P 7c72ad5b27d942f885eea08883f05418: Bootstrap starting.
I20260713 09:02:03.131388  1751 tablet_bootstrap.cc:492] T 7d05417411764599be302f0471d89f42 P d14e997c9a2845bfbecb3756b88cb949: Bootstrap starting.
I20260713 09:02:03.134902  1757 tablet_bootstrap.cc:492] T 908eabe8e69b41bdb5ca0206defcd40f P 86386723dc9d4bb087f7e8aa30484358: Bootstrap starting.
I20260713 09:02:03.136384  1758 tablet_bootstrap.cc:654] T de02b13c2ee64c8b917de52c1e7de26a P 7c72ad5b27d942f885eea08883f05418: Neither blocks nor log segments found. Creating new log.
I20260713 09:02:03.146391  1757 tablet_bootstrap.cc:654] T 908eabe8e69b41bdb5ca0206defcd40f P 86386723dc9d4bb087f7e8aa30484358: Neither blocks nor log segments found. Creating new log.
I20260713 09:02:03.147047  1751 tablet_bootstrap.cc:654] T 7d05417411764599be302f0471d89f42 P d14e997c9a2845bfbecb3756b88cb949: Neither blocks nor log segments found. Creating new log.
I20260713 09:02:03.151204  1758 tablet_bootstrap.cc:492] T de02b13c2ee64c8b917de52c1e7de26a P 7c72ad5b27d942f885eea08883f05418: No bootstrap required, opened a new log
I20260713 09:02:03.151580  1758 ts_tablet_manager.cc:1403] T de02b13c2ee64c8b917de52c1e7de26a P 7c72ad5b27d942f885eea08883f05418: Time spent bootstrapping tablet: real 0.022s	user 0.009s	sys 0.010s
I20260713 09:02:03.152644  1751 tablet_bootstrap.cc:492] T 7d05417411764599be302f0471d89f42 P d14e997c9a2845bfbecb3756b88cb949: No bootstrap required, opened a new log
I20260713 09:02:03.153209  1751 ts_tablet_manager.cc:1403] T 7d05417411764599be302f0471d89f42 P d14e997c9a2845bfbecb3756b88cb949: Time spent bootstrapping tablet: real 0.022s	user 0.007s	sys 0.004s
I20260713 09:02:03.153908  1758 raft_consensus.cc:359] T de02b13c2ee64c8b917de52c1e7de26a P 7c72ad5b27d942f885eea08883f05418 [term 0 FOLLOWER]: Replica starting. Triggering 0 pending ops. Active config: opid_index: -1 OBSOLETE_local: false peers { permanent_uuid: "d14e997c9a2845bfbecb3756b88cb949" member_type: VOTER last_known_addr { host: "127.0.107.195" port: 46177 } } peers { permanent_uuid: "86386723dc9d4bb087f7e8aa30484358" member_type: VOTER last_known_addr { host: "127.0.107.193" port: 38113 } } peers { permanent_uuid: "7c72ad5b27d942f885eea08883f05418" member_type: VOTER last_known_addr { host: "127.0.107.194" port: 37829 } }
I20260713 09:02:03.154419  1758 raft_consensus.cc:385] T de02b13c2ee64c8b917de52c1e7de26a P 7c72ad5b27d942f885eea08883f05418 [term 0 FOLLOWER]: Consensus starting up: Expiring failure detector timer to make a prompt election more likely
I20260713 09:02:03.154629  1758 raft_consensus.cc:740] T de02b13c2ee64c8b917de52c1e7de26a P 7c72ad5b27d942f885eea08883f05418 [term 0 FOLLOWER]: Becoming Follower/Learner. State: Replica: 7c72ad5b27d942f885eea08883f05418, State: Initialized, Role: FOLLOWER
I20260713 09:02:03.155032  1757 tablet_bootstrap.cc:492] T 908eabe8e69b41bdb5ca0206defcd40f P 86386723dc9d4bb087f7e8aa30484358: No bootstrap required, opened a new log
I20260713 09:02:03.155448  1757 ts_tablet_manager.cc:1403] T 908eabe8e69b41bdb5ca0206defcd40f P 86386723dc9d4bb087f7e8aa30484358: Time spent bootstrapping tablet: real 0.021s	user 0.007s	sys 0.007s
I20260713 09:02:03.155227  1758 consensus_queue.cc:260] T de02b13c2ee64c8b917de52c1e7de26a P 7c72ad5b27d942f885eea08883f05418 [NON_LEADER]: Queue going to NON_LEADER mode. State: All replicated index: 0, Majority replicated index: 0, Committed index: 0, Last appended: 0.0, Last appended by leader: 0, Current term: 0, Majority size: -1, State: 0, Mode: NON_LEADER, active raft config: opid_index: -1 OBSOLETE_local: false peers { permanent_uuid: "d14e997c9a2845bfbecb3756b88cb949" member_type: VOTER last_known_addr { host: "127.0.107.195" port: 46177 } } peers { permanent_uuid: "86386723dc9d4bb087f7e8aa30484358" member_type: VOTER last_known_addr { host: "127.0.107.193" port: 38113 } } peers { permanent_uuid: "7c72ad5b27d942f885eea08883f05418" member_type: VOTER last_known_addr { host: "127.0.107.194" port: 37829 } }
I20260713 09:02:03.156977  1758 ts_tablet_manager.cc:1434] T de02b13c2ee64c8b917de52c1e7de26a P 7c72ad5b27d942f885eea08883f05418: Time spent starting tablet: real 0.005s	user 0.007s	sys 0.000s
I20260713 09:02:03.155617  1751 raft_consensus.cc:359] T 7d05417411764599be302f0471d89f42 P d14e997c9a2845bfbecb3756b88cb949 [term 0 FOLLOWER]: Replica starting. Triggering 0 pending ops. Active config: opid_index: -1 OBSOLETE_local: false peers { permanent_uuid: "86386723dc9d4bb087f7e8aa30484358" member_type: VOTER last_known_addr { host: "127.0.107.193" port: 38113 } } peers { permanent_uuid: "7c72ad5b27d942f885eea08883f05418" member_type: VOTER last_known_addr { host: "127.0.107.194" port: 37829 } } peers { permanent_uuid: "d14e997c9a2845bfbecb3756b88cb949" member_type: VOTER last_known_addr { host: "127.0.107.195" port: 46177 } }
I20260713 09:02:03.157552  1751 raft_consensus.cc:385] T 7d05417411764599be302f0471d89f42 P d14e997c9a2845bfbecb3756b88cb949 [term 0 FOLLOWER]: Consensus starting up: Expiring failure detector timer to make a prompt election more likely
I20260713 09:02:03.157821  1751 raft_consensus.cc:740] T 7d05417411764599be302f0471d89f42 P d14e997c9a2845bfbecb3756b88cb949 [term 0 FOLLOWER]: Becoming Follower/Learner. State: Replica: d14e997c9a2845bfbecb3756b88cb949, State: Initialized, Role: FOLLOWER
I20260713 09:02:03.157951  1757 raft_consensus.cc:359] T 908eabe8e69b41bdb5ca0206defcd40f P 86386723dc9d4bb087f7e8aa30484358 [term 0 FOLLOWER]: Replica starting. Triggering 0 pending ops. Active config: opid_index: -1 OBSOLETE_local: false peers { permanent_uuid: "86386723dc9d4bb087f7e8aa30484358" member_type: VOTER last_known_addr { host: "127.0.107.193" port: 38113 } } peers { permanent_uuid: "7c72ad5b27d942f885eea08883f05418" member_type: VOTER last_known_addr { host: "127.0.107.194" port: 37829 } } peers { permanent_uuid: "d14e997c9a2845bfbecb3756b88cb949" member_type: VOTER last_known_addr { host: "127.0.107.195" port: 46177 } }
I20260713 09:02:03.163236  1754 raft_consensus.cc:493] T ecfc3034c4d5419386c73d454bcb3b4d P d14e997c9a2845bfbecb3756b88cb949 [term 0 FOLLOWER]: Starting pre-election (no leader contacted us within the election timeout)
I20260713 09:02:03.163412  1761 raft_consensus.cc:493] T 3bd90e738e3e404588c73bf85d756e79 P 86386723dc9d4bb087f7e8aa30484358 [term 0 FOLLOWER]: Starting pre-election (no leader contacted us within the election timeout)
I20260713 09:02:03.158488  1751 consensus_queue.cc:260] T 7d05417411764599be302f0471d89f42 P d14e997c9a2845bfbecb3756b88cb949 [NON_LEADER]: Queue going to NON_LEADER mode. State: All replicated index: 0, Majority replicated index: 0, Committed index: 0, Last appended: 0.0, Last appended by leader: 0, Current term: 0, Majority size: -1, State: 0, Mode: NON_LEADER, active raft config: opid_index: -1 OBSOLETE_local: false peers { permanent_uuid: "86386723dc9d4bb087f7e8aa30484358" member_type: VOTER last_known_addr { host: "127.0.107.193" port: 38113 } } peers { permanent_uuid: "7c72ad5b27d942f885eea08883f05418" member_type: VOTER last_known_addr { host: "127.0.107.194" port: 37829 } } peers { permanent_uuid: "d14e997c9a2845bfbecb3756b88cb949" member_type: VOTER last_known_addr { host: "127.0.107.195" port: 46177 } }
I20260713 09:02:03.164050  1754 raft_consensus.cc:515] T ecfc3034c4d5419386c73d454bcb3b4d P d14e997c9a2845bfbecb3756b88cb949 [term 0 FOLLOWER]: Starting pre-election with config: opid_index: -1 OBSOLETE_local: false peers { permanent_uuid: "86386723dc9d4bb087f7e8aa30484358" member_type: VOTER last_known_addr { host: "127.0.107.193" port: 38113 } } peers { permanent_uuid: "7c72ad5b27d942f885eea08883f05418" member_type: VOTER last_known_addr { host: "127.0.107.194" port: 37829 } } peers { permanent_uuid: "d14e997c9a2845bfbecb3756b88cb949" member_type: VOTER last_known_addr { host: "127.0.107.195" port: 46177 } }
I20260713 09:02:03.164115  1761 raft_consensus.cc:515] T 3bd90e738e3e404588c73bf85d756e79 P 86386723dc9d4bb087f7e8aa30484358 [term 0 FOLLOWER]: Starting pre-election with config: opid_index: -1 OBSOLETE_local: false peers { permanent_uuid: "86386723dc9d4bb087f7e8aa30484358" member_type: VOTER last_known_addr { host: "127.0.107.193" port: 38113 } } peers { permanent_uuid: "7c72ad5b27d942f885eea08883f05418" member_type: VOTER last_known_addr { host: "127.0.107.194" port: 37829 } } peers { permanent_uuid: "d14e997c9a2845bfbecb3756b88cb949" member_type: VOTER last_known_addr { host: "127.0.107.195" port: 46177 } }
I20260713 09:02:03.166226  1761 leader_election.cc:290] T 3bd90e738e3e404588c73bf85d756e79 P 86386723dc9d4bb087f7e8aa30484358 [CANDIDATE]: Term 1 pre-election: Requested pre-vote from peers 7c72ad5b27d942f885eea08883f05418 (127.0.107.194:37829), d14e997c9a2845bfbecb3756b88cb949 (127.0.107.195:46177)
I20260713 09:02:03.166369  1754 leader_election.cc:290] T ecfc3034c4d5419386c73d454bcb3b4d P d14e997c9a2845bfbecb3756b88cb949 [CANDIDATE]: Term 1 pre-election: Requested pre-vote from peers 86386723dc9d4bb087f7e8aa30484358 (127.0.107.193:38113), 7c72ad5b27d942f885eea08883f05418 (127.0.107.194:37829)
I20260713 09:02:03.158998  1758 tablet_bootstrap.cc:492] T 6e70af1ea22144b6b306ad4fdb6e0f13 P 7c72ad5b27d942f885eea08883f05418: Bootstrap starting.
