W20260713 09:02:04.347615  1525 consensus_peers.cc:597] T 908eabe8e69b41bdb5ca0206defcd40f P 86386723dc9d4bb087f7e8aa30484358 -> Peer d14e997c9a2845bfbecb3756b88cb949 (127.0.107.195:46177): Couldn't send request to peer d14e997c9a2845bfbecb3756b88cb949. Error code: TABLET_NOT_RUNNING (12). Status: Illegal state: Tablet not RUNNING: BOOTSTRAPPING. This is attempt 1: this message will repeat every 5th retry.
I20260713 09:02:04.374428  1633 raft_consensus.cc:2468] T 18e8a2a53cf14d8f9cd9eb8f3ee74e1d P 7c72ad5b27d942f885eea08883f05418 [term 1 FOLLOWER]: Leader election vote request: Granting yes vote for candidate 86386723dc9d4bb087f7e8aa30484358 in term 1.
I20260713 09:02:04.458977  1757 tablet_bootstrap.cc:492] T 9dfe85655c20479abda5cfa103915d84 P 86386723dc9d4bb087f7e8aa30484358: No bootstrap required, opened a new log
I20260713 09:02:04.460057  1757 ts_tablet_manager.cc:1403] T 9dfe85655c20479abda5cfa103915d84 P 86386723dc9d4bb087f7e8aa30484358: Time spent bootstrapping tablet: real 0.331s	user 0.016s	sys 0.026s
I20260713 09:02:04.464414  1637 raft_consensus.cc:2468] T a23ee3b6ae984489a2c9ed61bca5a208 P 7c72ad5b27d942f885eea08883f05418 [term 1 FOLLOWER]: Leader election vote request: Granting yes vote for candidate 86386723dc9d4bb087f7e8aa30484358 in term 1.
I20260713 09:02:04.404793  1754 raft_consensus.cc:493] T 5e9d21308ed2470088953d2d296a692f P d14e997c9a2845bfbecb3756b88cb949 [term 0 FOLLOWER]: Starting pre-election (no leader contacted us within the election timeout)
I20260713 09:02:04.457191  1824 raft_consensus.cc:2749] T de02b13c2ee64c8b917de52c1e7de26a P 86386723dc9d4bb087f7e8aa30484358 [term 1 FOLLOWER]: Leader pre-election lost for term 1. Reason: could not achieve majority
W20260713 09:02:04.475792  1857 log.cc:927] Time spent T a1b5fbbff86f4180899c67d6dd11da08 P 86386723dc9d4bb087f7e8aa30484358: Append to log took a long time: real 0.065s	user 0.001s	sys 0.000s
I20260713 09:02:04.479789  1794 leader_election.cc:290] T 28096ac07c2b4306acf8d6942ffff8b5 P 86386723dc9d4bb087f7e8aa30484358 [CANDIDATE]: Term 1 pre-election: Requested pre-vote from peers 7c72ad5b27d942f885eea08883f05418 (127.0.107.194:37829), d14e997c9a2845bfbecb3756b88cb949 (127.0.107.195:46177)
I20260713 09:02:04.468629  1808 consensus_queue.cc:1048] T 6e70af1ea22144b6b306ad4fdb6e0f13 P 7c72ad5b27d942f885eea08883f05418 [LEADER]: Connected to new peer: Peer: permanent_uuid: "d14e997c9a2845bfbecb3756b88cb949" member_type: VOTER last_known_addr { host: "127.0.107.195" port: 46177 }, Status: LMP_MISMATCH, Last received: 0.0, Next index: 1, Last known committed idx: 0, Time since last communication: 0.017s
I20260713 09:02:04.485399  1774 consensus_queue.cc:1048] T 6e70af1ea22144b6b306ad4fdb6e0f13 P 7c72ad5b27d942f885eea08883f05418 [LEADER]: Connected to new peer: Peer: permanent_uuid: "86386723dc9d4bb087f7e8aa30484358" member_type: VOTER last_known_addr { host: "127.0.107.193" port: 38113 }, Status: LMP_MISMATCH, Last received: 0.0, Next index: 1, Last known committed idx: 0, Time since last communication: 0.000s
I20260713 09:02:04.476970  1528 leader_election.cc:304] T 18e8a2a53cf14d8f9cd9eb8f3ee74e1d P 86386723dc9d4bb087f7e8aa30484358 [CANDIDATE]: Term 1 election: Election decided. Result: candidate won. Election summary: received 3 responses out of 3 voters: 2 yes votes; 1 no votes. yes voters: 7c72ad5b27d942f885eea08883f05418, 86386723dc9d4bb087f7e8aa30484358; no voters: d14e997c9a2845bfbecb3756b88cb949
I20260713 09:02:04.488225  1815 raft_consensus.cc:493] T 9dfe85655c20479abda5cfa103915d84 P 7c72ad5b27d942f885eea08883f05418 [term 0 FOLLOWER]: Starting pre-election (no leader contacted us within the election timeout)
I20260713 09:02:04.488726  1815 raft_consensus.cc:515] T 9dfe85655c20479abda5cfa103915d84 P 7c72ad5b27d942f885eea08883f05418 [term 0 FOLLOWER]: Starting pre-election with config: opid_index: -1 OBSOLETE_local: false peers { permanent_uuid: "86386723dc9d4bb087f7e8aa30484358" member_type: VOTER last_known_addr { host: "127.0.107.193" port: 38113 } } peers { permanent_uuid: "7c72ad5b27d942f885eea08883f05418" member_type: VOTER last_known_addr { host: "127.0.107.194" port: 37829 } } peers { permanent_uuid: "d14e997c9a2845bfbecb3756b88cb949" member_type: VOTER last_known_addr { host: "127.0.107.195" port: 46177 } }
I20260713 09:02:04.488830  1794 raft_consensus.cc:2804] T 18e8a2a53cf14d8f9cd9eb8f3ee74e1d P 86386723dc9d4bb087f7e8aa30484358 [term 1 FOLLOWER]: Leader election won for term 1
I20260713 09:02:04.487757  1710 tablet_service.cc:1917] Received RequestConsensusVote() RPC: tablet_id: "28096ac07c2b4306acf8d6942ffff8b5" candidate_uuid: "86386723dc9d4bb087f7e8aa30484358" candidate_term: 1 candidate_status { last_received { term: 0 index: 0 } } ignore_live_leader: false dest_uuid: "d14e997c9a2845bfbecb3756b88cb949" is_pre_election: true
I20260713 09:02:04.489133  1528 leader_election.cc:304] T a23ee3b6ae984489a2c9ed61bca5a208 P 86386723dc9d4bb087f7e8aa30484358 [CANDIDATE]: Term 1 election: Election decided. Result: candidate won. Election summary: received 2 responses out of 3 voters: 2 yes votes; 0 no votes. yes voters: 7c72ad5b27d942f885eea08883f05418, 86386723dc9d4bb087f7e8aa30484358; no voters: 
I20260713 09:02:04.470572  1754 raft_consensus.cc:515] T 5e9d21308ed2470088953d2d296a692f P d14e997c9a2845bfbecb3756b88cb949 [term 0 FOLLOWER]: Starting pre-election with config: opid_index: -1 OBSOLETE_local: false peers { permanent_uuid: "86386723dc9d4bb087f7e8aa30484358" member_type: VOTER last_known_addr { host: "127.0.107.193" port: 38113 } } peers { permanent_uuid: "7c72ad5b27d942f885eea08883f05418" member_type: VOTER last_known_addr { host: "127.0.107.194" port: 37829 } } peers { permanent_uuid: "d14e997c9a2845bfbecb3756b88cb949" member_type: VOTER last_known_addr { host: "127.0.107.195" port: 46177 } }
I20260713 09:02:04.497386  1758 tablet_bootstrap.cc:654] T 0537e0f9a2cf4078b7236a809f06dceb P 7c72ad5b27d942f885eea08883f05418: Neither blocks nor log segments found. Creating new log.
I20260713 09:02:04.496080  1815 leader_election.cc:290] T 9dfe85655c20479abda5cfa103915d84 P 7c72ad5b27d942f885eea08883f05418 [CANDIDATE]: Term 1 pre-election: Requested pre-vote from peers 86386723dc9d4bb087f7e8aa30484358 (127.0.107.193:38113), d14e997c9a2845bfbecb3756b88cb949 (127.0.107.195:46177)
I20260713 09:02:04.491380  1794 raft_consensus.cc:697] T 18e8a2a53cf14d8f9cd9eb8f3ee74e1d P 86386723dc9d4bb087f7e8aa30484358 [term 1 LEADER]: Becoming Leader. State: Replica: 86386723dc9d4bb087f7e8aa30484358, State: Running, Role: LEADER
I20260713 09:02:04.498518  1824 raft_consensus.cc:2804] T a23ee3b6ae984489a2c9ed61bca5a208 P 86386723dc9d4bb087f7e8aa30484358 [term 1 FOLLOWER]: Leader election won for term 1
I20260713 09:02:04.503121  1824 raft_consensus.cc:697] T a23ee3b6ae984489a2c9ed61bca5a208 P 86386723dc9d4bb087f7e8aa30484358 [term 1 LEADER]: Becoming Leader. State: Replica: 86386723dc9d4bb087f7e8aa30484358, State: Running, Role: LEADER
I20260713 09:02:04.502799  1794 consensus_queue.cc:237] T 18e8a2a53cf14d8f9cd9eb8f3ee74e1d P 86386723dc9d4bb087f7e8aa30484358 [LEADER]: Queue going to LEADER mode. State: All replicated index: 0, Majority replicated index: 0, Committed index: 0, Last appended: 0.0, Last appended by leader: 0, Current term: 1, Majority size: 2, State: 0, Mode: LEADER, active raft config: opid_index: -1 OBSOLETE_local: false peers { permanent_uuid: "86386723dc9d4bb087f7e8aa30484358" member_type: VOTER last_known_addr { host: "127.0.107.193" port: 38113 } } peers { permanent_uuid: "7c72ad5b27d942f885eea08883f05418" member_type: VOTER last_known_addr { host: "127.0.107.194" port: 37829 } } peers { permanent_uuid: "d14e997c9a2845bfbecb3756b88cb949" member_type: VOTER last_known_addr { host: "127.0.107.195" port: 46177 } }
I20260713 09:02:04.503983  1824 consensus_queue.cc:237] T a23ee3b6ae984489a2c9ed61bca5a208 P 86386723dc9d4bb087f7e8aa30484358 [LEADER]: Queue going to LEADER mode. State: All replicated index: 0, Majority replicated index: 0, Committed index: 0, Last appended: 0.0, Last appended by leader: 0, Current term: 1, Majority size: 2, State: 0, Mode: LEADER, active raft config: opid_index: -1 OBSOLETE_local: false peers { permanent_uuid: "86386723dc9d4bb087f7e8aa30484358" member_type: VOTER last_known_addr { host: "127.0.107.193" port: 38113 } } peers { permanent_uuid: "7c72ad5b27d942f885eea08883f05418" member_type: VOTER last_known_addr { host: "127.0.107.194" port: 37829 } } peers { permanent_uuid: "d14e997c9a2845bfbecb3756b88cb949" member_type: VOTER last_known_addr { host: "127.0.107.195" port: 46177 } }
I20260713 09:02:04.516958  1710 tablet_service.cc:1917] Received RequestConsensusVote() RPC: tablet_id: "9dfe85655c20479abda5cfa103915d84" candidate_uuid: "7c72ad5b27d942f885eea08883f05418" candidate_term: 1 candidate_status { last_received { term: 0 index: 0 } } ignore_live_leader: false dest_uuid: "d14e997c9a2845bfbecb3756b88cb949" is_pre_election: true
I20260713 09:02:04.517562  1634 tablet_service.cc:1917] Received RequestConsensusVote() RPC: tablet_id: "28096ac07c2b4306acf8d6942ffff8b5" candidate_uuid: "86386723dc9d4bb087f7e8aa30484358" candidate_term: 1 candidate_status { last_received { term: 0 index: 0 } } ignore_live_leader: false dest_uuid: "7c72ad5b27d942f885eea08883f05418" is_pre_election: true
I20260713 09:02:04.517832  1710 raft_consensus.cc:2468] T 9dfe85655c20479abda5cfa103915d84 P d14e997c9a2845bfbecb3756b88cb949 [term 0 FOLLOWER]: Leader pre-election vote request: Granting yes vote for candidate 7c72ad5b27d942f885eea08883f05418 in term 0.
I20260713 09:02:04.557832  1751 tablet_bootstrap.cc:654] T 908eabe8e69b41bdb5ca0206defcd40f P d14e997c9a2845bfbecb3756b88cb949: Neither blocks nor log segments found. Creating new log.
I20260713 09:02:04.557459  1757 raft_consensus.cc:359] T 9dfe85655c20479abda5cfa103915d84 P 86386723dc9d4bb087f7e8aa30484358 [term 0 FOLLOWER]: Replica starting. Triggering 0 pending ops. Active config: opid_index: -1 OBSOLETE_local: false peers { permanent_uuid: "86386723dc9d4bb087f7e8aa30484358" member_type: VOTER last_known_addr { host: "127.0.107.193" port: 38113 } } peers { permanent_uuid: "7c72ad5b27d942f885eea08883f05418" member_type: VOTER last_known_addr { host: "127.0.107.194" port: 37829 } } peers { permanent_uuid: "d14e997c9a2845bfbecb3756b88cb949" member_type: VOTER last_known_addr { host: "127.0.107.195" port: 46177 } }
I20260713 09:02:04.590961  1757 raft_consensus.cc:385] T 9dfe85655c20479abda5cfa103915d84 P 86386723dc9d4bb087f7e8aa30484358 [term 0 FOLLOWER]: Consensus starting up: Expiring failure detector timer to make a prompt election more likely
I20260713 09:02:04.591241  1757 raft_consensus.cc:740] T 9dfe85655c20479abda5cfa103915d84 P 86386723dc9d4bb087f7e8aa30484358 [term 0 FOLLOWER]: Becoming Follower/Learner. State: Replica: 86386723dc9d4bb087f7e8aa30484358, State: Initialized, Role: FOLLOWER
I20260713 09:02:04.591936  1757 consensus_queue.cc:260] T 9dfe85655c20479abda5cfa103915d84 P 86386723dc9d4bb087f7e8aa30484358 [NON_LEADER]: Queue going to NON_LEADER mode. State: All replicated index: 0, Majority replicated index: 0, Committed index: 0, Last appended: 0.0, Last appended by leader: 0, Current term: 0, Majority size: -1, State: 0, Mode: NON_LEADER, active raft config: opid_index: -1 OBSOLETE_local: false peers { permanent_uuid: "86386723dc9d4bb087f7e8aa30484358" member_type: VOTER last_known_addr { host: "127.0.107.193" port: 38113 } } peers { permanent_uuid: "7c72ad5b27d942f885eea08883f05418" member_type: VOTER last_known_addr { host: "127.0.107.194" port: 37829 } } peers { permanent_uuid: "d14e997c9a2845bfbecb3756b88cb949" member_type: VOTER last_known_addr { host: "127.0.107.195" port: 46177 } }
I20260713 09:02:04.594298  1757 ts_tablet_manager.cc:1434] T 9dfe85655c20479abda5cfa103915d84 P 86386723dc9d4bb087f7e8aa30484358: Time spent starting tablet: real 0.134s	user 0.019s	sys 0.011s
I20260713 09:02:04.597363  1757 tablet_bootstrap.cc:492] T 692d2316e08149c5ba07667a11054aa5 P 86386723dc9d4bb087f7e8aa30484358: Bootstrap starting.
I20260713 09:02:04.562577  1558 tablet_service.cc:1917] Received RequestConsensusVote() RPC: tablet_id: "5e9d21308ed2470088953d2d296a692f" candidate_uuid: "d14e997c9a2845bfbecb3756b88cb949" candidate_term: 1 candidate_status { last_received { term: 0 index: 0 } } ignore_live_leader: false dest_uuid: "86386723dc9d4bb087f7e8aa30484358" is_pre_election: true
I20260713 09:02:04.559118  1754 leader_election.cc:290] T 5e9d21308ed2470088953d2d296a692f P d14e997c9a2845bfbecb3756b88cb949 [CANDIDATE]: Term 1 pre-election: Requested pre-vote from peers 86386723dc9d4bb087f7e8aa30484358 (127.0.107.193:38113), 7c72ad5b27d942f885eea08883f05418 (127.0.107.194:37829)
I20260713 09:02:04.561769  1633 tablet_service.cc:1917] Received RequestConsensusVote() RPC: tablet_id: "5e9d21308ed2470088953d2d296a692f" candidate_uuid: "d14e997c9a2845bfbecb3756b88cb949" candidate_term: 1 candidate_status { last_received { term: 0 index: 0 } } ignore_live_leader: false dest_uuid: "7c72ad5b27d942f885eea08883f05418" is_pre_election: true
W20260713 09:02:04.600581  1677 leader_election.cc:343] T 5e9d21308ed2470088953d2d296a692f P d14e997c9a2845bfbecb3756b88cb949 [CANDIDATE]: Term 1 pre-election: Tablet error from VoteRequest() call to peer 86386723dc9d4bb087f7e8aa30484358 (127.0.107.193:38113): Illegal state: must be running to vote when last-logged opid is not known
W20260713 09:02:04.521159  1525 leader_election.cc:343] T 28096ac07c2b4306acf8d6942ffff8b5 P 86386723dc9d4bb087f7e8aa30484358 [CANDIDATE]: Term 1 pre-election: Tablet error from VoteRequest() call to peer d14e997c9a2845bfbecb3756b88cb949 (127.0.107.195:46177): Illegal state: must be running to vote when last-logged opid is not known
W20260713 09:02:04.603885  1525 outbound_call.cc:321] RPC callback for RPC call kudu.consensus.ConsensusService.RequestConsensusVote -> {remote=127.0.107.195:46177, user_credentials={real_user=slave}} blocked reactor thread for 93183.3us
W20260713 09:02:04.604823  1822 log.cc:927] Time spent T de02b13c2ee64c8b917de52c1e7de26a P d14e997c9a2845bfbecb3756b88cb949: Append to log took a long time: real 0.075s	user 0.006s	sys 0.015s
I20260713 09:02:04.518244  1634 raft_consensus.cc:2468] T 28096ac07c2b4306acf8d6942ffff8b5 P 7c72ad5b27d942f885eea08883f05418 [term 0 FOLLOWER]: Leader pre-election vote request: Granting yes vote for candidate 86386723dc9d4bb087f7e8aa30484358 in term 0.
I20260713 09:02:04.588709  1808 raft_consensus.cc:493] T 692d2316e08149c5ba07667a11054aa5 P 7c72ad5b27d942f885eea08883f05418 [term 0 FOLLOWER]: Starting pre-election (no leader contacted us within the election timeout)
I20260713 09:02:04.545140  1705 raft_consensus.cc:2468] T a23ee3b6ae984489a2c9ed61bca5a208 P d14e997c9a2845bfbecb3756b88cb949 [term 1 FOLLOWER]: Leader election vote request: Granting yes vote for candidate 86386723dc9d4bb087f7e8aa30484358 in term 1.
I20260713 09:02:04.565558  1807 consensus_queue.cc:1048] T de02b13c2ee64c8b917de52c1e7de26a P d14e997c9a2845bfbecb3756b88cb949 [LEADER]: Connected to new peer: Peer: permanent_uuid: "86386723dc9d4bb087f7e8aa30484358" member_type: VOTER last_known_addr { host: "127.0.107.193" port: 38113 }, Status: LMP_MISMATCH, Last received: 0.0, Next index: 1, Last known committed idx: 0, Time since last communication: 0.041s
I20260713 09:02:04.624536  1528 leader_election.cc:304] T 28096ac07c2b4306acf8d6942ffff8b5 P 86386723dc9d4bb087f7e8aa30484358 [CANDIDATE]: Term 1 pre-election: Election decided. Result: candidate won. Election summary: received 3 responses out of 3 voters: 2 yes votes; 1 no votes. yes voters: 7c72ad5b27d942f885eea08883f05418, 86386723dc9d4bb087f7e8aa30484358; no voters: d14e997c9a2845bfbecb3756b88cb949
I20260713 09:02:04.628134  1824 raft_consensus.cc:2804] T 28096ac07c2b4306acf8d6942ffff8b5 P 86386723dc9d4bb087f7e8aa30484358 [term 0 FOLLOWER]: Leader pre-election won for term 1
I20260713 09:02:04.628491  1824 raft_consensus.cc:493] T 28096ac07c2b4306acf8d6942ffff8b5 P 86386723dc9d4bb087f7e8aa30484358 [term 0 FOLLOWER]: Starting leader election (no leader contacted us within the election timeout)
I20260713 09:02:04.628829  1824 raft_consensus.cc:3060] T 28096ac07c2b4306acf8d6942ffff8b5 P 86386723dc9d4bb087f7e8aa30484358 [term 0 FOLLOWER]: Advancing to term 1
I20260713 09:02:04.618638  1558 tablet_service.cc:1917] Received RequestConsensusVote() RPC: tablet_id: "9dfe85655c20479abda5cfa103915d84" candidate_uuid: "7c72ad5b27d942f885eea08883f05418" candidate_term: 1 candidate_status { last_received { term: 0 index: 0 } } ignore_live_leader: false dest_uuid: "86386723dc9d4bb087f7e8aa30484358" is_pre_election: true
W20260713 09:02:04.616570  1677 leader_election.cc:343] T 5e9d21308ed2470088953d2d296a692f P d14e997c9a2845bfbecb3756b88cb949 [CANDIDATE]: Term 1 pre-election: Tablet error from VoteRequest() call to peer 7c72ad5b27d942f885eea08883f05418 (127.0.107.194:37829): Illegal state: must be running to vote when last-logged opid is not known
I20260713 09:02:04.638077  1824 raft_consensus.cc:515] T 28096ac07c2b4306acf8d6942ffff8b5 P 86386723dc9d4bb087f7e8aa30484358 [term 1 FOLLOWER]: Starting leader election with config: opid_index: -1 OBSOLETE_local: false peers { permanent_uuid: "86386723dc9d4bb087f7e8aa30484358" member_type: VOTER last_known_addr { host: "127.0.107.193" port: 38113 } } peers { permanent_uuid: "7c72ad5b27d942f885eea08883f05418" member_type: VOTER last_known_addr { host: "127.0.107.194" port: 37829 } } peers { permanent_uuid: "d14e997c9a2845bfbecb3756b88cb949" member_type: VOTER last_known_addr { host: "127.0.107.195" port: 46177 } }
I20260713 09:02:04.613696  1600 leader_election.cc:304] T 9dfe85655c20479abda5cfa103915d84 P 7c72ad5b27d942f885eea08883f05418 [CANDIDATE]: Term 1 pre-election: Election decided. Result: candidate won. Election summary: received 2 responses out of 3 voters: 2 yes votes; 0 no votes. yes voters: 7c72ad5b27d942f885eea08883f05418, d14e997c9a2845bfbecb3756b88cb949; no voters: 
I20260713 09:02:04.609830  1808 raft_consensus.cc:515] T 692d2316e08149c5ba07667a11054aa5 P 7c72ad5b27d942f885eea08883f05418 [term 0 FOLLOWER]: Starting pre-election with config: opid_index: -1 OBSOLETE_local: false peers { permanent_uuid: "86386723dc9d4bb087f7e8aa30484358" member_type: VOTER last_known_addr { host: "127.0.107.193" port: 38113 } } peers { permanent_uuid: "7c72ad5b27d942f885eea08883f05418" member_type: VOTER last_known_addr { host: "127.0.107.194" port: 37829 } } peers { permanent_uuid: "d14e997c9a2845bfbecb3756b88cb949" member_type: VOTER last_known_addr { host: "127.0.107.195" port: 46177 } }
I20260713 09:02:04.648010  1808 leader_election.cc:290] T 692d2316e08149c5ba07667a11054aa5 P 7c72ad5b27d942f885eea08883f05418 [CANDIDATE]: Term 1 pre-election: Requested pre-vote from peers 86386723dc9d4bb087f7e8aa30484358 (127.0.107.193:38113), d14e997c9a2845bfbecb3756b88cb949 (127.0.107.195:46177)
I20260713 09:02:04.648295  1824 leader_election.cc:290] T 28096ac07c2b4306acf8d6942ffff8b5 P 86386723dc9d4bb087f7e8aa30484358 [CANDIDATE]: Term 1 election: Requested vote from peers 7c72ad5b27d942f885eea08883f05418 (127.0.107.194:37829), d14e997c9a2845bfbecb3756b88cb949 (127.0.107.195:46177)
I20260713 09:02:04.648965  1815 raft_consensus.cc:2804] T 9dfe85655c20479abda5cfa103915d84 P 7c72ad5b27d942f885eea08883f05418 [term 0 FOLLOWER]: Leader pre-election won for term 1
I20260713 09:02:04.649047  1705 tablet_service.cc:1917] Received RequestConsensusVote() RPC: tablet_id: "692d2316e08149c5ba07667a11054aa5" candidate_uuid: "7c72ad5b27d942f885eea08883f05418" candidate_term: 1 candidate_status { last_received { term: 0 index: 0 } } ignore_live_leader: false dest_uuid: "d14e997c9a2845bfbecb3756b88cb949" is_pre_election: true
I20260713 09:02:04.649509  1815 raft_consensus.cc:493] T 9dfe85655c20479abda5cfa103915d84 P 7c72ad5b27d942f885eea08883f05418 [term 0 FOLLOWER]: Starting leader election (no leader contacted us within the election timeout)
I20260713 09:02:04.649796  1705 raft_consensus.cc:2468] T 692d2316e08149c5ba07667a11054aa5 P d14e997c9a2845bfbecb3756b88cb949 [term 0 FOLLOWER]: Leader pre-election vote request: Granting yes vote for candidate 7c72ad5b27d942f885eea08883f05418 in term 0.
I20260713 09:02:04.650002  1815 raft_consensus.cc:3060] T 9dfe85655c20479abda5cfa103915d84 P 7c72ad5b27d942f885eea08883f05418 [term 0 FOLLOWER]: Advancing to term 1
I20260713 09:02:04.650718  1600 leader_election.cc:304] T 692d2316e08149c5ba07667a11054aa5 P 7c72ad5b27d942f885eea08883f05418 [CANDIDATE]: Term 1 pre-election: Election decided. Result: candidate won. Election summary: received 2 responses out of 3 voters: 2 yes votes; 0 no votes. yes voters: 7c72ad5b27d942f885eea08883f05418, d14e997c9a2845bfbecb3756b88cb949; no voters: 
I20260713 09:02:04.646586  1677 leader_election.cc:304] T 5e9d21308ed2470088953d2d296a692f P d14e997c9a2845bfbecb3756b88cb949 [CANDIDATE]: Term 1 pre-election: Election decided. Result: candidate lost. Election summary: received 3 responses out of 3 voters: 1 yes votes; 2 no votes. yes voters: d14e997c9a2845bfbecb3756b88cb949; no voters: 7c72ad5b27d942f885eea08883f05418, 86386723dc9d4bb087f7e8aa30484358
I20260713 09:02:04.653585  1807 raft_consensus.cc:2749] T 5e9d21308ed2470088953d2d296a692f P d14e997c9a2845bfbecb3756b88cb949 [term 0 FOLLOWER]: Leader pre-election lost for term 1. Reason: could not achieve majority
I20260713 09:02:04.646716  1558 raft_consensus.cc:2468] T 9dfe85655c20479abda5cfa103915d84 P 86386723dc9d4bb087f7e8aa30484358 [term 0 FOLLOWER]: Leader pre-election vote request: Granting yes vote for candidate 7c72ad5b27d942f885eea08883f05418 in term 0.
I20260713 09:02:04.656212  1774 raft_consensus.cc:2804] T 692d2316e08149c5ba07667a11054aa5 P 7c72ad5b27d942f885eea08883f05418 [term 0 FOLLOWER]: Leader pre-election won for term 1
I20260713 09:02:04.658926  1774 raft_consensus.cc:493] T 692d2316e08149c5ba07667a11054aa5 P 7c72ad5b27d942f885eea08883f05418 [term 0 FOLLOWER]: Starting leader election (no leader contacted us within the election timeout)
I20260713 09:02:04.659379  1774 raft_consensus.cc:3060] T 692d2316e08149c5ba07667a11054aa5 P 7c72ad5b27d942f885eea08883f05418 [term 0 FOLLOWER]: Advancing to term 1
I20260713 09:02:04.664041  1758 tablet_bootstrap.cc:492] T 0537e0f9a2cf4078b7236a809f06dceb P 7c72ad5b27d942f885eea08883f05418: No bootstrap required, opened a new log
I20260713 09:02:04.664497  1758 ts_tablet_manager.cc:1403] T 0537e0f9a2cf4078b7236a809f06dceb P 7c72ad5b27d942f885eea08883f05418: Time spent bootstrapping tablet: real 0.371s	user 0.009s	sys 0.008s
I20260713 09:02:04.664872  1636 tablet_service.cc:1917] Received RequestConsensusVote() RPC: tablet_id: "28096ac07c2b4306acf8d6942ffff8b5" candidate_uuid: "86386723dc9d4bb087f7e8aa30484358" candidate_term: 1 candidate_status { last_received { term: 0 index: 0 } } ignore_live_leader: false dest_uuid: "7c72ad5b27d942f885eea08883f05418"
I20260713 09:02:04.667022  1758 raft_consensus.cc:359] T 0537e0f9a2cf4078b7236a809f06dceb P 7c72ad5b27d942f885eea08883f05418 [term 0 FOLLOWER]: Replica starting. Triggering 0 pending ops. Active config: opid_index: -1 OBSOLETE_local: false peers { permanent_uuid: "86386723dc9d4bb087f7e8aa30484358" member_type: VOTER last_known_addr { host: "127.0.107.193" port: 38113 } } peers { permanent_uuid: "7c72ad5b27d942f885eea08883f05418" member_type: VOTER last_known_addr { host: "127.0.107.194" port: 37829 } } peers { permanent_uuid: "d14e997c9a2845bfbecb3756b88cb949" member_type: VOTER last_known_addr { host: "127.0.107.195" port: 46177 } }
I20260713 09:02:04.667654  1758 raft_consensus.cc:385] T 0537e0f9a2cf4078b7236a809f06dceb P 7c72ad5b27d942f885eea08883f05418 [term 0 FOLLOWER]: Consensus starting up: Expiring failure detector timer to make a prompt election more likely
I20260713 09:02:04.668098  1758 raft_consensus.cc:740] T 0537e0f9a2cf4078b7236a809f06dceb P 7c72ad5b27d942f885eea08883f05418 [term 0 FOLLOWER]: Becoming Follower/Learner. State: Replica: 7c72ad5b27d942f885eea08883f05418, State: Initialized, Role: FOLLOWER
I20260713 09:02:04.668691  1758 consensus_queue.cc:260] T 0537e0f9a2cf4078b7236a809f06dceb P 7c72ad5b27d942f885eea08883f05418 [NON_LEADER]: Queue going to NON_LEADER mode. State: All replicated index: 0, Majority replicated index: 0, Committed index: 0, Last appended: 0.0, Last appended by leader: 0, Current term: 0, Majority size: -1, State: 0, Mode: NON_LEADER, active raft config: opid_index: -1 OBSOLETE_local: false peers { permanent_uuid: "86386723dc9d4bb087f7e8aa30484358" member_type: VOTER last_known_addr { host: "127.0.107.193" port: 38113 } } peers { permanent_uuid: "7c72ad5b27d942f885eea08883f05418" member_type: VOTER last_known_addr { host: "127.0.107.194" port: 37829 } } peers { permanent_uuid: "d14e997c9a2845bfbecb3756b88cb949" member_type: VOTER last_known_addr { host: "127.0.107.195" port: 46177 } }
I20260713 09:02:04.670112  1562 tablet_service.cc:1917] Received RequestConsensusVote() RPC: tablet_id: "692d2316e08149c5ba07667a11054aa5" candidate_uuid: "7c72ad5b27d942f885eea08883f05418" candidate_term: 1 candidate_status { last_received { term: 0 index: 0 } } ignore_live_leader: false dest_uuid: "86386723dc9d4bb087f7e8aa30484358" is_pre_election: true
I20260713 09:02:04.671840  1705 tablet_service.cc:1917] Received RequestConsensusVote() RPC: tablet_id: "28096ac07c2b4306acf8d6942ffff8b5" candidate_uuid: "86386723dc9d4bb087f7e8aa30484358" candidate_term: 1 candidate_status { last_received { term: 0 index: 0 } } ignore_live_leader: false dest_uuid: "d14e997c9a2845bfbecb3756b88cb949"
I20260713 09:02:04.665455  1636 raft_consensus.cc:3060] T 28096ac07c2b4306acf8d6942ffff8b5 P 7c72ad5b27d942f885eea08883f05418 [term 0 FOLLOWER]: Advancing to term 1
I20260713 09:02:04.678860  1751 tablet_bootstrap.cc:492] T 908eabe8e69b41bdb5ca0206defcd40f P d14e997c9a2845bfbecb3756b88cb949: No bootstrap required, opened a new log
I20260713 09:02:04.679298  1751 ts_tablet_manager.cc:1403] T 908eabe8e69b41bdb5ca0206defcd40f P d14e997c9a2845bfbecb3756b88cb949: Time spent bootstrapping tablet: real 0.418s	user 0.025s	sys 0.011s
I20260713 09:02:04.691319  1757 tablet_bootstrap.cc:654] T 692d2316e08149c5ba07667a11054aa5 P 86386723dc9d4bb087f7e8aa30484358: Neither blocks nor log segments found. Creating new log.
W20260713 09:02:04.694082  1525 leader_election.cc:343] T 28096ac07c2b4306acf8d6942ffff8b5 P 86386723dc9d4bb087f7e8aa30484358 [CANDIDATE]: Term 1 election: Tablet error from VoteRequest() call to peer d14e997c9a2845bfbecb3756b88cb949 (127.0.107.195:46177): Illegal state: must be running to vote when last-logged opid is not known
I20260713 09:02:04.694450  1758 ts_tablet_manager.cc:1434] T 0537e0f9a2cf4078b7236a809f06dceb P 7c72ad5b27d942f885eea08883f05418: Time spent starting tablet: real 0.030s	user 0.007s	sys 0.013s
I20260713 09:02:04.695461  1758 tablet_bootstrap.cc:492] T eb78c573295f42af9373ef8060891107 P 7c72ad5b27d942f885eea08883f05418: Bootstrap starting.
W20260713 09:02:04.705173  1603 leader_election.cc:343] T 692d2316e08149c5ba07667a11054aa5 P 7c72ad5b27d942f885eea08883f05418 [CANDIDATE]: Term 1 pre-election: Tablet error from VoteRequest() call to peer 86386723dc9d4bb087f7e8aa30484358 (127.0.107.193:38113): Illegal state: must be running to vote when last-logged opid is not known
I20260713 09:02:04.708230  1774 raft_consensus.cc:515] T 692d2316e08149c5ba07667a11054aa5 P 7c72ad5b27d942f885eea08883f05418 [term 1 FOLLOWER]: Starting leader election with config: opid_index: -1 OBSOLETE_local: false peers { permanent_uuid: "86386723dc9d4bb087f7e8aa30484358" member_type: VOTER last_known_addr { host: "127.0.107.193" port: 38113 } } peers { permanent_uuid: "7c72ad5b27d942f885eea08883f05418" member_type: VOTER last_known_addr { host: "127.0.107.194" port: 37829 } } peers { permanent_uuid: "d14e997c9a2845bfbecb3756b88cb949" member_type: VOTER last_known_addr { host: "127.0.107.195" port: 46177 } }
I20260713 09:02:04.709303  1636 raft_consensus.cc:2468] T 28096ac07c2b4306acf8d6942ffff8b5 P 7c72ad5b27d942f885eea08883f05418 [term 1 FOLLOWER]: Leader election vote request: Granting yes vote for candidate 86386723dc9d4bb087f7e8aa30484358 in term 1.
I20260713 09:02:04.710207  1528 leader_election.cc:304] T 28096ac07c2b4306acf8d6942ffff8b5 P 86386723dc9d4bb087f7e8aa30484358 [CANDIDATE]: Term 1 election: Election decided. Result: candidate won. Election summary: received 3 responses out of 3 voters: 2 yes votes; 1 no votes. yes voters: 7c72ad5b27d942f885eea08883f05418, 86386723dc9d4bb087f7e8aa30484358; no voters: d14e997c9a2845bfbecb3756b88cb949
I20260713 09:02:04.711220  1562 tablet_service.cc:1917] Received RequestConsensusVote() RPC: tablet_id: "692d2316e08149c5ba07667a11054aa5" candidate_uuid: "7c72ad5b27d942f885eea08883f05418" candidate_term: 1 candidate_status { last_received { term: 0 index: 0 } } ignore_live_leader: false dest_uuid: "86386723dc9d4bb087f7e8aa30484358"
I20260713 09:02:04.711691  1824 raft_consensus.cc:2804] T 28096ac07c2b4306acf8d6942ffff8b5 P 86386723dc9d4bb087f7e8aa30484358 [term 1 FOLLOWER]: Leader election won for term 1
I20260713 09:02:04.712298  1824 raft_consensus.cc:697] T 28096ac07c2b4306acf8d6942ffff8b5 P 86386723dc9d4bb087f7e8aa30484358 [term 1 LEADER]: Becoming Leader. State: Replica: 86386723dc9d4bb087f7e8aa30484358, State: Running, Role: LEADER
I20260713 09:02:04.712733  1706 tablet_service.cc:1917] Received RequestConsensusVote() RPC: tablet_id: "692d2316e08149c5ba07667a11054aa5" candidate_uuid: "7c72ad5b27d942f885eea08883f05418" candidate_term: 1 candidate_status { last_received { term: 0 index: 0 } } ignore_live_leader: false dest_uuid: "d14e997c9a2845bfbecb3756b88cb949"
I20260713 09:02:04.713395  1824 consensus_queue.cc:237] T 28096ac07c2b4306acf8d6942ffff8b5 P 86386723dc9d4bb087f7e8aa30484358 [LEADER]: Queue going to LEADER mode. State: All replicated index: 0, Majority replicated index: 0, Committed index: 0, Last appended: 0.0, Last appended by leader: 0, Current term: 1, Majority size: 2, State: 0, Mode: LEADER, active raft config: opid_index: -1 OBSOLETE_local: false peers { permanent_uuid: "86386723dc9d4bb087f7e8aa30484358" member_type: VOTER last_known_addr { host: "127.0.107.193" port: 38113 } } peers { permanent_uuid: "7c72ad5b27d942f885eea08883f05418" member_type: VOTER last_known_addr { host: "127.0.107.194" port: 37829 } } peers { permanent_uuid: "d14e997c9a2845bfbecb3756b88cb949" member_type: VOTER last_known_addr { host: "127.0.107.195" port: 46177 } }
I20260713 09:02:04.713388  1706 raft_consensus.cc:3060] T 692d2316e08149c5ba07667a11054aa5 P d14e997c9a2845bfbecb3756b88cb949 [term 0 FOLLOWER]: Advancing to term 1
I20260713 09:02:04.716137  1774 leader_election.cc:290] T 692d2316e08149c5ba07667a11054aa5 P 7c72ad5b27d942f885eea08883f05418 [CANDIDATE]: Term 1 election: Requested vote from peers 86386723dc9d4bb087f7e8aa30484358 (127.0.107.193:38113), d14e997c9a2845bfbecb3756b88cb949 (127.0.107.195:46177)
I20260713 09:02:04.717280  1815 raft_consensus.cc:515] T 9dfe85655c20479abda5cfa103915d84 P 7c72ad5b27d942f885eea08883f05418 [term 1 FOLLOWER]: Starting leader election with config: opid_index: -1 OBSOLETE_local: false peers { permanent_uuid: "86386723dc9d4bb087f7e8aa30484358" member_type: VOTER last_known_addr { host: "127.0.107.193" port: 38113 } } peers { permanent_uuid: "7c72ad5b27d942f885eea08883f05418" member_type: VOTER last_known_addr { host: "127.0.107.194" port: 37829 } } peers { permanent_uuid: "d14e997c9a2845bfbecb3756b88cb949" member_type: VOTER last_known_addr { host: "127.0.107.195" port: 46177 } }
I20260713 09:02:04.719660  1815 leader_election.cc:290] T 9dfe85655c20479abda5cfa103915d84 P 7c72ad5b27d942f885eea08883f05418 [CANDIDATE]: Term 1 election: Requested vote from peers 86386723dc9d4bb087f7e8aa30484358 (127.0.107.193:38113), d14e997c9a2845bfbecb3756b88cb949 (127.0.107.195:46177)
I20260713 09:02:04.720743  1705 tablet_service.cc:1917] Received RequestConsensusVote() RPC: tablet_id: "9dfe85655c20479abda5cfa103915d84" candidate_uuid: "7c72ad5b27d942f885eea08883f05418" candidate_term: 1 candidate_status { last_received { term: 0 index: 0 } } ignore_live_leader: false dest_uuid: "d14e997c9a2845bfbecb3756b88cb949"
W20260713 09:02:04.721009  1603 leader_election.cc:343] T 692d2316e08149c5ba07667a11054aa5 P 7c72ad5b27d942f885eea08883f05418 [CANDIDATE]: Term 1 election: Tablet error from VoteRequest() call to peer 86386723dc9d4bb087f7e8aa30484358 (127.0.107.193:38113): Illegal state: must be running to vote when last-logged opid is not known
I20260713 09:02:04.721289  1705 raft_consensus.cc:3060] T 9dfe85655c20479abda5cfa103915d84 P d14e997c9a2845bfbecb3756b88cb949 [term 0 FOLLOWER]: Advancing to term 1
I20260713 09:02:04.722039  1751 raft_consensus.cc:359] T 908eabe8e69b41bdb5ca0206defcd40f P d14e997c9a2845bfbecb3756b88cb949 [term 0 FOLLOWER]: Replica starting. Triggering 0 pending ops. Active config: opid_index: -1 OBSOLETE_local: false peers { permanent_uuid: "86386723dc9d4bb087f7e8aa30484358" member_type: VOTER last_known_addr { host: "127.0.107.193" port: 38113 } } peers { permanent_uuid: "7c72ad5b27d942f885eea08883f05418" member_type: VOTER last_known_addr { host: "127.0.107.194" port: 37829 } } peers { permanent_uuid: "d14e997c9a2845bfbecb3756b88cb949" member_type: VOTER last_known_addr { host: "127.0.107.195" port: 46177 } }
I20260713 09:02:04.722790  1751 raft_consensus.cc:385] T 908eabe8e69b41bdb5ca0206defcd40f P d14e997c9a2845bfbecb3756b88cb949 [term 0 FOLLOWER]: Consensus starting up: Expiring failure detector timer to make a prompt election more likely
I20260713 09:02:04.723145  1751 raft_consensus.cc:740] T 908eabe8e69b41bdb5ca0206defcd40f P d14e997c9a2845bfbecb3756b88cb949 [term 0 FOLLOWER]: Becoming Follower/Learner. State: Replica: d14e997c9a2845bfbecb3756b88cb949, State: Initialized, Role: FOLLOWER
I20260713 09:02:04.727106  1561 tablet_service.cc:1917] Received RequestConsensusVote() RPC: tablet_id: "9dfe85655c20479abda5cfa103915d84" candidate_uuid: "7c72ad5b27d942f885eea08883f05418" candidate_term: 1 candidate_status { last_received { term: 0 index: 0 } } ignore_live_leader: false dest_uuid: "86386723dc9d4bb087f7e8aa30484358"
I20260713 09:02:04.727622  1561 raft_consensus.cc:3060] T 9dfe85655c20479abda5cfa103915d84 P 86386723dc9d4bb087f7e8aa30484358 [term 0 FOLLOWER]: Advancing to term 1
I20260713 09:02:04.731460  1751 consensus_queue.cc:260] T 908eabe8e69b41bdb5ca0206defcd40f P d14e997c9a2845bfbecb3756b88cb949 [NON_LEADER]: Queue going to NON_LEADER mode. State: All replicated index: 0, Majority replicated index: 0, Committed index: 0, Last appended: 0.0, Last appended by leader: 0, Current term: 0, Majority size: -1, State: 0, Mode: NON_LEADER, active raft config: opid_index: -1 OBSOLETE_local: false peers { permanent_uuid: "86386723dc9d4bb087f7e8aa30484358" member_type: VOTER last_known_addr { host: "127.0.107.193" port: 38113 } } peers { permanent_uuid: "7c72ad5b27d942f885eea08883f05418" member_type: VOTER last_known_addr { host: "127.0.107.194" port: 37829 } } peers { permanent_uuid: "d14e997c9a2845bfbecb3756b88cb949" member_type: VOTER last_known_addr { host: "127.0.107.195" port: 46177 } }
I20260713 09:02:04.737233  1705 raft_consensus.cc:2468] T 9dfe85655c20479abda5cfa103915d84 P d14e997c9a2845bfbecb3756b88cb949 [term 1 FOLLOWER]: Leader election vote request: Granting yes vote for candidate 7c72ad5b27d942f885eea08883f05418 in term 1.
I20260713 09:02:04.742923  1708 raft_consensus.cc:3060] T 908eabe8e69b41bdb5ca0206defcd40f P d14e997c9a2845bfbecb3756b88cb949 [term 0 FOLLOWER]: Advancing to term 1
I20260713 09:02:04.738349  1751 ts_tablet_manager.cc:1434] T 908eabe8e69b41bdb5ca0206defcd40f P d14e997c9a2845bfbecb3756b88cb949: Time spent starting tablet: real 0.059s	user 0.002s	sys 0.005s
I20260713 09:02:04.744364  1751 tablet_bootstrap.cc:492] T e0317851c9784910b51c33d567200bda P d14e997c9a2845bfbecb3756b88cb949: Bootstrap starting.
I20260713 09:02:04.744599  1600 leader_election.cc:304] T 9dfe85655c20479abda5cfa103915d84 P 7c72ad5b27d942f885eea08883f05418 [CANDIDATE]: Term 1 election: Election decided. Result: candidate won. Election summary: received 2 responses out of 3 voters: 2 yes votes; 0 no votes. yes voters: 7c72ad5b27d942f885eea08883f05418, d14e997c9a2845bfbecb3756b88cb949; no voters: 
I20260713 09:02:04.742538  1561 raft_consensus.cc:2468] T 9dfe85655c20479abda5cfa103915d84 P 86386723dc9d4bb087f7e8aa30484358 [term 1 FOLLOWER]: Leader election vote request: Granting yes vote for candidate 7c72ad5b27d942f885eea08883f05418 in term 1.
I20260713 09:02:04.750064  1815 raft_consensus.cc:2804] T 9dfe85655c20479abda5cfa103915d84 P 7c72ad5b27d942f885eea08883f05418 [term 1 FOLLOWER]: Leader election won for term 1
I20260713 09:02:04.750556  1815 raft_consensus.cc:697] T 9dfe85655c20479abda5cfa103915d84 P 7c72ad5b27d942f885eea08883f05418 [term 1 LEADER]: Becoming Leader. State: Replica: 7c72ad5b27d942f885eea08883f05418, State: Running, Role: LEADER
I20260713 09:02:04.752355  1758 tablet_bootstrap.cc:654] T eb78c573295f42af9373ef8060891107 P 7c72ad5b27d942f885eea08883f05418: Neither blocks nor log segments found. Creating new log.
I20260713 09:02:04.757411  1751 tablet_bootstrap.cc:654] T e0317851c9784910b51c33d567200bda P d14e997c9a2845bfbecb3756b88cb949: Neither blocks nor log segments found. Creating new log.
I20260713 09:02:04.757035  1706 raft_consensus.cc:2468] T 692d2316e08149c5ba07667a11054aa5 P d14e997c9a2845bfbecb3756b88cb949 [term 1 FOLLOWER]: Leader election vote request: Granting yes vote for candidate 7c72ad5b27d942f885eea08883f05418 in term 1.
I20260713 09:02:04.758797  1600 leader_election.cc:304] T 692d2316e08149c5ba07667a11054aa5 P 7c72ad5b27d942f885eea08883f05418 [CANDIDATE]: Term 1 election: Election decided. Result: candidate won. Election summary: received 3 responses out of 3 voters: 2 yes votes; 1 no votes. yes voters: 7c72ad5b27d942f885eea08883f05418, d14e997c9a2845bfbecb3756b88cb949; no voters: 86386723dc9d4bb087f7e8aa30484358
I20260713 09:02:04.761188  1774 raft_consensus.cc:2804] T 692d2316e08149c5ba07667a11054aa5 P 7c72ad5b27d942f885eea08883f05418 [term 1 FOLLOWER]: Leader election won for term 1
I20260713 09:02:04.751837  1815 consensus_queue.cc:237] T 9dfe85655c20479abda5cfa103915d84 P 7c72ad5b27d942f885eea08883f05418 [LEADER]: Queue going to LEADER mode. State: All replicated index: 0, Majority replicated index: 0, Committed index: 0, Last appended: 0.0, Last appended by leader: 0, Current term: 1, Majority size: 2, State: 0, Mode: LEADER, active raft config: opid_index: -1 OBSOLETE_local: false peers { permanent_uuid: "86386723dc9d4bb087f7e8aa30484358" member_type: VOTER last_known_addr { host: "127.0.107.193" port: 38113 } } peers { permanent_uuid: "7c72ad5b27d942f885eea08883f05418" member_type: VOTER last_known_addr { host: "127.0.107.194" port: 37829 } } peers { permanent_uuid: "d14e997c9a2845bfbecb3756b88cb949" member_type: VOTER last_known_addr { host: "127.0.107.195" port: 46177 } }
I20260713 09:02:04.762276  1774 raft_consensus.cc:697] T 692d2316e08149c5ba07667a11054aa5 P 7c72ad5b27d942f885eea08883f05418 [term 1 LEADER]: Becoming Leader. State: Replica: 7c72ad5b27d942f885eea08883f05418, State: Running, Role: LEADER
I20260713 09:02:04.763329  1774 consensus_queue.cc:237] T 692d2316e08149c5ba07667a11054aa5 P 7c72ad5b27d942f885eea08883f05418 [LEADER]: Queue going to LEADER mode. State: All replicated index: 0, Majority replicated index: 0, Committed index: 0, Last appended: 0.0, Last appended by leader: 0, Current term: 1, Majority size: 2, State: 0, Mode: LEADER, active raft config: opid_index: -1 OBSOLETE_local: false peers { permanent_uuid: "86386723dc9d4bb087f7e8aa30484358" member_type: VOTER last_known_addr { host: "127.0.107.193" port: 38113 } } peers { permanent_uuid: "7c72ad5b27d942f885eea08883f05418" member_type: VOTER last_known_addr { host: "127.0.107.194" port: 37829 } } peers { permanent_uuid: "d14e997c9a2845bfbecb3756b88cb949" member_type: VOTER last_known_addr { host: "127.0.107.195" port: 46177 } }
I20260713 09:02:04.775492  1758 tablet_bootstrap.cc:492] T eb78c573295f42af9373ef8060891107 P 7c72ad5b27d942f885eea08883f05418: No bootstrap required, opened a new log
I20260713 09:02:04.776177  1758 ts_tablet_manager.cc:1403] T eb78c573295f42af9373ef8060891107 P 7c72ad5b27d942f885eea08883f05418: Time spent bootstrapping tablet: real 0.081s	user 0.012s	sys 0.002s
I20260713 09:02:04.773543  1457 catalog_manager.cc:5697] T 18e8a2a53cf14d8f9cd9eb8f3ee74e1d P 86386723dc9d4bb087f7e8aa30484358 reported cstate change: term changed from 0 to 1, leader changed from <none> to 86386723dc9d4bb087f7e8aa30484358 (127.0.107.193). New cstate: current_term: 1 leader_uuid: "86386723dc9d4bb087f7e8aa30484358" committed_config { opid_index: -1 OBSOLETE_local: false peers { permanent_uuid: "86386723dc9d4bb087f7e8aa30484358" member_type: VOTER last_known_addr { host: "127.0.107.193" port: 38113 } health_report { overall_health: HEALTHY } } peers { permanent_uuid: "7c72ad5b27d942f885eea08883f05418" member_type: VOTER last_known_addr { host: "127.0.107.194" port: 37829 } health_report { overall_health: UNKNOWN } } peers { permanent_uuid: "d14e997c9a2845bfbecb3756b88cb949" member_type: VOTER last_known_addr { host: "127.0.107.195" port: 46177 } health_report { overall_health: UNKNOWN } } }
I20260713 09:02:04.778745  1457 catalog_manager.cc:5697] T a23ee3b6ae984489a2c9ed61bca5a208 P 86386723dc9d4bb087f7e8aa30484358 reported cstate change: term changed from 0 to 1, leader changed from <none> to 86386723dc9d4bb087f7e8aa30484358 (127.0.107.193). New cstate: current_term: 1 leader_uuid: "86386723dc9d4bb087f7e8aa30484358" committed_config { opid_index: -1 OBSOLETE_local: false peers { permanent_uuid: "86386723dc9d4bb087f7e8aa30484358" member_type: VOTER last_known_addr { host: "127.0.107.193" port: 38113 } health_report { overall_health: HEALTHY } } peers { permanent_uuid: "7c72ad5b27d942f885eea08883f05418" member_type: VOTER last_known_addr { host: "127.0.107.194" port: 37829 } health_report { overall_health: UNKNOWN } } peers { permanent_uuid: "d14e997c9a2845bfbecb3756b88cb949" member_type: VOTER last_known_addr { host: "127.0.107.195" port: 46177 } health_report { overall_health: UNKNOWN } } }
W20260713 09:02:04.780551  1508 auto_rebalancer.cc:288] Could not retrieve cluster info: Service unavailable: Tablet not running
I20260713 09:02:04.789083  1757 tablet_bootstrap.cc:492] T 692d2316e08149c5ba07667a11054aa5 P 86386723dc9d4bb087f7e8aa30484358: No bootstrap required, opened a new log
I20260713 09:02:04.789707  1757 ts_tablet_manager.cc:1403] T 692d2316e08149c5ba07667a11054aa5 P 86386723dc9d4bb087f7e8aa30484358: Time spent bootstrapping tablet: real 0.195s	user 0.009s	sys 0.017s
I20260713 09:02:04.794099  1757 raft_consensus.cc:359] T 692d2316e08149c5ba07667a11054aa5 P 86386723dc9d4bb087f7e8aa30484358 [term 0 FOLLOWER]: Replica starting. Triggering 0 pending ops. Active config: opid_index: -1 OBSOLETE_local: false peers { permanent_uuid: "86386723dc9d4bb087f7e8aa30484358" member_type: VOTER last_known_addr { host: "127.0.107.193" port: 38113 } } peers { permanent_uuid: "7c72ad5b27d942f885eea08883f05418" member_type: VOTER last_known_addr { host: "127.0.107.194" port: 37829 } } peers { permanent_uuid: "d14e997c9a2845bfbecb3756b88cb949" member_type: VOTER last_known_addr { host: "127.0.107.195" port: 46177 } }
I20260713 09:02:04.794960  1757 raft_consensus.cc:385] T 692d2316e08149c5ba07667a11054aa5 P 86386723dc9d4bb087f7e8aa30484358 [term 0 FOLLOWER]: Consensus starting up: Expiring failure detector timer to make a prompt election more likely
I20260713 09:02:04.794786  1758 raft_consensus.cc:359] T eb78c573295f42af9373ef8060891107 P 7c72ad5b27d942f885eea08883f05418 [term 0 FOLLOWER]: Replica starting. Triggering 0 pending ops. Active config: opid_index: -1 OBSOLETE_local: false peers { permanent_uuid: "86386723dc9d4bb087f7e8aa30484358" member_type: VOTER last_known_addr { host: "127.0.107.193" port: 38113 } } peers { permanent_uuid: "7c72ad5b27d942f885eea08883f05418" member_type: VOTER last_known_addr { host: "127.0.107.194" port: 37829 } } peers { permanent_uuid: "d14e997c9a2845bfbecb3756b88cb949" member_type: VOTER last_known_addr { host: "127.0.107.195" port: 46177 } }
I20260713 09:02:04.795789  1757 raft_consensus.cc:740] T 692d2316e08149c5ba07667a11054aa5 P 86386723dc9d4bb087f7e8aa30484358 [term 0 FOLLOWER]: Becoming Follower/Learner. State: Replica: 86386723dc9d4bb087f7e8aa30484358, State: Initialized, Role: FOLLOWER
I20260713 09:02:04.796058  1758 raft_consensus.cc:385] T eb78c573295f42af9373ef8060891107 P 7c72ad5b27d942f885eea08883f05418 [term 0 FOLLOWER]: Consensus starting up: Expiring failure detector timer to make a prompt election more likely
I20260713 09:02:04.796572  1758 raft_consensus.cc:740] T eb78c573295f42af9373ef8060891107 P 7c72ad5b27d942f885eea08883f05418 [term 0 FOLLOWER]: Becoming Follower/Learner. State: Replica: 7c72ad5b27d942f885eea08883f05418, State: Initialized, Role: FOLLOWER
I20260713 09:02:04.797492  1758 consensus_queue.cc:260] T eb78c573295f42af9373ef8060891107 P 7c72ad5b27d942f885eea08883f05418 [NON_LEADER]: Queue going to NON_LEADER mode. State: All replicated index: 0, Majority replicated index: 0, Committed index: 0, Last appended: 0.0, Last appended by leader: 0, Current term: 0, Majority size: -1, State: 0, Mode: NON_LEADER, active raft config: opid_index: -1 OBSOLETE_local: false peers { permanent_uuid: "86386723dc9d4bb087f7e8aa30484358" member_type: VOTER last_known_addr { host: "127.0.107.193" port: 38113 } } peers { permanent_uuid: "7c72ad5b27d942f885eea08883f05418" member_type: VOTER last_known_addr { host: "127.0.107.194" port: 37829 } } peers { permanent_uuid: "d14e997c9a2845bfbecb3756b88cb949" member_type: VOTER last_known_addr { host: "127.0.107.195" port: 46177 } }
I20260713 09:02:04.798930  1757 consensus_queue.cc:260] T 692d2316e08149c5ba07667a11054aa5 P 86386723dc9d4bb087f7e8aa30484358 [NON_LEADER]: Queue going to NON_LEADER mode. State: All replicated index: 0, Majority replicated index: 0, Committed index: 0, Last appended: 0.0, Last appended by leader: 0, Current term: 0, Majority size: -1, State: 0, Mode: NON_LEADER, active raft config: opid_index: -1 OBSOLETE_local: false peers { permanent_uuid: "86386723dc9d4bb087f7e8aa30484358" member_type: VOTER last_known_addr { host: "127.0.107.193" port: 38113 } } peers { permanent_uuid: "7c72ad5b27d942f885eea08883f05418" member_type: VOTER last_known_addr { host: "127.0.107.194" port: 37829 } } peers { permanent_uuid: "d14e997c9a2845bfbecb3756b88cb949" member_type: VOTER last_known_addr { host: "127.0.107.195" port: 46177 } }
I20260713 09:02:04.804183  1757 ts_tablet_manager.cc:1434] T 692d2316e08149c5ba07667a11054aa5 P 86386723dc9d4bb087f7e8aa30484358: Time spent starting tablet: real 0.014s	user 0.008s	sys 0.000s
I20260713 09:02:04.805071  1757 tablet_bootstrap.cc:492] T abf621a4e994461a84dfa70b0388b407 P 86386723dc9d4bb087f7e8aa30484358: Bootstrap starting.
I20260713 09:02:04.805207  1751 tablet_bootstrap.cc:492] T e0317851c9784910b51c33d567200bda P d14e997c9a2845bfbecb3756b88cb949: No bootstrap required, opened a new log
I20260713 09:02:04.805787  1751 ts_tablet_manager.cc:1403] T e0317851c9784910b51c33d567200bda P d14e997c9a2845bfbecb3756b88cb949: Time spent bootstrapping tablet: real 0.062s	user 0.004s	sys 0.016s
I20260713 09:02:04.809221  1751 raft_consensus.cc:359] T e0317851c9784910b51c33d567200bda P d14e997c9a2845bfbecb3756b88cb949 [term 0 FOLLOWER]: Replica starting. Triggering 0 pending ops. Active config: opid_index: -1 OBSOLETE_local: false peers { permanent_uuid: "86386723dc9d4bb087f7e8aa30484358" member_type: VOTER last_known_addr { host: "127.0.107.193" port: 38113 } } peers { permanent_uuid: "7c72ad5b27d942f885eea08883f05418" member_type: VOTER last_known_addr { host: "127.0.107.194" port: 37829 } } peers { permanent_uuid: "d14e997c9a2845bfbecb3756b88cb949" member_type: VOTER last_known_addr { host: "127.0.107.195" port: 46177 } }
I20260713 09:02:04.809676  1751 raft_consensus.cc:385] T e0317851c9784910b51c33d567200bda P d14e997c9a2845bfbecb3756b88cb949 [term 0 FOLLOWER]: Consensus starting up: Expiring failure detector timer to make a prompt election more likely
I20260713 09:02:04.809928  1751 raft_consensus.cc:740] T e0317851c9784910b51c33d567200bda P d14e997c9a2845bfbecb3756b88cb949 [term 0 FOLLOWER]: Becoming Follower/Learner. State: Replica: d14e997c9a2845bfbecb3756b88cb949, State: Initialized, Role: FOLLOWER
I20260713 09:02:04.812507  1751 consensus_queue.cc:260] T e0317851c9784910b51c33d567200bda P d14e997c9a2845bfbecb3756b88cb949 [NON_LEADER]: Queue going to NON_LEADER mode. State: All replicated index: 0, Majority replicated index: 0, Committed index: 0, Last appended: 0.0, Last appended by leader: 0, Current term: 0, Majority size: -1, State: 0, Mode: NON_LEADER, active raft config: opid_index: -1 OBSOLETE_local: false peers { permanent_uuid: "86386723dc9d4bb087f7e8aa30484358" member_type: VOTER last_known_addr { host: "127.0.107.193" port: 38113 } } peers { permanent_uuid: "7c72ad5b27d942f885eea08883f05418" member_type: VOTER last_known_addr { host: "127.0.107.194" port: 37829 } } peers { permanent_uuid: "d14e997c9a2845bfbecb3756b88cb949" member_type: VOTER last_known_addr { host: "127.0.107.195" port: 46177 } }
I20260713 09:02:04.813941  1758 ts_tablet_manager.cc:1434] T eb78c573295f42af9373ef8060891107 P 7c72ad5b27d942f885eea08883f05418: Time spent starting tablet: real 0.037s	user 0.010s	sys 0.000s
I20260713 09:02:04.815004  1758 tablet_bootstrap.cc:492] T e0317851c9784910b51c33d567200bda P 7c72ad5b27d942f885eea08883f05418: Bootstrap starting.
I20260713 09:02:04.818850  1757 tablet_bootstrap.cc:654] T abf621a4e994461a84dfa70b0388b407 P 86386723dc9d4bb087f7e8aa30484358: Neither blocks nor log segments found. Creating new log.
I20260713 09:02:04.820945  1751 ts_tablet_manager.cc:1434] T e0317851c9784910b51c33d567200bda P d14e997c9a2845bfbecb3756b88cb949: Time spent starting tablet: real 0.015s	user 0.006s	sys 0.002s
