W20260713 09:01:05.238062  6367 leader_election.cc:343] T e6595b646adb4ff1af8a8f843119a5f3 P 19aa189257f547908f4f2c3620e13862 [CANDIDATE]: Term 1 pre-election: Tablet error from VoteRequest() call to peer b46bdc0c227d4dc9af9e717483acf72f (127.5.163.194:37333): Illegal state: must be running to vote when last-logged opid is not known
I20260713 09:01:05.238620  6404 tablet_service.cc:1917] Received RequestConsensusVote() RPC: tablet_id: "7594381b2cc745c898f645e0ec1ce159" candidate_uuid: "b46bdc0c227d4dc9af9e717483acf72f" candidate_term: 1 candidate_status { last_received { term: 0 index: 0 } } ignore_live_leader: false dest_uuid: "19aa189257f547908f4f2c3620e13862" is_pre_election: true
W20260713 09:01:05.239029  6367 leader_election.cc:343] T e6595b646adb4ff1af8a8f843119a5f3 P 19aa189257f547908f4f2c3620e13862 [CANDIDATE]: Term 1 election: Tablet error from VoteRequest() call to peer b46bdc0c227d4dc9af9e717483acf72f (127.5.163.194:37333): Illegal state: must be running to vote when last-logged opid is not known
I20260713 09:01:05.239326  6404 raft_consensus.cc:2468] T 7594381b2cc745c898f645e0ec1ce159 P 19aa189257f547908f4f2c3620e13862 [term 0 FOLLOWER]: Leader pre-election vote request: Granting yes vote for candidate b46bdc0c227d4dc9af9e717483acf72f in term 0.
I20260713 09:01:05.241376  6444 leader_election.cc:304] T 7594381b2cc745c898f645e0ec1ce159 P b46bdc0c227d4dc9af9e717483acf72f [CANDIDATE]: Term 1 pre-election: Election decided. Result: candidate won. Election summary: received 2 responses out of 3 voters: 2 yes votes; 0 no votes. yes voters: 19aa189257f547908f4f2c3620e13862, b46bdc0c227d4dc9af9e717483acf72f; no voters: 
I20260713 09:01:05.226621  6593 raft_consensus.cc:740] T 175df06acb11459b836a25fef3008ed1 P bf0d1e1b88524bf2a6d2d03ed41817f6 [term 0 FOLLOWER]: Becoming Follower/Learner. State: Replica: bf0d1e1b88524bf2a6d2d03ed41817f6, State: Initialized, Role: FOLLOWER
I20260713 09:01:05.242269  6602 raft_consensus.cc:2804] T 7594381b2cc745c898f645e0ec1ce159 P b46bdc0c227d4dc9af9e717483acf72f [term 0 FOLLOWER]: Leader pre-election won for term 1
I20260713 09:01:05.242650  6602 raft_consensus.cc:493] T 7594381b2cc745c898f645e0ec1ce159 P b46bdc0c227d4dc9af9e717483acf72f [term 0 FOLLOWER]: Starting leader election (no leader contacted us within the election timeout)
I20260713 09:01:05.243022  6602 raft_consensus.cc:3060] T 7594381b2cc745c898f645e0ec1ce159 P b46bdc0c227d4dc9af9e717483acf72f [term 0 FOLLOWER]: Advancing to term 1
I20260713 09:01:05.242843  6593 consensus_queue.cc:260] T 175df06acb11459b836a25fef3008ed1 P bf0d1e1b88524bf2a6d2d03ed41817f6 [NON_LEADER]: Queue going to NON_LEADER mode. State: All replicated index: 0, Majority replicated index: 0, Committed index: 0, Last appended: 0.0, Last appended by leader: 0, Current term: 0, Majority size: -1, State: 0, Mode: NON_LEADER, active raft config: opid_index: -1 OBSOLETE_local: false peers { permanent_uuid: "bf0d1e1b88524bf2a6d2d03ed41817f6" member_type: VOTER last_known_addr { host: "127.5.163.195" port: 38997 } } peers { permanent_uuid: "b46bdc0c227d4dc9af9e717483acf72f" member_type: VOTER last_known_addr { host: "127.5.163.194" port: 37333 } } peers { permanent_uuid: "19aa189257f547908f4f2c3620e13862" member_type: VOTER last_known_addr { host: "127.5.163.193" port: 39243 } }
I20260713 09:01:05.244300  6594 tablet_bootstrap.cc:654] T 11bf133938394077a3c152c3fcbd7eb7 P 19aa189257f547908f4f2c3620e13862: Neither blocks nor log segments found. Creating new log.
I20260713 09:01:05.248044  6593 ts_tablet_manager.cc:1434] T 175df06acb11459b836a25fef3008ed1 P bf0d1e1b88524bf2a6d2d03ed41817f6: Time spent starting tablet: real 0.025s	user 0.003s	sys 0.006s
I20260713 09:01:05.249043  6596 tablet_bootstrap.cc:492] T b2e432aeb68240c09dc81f9fd38815ca P b46bdc0c227d4dc9af9e717483acf72f: No bootstrap required, opened a new log
I20260713 09:01:05.249401  6593 tablet_bootstrap.cc:492] T b2e432aeb68240c09dc81f9fd38815ca P bf0d1e1b88524bf2a6d2d03ed41817f6: Bootstrap starting.
I20260713 09:01:05.249544  6596 ts_tablet_manager.cc:1403] T b2e432aeb68240c09dc81f9fd38815ca P b46bdc0c227d4dc9af9e717483acf72f: Time spent bootstrapping tablet: real 0.084s	user 0.012s	sys 0.020s
I20260713 09:01:05.249718  6553 tablet_service.cc:1917] Received RequestConsensusVote() RPC: tablet_id: "7594381b2cc745c898f645e0ec1ce159" candidate_uuid: "b46bdc0c227d4dc9af9e717483acf72f" candidate_term: 1 candidate_status { last_received { term: 0 index: 0 } } ignore_live_leader: false dest_uuid: "bf0d1e1b88524bf2a6d2d03ed41817f6" is_pre_election: true
I20260713 09:01:05.250386  6553 raft_consensus.cc:2468] T 7594381b2cc745c898f645e0ec1ce159 P bf0d1e1b88524bf2a6d2d03ed41817f6 [term 0 FOLLOWER]: Leader pre-election vote request: Granting yes vote for candidate b46bdc0c227d4dc9af9e717483acf72f in term 0.
I20260713 09:01:05.252779  6596 raft_consensus.cc:359] T b2e432aeb68240c09dc81f9fd38815ca P b46bdc0c227d4dc9af9e717483acf72f [term 0 FOLLOWER]: Replica starting. Triggering 0 pending ops. Active config: opid_index: -1 OBSOLETE_local: false peers { permanent_uuid: "19aa189257f547908f4f2c3620e13862" member_type: VOTER last_known_addr { host: "127.5.163.193" port: 39243 } } peers { permanent_uuid: "b46bdc0c227d4dc9af9e717483acf72f" member_type: VOTER last_known_addr { host: "127.5.163.194" port: 37333 } } peers { permanent_uuid: "bf0d1e1b88524bf2a6d2d03ed41817f6" member_type: VOTER last_known_addr { host: "127.5.163.195" port: 38997 } }
I20260713 09:01:05.253535  6596 raft_consensus.cc:385] T b2e432aeb68240c09dc81f9fd38815ca P b46bdc0c227d4dc9af9e717483acf72f [term 0 FOLLOWER]: Consensus starting up: Expiring failure detector timer to make a prompt election more likely
I20260713 09:01:05.253837  6596 raft_consensus.cc:740] T b2e432aeb68240c09dc81f9fd38815ca P b46bdc0c227d4dc9af9e717483acf72f [term 0 FOLLOWER]: Becoming Follower/Learner. State: Replica: b46bdc0c227d4dc9af9e717483acf72f, State: Initialized, Role: FOLLOWER
I20260713 09:01:05.255182  6596 consensus_queue.cc:260] T b2e432aeb68240c09dc81f9fd38815ca P b46bdc0c227d4dc9af9e717483acf72f [NON_LEADER]: Queue going to NON_LEADER mode. State: All replicated index: 0, Majority replicated index: 0, Committed index: 0, Last appended: 0.0, Last appended by leader: 0, Current term: 0, Majority size: -1, State: 0, Mode: NON_LEADER, active raft config: opid_index: -1 OBSOLETE_local: false peers { permanent_uuid: "19aa189257f547908f4f2c3620e13862" member_type: VOTER last_known_addr { host: "127.5.163.193" port: 39243 } } peers { permanent_uuid: "b46bdc0c227d4dc9af9e717483acf72f" member_type: VOTER last_known_addr { host: "127.5.163.194" port: 37333 } } peers { permanent_uuid: "bf0d1e1b88524bf2a6d2d03ed41817f6" member_type: VOTER last_known_addr { host: "127.5.163.195" port: 38997 } }
I20260713 09:01:05.260782  6552 raft_consensus.cc:2468] T e6595b646adb4ff1af8a8f843119a5f3 P bf0d1e1b88524bf2a6d2d03ed41817f6 [term 1 FOLLOWER]: Leader election vote request: Granting yes vote for candidate 19aa189257f547908f4f2c3620e13862 in term 1.
I20260713 09:01:05.262144  6368 leader_election.cc:304] T e6595b646adb4ff1af8a8f843119a5f3 P 19aa189257f547908f4f2c3620e13862 [CANDIDATE]: Term 1 election: Election decided. Result: candidate won. Election summary: received 3 responses out of 3 voters: 2 yes votes; 1 no votes. yes voters: 19aa189257f547908f4f2c3620e13862, bf0d1e1b88524bf2a6d2d03ed41817f6; no voters: b46bdc0c227d4dc9af9e717483acf72f
I20260713 09:01:05.263644  6617 raft_consensus.cc:2804] T e6595b646adb4ff1af8a8f843119a5f3 P 19aa189257f547908f4f2c3620e13862 [term 1 FOLLOWER]: Leader election won for term 1
I20260713 09:01:05.264213  6617 raft_consensus.cc:697] T e6595b646adb4ff1af8a8f843119a5f3 P 19aa189257f547908f4f2c3620e13862 [term 1 LEADER]: Becoming Leader. State: Replica: 19aa189257f547908f4f2c3620e13862, State: Running, Role: LEADER
I20260713 09:01:05.264016  6602 raft_consensus.cc:515] T 7594381b2cc745c898f645e0ec1ce159 P b46bdc0c227d4dc9af9e717483acf72f [term 1 FOLLOWER]: Starting leader election with config: opid_index: -1 OBSOLETE_local: false peers { permanent_uuid: "19aa189257f547908f4f2c3620e13862" member_type: VOTER last_known_addr { host: "127.5.163.193" port: 39243 } } peers { permanent_uuid: "b46bdc0c227d4dc9af9e717483acf72f" member_type: VOTER last_known_addr { host: "127.5.163.194" port: 37333 } } peers { permanent_uuid: "bf0d1e1b88524bf2a6d2d03ed41817f6" member_type: VOTER last_known_addr { host: "127.5.163.195" port: 38997 } }
I20260713 09:01:05.266063  6617 consensus_queue.cc:237] T e6595b646adb4ff1af8a8f843119a5f3 P 19aa189257f547908f4f2c3620e13862 [LEADER]: Queue going to LEADER mode. State: All replicated index: 0, Majority replicated index: 0, Committed index: 0, Last appended: 0.0, Last appended by leader: 0, Current term: 1, Majority size: 2, State: 0, Mode: LEADER, active raft config: opid_index: -1 OBSOLETE_local: false peers { permanent_uuid: "19aa189257f547908f4f2c3620e13862" member_type: VOTER last_known_addr { host: "127.5.163.193" port: 39243 } } peers { permanent_uuid: "b46bdc0c227d4dc9af9e717483acf72f" member_type: VOTER last_known_addr { host: "127.5.163.194" port: 37333 } } peers { permanent_uuid: "bf0d1e1b88524bf2a6d2d03ed41817f6" member_type: VOTER last_known_addr { host: "127.5.163.195" port: 38997 } }
I20260713 09:01:05.272457  6594 tablet_bootstrap.cc:492] T 11bf133938394077a3c152c3fcbd7eb7 P 19aa189257f547908f4f2c3620e13862: No bootstrap required, opened a new log
I20260713 09:01:05.272830  6602 leader_election.cc:290] T 7594381b2cc745c898f645e0ec1ce159 P b46bdc0c227d4dc9af9e717483acf72f [CANDIDATE]: Term 1 election: Requested vote from peers 19aa189257f547908f4f2c3620e13862 (127.5.163.193:39243), bf0d1e1b88524bf2a6d2d03ed41817f6 (127.5.163.195:38997)
I20260713 09:01:05.273052  6404 tablet_service.cc:1917] Received RequestConsensusVote() RPC: tablet_id: "7594381b2cc745c898f645e0ec1ce159" candidate_uuid: "b46bdc0c227d4dc9af9e717483acf72f" candidate_term: 1 candidate_status { last_received { term: 0 index: 0 } } ignore_live_leader: false dest_uuid: "19aa189257f547908f4f2c3620e13862"
I20260713 09:01:05.273379  6602 raft_consensus.cc:493] T 8384503649934618a3953a3ef2a27090 P b46bdc0c227d4dc9af9e717483acf72f [term 0 FOLLOWER]: Starting pre-election (no leader contacted us within the election timeout)
I20260713 09:01:05.273617  6404 raft_consensus.cc:3060] T 7594381b2cc745c898f645e0ec1ce159 P 19aa189257f547908f4f2c3620e13862 [term 0 FOLLOWER]: Advancing to term 1
I20260713 09:01:05.273833  6602 raft_consensus.cc:515] T 8384503649934618a3953a3ef2a27090 P b46bdc0c227d4dc9af9e717483acf72f [term 0 FOLLOWER]: Starting pre-election with config: opid_index: -1 OBSOLETE_local: false peers { permanent_uuid: "19aa189257f547908f4f2c3620e13862" member_type: VOTER last_known_addr { host: "127.5.163.193" port: 39243 } } peers { permanent_uuid: "b46bdc0c227d4dc9af9e717483acf72f" member_type: VOTER last_known_addr { host: "127.5.163.194" port: 37333 } } peers { permanent_uuid: "bf0d1e1b88524bf2a6d2d03ed41817f6" member_type: VOTER last_known_addr { host: "127.5.163.195" port: 38997 } }
I20260713 09:01:05.276963  6403 tablet_service.cc:1917] Received RequestConsensusVote() RPC: tablet_id: "8384503649934618a3953a3ef2a27090" candidate_uuid: "b46bdc0c227d4dc9af9e717483acf72f" candidate_term: 1 candidate_status { last_received { term: 0 index: 0 } } ignore_live_leader: false dest_uuid: "19aa189257f547908f4f2c3620e13862" is_pre_election: true
I20260713 09:01:05.278213  6596 ts_tablet_manager.cc:1434] T b2e432aeb68240c09dc81f9fd38815ca P b46bdc0c227d4dc9af9e717483acf72f: Time spent starting tablet: real 0.028s	user 0.011s	sys 0.007s
W20260713 09:01:05.278420  6444 leader_election.cc:343] T 8384503649934618a3953a3ef2a27090 P b46bdc0c227d4dc9af9e717483acf72f [CANDIDATE]: Term 1 pre-election: Tablet error from VoteRequest() call to peer 19aa189257f547908f4f2c3620e13862 (127.5.163.193:39243): Illegal state: must be running to vote when last-logged opid is not known
I20260713 09:01:05.273169  6594 ts_tablet_manager.cc:1403] T 11bf133938394077a3c152c3fcbd7eb7 P 19aa189257f547908f4f2c3620e13862: Time spent bootstrapping tablet: real 0.036s	user 0.013s	sys 0.007s
I20260713 09:01:05.279862  6596 tablet_bootstrap.cc:492] T ce28c8acbb0b4d978351c4319c1b15aa P b46bdc0c227d4dc9af9e717483acf72f: Bootstrap starting.
I20260713 09:01:05.280110  6552 tablet_service.cc:1917] Received RequestConsensusVote() RPC: tablet_id: "7594381b2cc745c898f645e0ec1ce159" candidate_uuid: "b46bdc0c227d4dc9af9e717483acf72f" candidate_term: 1 candidate_status { last_received { term: 0 index: 0 } } ignore_live_leader: false dest_uuid: "bf0d1e1b88524bf2a6d2d03ed41817f6"
I20260713 09:01:05.280733  6552 raft_consensus.cc:3060] T 7594381b2cc745c898f645e0ec1ce159 P bf0d1e1b88524bf2a6d2d03ed41817f6 [term 0 FOLLOWER]: Advancing to term 1
I20260713 09:01:05.282848  6594 raft_consensus.cc:359] T 11bf133938394077a3c152c3fcbd7eb7 P 19aa189257f547908f4f2c3620e13862 [term 0 FOLLOWER]: Replica starting. Triggering 0 pending ops. Active config: opid_index: -1 OBSOLETE_local: false peers { permanent_uuid: "19aa189257f547908f4f2c3620e13862" member_type: VOTER last_known_addr { host: "127.5.163.193" port: 39243 } } peers { permanent_uuid: "b46bdc0c227d4dc9af9e717483acf72f" member_type: VOTER last_known_addr { host: "127.5.163.194" port: 37333 } } peers { permanent_uuid: "bf0d1e1b88524bf2a6d2d03ed41817f6" member_type: VOTER last_known_addr { host: "127.5.163.195" port: 38997 } }
I20260713 09:01:05.285626  6594 raft_consensus.cc:385] T 11bf133938394077a3c152c3fcbd7eb7 P 19aa189257f547908f4f2c3620e13862 [term 0 FOLLOWER]: Consensus starting up: Expiring failure detector timer to make a prompt election more likely
I20260713 09:01:05.286002  6594 raft_consensus.cc:740] T 11bf133938394077a3c152c3fcbd7eb7 P 19aa189257f547908f4f2c3620e13862 [term 0 FOLLOWER]: Becoming Follower/Learner. State: Replica: 19aa189257f547908f4f2c3620e13862, State: Initialized, Role: FOLLOWER
I20260713 09:01:05.286849  6594 consensus_queue.cc:260] T 11bf133938394077a3c152c3fcbd7eb7 P 19aa189257f547908f4f2c3620e13862 [NON_LEADER]: Queue going to NON_LEADER mode. State: All replicated index: 0, Majority replicated index: 0, Committed index: 0, Last appended: 0.0, Last appended by leader: 0, Current term: 0, Majority size: -1, State: 0, Mode: NON_LEADER, active raft config: opid_index: -1 OBSOLETE_local: false peers { permanent_uuid: "19aa189257f547908f4f2c3620e13862" member_type: VOTER last_known_addr { host: "127.5.163.193" port: 39243 } } peers { permanent_uuid: "b46bdc0c227d4dc9af9e717483acf72f" member_type: VOTER last_known_addr { host: "127.5.163.194" port: 37333 } } peers { permanent_uuid: "bf0d1e1b88524bf2a6d2d03ed41817f6" member_type: VOTER last_known_addr { host: "127.5.163.195" port: 38997 } }
I20260713 09:01:05.287719  6596 tablet_bootstrap.cc:654] T ce28c8acbb0b4d978351c4319c1b15aa P b46bdc0c227d4dc9af9e717483acf72f: Neither blocks nor log segments found. Creating new log.
I20260713 09:01:05.289918  6594 ts_tablet_manager.cc:1434] T 11bf133938394077a3c152c3fcbd7eb7 P 19aa189257f547908f4f2c3620e13862: Time spent starting tablet: real 0.010s	user 0.007s	sys 0.000s
I20260713 09:01:05.290926  6594 tablet_bootstrap.cc:492] T d0fd5814110446f8a68011f9f6fd706c P 19aa189257f547908f4f2c3620e13862: Bootstrap starting.
I20260713 09:01:05.297600  6594 tablet_bootstrap.cc:654] T d0fd5814110446f8a68011f9f6fd706c P 19aa189257f547908f4f2c3620e13862: Neither blocks nor log segments found. Creating new log.
I20260713 09:01:05.285158  6404 raft_consensus.cc:2468] T 7594381b2cc745c898f645e0ec1ce159 P 19aa189257f547908f4f2c3620e13862 [term 1 FOLLOWER]: Leader election vote request: Granting yes vote for candidate b46bdc0c227d4dc9af9e717483acf72f in term 1.
W20260713 09:01:05.297569  6350 auto_rebalancer.cc:288] Could not retrieve cluster info: Service unavailable: Tablet not running
I20260713 09:01:05.299008  6444 leader_election.cc:304] T 7594381b2cc745c898f645e0ec1ce159 P b46bdc0c227d4dc9af9e717483acf72f [CANDIDATE]: Term 1 election: Election decided. Result: candidate won. Election summary: received 2 responses out of 3 voters: 2 yes votes; 0 no votes. yes voters: 19aa189257f547908f4f2c3620e13862, b46bdc0c227d4dc9af9e717483acf72f; no voters: 
I20260713 09:01:05.299486  6596 tablet_bootstrap.cc:492] T ce28c8acbb0b4d978351c4319c1b15aa P b46bdc0c227d4dc9af9e717483acf72f: No bootstrap required, opened a new log
I20260713 09:01:05.300009  6596 ts_tablet_manager.cc:1403] T ce28c8acbb0b4d978351c4319c1b15aa P b46bdc0c227d4dc9af9e717483acf72f: Time spent bootstrapping tablet: real 0.020s	user 0.014s	sys 0.004s
I20260713 09:01:05.303004  6596 raft_consensus.cc:359] T ce28c8acbb0b4d978351c4319c1b15aa P b46bdc0c227d4dc9af9e717483acf72f [term 0 FOLLOWER]: Replica starting. Triggering 0 pending ops. Active config: opid_index: -1 OBSOLETE_local: false peers { permanent_uuid: "19aa189257f547908f4f2c3620e13862" member_type: VOTER last_known_addr { host: "127.5.163.193" port: 39243 } } peers { permanent_uuid: "b46bdc0c227d4dc9af9e717483acf72f" member_type: VOTER last_known_addr { host: "127.5.163.194" port: 37333 } } peers { permanent_uuid: "bf0d1e1b88524bf2a6d2d03ed41817f6" member_type: VOTER last_known_addr { host: "127.5.163.195" port: 38997 } }
I20260713 09:01:05.303654  6602 leader_election.cc:290] T 8384503649934618a3953a3ef2a27090 P b46bdc0c227d4dc9af9e717483acf72f [CANDIDATE]: Term 1 pre-election: Requested pre-vote from peers 19aa189257f547908f4f2c3620e13862 (127.5.163.193:39243), bf0d1e1b88524bf2a6d2d03ed41817f6 (127.5.163.195:38997)
I20260713 09:01:05.303825  6596 raft_consensus.cc:385] T ce28c8acbb0b4d978351c4319c1b15aa P b46bdc0c227d4dc9af9e717483acf72f [term 0 FOLLOWER]: Consensus starting up: Expiring failure detector timer to make a prompt election more likely
I20260713 09:01:05.304359  6596 raft_consensus.cc:740] T ce28c8acbb0b4d978351c4319c1b15aa P b46bdc0c227d4dc9af9e717483acf72f [term 0 FOLLOWER]: Becoming Follower/Learner. State: Replica: b46bdc0c227d4dc9af9e717483acf72f, State: Initialized, Role: FOLLOWER
I20260713 09:01:05.305271  6596 consensus_queue.cc:260] T ce28c8acbb0b4d978351c4319c1b15aa P b46bdc0c227d4dc9af9e717483acf72f [NON_LEADER]: Queue going to NON_LEADER mode. State: All replicated index: 0, Majority replicated index: 0, Committed index: 0, Last appended: 0.0, Last appended by leader: 0, Current term: 0, Majority size: -1, State: 0, Mode: NON_LEADER, active raft config: opid_index: -1 OBSOLETE_local: false peers { permanent_uuid: "19aa189257f547908f4f2c3620e13862" member_type: VOTER last_known_addr { host: "127.5.163.193" port: 39243 } } peers { permanent_uuid: "b46bdc0c227d4dc9af9e717483acf72f" member_type: VOTER last_known_addr { host: "127.5.163.194" port: 37333 } } peers { permanent_uuid: "bf0d1e1b88524bf2a6d2d03ed41817f6" member_type: VOTER last_known_addr { host: "127.5.163.195" port: 38997 } }
I20260713 09:01:05.305961  6553 tablet_service.cc:1917] Received RequestConsensusVote() RPC: tablet_id: "8384503649934618a3953a3ef2a27090" candidate_uuid: "b46bdc0c227d4dc9af9e717483acf72f" candidate_term: 1 candidate_status { last_received { term: 0 index: 0 } } ignore_live_leader: false dest_uuid: "bf0d1e1b88524bf2a6d2d03ed41817f6" is_pre_election: true
I20260713 09:01:05.300961  6301 catalog_manager.cc:5697] T e6595b646adb4ff1af8a8f843119a5f3 P 19aa189257f547908f4f2c3620e13862 reported cstate change: term changed from 0 to 1, leader changed from <none> to 19aa189257f547908f4f2c3620e13862 (127.5.163.193). New cstate: current_term: 1 leader_uuid: "19aa189257f547908f4f2c3620e13862" committed_config { opid_index: -1 OBSOLETE_local: false peers { permanent_uuid: "19aa189257f547908f4f2c3620e13862" member_type: VOTER last_known_addr { host: "127.5.163.193" port: 39243 } health_report { overall_health: HEALTHY } } peers { permanent_uuid: "b46bdc0c227d4dc9af9e717483acf72f" member_type: VOTER last_known_addr { host: "127.5.163.194" port: 37333 } health_report { overall_health: UNKNOWN } } peers { permanent_uuid: "bf0d1e1b88524bf2a6d2d03ed41817f6" member_type: VOTER last_known_addr { host: "127.5.163.195" port: 38997 } health_report { overall_health: UNKNOWN } } }
I20260713 09:01:05.309130  6553 raft_consensus.cc:2468] T 8384503649934618a3953a3ef2a27090 P bf0d1e1b88524bf2a6d2d03ed41817f6 [term 0 FOLLOWER]: Leader pre-election vote request: Granting yes vote for candidate b46bdc0c227d4dc9af9e717483acf72f in term 0.
I20260713 09:01:05.284281  6593 tablet_bootstrap.cc:654] T b2e432aeb68240c09dc81f9fd38815ca P bf0d1e1b88524bf2a6d2d03ed41817f6: Neither blocks nor log segments found. Creating new log.
I20260713 09:01:05.311779  6443 leader_election.cc:304] T 8384503649934618a3953a3ef2a27090 P b46bdc0c227d4dc9af9e717483acf72f [CANDIDATE]: Term 1 pre-election: Election decided. Result: candidate won. Election summary: received 3 responses out of 3 voters: 2 yes votes; 1 no votes. yes voters: b46bdc0c227d4dc9af9e717483acf72f, bf0d1e1b88524bf2a6d2d03ed41817f6; no voters: 19aa189257f547908f4f2c3620e13862
I20260713 09:01:05.287798  6552 raft_consensus.cc:2468] T 7594381b2cc745c898f645e0ec1ce159 P bf0d1e1b88524bf2a6d2d03ed41817f6 [term 1 FOLLOWER]: Leader election vote request: Granting yes vote for candidate b46bdc0c227d4dc9af9e717483acf72f in term 1.
I20260713 09:01:05.314121  6602 raft_consensus.cc:2804] T 7594381b2cc745c898f645e0ec1ce159 P b46bdc0c227d4dc9af9e717483acf72f [term 1 FOLLOWER]: Leader election won for term 1
I20260713 09:01:05.315389  6602 raft_consensus.cc:697] T 7594381b2cc745c898f645e0ec1ce159 P b46bdc0c227d4dc9af9e717483acf72f [term 1 LEADER]: Becoming Leader. State: Replica: b46bdc0c227d4dc9af9e717483acf72f, State: Running, Role: LEADER
I20260713 09:01:05.316576  6602 consensus_queue.cc:237] T 7594381b2cc745c898f645e0ec1ce159 P b46bdc0c227d4dc9af9e717483acf72f [LEADER]: Queue going to LEADER mode. State: All replicated index: 0, Majority replicated index: 0, Committed index: 0, Last appended: 0.0, Last appended by leader: 0, Current term: 1, Majority size: 2, State: 0, Mode: LEADER, active raft config: opid_index: -1 OBSOLETE_local: false peers { permanent_uuid: "19aa189257f547908f4f2c3620e13862" member_type: VOTER last_known_addr { host: "127.5.163.193" port: 39243 } } peers { permanent_uuid: "b46bdc0c227d4dc9af9e717483acf72f" member_type: VOTER last_known_addr { host: "127.5.163.194" port: 37333 } } peers { permanent_uuid: "bf0d1e1b88524bf2a6d2d03ed41817f6" member_type: VOTER last_known_addr { host: "127.5.163.195" port: 38997 } }
I20260713 09:01:05.321645  6619 raft_consensus.cc:2804] T 8384503649934618a3953a3ef2a27090 P b46bdc0c227d4dc9af9e717483acf72f [term 0 FOLLOWER]: Leader pre-election won for term 1
I20260713 09:01:05.322288  6619 raft_consensus.cc:493] T 8384503649934618a3953a3ef2a27090 P b46bdc0c227d4dc9af9e717483acf72f [term 0 FOLLOWER]: Starting leader election (no leader contacted us within the election timeout)
I20260713 09:01:05.322711  6619 raft_consensus.cc:3060] T 8384503649934618a3953a3ef2a27090 P b46bdc0c227d4dc9af9e717483acf72f [term 0 FOLLOWER]: Advancing to term 1
I20260713 09:01:05.324321  6596 ts_tablet_manager.cc:1434] T ce28c8acbb0b4d978351c4319c1b15aa P b46bdc0c227d4dc9af9e717483acf72f: Time spent starting tablet: real 0.024s	user 0.008s	sys 0.005s
I20260713 09:01:05.326040  6596 tablet_bootstrap.cc:492] T 5de1f31f5ff34aa1a337e380a4a5c9dd P b46bdc0c227d4dc9af9e717483acf72f: Bootstrap starting.
I20260713 09:01:05.322234  6627 raft_consensus.cc:493] T b2e432aeb68240c09dc81f9fd38815ca P b46bdc0c227d4dc9af9e717483acf72f [term 0 FOLLOWER]: Starting pre-election (no leader contacted us within the election timeout)
I20260713 09:01:05.335654  6627 raft_consensus.cc:515] T b2e432aeb68240c09dc81f9fd38815ca P b46bdc0c227d4dc9af9e717483acf72f [term 0 FOLLOWER]: Starting pre-election with config: opid_index: -1 OBSOLETE_local: false peers { permanent_uuid: "19aa189257f547908f4f2c3620e13862" member_type: VOTER last_known_addr { host: "127.5.163.193" port: 39243 } } peers { permanent_uuid: "b46bdc0c227d4dc9af9e717483acf72f" member_type: VOTER last_known_addr { host: "127.5.163.194" port: 37333 } } peers { permanent_uuid: "bf0d1e1b88524bf2a6d2d03ed41817f6" member_type: VOTER last_known_addr { host: "127.5.163.195" port: 38997 } }
I20260713 09:01:05.340886  6596 tablet_bootstrap.cc:654] T 5de1f31f5ff34aa1a337e380a4a5c9dd P b46bdc0c227d4dc9af9e717483acf72f: Neither blocks nor log segments found. Creating new log.
I20260713 09:01:05.341995  6594 tablet_bootstrap.cc:492] T d0fd5814110446f8a68011f9f6fd706c P 19aa189257f547908f4f2c3620e13862: No bootstrap required, opened a new log
I20260713 09:01:05.342628  6594 ts_tablet_manager.cc:1403] T d0fd5814110446f8a68011f9f6fd706c P 19aa189257f547908f4f2c3620e13862: Time spent bootstrapping tablet: real 0.052s	user 0.013s	sys 0.016s
I20260713 09:01:05.350500  6627 leader_election.cc:290] T b2e432aeb68240c09dc81f9fd38815ca P b46bdc0c227d4dc9af9e717483acf72f [CANDIDATE]: Term 1 pre-election: Requested pre-vote from peers 19aa189257f547908f4f2c3620e13862 (127.5.163.193:39243), bf0d1e1b88524bf2a6d2d03ed41817f6 (127.5.163.195:38997)
I20260713 09:01:05.351459  6593 tablet_bootstrap.cc:492] T b2e432aeb68240c09dc81f9fd38815ca P bf0d1e1b88524bf2a6d2d03ed41817f6: No bootstrap required, opened a new log
I20260713 09:01:05.352020  6593 ts_tablet_manager.cc:1403] T b2e432aeb68240c09dc81f9fd38815ca P bf0d1e1b88524bf2a6d2d03ed41817f6: Time spent bootstrapping tablet: real 0.103s	user 0.013s	sys 0.005s
I20260713 09:01:05.354064  6596 tablet_bootstrap.cc:492] T 5de1f31f5ff34aa1a337e380a4a5c9dd P b46bdc0c227d4dc9af9e717483acf72f: No bootstrap required, opened a new log
I20260713 09:01:05.354406  6596 ts_tablet_manager.cc:1403] T 5de1f31f5ff34aa1a337e380a4a5c9dd P b46bdc0c227d4dc9af9e717483acf72f: Time spent bootstrapping tablet: real 0.029s	user 0.017s	sys 0.000s
I20260713 09:01:05.346838  6594 raft_consensus.cc:359] T d0fd5814110446f8a68011f9f6fd706c P 19aa189257f547908f4f2c3620e13862 [term 0 FOLLOWER]: Replica starting. Triggering 0 pending ops. Active config: opid_index: -1 OBSOLETE_local: false peers { permanent_uuid: "19aa189257f547908f4f2c3620e13862" member_type: VOTER last_known_addr { host: "127.5.163.193" port: 39243 } } peers { permanent_uuid: "b46bdc0c227d4dc9af9e717483acf72f" member_type: VOTER last_known_addr { host: "127.5.163.194" port: 37333 } } peers { permanent_uuid: "bf0d1e1b88524bf2a6d2d03ed41817f6" member_type: VOTER last_known_addr { host: "127.5.163.195" port: 38997 } }
I20260713 09:01:05.355062  6619 raft_consensus.cc:515] T 8384503649934618a3953a3ef2a27090 P b46bdc0c227d4dc9af9e717483acf72f [term 1 FOLLOWER]: Starting leader election with config: opid_index: -1 OBSOLETE_local: false peers { permanent_uuid: "19aa189257f547908f4f2c3620e13862" member_type: VOTER last_known_addr { host: "127.5.163.193" port: 39243 } } peers { permanent_uuid: "b46bdc0c227d4dc9af9e717483acf72f" member_type: VOTER last_known_addr { host: "127.5.163.194" port: 37333 } } peers { permanent_uuid: "bf0d1e1b88524bf2a6d2d03ed41817f6" member_type: VOTER last_known_addr { host: "127.5.163.195" port: 38997 } }
I20260713 09:01:05.355827  6594 raft_consensus.cc:385] T d0fd5814110446f8a68011f9f6fd706c P 19aa189257f547908f4f2c3620e13862 [term 0 FOLLOWER]: Consensus starting up: Expiring failure detector timer to make a prompt election more likely
I20260713 09:01:05.356156  6594 raft_consensus.cc:740] T d0fd5814110446f8a68011f9f6fd706c P 19aa189257f547908f4f2c3620e13862 [term 0 FOLLOWER]: Becoming Follower/Learner. State: Replica: 19aa189257f547908f4f2c3620e13862, State: Initialized, Role: FOLLOWER
I20260713 09:01:05.357518  6594 consensus_queue.cc:260] T d0fd5814110446f8a68011f9f6fd706c P 19aa189257f547908f4f2c3620e13862 [NON_LEADER]: Queue going to NON_LEADER mode. State: All replicated index: 0, Majority replicated index: 0, Committed index: 0, Last appended: 0.0, Last appended by leader: 0, Current term: 0, Majority size: -1, State: 0, Mode: NON_LEADER, active raft config: opid_index: -1 OBSOLETE_local: false peers { permanent_uuid: "19aa189257f547908f4f2c3620e13862" member_type: VOTER last_known_addr { host: "127.5.163.193" port: 39243 } } peers { permanent_uuid: "b46bdc0c227d4dc9af9e717483acf72f" member_type: VOTER last_known_addr { host: "127.5.163.194" port: 37333 } } peers { permanent_uuid: "bf0d1e1b88524bf2a6d2d03ed41817f6" member_type: VOTER last_known_addr { host: "127.5.163.195" port: 38997 } }
I20260713 09:01:05.358564  6552 tablet_service.cc:1917] Received RequestConsensusVote() RPC: tablet_id: "b2e432aeb68240c09dc81f9fd38815ca" candidate_uuid: "b46bdc0c227d4dc9af9e717483acf72f" candidate_term: 1 candidate_status { last_received { term: 0 index: 0 } } ignore_live_leader: false dest_uuid: "bf0d1e1b88524bf2a6d2d03ed41817f6" is_pre_election: true
I20260713 09:01:05.357105  6596 raft_consensus.cc:359] T 5de1f31f5ff34aa1a337e380a4a5c9dd P b46bdc0c227d4dc9af9e717483acf72f [term 0 FOLLOWER]: Replica starting. Triggering 0 pending ops. Active config: opid_index: -1 OBSOLETE_local: false peers { permanent_uuid: "19aa189257f547908f4f2c3620e13862" member_type: VOTER last_known_addr { host: "127.5.163.193" port: 39243 } } peers { permanent_uuid: "b46bdc0c227d4dc9af9e717483acf72f" member_type: VOTER last_known_addr { host: "127.5.163.194" port: 37333 } } peers { permanent_uuid: "bf0d1e1b88524bf2a6d2d03ed41817f6" member_type: VOTER last_known_addr { host: "127.5.163.195" port: 38997 } }
I20260713 09:01:05.359495  6596 raft_consensus.cc:385] T 5de1f31f5ff34aa1a337e380a4a5c9dd P b46bdc0c227d4dc9af9e717483acf72f [term 0 FOLLOWER]: Consensus starting up: Expiring failure detector timer to make a prompt election more likely
I20260713 09:01:05.359863  6594 ts_tablet_manager.cc:1434] T d0fd5814110446f8a68011f9f6fd706c P 19aa189257f547908f4f2c3620e13862: Time spent starting tablet: real 0.017s	user 0.011s	sys 0.000s
I20260713 09:01:05.359787  6596 raft_consensus.cc:740] T 5de1f31f5ff34aa1a337e380a4a5c9dd P b46bdc0c227d4dc9af9e717483acf72f [term 0 FOLLOWER]: Becoming Follower/Learner. State: Replica: b46bdc0c227d4dc9af9e717483acf72f, State: Initialized, Role: FOLLOWER
I20260713 09:01:05.360898  6594 tablet_bootstrap.cc:492] T 8384503649934618a3953a3ef2a27090 P 19aa189257f547908f4f2c3620e13862: Bootstrap starting.
I20260713 09:01:05.360716  6596 consensus_queue.cc:260] T 5de1f31f5ff34aa1a337e380a4a5c9dd P b46bdc0c227d4dc9af9e717483acf72f [NON_LEADER]: Queue going to NON_LEADER mode. State: All replicated index: 0, Majority replicated index: 0, Committed index: 0, Last appended: 0.0, Last appended by leader: 0, Current term: 0, Majority size: -1, State: 0, Mode: NON_LEADER, active raft config: opid_index: -1 OBSOLETE_local: false peers { permanent_uuid: "19aa189257f547908f4f2c3620e13862" member_type: VOTER last_known_addr { host: "127.5.163.193" port: 39243 } } peers { permanent_uuid: "b46bdc0c227d4dc9af9e717483acf72f" member_type: VOTER last_known_addr { host: "127.5.163.194" port: 37333 } } peers { permanent_uuid: "bf0d1e1b88524bf2a6d2d03ed41817f6" member_type: VOTER last_known_addr { host: "127.5.163.195" port: 38997 } }
I20260713 09:01:05.361318  6302 catalog_manager.cc:5697] T 7594381b2cc745c898f645e0ec1ce159 P b46bdc0c227d4dc9af9e717483acf72f reported cstate change: term changed from 0 to 1, leader changed from <none> to b46bdc0c227d4dc9af9e717483acf72f (127.5.163.194). New cstate: current_term: 1 leader_uuid: "b46bdc0c227d4dc9af9e717483acf72f" committed_config { opid_index: -1 OBSOLETE_local: false peers { permanent_uuid: "19aa189257f547908f4f2c3620e13862" member_type: VOTER last_known_addr { host: "127.5.163.193" port: 39243 } health_report { overall_health: UNKNOWN } } peers { permanent_uuid: "b46bdc0c227d4dc9af9e717483acf72f" member_type: VOTER last_known_addr { host: "127.5.163.194" port: 37333 } health_report { overall_health: HEALTHY } } peers { permanent_uuid: "bf0d1e1b88524bf2a6d2d03ed41817f6" member_type: VOTER last_known_addr { host: "127.5.163.195" port: 38997 } health_report { overall_health: UNKNOWN } } }
I20260713 09:01:05.363004  6596 ts_tablet_manager.cc:1434] T 5de1f31f5ff34aa1a337e380a4a5c9dd P b46bdc0c227d4dc9af9e717483acf72f: Time spent starting tablet: real 0.008s	user 0.003s	sys 0.003s
I20260713 09:01:05.364023  6596 tablet_bootstrap.cc:492] T e6595b646adb4ff1af8a8f843119a5f3 P b46bdc0c227d4dc9af9e717483acf72f: Bootstrap starting.
I20260713 09:01:05.367909  6594 tablet_bootstrap.cc:654] T 8384503649934618a3953a3ef2a27090 P 19aa189257f547908f4f2c3620e13862: Neither blocks nor log segments found. Creating new log.
I20260713 09:01:05.370151  6593 raft_consensus.cc:359] T b2e432aeb68240c09dc81f9fd38815ca P bf0d1e1b88524bf2a6d2d03ed41817f6 [term 0 FOLLOWER]: Replica starting. Triggering 0 pending ops. Active config: opid_index: -1 OBSOLETE_local: false peers { permanent_uuid: "19aa189257f547908f4f2c3620e13862" member_type: VOTER last_known_addr { host: "127.5.163.193" port: 39243 } } peers { permanent_uuid: "b46bdc0c227d4dc9af9e717483acf72f" member_type: VOTER last_known_addr { host: "127.5.163.194" port: 37333 } } peers { permanent_uuid: "bf0d1e1b88524bf2a6d2d03ed41817f6" member_type: VOTER last_known_addr { host: "127.5.163.195" port: 38997 } }
I20260713 09:01:05.371133  6596 tablet_bootstrap.cc:654] T e6595b646adb4ff1af8a8f843119a5f3 P b46bdc0c227d4dc9af9e717483acf72f: Neither blocks nor log segments found. Creating new log.
I20260713 09:01:05.371766  6593 raft_consensus.cc:385] T b2e432aeb68240c09dc81f9fd38815ca P bf0d1e1b88524bf2a6d2d03ed41817f6 [term 0 FOLLOWER]: Consensus starting up: Expiring failure detector timer to make a prompt election more likely
I20260713 09:01:05.372195  6593 raft_consensus.cc:740] T b2e432aeb68240c09dc81f9fd38815ca P bf0d1e1b88524bf2a6d2d03ed41817f6 [term 0 FOLLOWER]: Becoming Follower/Learner. State: Replica: bf0d1e1b88524bf2a6d2d03ed41817f6, State: Initialized, Role: FOLLOWER
I20260713 09:01:05.373202  6593 consensus_queue.cc:260] T b2e432aeb68240c09dc81f9fd38815ca P bf0d1e1b88524bf2a6d2d03ed41817f6 [NON_LEADER]: Queue going to NON_LEADER mode. State: All replicated index: 0, Majority replicated index: 0, Committed index: 0, Last appended: 0.0, Last appended by leader: 0, Current term: 0, Majority size: -1, State: 0, Mode: NON_LEADER, active raft config: opid_index: -1 OBSOLETE_local: false peers { permanent_uuid: "19aa189257f547908f4f2c3620e13862" member_type: VOTER last_known_addr { host: "127.5.163.193" port: 39243 } } peers { permanent_uuid: "b46bdc0c227d4dc9af9e717483acf72f" member_type: VOTER last_known_addr { host: "127.5.163.194" port: 37333 } } peers { permanent_uuid: "bf0d1e1b88524bf2a6d2d03ed41817f6" member_type: VOTER last_known_addr { host: "127.5.163.195" port: 38997 } }
I20260713 09:01:05.375116  6552 raft_consensus.cc:2468] T b2e432aeb68240c09dc81f9fd38815ca P bf0d1e1b88524bf2a6d2d03ed41817f6 [term 0 FOLLOWER]: Leader pre-election vote request: Granting yes vote for candidate b46bdc0c227d4dc9af9e717483acf72f in term 0.
I20260713 09:01:05.375191  6404 tablet_service.cc:1917] Received RequestConsensusVote() RPC: tablet_id: "b2e432aeb68240c09dc81f9fd38815ca" candidate_uuid: "b46bdc0c227d4dc9af9e717483acf72f" candidate_term: 1 candidate_status { last_received { term: 0 index: 0 } } ignore_live_leader: false dest_uuid: "19aa189257f547908f4f2c3620e13862" is_pre_election: true
W20260713 09:01:05.379307  6444 leader_election.cc:343] T b2e432aeb68240c09dc81f9fd38815ca P b46bdc0c227d4dc9af9e717483acf72f [CANDIDATE]: Term 1 pre-election: Tablet error from VoteRequest() call to peer 19aa189257f547908f4f2c3620e13862 (127.5.163.193:39243): Illegal state: must be running to vote when last-logged opid is not known
I20260713 09:01:05.379802  6404 tablet_service.cc:1917] Received RequestConsensusVote() RPC: tablet_id: "8384503649934618a3953a3ef2a27090" candidate_uuid: "b46bdc0c227d4dc9af9e717483acf72f" candidate_term: 1 candidate_status { last_received { term: 0 index: 0 } } ignore_live_leader: false dest_uuid: "19aa189257f547908f4f2c3620e13862"
I20260713 09:01:05.380707  6594 tablet_bootstrap.cc:492] T 8384503649934618a3953a3ef2a27090 P 19aa189257f547908f4f2c3620e13862: No bootstrap required, opened a new log
I20260713 09:01:05.383049  6594 ts_tablet_manager.cc:1403] T 8384503649934618a3953a3ef2a27090 P 19aa189257f547908f4f2c3620e13862: Time spent bootstrapping tablet: real 0.022s	user 0.011s	sys 0.004s
I20260713 09:01:05.384222  6552 tablet_service.cc:1917] Received RequestConsensusVote() RPC: tablet_id: "8384503649934618a3953a3ef2a27090" candidate_uuid: "b46bdc0c227d4dc9af9e717483acf72f" candidate_term: 1 candidate_status { last_received { term: 0 index: 0 } } ignore_live_leader: false dest_uuid: "bf0d1e1b88524bf2a6d2d03ed41817f6"
I20260713 09:01:05.386605  6594 raft_consensus.cc:359] T 8384503649934618a3953a3ef2a27090 P 19aa189257f547908f4f2c3620e13862 [term 0 FOLLOWER]: Replica starting. Triggering 0 pending ops. Active config: opid_index: -1 OBSOLETE_local: false peers { permanent_uuid: "19aa189257f547908f4f2c3620e13862" member_type: VOTER last_known_addr { host: "127.5.163.193" port: 39243 } } peers { permanent_uuid: "b46bdc0c227d4dc9af9e717483acf72f" member_type: VOTER last_known_addr { host: "127.5.163.194" port: 37333 } } peers { permanent_uuid: "bf0d1e1b88524bf2a6d2d03ed41817f6" member_type: VOTER last_known_addr { host: "127.5.163.195" port: 38997 } }
W20260713 09:01:05.387939  6444 leader_election.cc:343] T 8384503649934618a3953a3ef2a27090 P b46bdc0c227d4dc9af9e717483acf72f [CANDIDATE]: Term 1 election: Tablet error from VoteRequest() call to peer 19aa189257f547908f4f2c3620e13862 (127.5.163.193:39243): Illegal state: must be running to vote when last-logged opid is not known
I20260713 09:01:05.381752  6593 ts_tablet_manager.cc:1434] T b2e432aeb68240c09dc81f9fd38815ca P bf0d1e1b88524bf2a6d2d03ed41817f6: Time spent starting tablet: real 0.029s	user 0.007s	sys 0.000s
I20260713 09:01:05.388484  6594 raft_consensus.cc:385] T 8384503649934618a3953a3ef2a27090 P 19aa189257f547908f4f2c3620e13862 [term 0 FOLLOWER]: Consensus starting up: Expiring failure detector timer to make a prompt election more likely
I20260713 09:01:05.389405  6594 raft_consensus.cc:740] T 8384503649934618a3953a3ef2a27090 P 19aa189257f547908f4f2c3620e13862 [term 0 FOLLOWER]: Becoming Follower/Learner. State: Replica: 19aa189257f547908f4f2c3620e13862, State: Initialized, Role: FOLLOWER
I20260713 09:01:05.389834  6443 leader_election.cc:304] T b2e432aeb68240c09dc81f9fd38815ca P b46bdc0c227d4dc9af9e717483acf72f [CANDIDATE]: Term 1 pre-election: Election decided. Result: candidate won. Election summary: received 3 responses out of 3 voters: 2 yes votes; 1 no votes. yes voters: b46bdc0c227d4dc9af9e717483acf72f, bf0d1e1b88524bf2a6d2d03ed41817f6; no voters: 19aa189257f547908f4f2c3620e13862
I20260713 09:01:05.390846  6596 tablet_bootstrap.cc:492] T e6595b646adb4ff1af8a8f843119a5f3 P b46bdc0c227d4dc9af9e717483acf72f: No bootstrap required, opened a new log
I20260713 09:01:05.390383  6594 consensus_queue.cc:260] T 8384503649934618a3953a3ef2a27090 P 19aa189257f547908f4f2c3620e13862 [NON_LEADER]: Queue going to NON_LEADER mode. State: All replicated index: 0, Majority replicated index: 0, Committed index: 0, Last appended: 0.0, Last appended by leader: 0, Current term: 0, Majority size: -1, State: 0, Mode: NON_LEADER, active raft config: opid_index: -1 OBSOLETE_local: false peers { permanent_uuid: "19aa189257f547908f4f2c3620e13862" member_type: VOTER last_known_addr { host: "127.5.163.193" port: 39243 } } peers { permanent_uuid: "b46bdc0c227d4dc9af9e717483acf72f" member_type: VOTER last_known_addr { host: "127.5.163.194" port: 37333 } } peers { permanent_uuid: "bf0d1e1b88524bf2a6d2d03ed41817f6" member_type: VOTER last_known_addr { host: "127.5.163.195" port: 38997 } }
I20260713 09:01:05.391353  6596 ts_tablet_manager.cc:1403] T e6595b646adb4ff1af8a8f843119a5f3 P b46bdc0c227d4dc9af9e717483acf72f: Time spent bootstrapping tablet: real 0.028s	user 0.015s	sys 0.004s
I20260713 09:01:05.384871  6552 raft_consensus.cc:3060] T 8384503649934618a3953a3ef2a27090 P bf0d1e1b88524bf2a6d2d03ed41817f6 [term 0 FOLLOWER]: Advancing to term 1
I20260713 09:01:05.393384  6594 ts_tablet_manager.cc:1434] T 8384503649934618a3953a3ef2a27090 P 19aa189257f547908f4f2c3620e13862: Time spent starting tablet: real 0.010s	user 0.008s	sys 0.000s
I20260713 09:01:05.394588  6594 tablet_bootstrap.cc:492] T b2e432aeb68240c09dc81f9fd38815ca P 19aa189257f547908f4f2c3620e13862: Bootstrap starting.
I20260713 09:01:05.394606  6596 raft_consensus.cc:359] T e6595b646adb4ff1af8a8f843119a5f3 P b46bdc0c227d4dc9af9e717483acf72f [term 0 FOLLOWER]: Replica starting. Triggering 0 pending ops. Active config: opid_index: -1 OBSOLETE_local: false peers { permanent_uuid: "19aa189257f547908f4f2c3620e13862" member_type: VOTER last_known_addr { host: "127.5.163.193" port: 39243 } } peers { permanent_uuid: "b46bdc0c227d4dc9af9e717483acf72f" member_type: VOTER last_known_addr { host: "127.5.163.194" port: 37333 } } peers { permanent_uuid: "bf0d1e1b88524bf2a6d2d03ed41817f6" member_type: VOTER last_known_addr { host: "127.5.163.195" port: 38997 } }
I20260713 09:01:05.395543  6596 raft_consensus.cc:385] T e6595b646adb4ff1af8a8f843119a5f3 P b46bdc0c227d4dc9af9e717483acf72f [term 0 FOLLOWER]: Consensus starting up: Expiring failure detector timer to make a prompt election more likely
I20260713 09:01:05.395828  6596 raft_consensus.cc:740] T e6595b646adb4ff1af8a8f843119a5f3 P b46bdc0c227d4dc9af9e717483acf72f [term 0 FOLLOWER]: Becoming Follower/Learner. State: Replica: b46bdc0c227d4dc9af9e717483acf72f, State: Initialized, Role: FOLLOWER
I20260713 09:01:05.396595  6596 consensus_queue.cc:260] T e6595b646adb4ff1af8a8f843119a5f3 P b46bdc0c227d4dc9af9e717483acf72f [NON_LEADER]: Queue going to NON_LEADER mode. State: All replicated index: 0, Majority replicated index: 0, Committed index: 0, Last appended: 0.0, Last appended by leader: 0, Current term: 0, Majority size: -1, State: 0, Mode: NON_LEADER, active raft config: opid_index: -1 OBSOLETE_local: false peers { permanent_uuid: "19aa189257f547908f4f2c3620e13862" member_type: VOTER last_known_addr { host: "127.5.163.193" port: 39243 } } peers { permanent_uuid: "b46bdc0c227d4dc9af9e717483acf72f" member_type: VOTER last_known_addr { host: "127.5.163.194" port: 37333 } } peers { permanent_uuid: "bf0d1e1b88524bf2a6d2d03ed41817f6" member_type: VOTER last_known_addr { host: "127.5.163.195" port: 38997 } }
I20260713 09:01:05.397939  6626 raft_consensus.cc:2804] T b2e432aeb68240c09dc81f9fd38815ca P b46bdc0c227d4dc9af9e717483acf72f [term 0 FOLLOWER]: Leader pre-election won for term 1
I20260713 09:01:05.398469  6626 raft_consensus.cc:493] T b2e432aeb68240c09dc81f9fd38815ca P b46bdc0c227d4dc9af9e717483acf72f [term 0 FOLLOWER]: Starting leader election (no leader contacted us within the election timeout)
I20260713 09:01:05.398856  6626 raft_consensus.cc:3060] T b2e432aeb68240c09dc81f9fd38815ca P b46bdc0c227d4dc9af9e717483acf72f [term 0 FOLLOWER]: Advancing to term 1
I20260713 09:01:05.399037  6596 ts_tablet_manager.cc:1434] T e6595b646adb4ff1af8a8f843119a5f3 P b46bdc0c227d4dc9af9e717483acf72f: Time spent starting tablet: real 0.007s	user 0.006s	sys 0.000s
I20260713 09:01:05.400101  6596 tablet_bootstrap.cc:492] T 175df06acb11459b836a25fef3008ed1 P b46bdc0c227d4dc9af9e717483acf72f: Bootstrap starting.
I20260713 09:01:05.389650  6593 tablet_bootstrap.cc:492] T d0fd5814110446f8a68011f9f6fd706c P bf0d1e1b88524bf2a6d2d03ed41817f6: Bootstrap starting.
I20260713 09:01:05.403205  6594 tablet_bootstrap.cc:654] T b2e432aeb68240c09dc81f9fd38815ca P 19aa189257f547908f4f2c3620e13862: Neither blocks nor log segments found. Creating new log.
I20260713 09:01:05.407207  6596 tablet_bootstrap.cc:654] T 175df06acb11459b836a25fef3008ed1 P b46bdc0c227d4dc9af9e717483acf72f: Neither blocks nor log segments found. Creating new log.
I20260713 09:01:05.409157  6593 tablet_bootstrap.cc:654] T d0fd5814110446f8a68011f9f6fd706c P bf0d1e1b88524bf2a6d2d03ed41817f6: Neither blocks nor log segments found. Creating new log.
I20260713 09:01:05.424782  6626 raft_consensus.cc:515] T b2e432aeb68240c09dc81f9fd38815ca P b46bdc0c227d4dc9af9e717483acf72f [term 1 FOLLOWER]: Starting leader election with config: opid_index: -1 OBSOLETE_local: false peers { permanent_uuid: "19aa189257f547908f4f2c3620e13862" member_type: VOTER last_known_addr { host: "127.5.163.193" port: 39243 } } peers { permanent_uuid: "b46bdc0c227d4dc9af9e717483acf72f" member_type: VOTER last_known_addr { host: "127.5.163.194" port: 37333 } } peers { permanent_uuid: "bf0d1e1b88524bf2a6d2d03ed41817f6" member_type: VOTER last_known_addr { host: "127.5.163.195" port: 38997 } }
I20260713 09:01:05.427172  6619 leader_election.cc:290] T 8384503649934618a3953a3ef2a27090 P b46bdc0c227d4dc9af9e717483acf72f [CANDIDATE]: Term 1 election: Requested vote from peers 19aa189257f547908f4f2c3620e13862 (127.5.163.193:39243), bf0d1e1b88524bf2a6d2d03ed41817f6 (127.5.163.195:38997)
I20260713 09:01:05.432821  6617 raft_consensus.cc:493] T ce28c8acbb0b4d978351c4319c1b15aa P 19aa189257f547908f4f2c3620e13862 [term 0 FOLLOWER]: Starting pre-election (no leader contacted us within the election timeout)
I20260713 09:01:05.433017  6552 raft_consensus.cc:2468] T 8384503649934618a3953a3ef2a27090 P bf0d1e1b88524bf2a6d2d03ed41817f6 [term 1 FOLLOWER]: Leader election vote request: Granting yes vote for candidate b46bdc0c227d4dc9af9e717483acf72f in term 1.
I20260713 09:01:05.433616  6617 raft_consensus.cc:515] T ce28c8acbb0b4d978351c4319c1b15aa P 19aa189257f547908f4f2c3620e13862 [term 0 FOLLOWER]: Starting pre-election with config: opid_index: -1 OBSOLETE_local: false peers { permanent_uuid: "19aa189257f547908f4f2c3620e13862" member_type: VOTER last_known_addr { host: "127.5.163.193" port: 39243 } } peers { permanent_uuid: "b46bdc0c227d4dc9af9e717483acf72f" member_type: VOTER last_known_addr { host: "127.5.163.194" port: 37333 } } peers { permanent_uuid: "bf0d1e1b88524bf2a6d2d03ed41817f6" member_type: VOTER last_known_addr { host: "127.5.163.195" port: 38997 } }
I20260713 09:01:05.437804  6443 leader_election.cc:304] T 8384503649934618a3953a3ef2a27090 P b46bdc0c227d4dc9af9e717483acf72f [CANDIDATE]: Term 1 election: Election decided. Result: candidate won. Election summary: received 3 responses out of 3 voters: 2 yes votes; 1 no votes. yes voters: b46bdc0c227d4dc9af9e717483acf72f, bf0d1e1b88524bf2a6d2d03ed41817f6; no voters: 19aa189257f547908f4f2c3620e13862
I20260713 09:01:05.438889  6617 leader_election.cc:290] T ce28c8acbb0b4d978351c4319c1b15aa P 19aa189257f547908f4f2c3620e13862 [CANDIDATE]: Term 1 pre-election: Requested pre-vote from peers b46bdc0c227d4dc9af9e717483acf72f (127.5.163.194:37333), bf0d1e1b88524bf2a6d2d03ed41817f6 (127.5.163.195:38997)
I20260713 09:01:05.439601  6596 tablet_bootstrap.cc:492] T 175df06acb11459b836a25fef3008ed1 P b46bdc0c227d4dc9af9e717483acf72f: No bootstrap required, opened a new log
I20260713 09:01:05.440040  6596 ts_tablet_manager.cc:1403] T 175df06acb11459b836a25fef3008ed1 P b46bdc0c227d4dc9af9e717483acf72f: Time spent bootstrapping tablet: real 0.040s	user 0.019s	sys 0.020s
I20260713 09:01:05.440448  6478 tablet_service.cc:1917] Received RequestConsensusVote() RPC: tablet_id: "ce28c8acbb0b4d978351c4319c1b15aa" candidate_uuid: "19aa189257f547908f4f2c3620e13862" candidate_term: 1 candidate_status { last_received { term: 0 index: 0 } } ignore_live_leader: false dest_uuid: "b46bdc0c227d4dc9af9e717483acf72f" is_pre_election: true
I20260713 09:01:05.441085  6478 raft_consensus.cc:2468] T ce28c8acbb0b4d978351c4319c1b15aa P b46bdc0c227d4dc9af9e717483acf72f [term 0 FOLLOWER]: Leader pre-election vote request: Granting yes vote for candidate 19aa189257f547908f4f2c3620e13862 in term 0.
I20260713 09:01:05.440038  6619 raft_consensus.cc:2804] T 8384503649934618a3953a3ef2a27090 P b46bdc0c227d4dc9af9e717483acf72f [term 1 FOLLOWER]: Leader election won for term 1
I20260713 09:01:05.442196  6626 leader_election.cc:290] T b2e432aeb68240c09dc81f9fd38815ca P b46bdc0c227d4dc9af9e717483acf72f [CANDIDATE]: Term 1 election: Requested vote from peers 19aa189257f547908f4f2c3620e13862 (127.5.163.193:39243), bf0d1e1b88524bf2a6d2d03ed41817f6 (127.5.163.195:38997)
I20260713 09:01:05.442358  6619 raft_consensus.cc:697] T 8384503649934618a3953a3ef2a27090 P b46bdc0c227d4dc9af9e717483acf72f [term 1 LEADER]: Becoming Leader. State: Replica: b46bdc0c227d4dc9af9e717483acf72f, State: Running, Role: LEADER
I20260713 09:01:05.442709  6596 raft_consensus.cc:359] T 175df06acb11459b836a25fef3008ed1 P b46bdc0c227d4dc9af9e717483acf72f [term 0 FOLLOWER]: Replica starting. Triggering 0 pending ops. Active config: opid_index: -1 OBSOLETE_local: false peers { permanent_uuid: "bf0d1e1b88524bf2a6d2d03ed41817f6" member_type: VOTER last_known_addr { host: "127.5.163.195" port: 38997 } } peers { permanent_uuid: "b46bdc0c227d4dc9af9e717483acf72f" member_type: VOTER last_known_addr { host: "127.5.163.194" port: 37333 } } peers { permanent_uuid: "19aa189257f547908f4f2c3620e13862" member_type: VOTER last_known_addr { host: "127.5.163.193" port: 39243 } }
I20260713 09:01:05.443411  6596 raft_consensus.cc:385] T 175df06acb11459b836a25fef3008ed1 P b46bdc0c227d4dc9af9e717483acf72f [term 0 FOLLOWER]: Consensus starting up: Expiring failure detector timer to make a prompt election more likely
I20260713 09:01:05.443284  6404 tablet_service.cc:1917] Received RequestConsensusVote() RPC: tablet_id: "b2e432aeb68240c09dc81f9fd38815ca" candidate_uuid: "b46bdc0c227d4dc9af9e717483acf72f" candidate_term: 1 candidate_status { last_received { term: 0 index: 0 } } ignore_live_leader: false dest_uuid: "19aa189257f547908f4f2c3620e13862"
I20260713 09:01:05.443909  6596 raft_consensus.cc:740] T 175df06acb11459b836a25fef3008ed1 P b46bdc0c227d4dc9af9e717483acf72f [term 0 FOLLOWER]: Becoming Follower/Learner. State: Replica: b46bdc0c227d4dc9af9e717483acf72f, State: Initialized, Role: FOLLOWER
