I20260713 09:00:52.883754  5902 consensus_queue.cc:260] T 394182790689447a894d21a5c7ff1ab6 P c9e18515ed3149b3bab427b5ee65e809 [NON_LEADER]: Queue going to NON_LEADER mode. State: All replicated index: 0, Majority replicated index: 1, Committed index: 1, Last appended: 1.1, Last appended by leader: 1, Current term: 1, Majority size: -1, State: 0, Mode: NON_LEADER, active raft config: opid_index: -1 OBSOLETE_local: false peers { permanent_uuid: "c9e18515ed3149b3bab427b5ee65e809" member_type: VOTER last_known_addr { host: "127.5.161.193" port: 45911 } } peers { permanent_uuid: "7d025c720b6345d1a669278698e95bf0" member_type: VOTER last_known_addr { host: "127.5.161.194" port: 45857 } } peers { permanent_uuid: "b173eceac36d439ab321049857b8e983" member_type: VOTER last_known_addr { host: "127.5.161.195" port: 45359 } }
I20260713 09:00:52.885234  5902 raft_consensus.cc:3060] T 394182790689447a894d21a5c7ff1ab6 P c9e18515ed3149b3bab427b5ee65e809 [term 1 FOLLOWER]: Advancing to term 2
I20260713 09:00:52.887697  6049 raft_consensus.cc:2468] T 394182790689447a894d21a5c7ff1ab6 P b173eceac36d439ab321049857b8e983 [term 2 FOLLOWER]: Leader election vote request: Granting yes vote for candidate 7d025c720b6345d1a669278698e95bf0 in term 2.
I20260713 09:00:52.888762  5943 leader_election.cc:304] T 394182790689447a894d21a5c7ff1ab6 P 7d025c720b6345d1a669278698e95bf0 [CANDIDATE]: Term 2 election: Election decided. Result: candidate won. Election summary: received 2 responses out of 3 voters: 2 yes votes; 0 no votes. yes voters: 7d025c720b6345d1a669278698e95bf0, b173eceac36d439ab321049857b8e983; no voters: 
I20260713 09:00:52.889528  6114 raft_consensus.cc:2804] T 394182790689447a894d21a5c7ff1ab6 P 7d025c720b6345d1a669278698e95bf0 [term 2 FOLLOWER]: Leader election won for term 2
I20260713 09:00:52.889983  6114 raft_consensus.cc:697] T 394182790689447a894d21a5c7ff1ab6 P 7d025c720b6345d1a669278698e95bf0 [term 2 LEADER]: Becoming Leader. State: Replica: 7d025c720b6345d1a669278698e95bf0, State: Running, Role: LEADER
I20260713 09:00:52.890725  6114 consensus_queue.cc:237] T 394182790689447a894d21a5c7ff1ab6 P 7d025c720b6345d1a669278698e95bf0 [LEADER]: Queue going to LEADER mode. State: All replicated index: 0, Majority replicated index: 1, Committed index: 1, Last appended: 1.1, Last appended by leader: 1, Current term: 2, Majority size: 2, State: 0, Mode: LEADER, active raft config: opid_index: -1 OBSOLETE_local: false peers { permanent_uuid: "c9e18515ed3149b3bab427b5ee65e809" member_type: VOTER last_known_addr { host: "127.5.161.193" port: 45911 } } peers { permanent_uuid: "7d025c720b6345d1a669278698e95bf0" member_type: VOTER last_known_addr { host: "127.5.161.194" port: 45857 } } peers { permanent_uuid: "b173eceac36d439ab321049857b8e983" member_type: VOTER last_known_addr { host: "127.5.161.195" port: 45359 } }
I20260713 09:00:52.894101  5902 raft_consensus.cc:2468] T 394182790689447a894d21a5c7ff1ab6 P c9e18515ed3149b3bab427b5ee65e809 [term 2 FOLLOWER]: Leader election vote request: Granting yes vote for candidate 7d025c720b6345d1a669278698e95bf0 in term 2.
I20260713 09:00:52.897568  6138 consensus_queue.cc:1048] T 0a15dd4e246340469a82de4f44c16011 P b173eceac36d439ab321049857b8e983 [LEADER]: Connected to new peer: Peer: permanent_uuid: "c9e18515ed3149b3bab427b5ee65e809" member_type: VOTER last_known_addr { host: "127.5.161.193" port: 45911 }, Status: LMP_MISMATCH, Last received: 0.0, Next index: 1, Last known committed idx: 0, Time since last communication: 0.000s
I20260713 09:00:52.899241  5799 catalog_manager.cc:5697] T 394182790689447a894d21a5c7ff1ab6 P 7d025c720b6345d1a669278698e95bf0 reported cstate change: term changed from 1 to 2, leader changed from c9e18515ed3149b3bab427b5ee65e809 (127.5.161.193) to 7d025c720b6345d1a669278698e95bf0 (127.5.161.194). New cstate: current_term: 2 leader_uuid: "7d025c720b6345d1a669278698e95bf0" committed_config { opid_index: -1 OBSOLETE_local: false peers { permanent_uuid: "c9e18515ed3149b3bab427b5ee65e809" member_type: VOTER last_known_addr { host: "127.5.161.193" port: 45911 } health_report { overall_health: UNKNOWN } } peers { permanent_uuid: "7d025c720b6345d1a669278698e95bf0" member_type: VOTER last_known_addr { host: "127.5.161.194" port: 45857 } health_report { overall_health: HEALTHY } } peers { permanent_uuid: "b173eceac36d439ab321049857b8e983" member_type: VOTER last_known_addr { host: "127.5.161.195" port: 45359 } health_report { overall_health: UNKNOWN } } }
I20260713 09:00:52.905539  6138 consensus_queue.cc:1048] T 0a15dd4e246340469a82de4f44c16011 P b173eceac36d439ab321049857b8e983 [LEADER]: Connected to new peer: Peer: permanent_uuid: "7d025c720b6345d1a669278698e95bf0" member_type: VOTER last_known_addr { host: "127.5.161.194" port: 45857 }, Status: LMP_MISMATCH, Last received: 0.0, Next index: 1, Last known committed idx: 0, Time since last communication: 0.000s
I20260713 09:00:52.957674  5977 raft_consensus.cc:1275] T 1cff443297554b149a7ce221a3b8cb3b P 7d025c720b6345d1a669278698e95bf0 [term 2 FOLLOWER]: Refusing update from remote peer c9e18515ed3149b3bab427b5ee65e809: Log matching property violated. Preceding OpId in replica: term: 1 index: 1. Preceding OpId from leader: term: 2 index: 2. (index mismatch)
I20260713 09:00:52.959120  6170 consensus_queue.cc:1048] T 1cff443297554b149a7ce221a3b8cb3b P c9e18515ed3149b3bab427b5ee65e809 [LEADER]: Connected to new peer: Peer: permanent_uuid: "7d025c720b6345d1a669278698e95bf0" member_type: VOTER last_known_addr { host: "127.5.161.194" port: 45857 }, Status: LMP_MISMATCH, Last received: 0.0, Next index: 2, Last known committed idx: 1, Time since last communication: 0.000s
I20260713 09:00:52.970779  6049 raft_consensus.cc:1275] T 1cff443297554b149a7ce221a3b8cb3b P b173eceac36d439ab321049857b8e983 [term 2 FOLLOWER]: Refusing update from remote peer c9e18515ed3149b3bab427b5ee65e809: Log matching property violated. Preceding OpId in replica: term: 1 index: 1. Preceding OpId from leader: term: 2 index: 2. (index mismatch)
I20260713 09:00:52.972383  6148 consensus_queue.cc:1048] T 1cff443297554b149a7ce221a3b8cb3b P c9e18515ed3149b3bab427b5ee65e809 [LEADER]: Connected to new peer: Peer: permanent_uuid: "b173eceac36d439ab321049857b8e983" member_type: VOTER last_known_addr { host: "127.5.161.195" port: 45359 }, Status: LMP_MISMATCH, Last received: 0.0, Next index: 2, Last known committed idx: 1, Time since last communication: 0.000s
I20260713 09:00:53.053882  6049 raft_consensus.cc:1275] T 354af1dd3b884ecdbaaf61f3d905dc25 P b173eceac36d439ab321049857b8e983 [term 2 FOLLOWER]: Refusing update from remote peer c9e18515ed3149b3bab427b5ee65e809: Log matching property violated. Preceding OpId in replica: term: 1 index: 1. Preceding OpId from leader: term: 2 index: 2. (index mismatch)
I20260713 09:00:53.055228  6148 consensus_queue.cc:1048] T 354af1dd3b884ecdbaaf61f3d905dc25 P c9e18515ed3149b3bab427b5ee65e809 [LEADER]: Connected to new peer: Peer: permanent_uuid: "b173eceac36d439ab321049857b8e983" member_type: VOTER last_known_addr { host: "127.5.161.195" port: 45359 }, Status: LMP_MISMATCH, Last received: 0.0, Next index: 2, Last known committed idx: 1, Time since last communication: 0.000s
I20260713 09:00:53.066395  6049 raft_consensus.cc:1275] T 9776d02d0efb4fcfadb46a453e591ff0 P b173eceac36d439ab321049857b8e983 [term 2 FOLLOWER]: Refusing update from remote peer c9e18515ed3149b3bab427b5ee65e809: Log matching property violated. Preceding OpId in replica: term: 1 index: 1. Preceding OpId from leader: term: 2 index: 2. (index mismatch)
I20260713 09:00:53.071251  5977 raft_consensus.cc:1275] T 354af1dd3b884ecdbaaf61f3d905dc25 P 7d025c720b6345d1a669278698e95bf0 [term 2 FOLLOWER]: Refusing update from remote peer c9e18515ed3149b3bab427b5ee65e809: Log matching property violated. Preceding OpId in replica: term: 1 index: 1. Preceding OpId from leader: term: 2 index: 2. (index mismatch)
I20260713 09:00:53.074435  6148 consensus_queue.cc:1048] T 354af1dd3b884ecdbaaf61f3d905dc25 P c9e18515ed3149b3bab427b5ee65e809 [LEADER]: Connected to new peer: Peer: permanent_uuid: "7d025c720b6345d1a669278698e95bf0" member_type: VOTER last_known_addr { host: "127.5.161.194" port: 45857 }, Status: LMP_MISMATCH, Last received: 0.0, Next index: 2, Last known committed idx: 1, Time since last communication: 0.000s
I20260713 09:00:53.074781  6179 consensus_queue.cc:1048] T 9776d02d0efb4fcfadb46a453e591ff0 P c9e18515ed3149b3bab427b5ee65e809 [LEADER]: Connected to new peer: Peer: permanent_uuid: "b173eceac36d439ab321049857b8e983" member_type: VOTER last_known_addr { host: "127.5.161.195" port: 45359 }, Status: LMP_MISMATCH, Last received: 0.0, Next index: 2, Last known committed idx: 1, Time since last communication: 0.001s
I20260713 09:00:53.087890  5977 raft_consensus.cc:1275] T 9776d02d0efb4fcfadb46a453e591ff0 P 7d025c720b6345d1a669278698e95bf0 [term 2 FOLLOWER]: Refusing update from remote peer c9e18515ed3149b3bab427b5ee65e809: Log matching property violated. Preceding OpId in replica: term: 1 index: 1. Preceding OpId from leader: term: 2 index: 2. (index mismatch)
I20260713 09:00:53.089764  6179 consensus_queue.cc:1048] T 9776d02d0efb4fcfadb46a453e591ff0 P c9e18515ed3149b3bab427b5ee65e809 [LEADER]: Connected to new peer: Peer: permanent_uuid: "7d025c720b6345d1a669278698e95bf0" member_type: VOTER last_known_addr { host: "127.5.161.194" port: 45857 }, Status: LMP_MISMATCH, Last received: 0.0, Next index: 2, Last known committed idx: 1, Time since last communication: 0.000s
I20260713 09:00:53.199749  5977 raft_consensus.cc:1275] T c5ac77112a9a4abbacf6d7353bad9435 P 7d025c720b6345d1a669278698e95bf0 [term 2 FOLLOWER]: Refusing update from remote peer c9e18515ed3149b3bab427b5ee65e809: Log matching property violated. Preceding OpId in replica: term: 1 index: 1. Preceding OpId from leader: term: 2 index: 2. (index mismatch)
I20260713 09:00:53.201057  6179 consensus_queue.cc:1048] T c5ac77112a9a4abbacf6d7353bad9435 P c9e18515ed3149b3bab427b5ee65e809 [LEADER]: Connected to new peer: Peer: permanent_uuid: "7d025c720b6345d1a669278698e95bf0" member_type: VOTER last_known_addr { host: "127.5.161.194" port: 45857 }, Status: LMP_MISMATCH, Last received: 0.0, Next index: 2, Last known committed idx: 1, Time since last communication: 0.000s
I20260713 09:00:53.208287  6051 raft_consensus.cc:1275] T c5ac77112a9a4abbacf6d7353bad9435 P b173eceac36d439ab321049857b8e983 [term 2 FOLLOWER]: Refusing update from remote peer c9e18515ed3149b3bab427b5ee65e809: Log matching property violated. Preceding OpId in replica: term: 1 index: 1. Preceding OpId from leader: term: 2 index: 2. (index mismatch)
I20260713 09:00:53.209867  6148 consensus_queue.cc:1048] T c5ac77112a9a4abbacf6d7353bad9435 P c9e18515ed3149b3bab427b5ee65e809 [LEADER]: Connected to new peer: Peer: permanent_uuid: "b173eceac36d439ab321049857b8e983" member_type: VOTER last_known_addr { host: "127.5.161.195" port: 45359 }, Status: LMP_MISMATCH, Last received: 0.0, Next index: 2, Last known committed idx: 1, Time since last communication: 0.000s
I20260713 09:00:53.392568  6051 raft_consensus.cc:1275] T 394182790689447a894d21a5c7ff1ab6 P b173eceac36d439ab321049857b8e983 [term 2 FOLLOWER]: Refusing update from remote peer 7d025c720b6345d1a669278698e95bf0: Log matching property violated. Preceding OpId in replica: term: 1 index: 1. Preceding OpId from leader: term: 2 index: 2. (index mismatch)
I20260713 09:00:53.393798  6114 consensus_queue.cc:1048] T 394182790689447a894d21a5c7ff1ab6 P 7d025c720b6345d1a669278698e95bf0 [LEADER]: Connected to new peer: Peer: permanent_uuid: "b173eceac36d439ab321049857b8e983" member_type: VOTER last_known_addr { host: "127.5.161.195" port: 45359 }, Status: LMP_MISMATCH, Last received: 0.0, Next index: 2, Last known committed idx: 1, Time since last communication: 0.000s
I20260713 09:00:53.401669  5901 raft_consensus.cc:1275] T 394182790689447a894d21a5c7ff1ab6 P c9e18515ed3149b3bab427b5ee65e809 [term 2 FOLLOWER]: Refusing update from remote peer 7d025c720b6345d1a669278698e95bf0: Log matching property violated. Preceding OpId in replica: term: 1 index: 1. Preceding OpId from leader: term: 2 index: 2. (index mismatch)
I20260713 09:00:53.404502  6096 consensus_queue.cc:1048] T 394182790689447a894d21a5c7ff1ab6 P 7d025c720b6345d1a669278698e95bf0 [LEADER]: Connected to new peer: Peer: permanent_uuid: "c9e18515ed3149b3bab427b5ee65e809" member_type: VOTER last_known_addr { host: "127.5.161.193" port: 45911 }, Status: LMP_MISMATCH, Last received: 0.0, Next index: 2, Last known committed idx: 1, Time since last communication: 0.000s
I20260713 09:00:55.565534  5767 auto_leader_rebalancer-test.cc:320] The leader distribution is 
I20260713 09:00:55.566275  5767 auto_leader_rebalancer.cc:141] leader rebalance for table test-workload
I20260713 09:00:55.589517  5977 tablet_service.cc:2072] Received LeaderStepDown RPC: tablet_id: "5572faa8d4de49c8ae8a3c60a64366a6"
dest_uuid: "7d025c720b6345d1a669278698e95bf0"
mode: GRACEFUL
new_leader_uuid: "b173eceac36d439ab321049857b8e983"
 from {username='slave'} at 127.0.0.1:41682
I20260713 09:00:55.590091  5977 raft_consensus.cc:606] T 5572faa8d4de49c8ae8a3c60a64366a6 P 7d025c720b6345d1a669278698e95bf0 [term 1 LEADER]: Received request to transfer leadership to TS b173eceac36d439ab321049857b8e983
I20260713 09:00:55.600924  5901 tablet_service.cc:2072] Received LeaderStepDown RPC: tablet_id: "c5ac77112a9a4abbacf6d7353bad9435"
dest_uuid: "c9e18515ed3149b3bab427b5ee65e809"
mode: GRACEFUL
new_leader_uuid: "b173eceac36d439ab321049857b8e983"
 from {username='slave'} at 127.0.0.1:52038
I20260713 09:00:55.601575  5901 raft_consensus.cc:606] T c5ac77112a9a4abbacf6d7353bad9435 P c9e18515ed3149b3bab427b5ee65e809 [term 2 LEADER]: Received request to transfer leadership to TS b173eceac36d439ab321049857b8e983
I20260713 09:00:55.602854  5767 auto_leader_rebalancer.cc:479] table: test-workload, leader rebalance finish, leader transfer count: 2
I20260713 09:00:55.603253  5767 auto_leader_rebalancer.cc:554] All tables' leader rebalancing finished this round
I20260713 09:00:55.751344  6183 raft_consensus.cc:993] T 5572faa8d4de49c8ae8a3c60a64366a6 P 7d025c720b6345d1a669278698e95bf0: : Instructing follower b173eceac36d439ab321049857b8e983 to start an election
I20260713 09:00:55.751857  6188 raft_consensus.cc:1081] T 5572faa8d4de49c8ae8a3c60a64366a6 P 7d025c720b6345d1a669278698e95bf0 [term 1 LEADER]: Signalling peer b173eceac36d439ab321049857b8e983 to start an election
I20260713 09:00:55.753679  6051 tablet_service.cc:2044] Received Run Leader Election RPC: tablet_id: "5572faa8d4de49c8ae8a3c60a64366a6"
dest_uuid: "b173eceac36d439ab321049857b8e983"
 from {username='slave'} at 127.0.0.1:56526
I20260713 09:00:55.754220  6051 raft_consensus.cc:493] T 5572faa8d4de49c8ae8a3c60a64366a6 P b173eceac36d439ab321049857b8e983 [term 1 FOLLOWER]: Starting forced leader election (received explicit request)
I20260713 09:00:55.754578  6051 raft_consensus.cc:3060] T 5572faa8d4de49c8ae8a3c60a64366a6 P b173eceac36d439ab321049857b8e983 [term 1 FOLLOWER]: Advancing to term 2
I20260713 09:00:55.759275  6051 raft_consensus.cc:515] T 5572faa8d4de49c8ae8a3c60a64366a6 P b173eceac36d439ab321049857b8e983 [term 2 FOLLOWER]: Starting forced leader election with config: opid_index: -1 OBSOLETE_local: false peers { permanent_uuid: "c9e18515ed3149b3bab427b5ee65e809" member_type: VOTER last_known_addr { host: "127.5.161.193" port: 45911 } } peers { permanent_uuid: "7d025c720b6345d1a669278698e95bf0" member_type: VOTER last_known_addr { host: "127.5.161.194" port: 45857 } } peers { permanent_uuid: "b173eceac36d439ab321049857b8e983" member_type: VOTER last_known_addr { host: "127.5.161.195" port: 45359 } }
I20260713 09:00:55.761822  6051 leader_election.cc:290] T 5572faa8d4de49c8ae8a3c60a64366a6 P b173eceac36d439ab321049857b8e983 [CANDIDATE]: Term 2 election: Requested vote from peers c9e18515ed3149b3bab427b5ee65e809 (127.5.161.193:45911), 7d025c720b6345d1a669278698e95bf0 (127.5.161.194:45857)
I20260713 09:00:55.762451  5977 tablet_service.cc:1917] Received RequestConsensusVote() RPC: tablet_id: "5572faa8d4de49c8ae8a3c60a64366a6" candidate_uuid: "b173eceac36d439ab321049857b8e983" candidate_term: 2 candidate_status { last_received { term: 1 index: 1 } } ignore_live_leader: true dest_uuid: "7d025c720b6345d1a669278698e95bf0"
I20260713 09:00:55.763074  5977 raft_consensus.cc:3055] T 5572faa8d4de49c8ae8a3c60a64366a6 P 7d025c720b6345d1a669278698e95bf0 [term 1 LEADER]: Stepping down as leader of term 1
I20260713 09:00:55.763449  5977 raft_consensus.cc:740] T 5572faa8d4de49c8ae8a3c60a64366a6 P 7d025c720b6345d1a669278698e95bf0 [term 1 LEADER]: Becoming Follower/Learner. State: Replica: 7d025c720b6345d1a669278698e95bf0, State: Running, Role: LEADER
I20260713 09:00:55.763900  5901 tablet_service.cc:1917] Received RequestConsensusVote() RPC: tablet_id: "5572faa8d4de49c8ae8a3c60a64366a6" candidate_uuid: "b173eceac36d439ab321049857b8e983" candidate_term: 2 candidate_status { last_received { term: 1 index: 1 } } ignore_live_leader: true dest_uuid: "c9e18515ed3149b3bab427b5ee65e809"
I20260713 09:00:55.764456  5901 raft_consensus.cc:3060] T 5572faa8d4de49c8ae8a3c60a64366a6 P c9e18515ed3149b3bab427b5ee65e809 [term 1 FOLLOWER]: Advancing to term 2
I20260713 09:00:55.764256  5977 consensus_queue.cc:260] T 5572faa8d4de49c8ae8a3c60a64366a6 P 7d025c720b6345d1a669278698e95bf0 [NON_LEADER]: Queue going to NON_LEADER mode. State: All replicated index: 0, Majority replicated index: 1, Committed index: 1, Last appended: 1.1, Last appended by leader: 1, Current term: 1, Majority size: -1, State: 0, Mode: NON_LEADER, active raft config: opid_index: -1 OBSOLETE_local: false peers { permanent_uuid: "c9e18515ed3149b3bab427b5ee65e809" member_type: VOTER last_known_addr { host: "127.5.161.193" port: 45911 } } peers { permanent_uuid: "7d025c720b6345d1a669278698e95bf0" member_type: VOTER last_known_addr { host: "127.5.161.194" port: 45857 } } peers { permanent_uuid: "b173eceac36d439ab321049857b8e983" member_type: VOTER last_known_addr { host: "127.5.161.195" port: 45359 } }
I20260713 09:00:55.765480  5977 raft_consensus.cc:3060] T 5572faa8d4de49c8ae8a3c60a64366a6 P 7d025c720b6345d1a669278698e95bf0 [term 1 FOLLOWER]: Advancing to term 2
I20260713 09:00:55.771039  5901 raft_consensus.cc:2468] T 5572faa8d4de49c8ae8a3c60a64366a6 P c9e18515ed3149b3bab427b5ee65e809 [term 2 FOLLOWER]: Leader election vote request: Granting yes vote for candidate b173eceac36d439ab321049857b8e983 in term 2.
I20260713 09:00:55.771543  5977 raft_consensus.cc:2468] T 5572faa8d4de49c8ae8a3c60a64366a6 P 7d025c720b6345d1a669278698e95bf0 [term 2 FOLLOWER]: Leader election vote request: Granting yes vote for candidate b173eceac36d439ab321049857b8e983 in term 2.
I20260713 09:00:55.772323  6015 leader_election.cc:304] T 5572faa8d4de49c8ae8a3c60a64366a6 P b173eceac36d439ab321049857b8e983 [CANDIDATE]: Term 2 election: Election decided. Result: candidate won. Election summary: received 2 responses out of 3 voters: 2 yes votes; 0 no votes. yes voters: b173eceac36d439ab321049857b8e983, c9e18515ed3149b3bab427b5ee65e809; no voters: 
I20260713 09:00:55.772994  6184 raft_consensus.cc:2804] T 5572faa8d4de49c8ae8a3c60a64366a6 P b173eceac36d439ab321049857b8e983 [term 2 FOLLOWER]: Leader election won for term 2
I20260713 09:00:55.774123  6184 raft_consensus.cc:697] T 5572faa8d4de49c8ae8a3c60a64366a6 P b173eceac36d439ab321049857b8e983 [term 2 LEADER]: Becoming Leader. State: Replica: b173eceac36d439ab321049857b8e983, State: Running, Role: LEADER
I20260713 09:00:55.774760  6184 consensus_queue.cc:237] T 5572faa8d4de49c8ae8a3c60a64366a6 P b173eceac36d439ab321049857b8e983 [LEADER]: Queue going to LEADER mode. State: All replicated index: 0, Majority replicated index: 1, Committed index: 1, Last appended: 1.1, Last appended by leader: 1, Current term: 2, Majority size: 2, State: 0, Mode: LEADER, active raft config: opid_index: -1 OBSOLETE_local: false peers { permanent_uuid: "c9e18515ed3149b3bab427b5ee65e809" member_type: VOTER last_known_addr { host: "127.5.161.193" port: 45911 } } peers { permanent_uuid: "7d025c720b6345d1a669278698e95bf0" member_type: VOTER last_known_addr { host: "127.5.161.194" port: 45857 } } peers { permanent_uuid: "b173eceac36d439ab321049857b8e983" member_type: VOTER last_known_addr { host: "127.5.161.195" port: 45359 } }
I20260713 09:00:55.783499  5796 catalog_manager.cc:5697] T 5572faa8d4de49c8ae8a3c60a64366a6 P b173eceac36d439ab321049857b8e983 reported cstate change: term changed from 1 to 2, leader changed from 7d025c720b6345d1a669278698e95bf0 (127.5.161.194) to b173eceac36d439ab321049857b8e983 (127.5.161.195). New cstate: current_term: 2 leader_uuid: "b173eceac36d439ab321049857b8e983" committed_config { opid_index: -1 OBSOLETE_local: false peers { permanent_uuid: "c9e18515ed3149b3bab427b5ee65e809" member_type: VOTER last_known_addr { host: "127.5.161.193" port: 45911 } health_report { overall_health: UNKNOWN } } peers { permanent_uuid: "7d025c720b6345d1a669278698e95bf0" member_type: VOTER last_known_addr { host: "127.5.161.194" port: 45857 } health_report { overall_health: UNKNOWN } } peers { permanent_uuid: "b173eceac36d439ab321049857b8e983" member_type: VOTER last_known_addr { host: "127.5.161.195" port: 45359 } health_report { overall_health: HEALTHY } } }
I20260713 09:00:55.993391  6195 raft_consensus.cc:993] T c5ac77112a9a4abbacf6d7353bad9435 P c9e18515ed3149b3bab427b5ee65e809: : Instructing follower b173eceac36d439ab321049857b8e983 to start an election
I20260713 09:00:55.993875  6179 raft_consensus.cc:1081] T c5ac77112a9a4abbacf6d7353bad9435 P c9e18515ed3149b3bab427b5ee65e809 [term 2 LEADER]: Signalling peer b173eceac36d439ab321049857b8e983 to start an election
I20260713 09:00:55.995287  6051 tablet_service.cc:2044] Received Run Leader Election RPC: tablet_id: "c5ac77112a9a4abbacf6d7353bad9435"
dest_uuid: "b173eceac36d439ab321049857b8e983"
 from {username='slave'} at 127.0.0.1:56530
I20260713 09:00:55.995782  6051 raft_consensus.cc:493] T c5ac77112a9a4abbacf6d7353bad9435 P b173eceac36d439ab321049857b8e983 [term 2 FOLLOWER]: Starting forced leader election (received explicit request)
I20260713 09:00:55.996150  6051 raft_consensus.cc:3060] T c5ac77112a9a4abbacf6d7353bad9435 P b173eceac36d439ab321049857b8e983 [term 2 FOLLOWER]: Advancing to term 3
I20260713 09:00:56.000711  6051 raft_consensus.cc:515] T c5ac77112a9a4abbacf6d7353bad9435 P b173eceac36d439ab321049857b8e983 [term 3 FOLLOWER]: Starting forced leader election with config: opid_index: -1 OBSOLETE_local: false peers { permanent_uuid: "7d025c720b6345d1a669278698e95bf0" member_type: VOTER last_known_addr { host: "127.5.161.194" port: 45857 } } peers { permanent_uuid: "c9e18515ed3149b3bab427b5ee65e809" member_type: VOTER last_known_addr { host: "127.5.161.193" port: 45911 } } peers { permanent_uuid: "b173eceac36d439ab321049857b8e983" member_type: VOTER last_known_addr { host: "127.5.161.195" port: 45359 } }
I20260713 09:00:56.002406  6051 leader_election.cc:290] T c5ac77112a9a4abbacf6d7353bad9435 P b173eceac36d439ab321049857b8e983 [CANDIDATE]: Term 3 election: Requested vote from peers 7d025c720b6345d1a669278698e95bf0 (127.5.161.194:45857), c9e18515ed3149b3bab427b5ee65e809 (127.5.161.193:45911)
I20260713 09:00:56.003299  5977 tablet_service.cc:1917] Received RequestConsensusVote() RPC: tablet_id: "c5ac77112a9a4abbacf6d7353bad9435" candidate_uuid: "b173eceac36d439ab321049857b8e983" candidate_term: 3 candidate_status { last_received { term: 2 index: 2 } } ignore_live_leader: true dest_uuid: "7d025c720b6345d1a669278698e95bf0"
I20260713 09:00:56.003487  5901 tablet_service.cc:1917] Received RequestConsensusVote() RPC: tablet_id: "c5ac77112a9a4abbacf6d7353bad9435" candidate_uuid: "b173eceac36d439ab321049857b8e983" candidate_term: 3 candidate_status { last_received { term: 2 index: 2 } } ignore_live_leader: true dest_uuid: "c9e18515ed3149b3bab427b5ee65e809"
I20260713 09:00:56.003862  5977 raft_consensus.cc:3060] T c5ac77112a9a4abbacf6d7353bad9435 P 7d025c720b6345d1a669278698e95bf0 [term 2 FOLLOWER]: Advancing to term 3
I20260713 09:00:56.003999  5901 raft_consensus.cc:3055] T c5ac77112a9a4abbacf6d7353bad9435 P c9e18515ed3149b3bab427b5ee65e809 [term 2 LEADER]: Stepping down as leader of term 2
I20260713 09:00:56.004349  5901 raft_consensus.cc:740] T c5ac77112a9a4abbacf6d7353bad9435 P c9e18515ed3149b3bab427b5ee65e809 [term 2 LEADER]: Becoming Follower/Learner. State: Replica: c9e18515ed3149b3bab427b5ee65e809, State: Running, Role: LEADER
I20260713 09:00:56.005106  5901 consensus_queue.cc:260] T c5ac77112a9a4abbacf6d7353bad9435 P c9e18515ed3149b3bab427b5ee65e809 [NON_LEADER]: Queue going to NON_LEADER mode. State: All replicated index: 0, Majority replicated index: 2, Committed index: 2, Last appended: 2.2, Last appended by leader: 2, Current term: 2, Majority size: -1, State: 0, Mode: NON_LEADER, active raft config: opid_index: -1 OBSOLETE_local: false peers { permanent_uuid: "7d025c720b6345d1a669278698e95bf0" member_type: VOTER last_known_addr { host: "127.5.161.194" port: 45857 } } peers { permanent_uuid: "c9e18515ed3149b3bab427b5ee65e809" member_type: VOTER last_known_addr { host: "127.5.161.193" port: 45911 } } peers { permanent_uuid: "b173eceac36d439ab321049857b8e983" member_type: VOTER last_known_addr { host: "127.5.161.195" port: 45359 } }
I20260713 09:00:56.006297  5901 raft_consensus.cc:3060] T c5ac77112a9a4abbacf6d7353bad9435 P c9e18515ed3149b3bab427b5ee65e809 [term 2 FOLLOWER]: Advancing to term 3
I20260713 09:00:56.010105  5977 raft_consensus.cc:2468] T c5ac77112a9a4abbacf6d7353bad9435 P 7d025c720b6345d1a669278698e95bf0 [term 3 FOLLOWER]: Leader election vote request: Granting yes vote for candidate b173eceac36d439ab321049857b8e983 in term 3.
I20260713 09:00:56.011241  6014 leader_election.cc:304] T c5ac77112a9a4abbacf6d7353bad9435 P b173eceac36d439ab321049857b8e983 [CANDIDATE]: Term 3 election: Election decided. Result: candidate won. Election summary: received 2 responses out of 3 voters: 2 yes votes; 0 no votes. yes voters: 7d025c720b6345d1a669278698e95bf0, b173eceac36d439ab321049857b8e983; no voters: 
I20260713 09:00:56.011936  6184 raft_consensus.cc:2804] T c5ac77112a9a4abbacf6d7353bad9435 P b173eceac36d439ab321049857b8e983 [term 3 FOLLOWER]: Leader election won for term 3
I20260713 09:00:56.012358  5901 raft_consensus.cc:2468] T c5ac77112a9a4abbacf6d7353bad9435 P c9e18515ed3149b3bab427b5ee65e809 [term 3 FOLLOWER]: Leader election vote request: Granting yes vote for candidate b173eceac36d439ab321049857b8e983 in term 3.
I20260713 09:00:56.012436  6184 raft_consensus.cc:697] T c5ac77112a9a4abbacf6d7353bad9435 P b173eceac36d439ab321049857b8e983 [term 3 LEADER]: Becoming Leader. State: Replica: b173eceac36d439ab321049857b8e983, State: Running, Role: LEADER
I20260713 09:00:56.013438  6184 consensus_queue.cc:237] T c5ac77112a9a4abbacf6d7353bad9435 P b173eceac36d439ab321049857b8e983 [LEADER]: Queue going to LEADER mode. State: All replicated index: 0, Majority replicated index: 2, Committed index: 2, Last appended: 2.2, Last appended by leader: 2, Current term: 3, Majority size: 2, State: 0, Mode: LEADER, active raft config: opid_index: -1 OBSOLETE_local: false peers { permanent_uuid: "7d025c720b6345d1a669278698e95bf0" member_type: VOTER last_known_addr { host: "127.5.161.194" port: 45857 } } peers { permanent_uuid: "c9e18515ed3149b3bab427b5ee65e809" member_type: VOTER last_known_addr { host: "127.5.161.193" port: 45911 } } peers { permanent_uuid: "b173eceac36d439ab321049857b8e983" member_type: VOTER last_known_addr { host: "127.5.161.195" port: 45359 } }
I20260713 09:00:56.021832  5796 catalog_manager.cc:5697] T c5ac77112a9a4abbacf6d7353bad9435 P b173eceac36d439ab321049857b8e983 reported cstate change: term changed from 2 to 3, leader changed from c9e18515ed3149b3bab427b5ee65e809 (127.5.161.193) to b173eceac36d439ab321049857b8e983 (127.5.161.195). New cstate: current_term: 3 leader_uuid: "b173eceac36d439ab321049857b8e983" committed_config { opid_index: -1 OBSOLETE_local: false peers { permanent_uuid: "7d025c720b6345d1a669278698e95bf0" member_type: VOTER last_known_addr { host: "127.5.161.194" port: 45857 } health_report { overall_health: UNKNOWN } } peers { permanent_uuid: "c9e18515ed3149b3bab427b5ee65e809" member_type: VOTER last_known_addr { host: "127.5.161.193" port: 45911 } health_report { overall_health: UNKNOWN } } peers { permanent_uuid: "b173eceac36d439ab321049857b8e983" member_type: VOTER last_known_addr { host: "127.5.161.195" port: 45359 } health_report { overall_health: HEALTHY } } }
I20260713 09:00:56.171005  5901 raft_consensus.cc:1275] T 5572faa8d4de49c8ae8a3c60a64366a6 P c9e18515ed3149b3bab427b5ee65e809 [term 2 FOLLOWER]: Refusing update from remote peer b173eceac36d439ab321049857b8e983: Log matching property violated. Preceding OpId in replica: term: 1 index: 1. Preceding OpId from leader: term: 2 index: 2. (index mismatch)
I20260713 09:00:56.172290  6184 consensus_queue.cc:1048] T 5572faa8d4de49c8ae8a3c60a64366a6 P b173eceac36d439ab321049857b8e983 [LEADER]: Connected to new peer: Peer: permanent_uuid: "c9e18515ed3149b3bab427b5ee65e809" member_type: VOTER last_known_addr { host: "127.5.161.193" port: 45911 }, Status: LMP_MISMATCH, Last received: 0.0, Next index: 2, Last known committed idx: 1, Time since last communication: 0.000s
I20260713 09:00:56.181967  5977 raft_consensus.cc:1275] T 5572faa8d4de49c8ae8a3c60a64366a6 P 7d025c720b6345d1a669278698e95bf0 [term 2 FOLLOWER]: Refusing update from remote peer b173eceac36d439ab321049857b8e983: Log matching property violated. Preceding OpId in replica: term: 1 index: 1. Preceding OpId from leader: term: 2 index: 2. (index mismatch)
I20260713 09:00:56.183800  6189 consensus_queue.cc:1048] T 5572faa8d4de49c8ae8a3c60a64366a6 P b173eceac36d439ab321049857b8e983 [LEADER]: Connected to new peer: Peer: permanent_uuid: "7d025c720b6345d1a669278698e95bf0" member_type: VOTER last_known_addr { host: "127.5.161.194" port: 45857 }, Status: LMP_MISMATCH, Last received: 0.0, Next index: 2, Last known committed idx: 1, Time since last communication: 0.000s
I20260713 09:00:56.509944  5902 raft_consensus.cc:1275] T c5ac77112a9a4abbacf6d7353bad9435 P c9e18515ed3149b3bab427b5ee65e809 [term 3 FOLLOWER]: Refusing update from remote peer b173eceac36d439ab321049857b8e983: Log matching property violated. Preceding OpId in replica: term: 2 index: 2. Preceding OpId from leader: term: 3 index: 3. (index mismatch)
I20260713 09:00:56.511304  6189 consensus_queue.cc:1048] T c5ac77112a9a4abbacf6d7353bad9435 P b173eceac36d439ab321049857b8e983 [LEADER]: Connected to new peer: Peer: permanent_uuid: "c9e18515ed3149b3bab427b5ee65e809" member_type: VOTER last_known_addr { host: "127.5.161.193" port: 45911 }, Status: LMP_MISMATCH, Last received: 0.0, Next index: 3, Last known committed idx: 2, Time since last communication: 0.000s
I20260713 09:00:56.519338  5977 raft_consensus.cc:1275] T c5ac77112a9a4abbacf6d7353bad9435 P 7d025c720b6345d1a669278698e95bf0 [term 3 FOLLOWER]: Refusing update from remote peer b173eceac36d439ab321049857b8e983: Log matching property violated. Preceding OpId in replica: term: 2 index: 2. Preceding OpId from leader: term: 3 index: 3. (index mismatch)
I20260713 09:00:56.520706  6189 consensus_queue.cc:1048] T c5ac77112a9a4abbacf6d7353bad9435 P b173eceac36d439ab321049857b8e983 [LEADER]: Connected to new peer: Peer: permanent_uuid: "7d025c720b6345d1a669278698e95bf0" member_type: VOTER last_known_addr { host: "127.5.161.194" port: 45857 }, Status: LMP_MISMATCH, Last received: 0.0, Next index: 3, Last known committed idx: 2, Time since last communication: 0.001s
I20260713 09:00:56.604003  5767 auto_leader_rebalancer.cc:141] leader rebalance for table test-workload
I20260713 09:00:56.613329  6051 tablet_service.cc:2072] Received LeaderStepDown RPC: tablet_id: "c5ac77112a9a4abbacf6d7353bad9435"
dest_uuid: "b173eceac36d439ab321049857b8e983"
mode: GRACEFUL
new_leader_uuid: "7d025c720b6345d1a669278698e95bf0"
 from {username='slave'} at 127.0.0.1:56546
I20260713 09:00:56.613855  6051 raft_consensus.cc:606] T c5ac77112a9a4abbacf6d7353bad9435 P b173eceac36d439ab321049857b8e983 [term 3 LEADER]: Received request to transfer leadership to TS 7d025c720b6345d1a669278698e95bf0
I20260713 09:00:56.618454  5902 tablet_service.cc:2072] Received LeaderStepDown RPC: tablet_id: "1cff443297554b149a7ce221a3b8cb3b"
dest_uuid: "c9e18515ed3149b3bab427b5ee65e809"
mode: GRACEFUL
new_leader_uuid: "7d025c720b6345d1a669278698e95bf0"
 from {username='slave'} at 127.0.0.1:52030
I20260713 09:00:56.618935  5902 raft_consensus.cc:606] T 1cff443297554b149a7ce221a3b8cb3b P c9e18515ed3149b3bab427b5ee65e809 [term 2 LEADER]: Received request to transfer leadership to TS 7d025c720b6345d1a669278698e95bf0
I20260713 09:00:56.625183  5902 tablet_service.cc:2072] Received LeaderStepDown RPC: tablet_id: "354af1dd3b884ecdbaaf61f3d905dc25"
dest_uuid: "c9e18515ed3149b3bab427b5ee65e809"
mode: GRACEFUL
new_leader_uuid: "7d025c720b6345d1a669278698e95bf0"
 from {username='slave'} at 127.0.0.1:52030
I20260713 09:00:56.625684  5902 raft_consensus.cc:606] T 354af1dd3b884ecdbaaf61f3d905dc25 P c9e18515ed3149b3bab427b5ee65e809 [term 2 LEADER]: Received request to transfer leadership to TS 7d025c720b6345d1a669278698e95bf0
I20260713 09:00:56.630017  5902 tablet_service.cc:2072] Received LeaderStepDown RPC: tablet_id: "9776d02d0efb4fcfadb46a453e591ff0"
dest_uuid: "c9e18515ed3149b3bab427b5ee65e809"
mode: GRACEFUL
new_leader_uuid: "7d025c720b6345d1a669278698e95bf0"
 from {username='slave'} at 127.0.0.1:52030
I20260713 09:00:56.630484  5902 raft_consensus.cc:606] T 9776d02d0efb4fcfadb46a453e591ff0 P c9e18515ed3149b3bab427b5ee65e809 [term 2 LEADER]: Received request to transfer leadership to TS 7d025c720b6345d1a669278698e95bf0
I20260713 09:00:56.634589  6051 tablet_service.cc:2072] Received LeaderStepDown RPC: tablet_id: "5572faa8d4de49c8ae8a3c60a64366a6"
dest_uuid: "b173eceac36d439ab321049857b8e983"
mode: GRACEFUL
new_leader_uuid: "7d025c720b6345d1a669278698e95bf0"
 from {username='slave'} at 127.0.0.1:56546
I20260713 09:00:56.635054  6051 raft_consensus.cc:606] T 5572faa8d4de49c8ae8a3c60a64366a6 P b173eceac36d439ab321049857b8e983 [term 2 LEADER]: Received request to transfer leadership to TS 7d025c720b6345d1a669278698e95bf0
I20260713 09:00:56.742799  6184 raft_consensus.cc:993] T 5572faa8d4de49c8ae8a3c60a64366a6 P b173eceac36d439ab321049857b8e983: : Instructing follower 7d025c720b6345d1a669278698e95bf0 to start an election
I20260713 09:00:56.743317  6189 raft_consensus.cc:1081] T 5572faa8d4de49c8ae8a3c60a64366a6 P b173eceac36d439ab321049857b8e983 [term 2 LEADER]: Signalling peer 7d025c720b6345d1a669278698e95bf0 to start an election
I20260713 09:00:56.744809  5977 tablet_service.cc:2044] Received Run Leader Election RPC: tablet_id: "5572faa8d4de49c8ae8a3c60a64366a6"
dest_uuid: "7d025c720b6345d1a669278698e95bf0"
 from {username='slave'} at 127.0.0.1:41654
I20260713 09:00:56.745407  5977 raft_consensus.cc:493] T 5572faa8d4de49c8ae8a3c60a64366a6 P 7d025c720b6345d1a669278698e95bf0 [term 2 FOLLOWER]: Starting forced leader election (received explicit request)
I20260713 09:00:56.745788  5977 raft_consensus.cc:3060] T 5572faa8d4de49c8ae8a3c60a64366a6 P 7d025c720b6345d1a669278698e95bf0 [term 2 FOLLOWER]: Advancing to term 3
I20260713 09:00:56.750025  5977 raft_consensus.cc:515] T 5572faa8d4de49c8ae8a3c60a64366a6 P 7d025c720b6345d1a669278698e95bf0 [term 3 FOLLOWER]: Starting forced leader election with config: opid_index: -1 OBSOLETE_local: false peers { permanent_uuid: "c9e18515ed3149b3bab427b5ee65e809" member_type: VOTER last_known_addr { host: "127.5.161.193" port: 45911 } } peers { permanent_uuid: "7d025c720b6345d1a669278698e95bf0" member_type: VOTER last_known_addr { host: "127.5.161.194" port: 45857 } } peers { permanent_uuid: "b173eceac36d439ab321049857b8e983" member_type: VOTER last_known_addr { host: "127.5.161.195" port: 45359 } }
I20260713 09:00:56.751574  5977 leader_election.cc:290] T 5572faa8d4de49c8ae8a3c60a64366a6 P 7d025c720b6345d1a669278698e95bf0 [CANDIDATE]: Term 3 election: Requested vote from peers c9e18515ed3149b3bab427b5ee65e809 (127.5.161.193:45911), b173eceac36d439ab321049857b8e983 (127.5.161.195:45359)
I20260713 09:00:56.752180  5901 tablet_service.cc:1917] Received RequestConsensusVote() RPC: tablet_id: "5572faa8d4de49c8ae8a3c60a64366a6" candidate_uuid: "7d025c720b6345d1a669278698e95bf0" candidate_term: 3 candidate_status { last_received { term: 2 index: 2 } } ignore_live_leader: true dest_uuid: "c9e18515ed3149b3bab427b5ee65e809"
I20260713 09:00:56.752571  6051 tablet_service.cc:1917] Received RequestConsensusVote() RPC: tablet_id: "5572faa8d4de49c8ae8a3c60a64366a6" candidate_uuid: "7d025c720b6345d1a669278698e95bf0" candidate_term: 3 candidate_status { last_received { term: 2 index: 2 } } ignore_live_leader: true dest_uuid: "b173eceac36d439ab321049857b8e983"
I20260713 09:00:56.752760  5901 raft_consensus.cc:3060] T 5572faa8d4de49c8ae8a3c60a64366a6 P c9e18515ed3149b3bab427b5ee65e809 [term 2 FOLLOWER]: Advancing to term 3
I20260713 09:00:56.753104  6051 raft_consensus.cc:3055] T 5572faa8d4de49c8ae8a3c60a64366a6 P b173eceac36d439ab321049857b8e983 [term 2 LEADER]: Stepping down as leader of term 2
I20260713 09:00:56.753434  6051 raft_consensus.cc:740] T 5572faa8d4de49c8ae8a3c60a64366a6 P b173eceac36d439ab321049857b8e983 [term 2 LEADER]: Becoming Follower/Learner. State: Replica: b173eceac36d439ab321049857b8e983, State: Running, Role: LEADER
I20260713 09:00:56.754222  6051 consensus_queue.cc:260] T 5572faa8d4de49c8ae8a3c60a64366a6 P b173eceac36d439ab321049857b8e983 [NON_LEADER]: Queue going to NON_LEADER mode. State: All replicated index: 0, Majority replicated index: 2, Committed index: 2, Last appended: 2.2, Last appended by leader: 2, Current term: 2, Majority size: -1, State: 0, Mode: NON_LEADER, active raft config: opid_index: -1 OBSOLETE_local: false peers { permanent_uuid: "c9e18515ed3149b3bab427b5ee65e809" member_type: VOTER last_known_addr { host: "127.5.161.193" port: 45911 } } peers { permanent_uuid: "7d025c720b6345d1a669278698e95bf0" member_type: VOTER last_known_addr { host: "127.5.161.194" port: 45857 } } peers { permanent_uuid: "b173eceac36d439ab321049857b8e983" member_type: VOTER last_known_addr { host: "127.5.161.195" port: 45359 } }
I20260713 09:00:56.755379  6051 raft_consensus.cc:3060] T 5572faa8d4de49c8ae8a3c60a64366a6 P b173eceac36d439ab321049857b8e983 [term 2 FOLLOWER]: Advancing to term 3
I20260713 09:00:56.759346  5901 raft_consensus.cc:2468] T 5572faa8d4de49c8ae8a3c60a64366a6 P c9e18515ed3149b3bab427b5ee65e809 [term 3 FOLLOWER]: Leader election vote request: Granting yes vote for candidate 7d025c720b6345d1a669278698e95bf0 in term 3.
I20260713 09:00:56.760501  5941 leader_election.cc:304] T 5572faa8d4de49c8ae8a3c60a64366a6 P 7d025c720b6345d1a669278698e95bf0 [CANDIDATE]: Term 3 election: Election decided. Result: candidate won. Election summary: received 2 responses out of 3 voters: 2 yes votes; 0 no votes. yes voters: 7d025c720b6345d1a669278698e95bf0, c9e18515ed3149b3bab427b5ee65e809; no voters: 
I20260713 09:00:56.761296  6188 raft_consensus.cc:2804] T 5572faa8d4de49c8ae8a3c60a64366a6 P 7d025c720b6345d1a669278698e95bf0 [term 3 FOLLOWER]: Leader election won for term 3
I20260713 09:00:56.761497  6051 raft_consensus.cc:2468] T 5572faa8d4de49c8ae8a3c60a64366a6 P b173eceac36d439ab321049857b8e983 [term 3 FOLLOWER]: Leader election vote request: Granting yes vote for candidate 7d025c720b6345d1a669278698e95bf0 in term 3.
I20260713 09:00:56.762320  6188 raft_consensus.cc:697] T 5572faa8d4de49c8ae8a3c60a64366a6 P 7d025c720b6345d1a669278698e95bf0 [term 3 LEADER]: Becoming Leader. State: Replica: 7d025c720b6345d1a669278698e95bf0, State: Running, Role: LEADER
I20260713 09:00:56.763266  6188 consensus_queue.cc:237] T 5572faa8d4de49c8ae8a3c60a64366a6 P 7d025c720b6345d1a669278698e95bf0 [LEADER]: Queue going to LEADER mode. State: All replicated index: 0, Majority replicated index: 2, Committed index: 2, Last appended: 2.2, Last appended by leader: 2, Current term: 3, Majority size: 2, State: 0, Mode: LEADER, active raft config: opid_index: -1 OBSOLETE_local: false peers { permanent_uuid: "c9e18515ed3149b3bab427b5ee65e809" member_type: VOTER last_known_addr { host: "127.5.161.193" port: 45911 } } peers { permanent_uuid: "7d025c720b6345d1a669278698e95bf0" member_type: VOTER last_known_addr { host: "127.5.161.194" port: 45857 } } peers { permanent_uuid: "b173eceac36d439ab321049857b8e983" member_type: VOTER last_known_addr { host: "127.5.161.195" port: 45359 } }
I20260713 09:00:56.769904  5796 catalog_manager.cc:5697] T 5572faa8d4de49c8ae8a3c60a64366a6 P 7d025c720b6345d1a669278698e95bf0 reported cstate change: term changed from 2 to 3, leader changed from b173eceac36d439ab321049857b8e983 (127.5.161.195) to 7d025c720b6345d1a669278698e95bf0 (127.5.161.194). New cstate: current_term: 3 leader_uuid: "7d025c720b6345d1a669278698e95bf0" committed_config { opid_index: -1 OBSOLETE_local: false peers { permanent_uuid: "c9e18515ed3149b3bab427b5ee65e809" member_type: VOTER last_known_addr { host: "127.5.161.193" port: 45911 } health_report { overall_health: UNKNOWN } } peers { permanent_uuid: "7d025c720b6345d1a669278698e95bf0" member_type: VOTER last_known_addr { host: "127.5.161.194" port: 45857 } health_report { overall_health: HEALTHY } } peers { permanent_uuid: "b173eceac36d439ab321049857b8e983" member_type: VOTER last_known_addr { host: "127.5.161.195" port: 45359 } health_report { overall_health: UNKNOWN } } }
I20260713 09:00:56.828022  6195 raft_consensus.cc:993] T 354af1dd3b884ecdbaaf61f3d905dc25 P c9e18515ed3149b3bab427b5ee65e809: : Instructing follower 7d025c720b6345d1a669278698e95bf0 to start an election
I20260713 09:00:56.828485  6195 raft_consensus.cc:1081] T 354af1dd3b884ecdbaaf61f3d905dc25 P c9e18515ed3149b3bab427b5ee65e809 [term 2 LEADER]: Signalling peer 7d025c720b6345d1a669278698e95bf0 to start an election
I20260713 09:00:56.830165  5977 tablet_service.cc:2044] Received Run Leader Election RPC: tablet_id: "354af1dd3b884ecdbaaf61f3d905dc25"
dest_uuid: "7d025c720b6345d1a669278698e95bf0"
 from {username='slave'} at 127.0.0.1:41662
I20260713 09:00:56.830749  5977 raft_consensus.cc:493] T 354af1dd3b884ecdbaaf61f3d905dc25 P 7d025c720b6345d1a669278698e95bf0 [term 2 FOLLOWER]: Starting forced leader election (received explicit request)
I20260713 09:00:56.831063  5977 raft_consensus.cc:3060] T 354af1dd3b884ecdbaaf61f3d905dc25 P 7d025c720b6345d1a669278698e95bf0 [term 2 FOLLOWER]: Advancing to term 3
I20260713 09:00:56.835314  5977 raft_consensus.cc:515] T 354af1dd3b884ecdbaaf61f3d905dc25 P 7d025c720b6345d1a669278698e95bf0 [term 3 FOLLOWER]: Starting forced leader election with config: opid_index: -1 OBSOLETE_local: false peers { permanent_uuid: "c9e18515ed3149b3bab427b5ee65e809" member_type: VOTER last_known_addr { host: "127.5.161.193" port: 45911 } } peers { permanent_uuid: "7d025c720b6345d1a669278698e95bf0" member_type: VOTER last_known_addr { host: "127.5.161.194" port: 45857 } } peers { permanent_uuid: "b173eceac36d439ab321049857b8e983" member_type: VOTER last_known_addr { host: "127.5.161.195" port: 45359 } }
I20260713 09:00:56.837064  5977 leader_election.cc:290] T 354af1dd3b884ecdbaaf61f3d905dc25 P 7d025c720b6345d1a669278698e95bf0 [CANDIDATE]: Term 3 election: Requested vote from peers c9e18515ed3149b3bab427b5ee65e809 (127.5.161.193:45911), b173eceac36d439ab321049857b8e983 (127.5.161.195:45359)
I20260713 09:00:56.837884  5901 tablet_service.cc:1917] Received RequestConsensusVote() RPC: tablet_id: "354af1dd3b884ecdbaaf61f3d905dc25" candidate_uuid: "7d025c720b6345d1a669278698e95bf0" candidate_term: 3 candidate_status { last_received { term: 2 index: 2 } } ignore_live_leader: true dest_uuid: "c9e18515ed3149b3bab427b5ee65e809"
I20260713 09:00:56.838143  6051 tablet_service.cc:1917] Received RequestConsensusVote() RPC: tablet_id: "354af1dd3b884ecdbaaf61f3d905dc25" candidate_uuid: "7d025c720b6345d1a669278698e95bf0" candidate_term: 3 candidate_status { last_received { term: 2 index: 2 } } ignore_live_leader: true dest_uuid: "b173eceac36d439ab321049857b8e983"
I20260713 09:00:56.838608  5901 raft_consensus.cc:3055] T 354af1dd3b884ecdbaaf61f3d905dc25 P c9e18515ed3149b3bab427b5ee65e809 [term 2 LEADER]: Stepping down as leader of term 2
I20260713 09:00:56.838728  6051 raft_consensus.cc:3060] T 354af1dd3b884ecdbaaf61f3d905dc25 P b173eceac36d439ab321049857b8e983 [term 2 FOLLOWER]: Advancing to term 3
I20260713 09:00:56.839049  5901 raft_consensus.cc:740] T 354af1dd3b884ecdbaaf61f3d905dc25 P c9e18515ed3149b3bab427b5ee65e809 [term 2 LEADER]: Becoming Follower/Learner. State: Replica: c9e18515ed3149b3bab427b5ee65e809, State: Running, Role: LEADER
I20260713 09:00:56.840058  6210 raft_consensus.cc:993] T 9776d02d0efb4fcfadb46a453e591ff0 P c9e18515ed3149b3bab427b5ee65e809: : Instructing follower 7d025c720b6345d1a669278698e95bf0 to start an election
I20260713 09:00:56.839941  5901 consensus_queue.cc:260] T 354af1dd3b884ecdbaaf61f3d905dc25 P c9e18515ed3149b3bab427b5ee65e809 [NON_LEADER]: Queue going to NON_LEADER mode. State: All replicated index: 0, Majority replicated index: 2, Committed index: 2, Last appended: 2.2, Last appended by leader: 2, Current term: 2, Majority size: -1, State: 0, Mode: NON_LEADER, active raft config: opid_index: -1 OBSOLETE_local: false peers { permanent_uuid: "c9e18515ed3149b3bab427b5ee65e809" member_type: VOTER last_known_addr { host: "127.5.161.193" port: 45911 } } peers { permanent_uuid: "7d025c720b6345d1a669278698e95bf0" member_type: VOTER last_known_addr { host: "127.5.161.194" port: 45857 } } peers { permanent_uuid: "b173eceac36d439ab321049857b8e983" member_type: VOTER last_known_addr { host: "127.5.161.195" port: 45359 } }
I20260713 09:00:56.840539  6195 raft_consensus.cc:1081] T 9776d02d0efb4fcfadb46a453e591ff0 P c9e18515ed3149b3bab427b5ee65e809 [term 2 LEADER]: Signalling peer 7d025c720b6345d1a669278698e95bf0 to start an election
I20260713 09:00:56.841274  5901 raft_consensus.cc:3060] T 354af1dd3b884ecdbaaf61f3d905dc25 P c9e18515ed3149b3bab427b5ee65e809 [term 2 FOLLOWER]: Advancing to term 3
I20260713 09:00:56.842319  5976 tablet_service.cc:2044] Received Run Leader Election RPC: tablet_id: "9776d02d0efb4fcfadb46a453e591ff0"
dest_uuid: "7d025c720b6345d1a669278698e95bf0"
 from {username='slave'} at 127.0.0.1:41662
I20260713 09:00:56.842888  5976 raft_consensus.cc:493] T 9776d02d0efb4fcfadb46a453e591ff0 P 7d025c720b6345d1a669278698e95bf0 [term 2 FOLLOWER]: Starting forced leader election (received explicit request)
I20260713 09:00:56.843245  5976 raft_consensus.cc:3060] T 9776d02d0efb4fcfadb46a453e591ff0 P 7d025c720b6345d1a669278698e95bf0 [term 2 FOLLOWER]: Advancing to term 3
I20260713 09:00:56.845474  6051 raft_consensus.cc:2468] T 354af1dd3b884ecdbaaf61f3d905dc25 P b173eceac36d439ab321049857b8e983 [term 3 FOLLOWER]: Leader election vote request: Granting yes vote for candidate 7d025c720b6345d1a669278698e95bf0 in term 3.
I20260713 09:00:56.846838  5901 raft_consensus.cc:2468] T 354af1dd3b884ecdbaaf61f3d905dc25 P c9e18515ed3149b3bab427b5ee65e809 [term 3 FOLLOWER]: Leader election vote request: Granting yes vote for candidate 7d025c720b6345d1a669278698e95bf0 in term 3.
I20260713 09:00:56.846850  5943 leader_election.cc:304] T 354af1dd3b884ecdbaaf61f3d905dc25 P 7d025c720b6345d1a669278698e95bf0 [CANDIDATE]: Term 3 election: Election decided. Result: candidate won. Election summary: received 2 responses out of 3 voters: 2 yes votes; 0 no votes. yes voters: 7d025c720b6345d1a669278698e95bf0, b173eceac36d439ab321049857b8e983; no voters: 
I20260713 09:00:56.847929  6188 raft_consensus.cc:2804] T 354af1dd3b884ecdbaaf61f3d905dc25 P 7d025c720b6345d1a669278698e95bf0 [term 3 FOLLOWER]: Leader election won for term 3
I20260713 09:00:56.848392  6188 raft_consensus.cc:697] T 354af1dd3b884ecdbaaf61f3d905dc25 P 7d025c720b6345d1a669278698e95bf0 [term 3 LEADER]: Becoming Leader. State: Replica: 7d025c720b6345d1a669278698e95bf0, State: Running, Role: LEADER
I20260713 09:00:56.849222  6188 consensus_queue.cc:237] T 354af1dd3b884ecdbaaf61f3d905dc25 P 7d025c720b6345d1a669278698e95bf0 [LEADER]: Queue going to LEADER mode. State: All replicated index: 0, Majority replicated index: 2, Committed index: 2, Last appended: 2.2, Last appended by leader: 2, Current term: 3, Majority size: 2, State: 0, Mode: LEADER, active raft config: opid_index: -1 OBSOLETE_local: false peers { permanent_uuid: "c9e18515ed3149b3bab427b5ee65e809" member_type: VOTER last_known_addr { host: "127.5.161.193" port: 45911 } } peers { permanent_uuid: "7d025c720b6345d1a669278698e95bf0" member_type: VOTER last_known_addr { host: "127.5.161.194" port: 45857 } } peers { permanent_uuid: "b173eceac36d439ab321049857b8e983" member_type: VOTER last_known_addr { host: "127.5.161.195" port: 45359 } }
I20260713 09:00:56.849810  5976 raft_consensus.cc:515] T 9776d02d0efb4fcfadb46a453e591ff0 P 7d025c720b6345d1a669278698e95bf0 [term 3 FOLLOWER]: Starting forced leader election with config: opid_index: -1 OBSOLETE_local: false peers { permanent_uuid: "c9e18515ed3149b3bab427b5ee65e809" member_type: VOTER last_known_addr { host: "127.5.161.193" port: 45911 } } peers { permanent_uuid: "7d025c720b6345d1a669278698e95bf0" member_type: VOTER last_known_addr { host: "127.5.161.194" port: 45857 } } peers { permanent_uuid: "b173eceac36d439ab321049857b8e983" member_type: VOTER last_known_addr { host: "127.5.161.195" port: 45359 } }
I20260713 09:00:56.851780  5976 leader_election.cc:290] T 9776d02d0efb4fcfadb46a453e591ff0 P 7d025c720b6345d1a669278698e95bf0 [CANDIDATE]: Term 3 election: Requested vote from peers c9e18515ed3149b3bab427b5ee65e809 (127.5.161.193:45911), b173eceac36d439ab321049857b8e983 (127.5.161.195:45359)
