I20260713 08:59:01.908813  1762 consensus_queue.cc:260] T 69f21d64b04f49bf90b5959e755ce107 P acac074542e847728f4f58417bd0393a [NON_LEADER]: Queue going to NON_LEADER mode. State: All replicated index: 0, Majority replicated index: 0, Committed index: 0, Last appended: 0.0, Last appended by leader: 0, Current term: 0, Majority size: -1, State: 0, Mode: NON_LEADER, active raft config: opid_index: -1 OBSOLETE_local: false peers { permanent_uuid: "ab3bce2ca1c14dfdb947c4526ca569ae" member_type: VOTER last_known_addr { host: "127.0.107.193" port: 46007 } } peers { permanent_uuid: "cdf9566378ec4d18bbb55c576e3b33f8" member_type: VOTER last_known_addr { host: "127.0.107.194" port: 41245 } } peers { permanent_uuid: "acac074542e847728f4f58417bd0393a" member_type: VOTER last_known_addr { host: "127.0.107.195" port: 45567 } }
I20260713 08:59:01.911971  1759 tablet_bootstrap.cc:654] T 22c2a87c964d46d7ab662a2065059327 P cdf9566378ec4d18bbb55c576e3b33f8: Neither blocks nor log segments found. Creating new log.
I20260713 08:59:01.915088  1758 tablet_bootstrap.cc:654] T e91bbb2e62cf4265bb64cb44702d78c3 P ab3bce2ca1c14dfdb947c4526ca569ae: Neither blocks nor log segments found. Creating new log.
I20260713 08:59:01.928098  1566 raft_consensus.cc:2468] T 69f21d64b04f49bf90b5959e755ce107 P ab3bce2ca1c14dfdb947c4526ca569ae [term 1 FOLLOWER]: Leader election vote request: Granting yes vote for candidate cdf9566378ec4d18bbb55c576e3b33f8 in term 1.
I20260713 08:59:01.930029  1610 leader_election.cc:304] T 69f21d64b04f49bf90b5959e755ce107 P cdf9566378ec4d18bbb55c576e3b33f8 [CANDIDATE]: Term 1 election: Election decided. Result: candidate won. Election summary: received 3 responses out of 3 voters: 2 yes votes; 1 no votes. yes voters: ab3bce2ca1c14dfdb947c4526ca569ae, cdf9566378ec4d18bbb55c576e3b33f8; no voters: acac074542e847728f4f58417bd0393a
I20260713 08:59:01.930495  1762 ts_tablet_manager.cc:1434] T 69f21d64b04f49bf90b5959e755ce107 P acac074542e847728f4f58417bd0393a: Time spent starting tablet: real 0.026s	user 0.007s	sys 0.000s
I20260713 08:59:01.931670  1804 raft_consensus.cc:2804] T 69f21d64b04f49bf90b5959e755ce107 P cdf9566378ec4d18bbb55c576e3b33f8 [term 1 FOLLOWER]: Leader election won for term 1
I20260713 08:59:01.932138  1804 raft_consensus.cc:697] T 69f21d64b04f49bf90b5959e755ce107 P cdf9566378ec4d18bbb55c576e3b33f8 [term 1 LEADER]: Becoming Leader. State: Replica: cdf9566378ec4d18bbb55c576e3b33f8, State: Running, Role: LEADER
I20260713 08:59:01.932559  1762 tablet_bootstrap.cc:492] T 3a7fe0c4166c4797b62e510a67da6874 P acac074542e847728f4f58417bd0393a: Bootstrap starting.
I20260713 08:59:01.932945  1804 consensus_queue.cc:237] T 69f21d64b04f49bf90b5959e755ce107 P cdf9566378ec4d18bbb55c576e3b33f8 [LEADER]: Queue going to LEADER mode. State: All replicated index: 0, Majority replicated index: 0, Committed index: 0, Last appended: 0.0, Last appended by leader: 0, Current term: 1, Majority size: 2, State: 0, Mode: LEADER, active raft config: opid_index: -1 OBSOLETE_local: false peers { permanent_uuid: "ab3bce2ca1c14dfdb947c4526ca569ae" member_type: VOTER last_known_addr { host: "127.0.107.193" port: 46007 } } peers { permanent_uuid: "cdf9566378ec4d18bbb55c576e3b33f8" member_type: VOTER last_known_addr { host: "127.0.107.194" port: 41245 } } peers { permanent_uuid: "acac074542e847728f4f58417bd0393a" member_type: VOTER last_known_addr { host: "127.0.107.195" port: 45567 } }
I20260713 08:59:01.933794  1759 tablet_bootstrap.cc:492] T 22c2a87c964d46d7ab662a2065059327 P cdf9566378ec4d18bbb55c576e3b33f8: No bootstrap required, opened a new log
I20260713 08:59:01.934239  1759 ts_tablet_manager.cc:1403] T 22c2a87c964d46d7ab662a2065059327 P cdf9566378ec4d18bbb55c576e3b33f8: Time spent bootstrapping tablet: real 0.031s	user 0.013s	sys 0.015s
I20260713 08:59:01.940172  1759 raft_consensus.cc:359] T 22c2a87c964d46d7ab662a2065059327 P cdf9566378ec4d18bbb55c576e3b33f8 [term 0 FOLLOWER]: Replica starting. Triggering 0 pending ops. Active config: opid_index: -1 OBSOLETE_local: false peers { permanent_uuid: "ab3bce2ca1c14dfdb947c4526ca569ae" member_type: VOTER last_known_addr { host: "127.0.107.193" port: 46007 } } peers { permanent_uuid: "cdf9566378ec4d18bbb55c576e3b33f8" member_type: VOTER last_known_addr { host: "127.0.107.194" port: 41245 } } peers { permanent_uuid: "acac074542e847728f4f58417bd0393a" member_type: VOTER last_known_addr { host: "127.0.107.195" port: 45567 } }
I20260713 08:59:01.940613  1758 tablet_bootstrap.cc:492] T e91bbb2e62cf4265bb64cb44702d78c3 P ab3bce2ca1c14dfdb947c4526ca569ae: No bootstrap required, opened a new log
I20260713 08:59:01.940825  1759 raft_consensus.cc:385] T 22c2a87c964d46d7ab662a2065059327 P cdf9566378ec4d18bbb55c576e3b33f8 [term 0 FOLLOWER]: Consensus starting up: Expiring failure detector timer to make a prompt election more likely
I20260713 08:59:01.941028  1758 ts_tablet_manager.cc:1403] T e91bbb2e62cf4265bb64cb44702d78c3 P ab3bce2ca1c14dfdb947c4526ca569ae: Time spent bootstrapping tablet: real 0.063s	user 0.007s	sys 0.009s
I20260713 08:59:01.941195  1762 tablet_bootstrap.cc:654] T 3a7fe0c4166c4797b62e510a67da6874 P acac074542e847728f4f58417bd0393a: Neither blocks nor log segments found. Creating new log.
I20260713 08:59:01.941080  1759 raft_consensus.cc:740] T 22c2a87c964d46d7ab662a2065059327 P cdf9566378ec4d18bbb55c576e3b33f8 [term 0 FOLLOWER]: Becoming Follower/Learner. State: Replica: cdf9566378ec4d18bbb55c576e3b33f8, State: Initialized, Role: FOLLOWER
I20260713 08:59:01.942039  1759 consensus_queue.cc:260] T 22c2a87c964d46d7ab662a2065059327 P cdf9566378ec4d18bbb55c576e3b33f8 [NON_LEADER]: Queue going to NON_LEADER mode. State: All replicated index: 0, Majority replicated index: 0, Committed index: 0, Last appended: 0.0, Last appended by leader: 0, Current term: 0, Majority size: -1, State: 0, Mode: NON_LEADER, active raft config: opid_index: -1 OBSOLETE_local: false peers { permanent_uuid: "ab3bce2ca1c14dfdb947c4526ca569ae" member_type: VOTER last_known_addr { host: "127.0.107.193" port: 46007 } } peers { permanent_uuid: "cdf9566378ec4d18bbb55c576e3b33f8" member_type: VOTER last_known_addr { host: "127.0.107.194" port: 41245 } } peers { permanent_uuid: "acac074542e847728f4f58417bd0393a" member_type: VOTER last_known_addr { host: "127.0.107.195" port: 45567 } }
I20260713 08:59:01.943625  1758 raft_consensus.cc:359] T e91bbb2e62cf4265bb64cb44702d78c3 P ab3bce2ca1c14dfdb947c4526ca569ae [term 0 FOLLOWER]: Replica starting. Triggering 0 pending ops. Active config: opid_index: -1 OBSOLETE_local: false peers { permanent_uuid: "ab3bce2ca1c14dfdb947c4526ca569ae" member_type: VOTER last_known_addr { host: "127.0.107.193" port: 46007 } } peers { permanent_uuid: "cdf9566378ec4d18bbb55c576e3b33f8" member_type: VOTER last_known_addr { host: "127.0.107.194" port: 41245 } } peers { permanent_uuid: "acac074542e847728f4f58417bd0393a" member_type: VOTER last_known_addr { host: "127.0.107.195" port: 45567 } }
I20260713 08:59:01.944262  1758 raft_consensus.cc:385] T e91bbb2e62cf4265bb64cb44702d78c3 P ab3bce2ca1c14dfdb947c4526ca569ae [term 0 FOLLOWER]: Consensus starting up: Expiring failure detector timer to make a prompt election more likely
I20260713 08:59:01.944538  1758 raft_consensus.cc:740] T e91bbb2e62cf4265bb64cb44702d78c3 P ab3bce2ca1c14dfdb947c4526ca569ae [term 0 FOLLOWER]: Becoming Follower/Learner. State: Replica: ab3bce2ca1c14dfdb947c4526ca569ae, State: Initialized, Role: FOLLOWER
I20260713 08:59:01.946575  1759 ts_tablet_manager.cc:1434] T 22c2a87c964d46d7ab662a2065059327 P cdf9566378ec4d18bbb55c576e3b33f8: Time spent starting tablet: real 0.012s	user 0.006s	sys 0.001s
I20260713 08:59:01.946681  1465 catalog_manager.cc:5697] T 69f21d64b04f49bf90b5959e755ce107 P cdf9566378ec4d18bbb55c576e3b33f8 reported cstate change: term changed from 0 to 1, leader changed from <none> to cdf9566378ec4d18bbb55c576e3b33f8 (127.0.107.194). New cstate: current_term: 1 leader_uuid: "cdf9566378ec4d18bbb55c576e3b33f8" committed_config { opid_index: -1 OBSOLETE_local: false peers { permanent_uuid: "ab3bce2ca1c14dfdb947c4526ca569ae" member_type: VOTER last_known_addr { host: "127.0.107.193" port: 46007 } health_report { overall_health: UNKNOWN } } peers { permanent_uuid: "cdf9566378ec4d18bbb55c576e3b33f8" member_type: VOTER last_known_addr { host: "127.0.107.194" port: 41245 } health_report { overall_health: HEALTHY } } peers { permanent_uuid: "acac074542e847728f4f58417bd0393a" member_type: VOTER last_known_addr { host: "127.0.107.195" port: 45567 } health_report { overall_health: UNKNOWN } } }
I20260713 08:59:01.948279  1759 tablet_bootstrap.cc:492] T 500de09d716f49749683d18dfa3361ae P cdf9566378ec4d18bbb55c576e3b33f8: Bootstrap starting.
I20260713 08:59:01.953765  1758 consensus_queue.cc:260] T e91bbb2e62cf4265bb64cb44702d78c3 P ab3bce2ca1c14dfdb947c4526ca569ae [NON_LEADER]: Queue going to NON_LEADER mode. State: All replicated index: 0, Majority replicated index: 0, Committed index: 0, Last appended: 0.0, Last appended by leader: 0, Current term: 0, Majority size: -1, State: 0, Mode: NON_LEADER, active raft config: opid_index: -1 OBSOLETE_local: false peers { permanent_uuid: "ab3bce2ca1c14dfdb947c4526ca569ae" member_type: VOTER last_known_addr { host: "127.0.107.193" port: 46007 } } peers { permanent_uuid: "cdf9566378ec4d18bbb55c576e3b33f8" member_type: VOTER last_known_addr { host: "127.0.107.194" port: 41245 } } peers { permanent_uuid: "acac074542e847728f4f58417bd0393a" member_type: VOTER last_known_addr { host: "127.0.107.195" port: 45567 } }
I20260713 08:59:01.956676  1758 ts_tablet_manager.cc:1434] T e91bbb2e62cf4265bb64cb44702d78c3 P ab3bce2ca1c14dfdb947c4526ca569ae: Time spent starting tablet: real 0.015s	user 0.006s	sys 0.001s
I20260713 08:59:01.957571  1758 tablet_bootstrap.cc:492] T 8d9868526b32450f9b1e3b75d5e1c3f0 P ab3bce2ca1c14dfdb947c4526ca569ae: Bootstrap starting.
I20260713 08:59:01.960214  1788 raft_consensus.cc:493] T ba35c5b13dcd494faf730c949c29f3e8 P ab3bce2ca1c14dfdb947c4526ca569ae [term 0 FOLLOWER]: Starting pre-election (no leader contacted us within the election timeout)
I20260713 08:59:01.960670  1788 raft_consensus.cc:515] T ba35c5b13dcd494faf730c949c29f3e8 P ab3bce2ca1c14dfdb947c4526ca569ae [term 0 FOLLOWER]: Starting pre-election with config: opid_index: -1 OBSOLETE_local: false peers { permanent_uuid: "ab3bce2ca1c14dfdb947c4526ca569ae" member_type: VOTER last_known_addr { host: "127.0.107.193" port: 46007 } } peers { permanent_uuid: "cdf9566378ec4d18bbb55c576e3b33f8" member_type: VOTER last_known_addr { host: "127.0.107.194" port: 41245 } } peers { permanent_uuid: "acac074542e847728f4f58417bd0393a" member_type: VOTER last_known_addr { host: "127.0.107.195" port: 45567 } }
I20260713 08:59:01.962239  1759 tablet_bootstrap.cc:654] T 500de09d716f49749683d18dfa3361ae P cdf9566378ec4d18bbb55c576e3b33f8: Neither blocks nor log segments found. Creating new log.
I20260713 08:59:01.964069  1643 tablet_service.cc:1917] Received RequestConsensusVote() RPC: tablet_id: "ba35c5b13dcd494faf730c949c29f3e8" candidate_uuid: "ab3bce2ca1c14dfdb947c4526ca569ae" candidate_term: 1 candidate_status { last_received { term: 0 index: 0 } } ignore_live_leader: false dest_uuid: "cdf9566378ec4d18bbb55c576e3b33f8" is_pre_election: true
I20260713 08:59:01.964682  1643 raft_consensus.cc:2468] T ba35c5b13dcd494faf730c949c29f3e8 P cdf9566378ec4d18bbb55c576e3b33f8 [term 0 FOLLOWER]: Leader pre-election vote request: Granting yes vote for candidate ab3bce2ca1c14dfdb947c4526ca569ae in term 0.
I20260713 08:59:01.966476  1532 leader_election.cc:304] T ba35c5b13dcd494faf730c949c29f3e8 P ab3bce2ca1c14dfdb947c4526ca569ae [CANDIDATE]: Term 1 pre-election: Election decided. Result: candidate won. Election summary: received 2 responses out of 3 voters: 2 yes votes; 0 no votes. yes voters: ab3bce2ca1c14dfdb947c4526ca569ae, cdf9566378ec4d18bbb55c576e3b33f8; no voters: 
I20260713 08:59:01.969342  1762 tablet_bootstrap.cc:492] T 3a7fe0c4166c4797b62e510a67da6874 P acac074542e847728f4f58417bd0393a: No bootstrap required, opened a new log
I20260713 08:59:01.969300  1843 raft_consensus.cc:2804] T ba35c5b13dcd494faf730c949c29f3e8 P ab3bce2ca1c14dfdb947c4526ca569ae [term 0 FOLLOWER]: Leader pre-election won for term 1
I20260713 08:59:01.969903  1843 raft_consensus.cc:493] T ba35c5b13dcd494faf730c949c29f3e8 P ab3bce2ca1c14dfdb947c4526ca569ae [term 0 FOLLOWER]: Starting leader election (no leader contacted us within the election timeout)
I20260713 08:59:01.970292  1843 raft_consensus.cc:3060] T ba35c5b13dcd494faf730c949c29f3e8 P ab3bce2ca1c14dfdb947c4526ca569ae [term 0 FOLLOWER]: Advancing to term 1
I20260713 08:59:01.972334  1716 tablet_service.cc:1917] Received RequestConsensusVote() RPC: tablet_id: "ba35c5b13dcd494faf730c949c29f3e8" candidate_uuid: "ab3bce2ca1c14dfdb947c4526ca569ae" candidate_term: 1 candidate_status { last_received { term: 0 index: 0 } } ignore_live_leader: false dest_uuid: "acac074542e847728f4f58417bd0393a" is_pre_election: true
I20260713 08:59:01.973197  1716 raft_consensus.cc:2468] T ba35c5b13dcd494faf730c949c29f3e8 P acac074542e847728f4f58417bd0393a [term 0 FOLLOWER]: Leader pre-election vote request: Granting yes vote for candidate ab3bce2ca1c14dfdb947c4526ca569ae in term 0.
I20260713 08:59:01.970633  1788 leader_election.cc:290] T ba35c5b13dcd494faf730c949c29f3e8 P ab3bce2ca1c14dfdb947c4526ca569ae [CANDIDATE]: Term 1 pre-election: Requested pre-vote from peers cdf9566378ec4d18bbb55c576e3b33f8 (127.0.107.194:41245), acac074542e847728f4f58417bd0393a (127.0.107.195:45567)
I20260713 08:59:01.969895  1762 ts_tablet_manager.cc:1403] T 3a7fe0c4166c4797b62e510a67da6874 P acac074542e847728f4f58417bd0393a: Time spent bootstrapping tablet: real 0.038s	user 0.013s	sys 0.013s
I20260713 08:59:01.985340  1788 consensus_queue.cc:1048] T 9f43cdfc3fb3437a95dd3a480f4bfc4e P ab3bce2ca1c14dfdb947c4526ca569ae [LEADER]: Connected to new peer: Peer: permanent_uuid: "cdf9566378ec4d18bbb55c576e3b33f8" member_type: VOTER last_known_addr { host: "127.0.107.194" port: 41245 }, Status: LMP_MISMATCH, Last received: 0.0, Next index: 1, Last known committed idx: 0, Time since last communication: 0.001s
I20260713 08:59:01.986271  1762 raft_consensus.cc:359] T 3a7fe0c4166c4797b62e510a67da6874 P acac074542e847728f4f58417bd0393a [term 0 FOLLOWER]: Replica starting. Triggering 0 pending ops. Active config: opid_index: -1 OBSOLETE_local: false peers { permanent_uuid: "ab3bce2ca1c14dfdb947c4526ca569ae" member_type: VOTER last_known_addr { host: "127.0.107.193" port: 46007 } } peers { permanent_uuid: "cdf9566378ec4d18bbb55c576e3b33f8" member_type: VOTER last_known_addr { host: "127.0.107.194" port: 41245 } } peers { permanent_uuid: "acac074542e847728f4f58417bd0393a" member_type: VOTER last_known_addr { host: "127.0.107.195" port: 45567 } }
I20260713 08:59:01.987088  1762 raft_consensus.cc:385] T 3a7fe0c4166c4797b62e510a67da6874 P acac074542e847728f4f58417bd0393a [term 0 FOLLOWER]: Consensus starting up: Expiring failure detector timer to make a prompt election more likely
I20260713 08:59:01.987393  1762 raft_consensus.cc:740] T 3a7fe0c4166c4797b62e510a67da6874 P acac074542e847728f4f58417bd0393a [term 0 FOLLOWER]: Becoming Follower/Learner. State: Replica: acac074542e847728f4f58417bd0393a, State: Initialized, Role: FOLLOWER
I20260713 08:59:01.988193  1762 consensus_queue.cc:260] T 3a7fe0c4166c4797b62e510a67da6874 P acac074542e847728f4f58417bd0393a [NON_LEADER]: Queue going to NON_LEADER mode. State: All replicated index: 0, Majority replicated index: 0, Committed index: 0, Last appended: 0.0, Last appended by leader: 0, Current term: 0, Majority size: -1, State: 0, Mode: NON_LEADER, active raft config: opid_index: -1 OBSOLETE_local: false peers { permanent_uuid: "ab3bce2ca1c14dfdb947c4526ca569ae" member_type: VOTER last_known_addr { host: "127.0.107.193" port: 46007 } } peers { permanent_uuid: "cdf9566378ec4d18bbb55c576e3b33f8" member_type: VOTER last_known_addr { host: "127.0.107.194" port: 41245 } } peers { permanent_uuid: "acac074542e847728f4f58417bd0393a" member_type: VOTER last_known_addr { host: "127.0.107.195" port: 45567 } }
I20260713 08:59:01.990226  1762 ts_tablet_manager.cc:1434] T 3a7fe0c4166c4797b62e510a67da6874 P acac074542e847728f4f58417bd0393a: Time spent starting tablet: real 0.007s	user 0.005s	sys 0.000s
I20260713 08:59:01.990959  1758 tablet_bootstrap.cc:654] T 8d9868526b32450f9b1e3b75d5e1c3f0 P ab3bce2ca1c14dfdb947c4526ca569ae: Neither blocks nor log segments found. Creating new log.
I20260713 08:59:01.991732  1762 tablet_bootstrap.cc:492] T 22c2a87c964d46d7ab662a2065059327 P acac074542e847728f4f58417bd0393a: Bootstrap starting.
I20260713 08:59:01.994918  1759 tablet_bootstrap.cc:492] T 500de09d716f49749683d18dfa3361ae P cdf9566378ec4d18bbb55c576e3b33f8: No bootstrap required, opened a new log
I20260713 08:59:01.994884  1876 raft_consensus.cc:493] T 3a7fe0c4166c4797b62e510a67da6874 P acac074542e847728f4f58417bd0393a [term 0 FOLLOWER]: Starting pre-election (no leader contacted us within the election timeout)
I20260713 08:59:01.995487  1759 ts_tablet_manager.cc:1403] T 500de09d716f49749683d18dfa3361ae P cdf9566378ec4d18bbb55c576e3b33f8: Time spent bootstrapping tablet: real 0.047s	user 0.017s	sys 0.021s
I20260713 08:59:01.995471  1876 raft_consensus.cc:515] T 3a7fe0c4166c4797b62e510a67da6874 P acac074542e847728f4f58417bd0393a [term 0 FOLLOWER]: Starting pre-election with config: opid_index: -1 OBSOLETE_local: false peers { permanent_uuid: "ab3bce2ca1c14dfdb947c4526ca569ae" member_type: VOTER last_known_addr { host: "127.0.107.193" port: 46007 } } peers { permanent_uuid: "cdf9566378ec4d18bbb55c576e3b33f8" member_type: VOTER last_known_addr { host: "127.0.107.194" port: 41245 } } peers { permanent_uuid: "acac074542e847728f4f58417bd0393a" member_type: VOTER last_known_addr { host: "127.0.107.195" port: 45567 } }
I20260713 08:59:01.999578  1759 raft_consensus.cc:359] T 500de09d716f49749683d18dfa3361ae P cdf9566378ec4d18bbb55c576e3b33f8 [term 0 FOLLOWER]: Replica starting. Triggering 0 pending ops. Active config: opid_index: -1 OBSOLETE_local: false peers { permanent_uuid: "ab3bce2ca1c14dfdb947c4526ca569ae" member_type: VOTER last_known_addr { host: "127.0.107.193" port: 46007 } } peers { permanent_uuid: "cdf9566378ec4d18bbb55c576e3b33f8" member_type: VOTER last_known_addr { host: "127.0.107.194" port: 41245 } } peers { permanent_uuid: "acac074542e847728f4f58417bd0393a" member_type: VOTER last_known_addr { host: "127.0.107.195" port: 45567 } }
I20260713 08:59:02.000272  1759 raft_consensus.cc:385] T 500de09d716f49749683d18dfa3361ae P cdf9566378ec4d18bbb55c576e3b33f8 [term 0 FOLLOWER]: Consensus starting up: Expiring failure detector timer to make a prompt election more likely
I20260713 08:59:02.000645  1759 raft_consensus.cc:740] T 500de09d716f49749683d18dfa3361ae P cdf9566378ec4d18bbb55c576e3b33f8 [term 0 FOLLOWER]: Becoming Follower/Learner. State: Replica: cdf9566378ec4d18bbb55c576e3b33f8, State: Initialized, Role: FOLLOWER
I20260713 08:59:02.001463  1759 consensus_queue.cc:260] T 500de09d716f49749683d18dfa3361ae P cdf9566378ec4d18bbb55c576e3b33f8 [NON_LEADER]: Queue going to NON_LEADER mode. State: All replicated index: 0, Majority replicated index: 0, Committed index: 0, Last appended: 0.0, Last appended by leader: 0, Current term: 0, Majority size: -1, State: 0, Mode: NON_LEADER, active raft config: opid_index: -1 OBSOLETE_local: false peers { permanent_uuid: "ab3bce2ca1c14dfdb947c4526ca569ae" member_type: VOTER last_known_addr { host: "127.0.107.193" port: 46007 } } peers { permanent_uuid: "cdf9566378ec4d18bbb55c576e3b33f8" member_type: VOTER last_known_addr { host: "127.0.107.194" port: 41245 } } peers { permanent_uuid: "acac074542e847728f4f58417bd0393a" member_type: VOTER last_known_addr { host: "127.0.107.195" port: 45567 } }
I20260713 08:59:02.002302  1641 tablet_service.cc:1917] Received RequestConsensusVote() RPC: tablet_id: "3a7fe0c4166c4797b62e510a67da6874" candidate_uuid: "acac074542e847728f4f58417bd0393a" candidate_term: 1 candidate_status { last_received { term: 0 index: 0 } } ignore_live_leader: false dest_uuid: "cdf9566378ec4d18bbb55c576e3b33f8" is_pre_election: true
W20260713 08:59:02.004256  1681 leader_election.cc:343] T 3a7fe0c4166c4797b62e510a67da6874 P acac074542e847728f4f58417bd0393a [CANDIDATE]: Term 1 pre-election: Tablet error from VoteRequest() call to peer cdf9566378ec4d18bbb55c576e3b33f8 (127.0.107.194:41245): Illegal state: must be running to vote when last-logged opid is not known
I20260713 08:59:02.004897  1568 tablet_service.cc:1917] Received RequestConsensusVote() RPC: tablet_id: "3a7fe0c4166c4797b62e510a67da6874" candidate_uuid: "acac074542e847728f4f58417bd0393a" candidate_term: 1 candidate_status { last_received { term: 0 index: 0 } } ignore_live_leader: false dest_uuid: "ab3bce2ca1c14dfdb947c4526ca569ae" is_pre_election: true
I20260713 08:59:02.005023  1876 leader_election.cc:290] T 3a7fe0c4166c4797b62e510a67da6874 P acac074542e847728f4f58417bd0393a [CANDIDATE]: Term 1 pre-election: Requested pre-vote from peers ab3bce2ca1c14dfdb947c4526ca569ae (127.0.107.193:46007), cdf9566378ec4d18bbb55c576e3b33f8 (127.0.107.194:41245)
W20260713 08:59:02.006346  1684 leader_election.cc:343] T 3a7fe0c4166c4797b62e510a67da6874 P acac074542e847728f4f58417bd0393a [CANDIDATE]: Term 1 pre-election: Tablet error from VoteRequest() call to peer ab3bce2ca1c14dfdb947c4526ca569ae (127.0.107.193:46007): Illegal state: must be running to vote when last-logged opid is not known
I20260713 08:59:02.006474  1759 ts_tablet_manager.cc:1434] T 500de09d716f49749683d18dfa3361ae P cdf9566378ec4d18bbb55c576e3b33f8: Time spent starting tablet: real 0.011s	user 0.006s	sys 0.000s
I20260713 08:59:02.006824  1684 leader_election.cc:304] T 3a7fe0c4166c4797b62e510a67da6874 P acac074542e847728f4f58417bd0393a [CANDIDATE]: Term 1 pre-election: Election decided. Result: candidate lost. Election summary: received 3 responses out of 3 voters: 1 yes votes; 2 no votes. yes voters: acac074542e847728f4f58417bd0393a; no voters: ab3bce2ca1c14dfdb947c4526ca569ae, cdf9566378ec4d18bbb55c576e3b33f8
I20260713 08:59:02.007573  1876 raft_consensus.cc:2749] T 3a7fe0c4166c4797b62e510a67da6874 P acac074542e847728f4f58417bd0393a [term 0 FOLLOWER]: Leader pre-election lost for term 1. Reason: could not achieve majority
I20260713 08:59:02.007848  1759 tablet_bootstrap.cc:492] T e91bbb2e62cf4265bb64cb44702d78c3 P cdf9566378ec4d18bbb55c576e3b33f8: Bootstrap starting.
I20260713 08:59:02.009441  1762 tablet_bootstrap.cc:654] T 22c2a87c964d46d7ab662a2065059327 P acac074542e847728f4f58417bd0393a: Neither blocks nor log segments found. Creating new log.
I20260713 08:59:02.026629  1843 raft_consensus.cc:515] T ba35c5b13dcd494faf730c949c29f3e8 P ab3bce2ca1c14dfdb947c4526ca569ae [term 1 FOLLOWER]: Starting leader election with config: opid_index: -1 OBSOLETE_local: false peers { permanent_uuid: "ab3bce2ca1c14dfdb947c4526ca569ae" member_type: VOTER last_known_addr { host: "127.0.107.193" port: 46007 } } peers { permanent_uuid: "cdf9566378ec4d18bbb55c576e3b33f8" member_type: VOTER last_known_addr { host: "127.0.107.194" port: 41245 } } peers { permanent_uuid: "acac074542e847728f4f58417bd0393a" member_type: VOTER last_known_addr { host: "127.0.107.195" port: 45567 } }
I20260713 08:59:02.029126  1843 leader_election.cc:290] T ba35c5b13dcd494faf730c949c29f3e8 P ab3bce2ca1c14dfdb947c4526ca569ae [CANDIDATE]: Term 1 election: Requested vote from peers cdf9566378ec4d18bbb55c576e3b33f8 (127.0.107.194:41245), acac074542e847728f4f58417bd0393a (127.0.107.195:45567)
I20260713 08:59:02.029876  1641 tablet_service.cc:1917] Received RequestConsensusVote() RPC: tablet_id: "ba35c5b13dcd494faf730c949c29f3e8" candidate_uuid: "ab3bce2ca1c14dfdb947c4526ca569ae" candidate_term: 1 candidate_status { last_received { term: 0 index: 0 } } ignore_live_leader: false dest_uuid: "cdf9566378ec4d18bbb55c576e3b33f8"
I20260713 08:59:02.030225  1716 tablet_service.cc:1917] Received RequestConsensusVote() RPC: tablet_id: "ba35c5b13dcd494faf730c949c29f3e8" candidate_uuid: "ab3bce2ca1c14dfdb947c4526ca569ae" candidate_term: 1 candidate_status { last_received { term: 0 index: 0 } } ignore_live_leader: false dest_uuid: "acac074542e847728f4f58417bd0393a"
I20260713 08:59:02.030418  1641 raft_consensus.cc:3060] T ba35c5b13dcd494faf730c949c29f3e8 P cdf9566378ec4d18bbb55c576e3b33f8 [term 0 FOLLOWER]: Advancing to term 1
I20260713 08:59:02.030887  1716 raft_consensus.cc:3060] T ba35c5b13dcd494faf730c949c29f3e8 P acac074542e847728f4f58417bd0393a [term 0 FOLLOWER]: Advancing to term 1
I20260713 08:59:02.037497  1758 tablet_bootstrap.cc:492] T 8d9868526b32450f9b1e3b75d5e1c3f0 P ab3bce2ca1c14dfdb947c4526ca569ae: No bootstrap required, opened a new log
I20260713 08:59:02.038108  1758 ts_tablet_manager.cc:1403] T 8d9868526b32450f9b1e3b75d5e1c3f0 P ab3bce2ca1c14dfdb947c4526ca569ae: Time spent bootstrapping tablet: real 0.081s	user 0.007s	sys 0.006s
I20260713 08:59:02.039606  1762 tablet_bootstrap.cc:492] T 22c2a87c964d46d7ab662a2065059327 P acac074542e847728f4f58417bd0393a: No bootstrap required, opened a new log
I20260713 08:59:02.040094  1762 ts_tablet_manager.cc:1403] T 22c2a87c964d46d7ab662a2065059327 P acac074542e847728f4f58417bd0393a: Time spent bootstrapping tablet: real 0.049s	user 0.005s	sys 0.007s
I20260713 08:59:02.041672  1759 tablet_bootstrap.cc:654] T e91bbb2e62cf4265bb64cb44702d78c3 P cdf9566378ec4d18bbb55c576e3b33f8: Neither blocks nor log segments found. Creating new log.
I20260713 08:59:02.044096  1762 raft_consensus.cc:359] T 22c2a87c964d46d7ab662a2065059327 P acac074542e847728f4f58417bd0393a [term 0 FOLLOWER]: Replica starting. Triggering 0 pending ops. Active config: opid_index: -1 OBSOLETE_local: false peers { permanent_uuid: "ab3bce2ca1c14dfdb947c4526ca569ae" member_type: VOTER last_known_addr { host: "127.0.107.193" port: 46007 } } peers { permanent_uuid: "cdf9566378ec4d18bbb55c576e3b33f8" member_type: VOTER last_known_addr { host: "127.0.107.194" port: 41245 } } peers { permanent_uuid: "acac074542e847728f4f58417bd0393a" member_type: VOTER last_known_addr { host: "127.0.107.195" port: 45567 } }
I20260713 08:59:02.044772  1788 consensus_queue.cc:1048] T 61c6078604f4482fb7c9a9c49b05822a P ab3bce2ca1c14dfdb947c4526ca569ae [LEADER]: Connected to new peer: Peer: permanent_uuid: "acac074542e847728f4f58417bd0393a" member_type: VOTER last_known_addr { host: "127.0.107.195" port: 45567 }, Status: LMP_MISMATCH, Last received: 0.0, Next index: 1, Last known committed idx: 0, Time since last communication: 0.000s
I20260713 08:59:02.045589  1758 raft_consensus.cc:359] T 8d9868526b32450f9b1e3b75d5e1c3f0 P ab3bce2ca1c14dfdb947c4526ca569ae [term 0 FOLLOWER]: Replica starting. Triggering 0 pending ops. Active config: opid_index: -1 OBSOLETE_local: false peers { permanent_uuid: "ab3bce2ca1c14dfdb947c4526ca569ae" member_type: VOTER last_known_addr { host: "127.0.107.193" port: 46007 } } peers { permanent_uuid: "cdf9566378ec4d18bbb55c576e3b33f8" member_type: VOTER last_known_addr { host: "127.0.107.194" port: 41245 } } peers { permanent_uuid: "acac074542e847728f4f58417bd0393a" member_type: VOTER last_known_addr { host: "127.0.107.195" port: 45567 } }
I20260713 08:59:02.046269  1758 raft_consensus.cc:385] T 8d9868526b32450f9b1e3b75d5e1c3f0 P ab3bce2ca1c14dfdb947c4526ca569ae [term 0 FOLLOWER]: Consensus starting up: Expiring failure detector timer to make a prompt election more likely
I20260713 08:59:02.046535  1758 raft_consensus.cc:740] T 8d9868526b32450f9b1e3b75d5e1c3f0 P ab3bce2ca1c14dfdb947c4526ca569ae [term 0 FOLLOWER]: Becoming Follower/Learner. State: Replica: ab3bce2ca1c14dfdb947c4526ca569ae, State: Initialized, Role: FOLLOWER
I20260713 08:59:02.047273  1758 consensus_queue.cc:260] T 8d9868526b32450f9b1e3b75d5e1c3f0 P ab3bce2ca1c14dfdb947c4526ca569ae [NON_LEADER]: Queue going to NON_LEADER mode. State: All replicated index: 0, Majority replicated index: 0, Committed index: 0, Last appended: 0.0, Last appended by leader: 0, Current term: 0, Majority size: -1, State: 0, Mode: NON_LEADER, active raft config: opid_index: -1 OBSOLETE_local: false peers { permanent_uuid: "ab3bce2ca1c14dfdb947c4526ca569ae" member_type: VOTER last_known_addr { host: "127.0.107.193" port: 46007 } } peers { permanent_uuid: "cdf9566378ec4d18bbb55c576e3b33f8" member_type: VOTER last_known_addr { host: "127.0.107.194" port: 41245 } } peers { permanent_uuid: "acac074542e847728f4f58417bd0393a" member_type: VOTER last_known_addr { host: "127.0.107.195" port: 45567 } }
I20260713 08:59:02.049306  1758 ts_tablet_manager.cc:1434] T 8d9868526b32450f9b1e3b75d5e1c3f0 P ab3bce2ca1c14dfdb947c4526ca569ae: Time spent starting tablet: real 0.011s	user 0.004s	sys 0.000s
I20260713 08:59:02.050210  1758 tablet_bootstrap.cc:492] T 22c2a87c964d46d7ab662a2065059327 P ab3bce2ca1c14dfdb947c4526ca569ae: Bootstrap starting.
I20260713 08:59:02.052778  1759 tablet_bootstrap.cc:492] T e91bbb2e62cf4265bb64cb44702d78c3 P cdf9566378ec4d18bbb55c576e3b33f8: No bootstrap required, opened a new log
I20260713 08:59:02.053704  1759 ts_tablet_manager.cc:1403] T e91bbb2e62cf4265bb64cb44702d78c3 P cdf9566378ec4d18bbb55c576e3b33f8: Time spent bootstrapping tablet: real 0.046s	user 0.011s	sys 0.004s
I20260713 08:59:02.055195  1843 consensus_queue.cc:1048] T 9f43cdfc3fb3437a95dd3a480f4bfc4e P ab3bce2ca1c14dfdb947c4526ca569ae [LEADER]: Connected to new peer: Peer: permanent_uuid: "acac074542e847728f4f58417bd0393a" member_type: VOTER last_known_addr { host: "127.0.107.195" port: 45567 }, Status: LMP_MISMATCH, Last received: 0.0, Next index: 1, Last known committed idx: 0, Time since last communication: 0.000s
I20260713 08:59:02.056864  1758 tablet_bootstrap.cc:654] T 22c2a87c964d46d7ab662a2065059327 P ab3bce2ca1c14dfdb947c4526ca569ae: Neither blocks nor log segments found. Creating new log.
I20260713 08:59:02.056600  1759 raft_consensus.cc:359] T e91bbb2e62cf4265bb64cb44702d78c3 P cdf9566378ec4d18bbb55c576e3b33f8 [term 0 FOLLOWER]: Replica starting. Triggering 0 pending ops. Active config: opid_index: -1 OBSOLETE_local: false peers { permanent_uuid: "ab3bce2ca1c14dfdb947c4526ca569ae" member_type: VOTER last_known_addr { host: "127.0.107.193" port: 46007 } } peers { permanent_uuid: "cdf9566378ec4d18bbb55c576e3b33f8" member_type: VOTER last_known_addr { host: "127.0.107.194" port: 41245 } } peers { permanent_uuid: "acac074542e847728f4f58417bd0393a" member_type: VOTER last_known_addr { host: "127.0.107.195" port: 45567 } }
I20260713 08:59:02.057255  1759 raft_consensus.cc:385] T e91bbb2e62cf4265bb64cb44702d78c3 P cdf9566378ec4d18bbb55c576e3b33f8 [term 0 FOLLOWER]: Consensus starting up: Expiring failure detector timer to make a prompt election more likely
I20260713 08:59:02.057870  1759 raft_consensus.cc:740] T e91bbb2e62cf4265bb64cb44702d78c3 P cdf9566378ec4d18bbb55c576e3b33f8 [term 0 FOLLOWER]: Becoming Follower/Learner. State: Replica: cdf9566378ec4d18bbb55c576e3b33f8, State: Initialized, Role: FOLLOWER
I20260713 08:59:02.059077  1759 consensus_queue.cc:260] T e91bbb2e62cf4265bb64cb44702d78c3 P cdf9566378ec4d18bbb55c576e3b33f8 [NON_LEADER]: Queue going to NON_LEADER mode. State: All replicated index: 0, Majority replicated index: 0, Committed index: 0, Last appended: 0.0, Last appended by leader: 0, Current term: 0, Majority size: -1, State: 0, Mode: NON_LEADER, active raft config: opid_index: -1 OBSOLETE_local: false peers { permanent_uuid: "ab3bce2ca1c14dfdb947c4526ca569ae" member_type: VOTER last_known_addr { host: "127.0.107.193" port: 46007 } } peers { permanent_uuid: "cdf9566378ec4d18bbb55c576e3b33f8" member_type: VOTER last_known_addr { host: "127.0.107.194" port: 41245 } } peers { permanent_uuid: "acac074542e847728f4f58417bd0393a" member_type: VOTER last_known_addr { host: "127.0.107.195" port: 45567 } }
I20260713 08:59:02.062120  1759 ts_tablet_manager.cc:1434] T e91bbb2e62cf4265bb64cb44702d78c3 P cdf9566378ec4d18bbb55c576e3b33f8: Time spent starting tablet: real 0.008s	user 0.006s	sys 0.002s
I20260713 08:59:02.063912  1759 tablet_bootstrap.cc:492] T 8d9868526b32450f9b1e3b75d5e1c3f0 P cdf9566378ec4d18bbb55c576e3b33f8: Bootstrap starting.
I20260713 08:59:02.044787  1762 raft_consensus.cc:385] T 22c2a87c964d46d7ab662a2065059327 P acac074542e847728f4f58417bd0393a [term 0 FOLLOWER]: Consensus starting up: Expiring failure detector timer to make a prompt election more likely
I20260713 08:59:02.069368  1762 raft_consensus.cc:740] T 22c2a87c964d46d7ab662a2065059327 P acac074542e847728f4f58417bd0393a [term 0 FOLLOWER]: Becoming Follower/Learner. State: Replica: acac074542e847728f4f58417bd0393a, State: Initialized, Role: FOLLOWER
I20260713 08:59:02.072230  1759 tablet_bootstrap.cc:654] T 8d9868526b32450f9b1e3b75d5e1c3f0 P cdf9566378ec4d18bbb55c576e3b33f8: Neither blocks nor log segments found. Creating new log.
I20260713 08:59:02.073313  1762 consensus_queue.cc:260] T 22c2a87c964d46d7ab662a2065059327 P acac074542e847728f4f58417bd0393a [NON_LEADER]: Queue going to NON_LEADER mode. State: All replicated index: 0, Majority replicated index: 0, Committed index: 0, Last appended: 0.0, Last appended by leader: 0, Current term: 0, Majority size: -1, State: 0, Mode: NON_LEADER, active raft config: opid_index: -1 OBSOLETE_local: false peers { permanent_uuid: "ab3bce2ca1c14dfdb947c4526ca569ae" member_type: VOTER last_known_addr { host: "127.0.107.193" port: 46007 } } peers { permanent_uuid: "cdf9566378ec4d18bbb55c576e3b33f8" member_type: VOTER last_known_addr { host: "127.0.107.194" port: 41245 } } peers { permanent_uuid: "acac074542e847728f4f58417bd0393a" member_type: VOTER last_known_addr { host: "127.0.107.195" port: 45567 } }
I20260713 08:59:02.074774  1758 tablet_bootstrap.cc:492] T 22c2a87c964d46d7ab662a2065059327 P ab3bce2ca1c14dfdb947c4526ca569ae: No bootstrap required, opened a new log
I20260713 08:59:02.075496  1758 ts_tablet_manager.cc:1403] T 22c2a87c964d46d7ab662a2065059327 P ab3bce2ca1c14dfdb947c4526ca569ae: Time spent bootstrapping tablet: real 0.026s	user 0.015s	sys 0.003s
I20260713 08:59:02.083320  1778 raft_consensus.cc:493] T 22c2a87c964d46d7ab662a2065059327 P acac074542e847728f4f58417bd0393a [term 0 FOLLOWER]: Starting pre-election (no leader contacted us within the election timeout)
I20260713 08:59:02.083825  1778 raft_consensus.cc:515] T 22c2a87c964d46d7ab662a2065059327 P acac074542e847728f4f58417bd0393a [term 0 FOLLOWER]: Starting pre-election with config: opid_index: -1 OBSOLETE_local: false peers { permanent_uuid: "ab3bce2ca1c14dfdb947c4526ca569ae" member_type: VOTER last_known_addr { host: "127.0.107.193" port: 46007 } } peers { permanent_uuid: "cdf9566378ec4d18bbb55c576e3b33f8" member_type: VOTER last_known_addr { host: "127.0.107.194" port: 41245 } } peers { permanent_uuid: "acac074542e847728f4f58417bd0393a" member_type: VOTER last_known_addr { host: "127.0.107.195" port: 45567 } }
I20260713 08:59:02.086305  1778 leader_election.cc:290] T 22c2a87c964d46d7ab662a2065059327 P acac074542e847728f4f58417bd0393a [CANDIDATE]: Term 1 pre-election: Requested pre-vote from peers ab3bce2ca1c14dfdb947c4526ca569ae (127.0.107.193:46007), cdf9566378ec4d18bbb55c576e3b33f8 (127.0.107.194:41245)
I20260713 08:59:02.087280  1778 raft_consensus.cc:493] T 69f21d64b04f49bf90b5959e755ce107 P acac074542e847728f4f58417bd0393a [term 0 FOLLOWER]: Starting pre-election (no leader contacted us within the election timeout)
I20260713 08:59:02.087949  1643 tablet_service.cc:1917] Received RequestConsensusVote() RPC: tablet_id: "22c2a87c964d46d7ab662a2065059327" candidate_uuid: "acac074542e847728f4f58417bd0393a" candidate_term: 1 candidate_status { last_received { term: 0 index: 0 } } ignore_live_leader: false dest_uuid: "cdf9566378ec4d18bbb55c576e3b33f8" is_pre_election: true
I20260713 08:59:02.088251  1778 raft_consensus.cc:515] T 69f21d64b04f49bf90b5959e755ce107 P acac074542e847728f4f58417bd0393a [term 0 FOLLOWER]: Starting pre-election with config: opid_index: -1 OBSOLETE_local: false peers { permanent_uuid: "ab3bce2ca1c14dfdb947c4526ca569ae" member_type: VOTER last_known_addr { host: "127.0.107.193" port: 46007 } } peers { permanent_uuid: "cdf9566378ec4d18bbb55c576e3b33f8" member_type: VOTER last_known_addr { host: "127.0.107.194" port: 41245 } } peers { permanent_uuid: "acac074542e847728f4f58417bd0393a" member_type: VOTER last_known_addr { host: "127.0.107.195" port: 45567 } }
I20260713 08:59:02.088688  1643 raft_consensus.cc:2468] T 22c2a87c964d46d7ab662a2065059327 P cdf9566378ec4d18bbb55c576e3b33f8 [term 0 FOLLOWER]: Leader pre-election vote request: Granting yes vote for candidate acac074542e847728f4f58417bd0393a in term 0.
I20260713 08:59:02.090497  1778 leader_election.cc:290] T 69f21d64b04f49bf90b5959e755ce107 P acac074542e847728f4f58417bd0393a [CANDIDATE]: Term 1 pre-election: Requested pre-vote from peers ab3bce2ca1c14dfdb947c4526ca569ae (127.0.107.193:46007), cdf9566378ec4d18bbb55c576e3b33f8 (127.0.107.194:41245)
I20260713 08:59:02.091574  1681 leader_election.cc:304] T 22c2a87c964d46d7ab662a2065059327 P acac074542e847728f4f58417bd0393a [CANDIDATE]: Term 1 pre-election: Election decided. Result: candidate won. Election summary: received 2 responses out of 3 voters: 2 yes votes; 0 no votes. yes voters: acac074542e847728f4f58417bd0393a, cdf9566378ec4d18bbb55c576e3b33f8; no voters: 
I20260713 08:59:02.087967  1568 tablet_service.cc:1917] Received RequestConsensusVote() RPC: tablet_id: "22c2a87c964d46d7ab662a2065059327" candidate_uuid: "acac074542e847728f4f58417bd0393a" candidate_term: 1 candidate_status { last_received { term: 0 index: 0 } } ignore_live_leader: false dest_uuid: "ab3bce2ca1c14dfdb947c4526ca569ae" is_pre_election: true
I20260713 08:59:02.093585  1643 tablet_service.cc:1917] Received RequestConsensusVote() RPC: tablet_id: "69f21d64b04f49bf90b5959e755ce107" candidate_uuid: "acac074542e847728f4f58417bd0393a" candidate_term: 1 candidate_status { last_received { term: 0 index: 0 } } ignore_live_leader: false dest_uuid: "cdf9566378ec4d18bbb55c576e3b33f8" is_pre_election: true
I20260713 08:59:02.097157  1778 raft_consensus.cc:2804] T 22c2a87c964d46d7ab662a2065059327 P acac074542e847728f4f58417bd0393a [term 0 FOLLOWER]: Leader pre-election won for term 1
I20260713 08:59:02.097548  1778 raft_consensus.cc:493] T 22c2a87c964d46d7ab662a2065059327 P acac074542e847728f4f58417bd0393a [term 0 FOLLOWER]: Starting leader election (no leader contacted us within the election timeout)
I20260713 08:59:02.097892  1778 raft_consensus.cc:3060] T 22c2a87c964d46d7ab662a2065059327 P acac074542e847728f4f58417bd0393a [term 0 FOLLOWER]: Advancing to term 1
I20260713 08:59:02.098053  1758 raft_consensus.cc:359] T 22c2a87c964d46d7ab662a2065059327 P ab3bce2ca1c14dfdb947c4526ca569ae [term 0 FOLLOWER]: Replica starting. Triggering 0 pending ops. Active config: opid_index: -1 OBSOLETE_local: false peers { permanent_uuid: "ab3bce2ca1c14dfdb947c4526ca569ae" member_type: VOTER last_known_addr { host: "127.0.107.193" port: 46007 } } peers { permanent_uuid: "cdf9566378ec4d18bbb55c576e3b33f8" member_type: VOTER last_known_addr { host: "127.0.107.194" port: 41245 } } peers { permanent_uuid: "acac074542e847728f4f58417bd0393a" member_type: VOTER last_known_addr { host: "127.0.107.195" port: 45567 } }
I20260713 08:59:02.099664  1758 raft_consensus.cc:385] T 22c2a87c964d46d7ab662a2065059327 P ab3bce2ca1c14dfdb947c4526ca569ae [term 0 FOLLOWER]: Consensus starting up: Expiring failure detector timer to make a prompt election more likely
I20260713 08:59:02.100379  1762 ts_tablet_manager.cc:1434] T 22c2a87c964d46d7ab662a2065059327 P acac074542e847728f4f58417bd0393a: Time spent starting tablet: real 0.060s	user 0.005s	sys 0.005s
I20260713 08:59:02.101452  1762 tablet_bootstrap.cc:492] T 8d9868526b32450f9b1e3b75d5e1c3f0 P acac074542e847728f4f58417bd0393a: Bootstrap starting.
I20260713 08:59:02.099999  1758 raft_consensus.cc:740] T 22c2a87c964d46d7ab662a2065059327 P ab3bce2ca1c14dfdb947c4526ca569ae [term 0 FOLLOWER]: Becoming Follower/Learner. State: Replica: ab3bce2ca1c14dfdb947c4526ca569ae, State: Initialized, Role: FOLLOWER
I20260713 08:59:02.102259  1758 consensus_queue.cc:260] T 22c2a87c964d46d7ab662a2065059327 P ab3bce2ca1c14dfdb947c4526ca569ae [NON_LEADER]: Queue going to NON_LEADER mode. State: All replicated index: 0, Majority replicated index: 0, Committed index: 0, Last appended: 0.0, Last appended by leader: 0, Current term: 0, Majority size: -1, State: 0, Mode: NON_LEADER, active raft config: opid_index: -1 OBSOLETE_local: false peers { permanent_uuid: "ab3bce2ca1c14dfdb947c4526ca569ae" member_type: VOTER last_known_addr { host: "127.0.107.193" port: 46007 } } peers { permanent_uuid: "cdf9566378ec4d18bbb55c576e3b33f8" member_type: VOTER last_known_addr { host: "127.0.107.194" port: 41245 } } peers { permanent_uuid: "acac074542e847728f4f58417bd0393a" member_type: VOTER last_known_addr { host: "127.0.107.195" port: 45567 } }
I20260713 08:59:02.105949  1758 ts_tablet_manager.cc:1434] T 22c2a87c964d46d7ab662a2065059327 P ab3bce2ca1c14dfdb947c4526ca569ae: Time spent starting tablet: real 0.030s	user 0.007s	sys 0.000s
I20260713 08:59:02.110558  1568 tablet_service.cc:1917] Received RequestConsensusVote() RPC: tablet_id: "69f21d64b04f49bf90b5959e755ce107" candidate_uuid: "acac074542e847728f4f58417bd0393a" candidate_term: 1 candidate_status { last_received { term: 0 index: 0 } } ignore_live_leader: false dest_uuid: "ab3bce2ca1c14dfdb947c4526ca569ae" is_pre_election: true
I20260713 08:59:02.111476  1568 raft_consensus.cc:2393] T 69f21d64b04f49bf90b5959e755ce107 P ab3bce2ca1c14dfdb947c4526ca569ae [term 1 FOLLOWER]: Leader pre-election vote request: Denying vote to candidate acac074542e847728f4f58417bd0393a in current term 1: Already voted for candidate cdf9566378ec4d18bbb55c576e3b33f8 in this term.
I20260713 08:59:02.115484  1758 tablet_bootstrap.cc:492] T 4b0d0f2f0dc94107b4373c9c487d60cd P ab3bce2ca1c14dfdb947c4526ca569ae: Bootstrap starting.
I20260713 08:59:02.171213  1641 raft_consensus.cc:2468] T ba35c5b13dcd494faf730c949c29f3e8 P cdf9566378ec4d18bbb55c576e3b33f8 [term 1 FOLLOWER]: Leader election vote request: Granting yes vote for candidate ab3bce2ca1c14dfdb947c4526ca569ae in term 1.
W20260713 08:59:02.173018  1684 leader_election.cc:343] T 22c2a87c964d46d7ab662a2065059327 P acac074542e847728f4f58417bd0393a [CANDIDATE]: Term 1 pre-election: Tablet error from VoteRequest() call to peer ab3bce2ca1c14dfdb947c4526ca569ae (127.0.107.193:46007): Illegal state: must be running to vote when last-logged opid is not known
I20260713 08:59:02.176347  1788 raft_consensus.cc:493] T 500de09d716f49749683d18dfa3361ae P ab3bce2ca1c14dfdb947c4526ca569ae [term 0 FOLLOWER]: Starting pre-election (no leader contacted us within the election timeout)
I20260713 08:59:02.176960  1788 raft_consensus.cc:515] T 500de09d716f49749683d18dfa3361ae P ab3bce2ca1c14dfdb947c4526ca569ae [term 0 FOLLOWER]: Starting pre-election with config: opid_index: -1 OBSOLETE_local: false peers { permanent_uuid: "ab3bce2ca1c14dfdb947c4526ca569ae" member_type: VOTER last_known_addr { host: "127.0.107.193" port: 46007 } } peers { permanent_uuid: "cdf9566378ec4d18bbb55c576e3b33f8" member_type: VOTER last_known_addr { host: "127.0.107.194" port: 41245 } } peers { permanent_uuid: "acac074542e847728f4f58417bd0393a" member_type: VOTER last_known_addr { host: "127.0.107.195" port: 45567 } }
I20260713 08:59:02.179430  1716 raft_consensus.cc:2468] T ba35c5b13dcd494faf730c949c29f3e8 P acac074542e847728f4f58417bd0393a [term 1 FOLLOWER]: Leader election vote request: Granting yes vote for candidate ab3bce2ca1c14dfdb947c4526ca569ae in term 1.
I20260713 08:59:02.225664  1843 raft_consensus.cc:493] T e91bbb2e62cf4265bb64cb44702d78c3 P ab3bce2ca1c14dfdb947c4526ca569ae [term 0 FOLLOWER]: Starting pre-election (no leader contacted us within the election timeout)
I20260713 08:59:02.226394  1843 raft_consensus.cc:515] T e91bbb2e62cf4265bb64cb44702d78c3 P ab3bce2ca1c14dfdb947c4526ca569ae [term 0 FOLLOWER]: Starting pre-election with config: opid_index: -1 OBSOLETE_local: false peers { permanent_uuid: "ab3bce2ca1c14dfdb947c4526ca569ae" member_type: VOTER last_known_addr { host: "127.0.107.193" port: 46007 } } peers { permanent_uuid: "cdf9566378ec4d18bbb55c576e3b33f8" member_type: VOTER last_known_addr { host: "127.0.107.194" port: 41245 } } peers { permanent_uuid: "acac074542e847728f4f58417bd0393a" member_type: VOTER last_known_addr { host: "127.0.107.195" port: 45567 } }
I20260713 08:59:02.229071  1843 leader_election.cc:290] T e91bbb2e62cf4265bb64cb44702d78c3 P ab3bce2ca1c14dfdb947c4526ca569ae [CANDIDATE]: Term 1 pre-election: Requested pre-vote from peers cdf9566378ec4d18bbb55c576e3b33f8 (127.0.107.194:41245), acac074542e847728f4f58417bd0393a (127.0.107.195:45567)
I20260713 08:59:02.229212  1641 raft_consensus.cc:3060] T 5bd9c9a4758d41e6904e8926e05245f7 P cdf9566378ec4d18bbb55c576e3b33f8 [term 0 FOLLOWER]: Advancing to term 1
I20260713 08:59:02.174335  1684 leader_election.cc:304] T 69f21d64b04f49bf90b5959e755ce107 P acac074542e847728f4f58417bd0393a [CANDIDATE]: Term 1 pre-election: Election decided. Result: candidate lost. Election summary: received 3 responses out of 3 voters: 1 yes votes; 2 no votes. yes voters: acac074542e847728f4f58417bd0393a; no voters: ab3bce2ca1c14dfdb947c4526ca569ae, cdf9566378ec4d18bbb55c576e3b33f8
I20260713 08:59:02.254616  1877 raft_consensus.cc:3060] T 69f21d64b04f49bf90b5959e755ce107 P acac074542e847728f4f58417bd0393a [term 0 FOLLOWER]: Advancing to term 1
I20260713 08:59:02.280906  1788 leader_election.cc:290] T 500de09d716f49749683d18dfa3361ae P ab3bce2ca1c14dfdb947c4526ca569ae [CANDIDATE]: Term 1 pre-election: Requested pre-vote from peers cdf9566378ec4d18bbb55c576e3b33f8 (127.0.107.194:41245), acac074542e847728f4f58417bd0393a (127.0.107.195:45567)
W20260713 08:59:02.334982  1684 outbound_call.cc:321] RPC callback for RPC call kudu.consensus.ConsensusService.RequestConsensusVote -> {remote=127.0.107.193:46007, user_credentials={real_user=slave}} blocked reactor thread for 160718us
I20260713 08:59:02.342466  1804 raft_consensus.cc:493] T 500de09d716f49749683d18dfa3361ae P cdf9566378ec4d18bbb55c576e3b33f8 [term 0 FOLLOWER]: Starting pre-election (no leader contacted us within the election timeout)
I20260713 08:59:02.343127  1804 raft_consensus.cc:515] T 500de09d716f49749683d18dfa3361ae P cdf9566378ec4d18bbb55c576e3b33f8 [term 0 FOLLOWER]: Starting pre-election with config: opid_index: -1 OBSOLETE_local: false peers { permanent_uuid: "ab3bce2ca1c14dfdb947c4526ca569ae" member_type: VOTER last_known_addr { host: "127.0.107.193" port: 46007 } } peers { permanent_uuid: "cdf9566378ec4d18bbb55c576e3b33f8" member_type: VOTER last_known_addr { host: "127.0.107.194" port: 41245 } } peers { permanent_uuid: "acac074542e847728f4f58417bd0393a" member_type: VOTER last_known_addr { host: "127.0.107.195" port: 45567 } }
I20260713 08:59:02.344620  1778 raft_consensus.cc:515] T 22c2a87c964d46d7ab662a2065059327 P acac074542e847728f4f58417bd0393a [term 1 FOLLOWER]: Starting leader election with config: opid_index: -1 OBSOLETE_local: false peers { permanent_uuid: "ab3bce2ca1c14dfdb947c4526ca569ae" member_type: VOTER last_known_addr { host: "127.0.107.193" port: 46007 } } peers { permanent_uuid: "cdf9566378ec4d18bbb55c576e3b33f8" member_type: VOTER last_known_addr { host: "127.0.107.194" port: 41245 } } peers { permanent_uuid: "acac074542e847728f4f58417bd0393a" member_type: VOTER last_known_addr { host: "127.0.107.195" port: 45567 } }
I20260713 08:59:02.345961  1804 leader_election.cc:290] T 500de09d716f49749683d18dfa3361ae P cdf9566378ec4d18bbb55c576e3b33f8 [CANDIDATE]: Term 1 pre-election: Requested pre-vote from peers ab3bce2ca1c14dfdb947c4526ca569ae (127.0.107.193:46007), acac074542e847728f4f58417bd0393a (127.0.107.195:45567)
I20260713 08:59:02.351238  1717 tablet_service.cc:1917] Received RequestConsensusVote() RPC: tablet_id: "500de09d716f49749683d18dfa3361ae" candidate_uuid: "cdf9566378ec4d18bbb55c576e3b33f8" candidate_term: 1 candidate_status { last_received { term: 0 index: 0 } } ignore_live_leader: false dest_uuid: "acac074542e847728f4f58417bd0393a" is_pre_election: true
W20260713 08:59:02.352406  1607 leader_election.cc:343] T 500de09d716f49749683d18dfa3361ae P cdf9566378ec4d18bbb55c576e3b33f8 [CANDIDATE]: Term 1 pre-election: Tablet error from VoteRequest() call to peer acac074542e847728f4f58417bd0393a (127.0.107.195:45567): Illegal state: must be running to vote when last-logged opid is not known
I20260713 08:59:02.361450  1877 raft_consensus.cc:2749] T 69f21d64b04f49bf90b5959e755ce107 P acac074542e847728f4f58417bd0393a [term 1 FOLLOWER]: Leader pre-election lost for term 1. Reason: could not achieve majority
I20260713 08:59:02.365234  1532 leader_election.cc:304] T ba35c5b13dcd494faf730c949c29f3e8 P ab3bce2ca1c14dfdb947c4526ca569ae [CANDIDATE]: Term 1 election: Election decided. Result: candidate won. Election summary: received 2 responses out of 3 voters: 2 yes votes; 0 no votes. yes voters: ab3bce2ca1c14dfdb947c4526ca569ae, acac074542e847728f4f58417bd0393a; no voters: 
I20260713 08:59:02.366070  1788 raft_consensus.cc:2804] T ba35c5b13dcd494faf730c949c29f3e8 P ab3bce2ca1c14dfdb947c4526ca569ae [term 1 FOLLOWER]: Leader election won for term 1
I20260713 08:59:02.366417  1762 tablet_bootstrap.cc:654] T 8d9868526b32450f9b1e3b75d5e1c3f0 P acac074542e847728f4f58417bd0393a: Neither blocks nor log segments found. Creating new log.
I20260713 08:59:02.357690  1778 leader_election.cc:290] T 22c2a87c964d46d7ab662a2065059327 P acac074542e847728f4f58417bd0393a [CANDIDATE]: Term 1 election: Requested vote from peers ab3bce2ca1c14dfdb947c4526ca569ae (127.0.107.193:46007), cdf9566378ec4d18bbb55c576e3b33f8 (127.0.107.194:41245)
I20260713 08:59:02.368825  1759 tablet_bootstrap.cc:492] T 8d9868526b32450f9b1e3b75d5e1c3f0 P cdf9566378ec4d18bbb55c576e3b33f8: No bootstrap required, opened a new log
