I20260713 09:01:10.719573  7140 consensus_queue.cc:237] T db2fe53782014396bdf03bd34aa8893a P b75606b271574a33a35ed4a8bcff7aab [LEADER]: Queue going to LEADER mode. State: All replicated index: 0, Majority replicated index: 0, Committed index: 0, Last appended: 0.0, Last appended by leader: 0, Current term: 1, Majority size: 2, State: 0, Mode: LEADER, active raft config: opid_index: -1 OBSOLETE_local: false peers { permanent_uuid: "b75606b271574a33a35ed4a8bcff7aab" member_type: VOTER last_known_addr { host: "127.5.161.193" port: 43511 } } peers { permanent_uuid: "7869febbff0e486b8a6ad6df03c38e29" member_type: VOTER last_known_addr { host: "127.5.161.194" port: 36965 } } peers { permanent_uuid: "ec30333a9f0a4bde8e19ac9478d77c6e" member_type: VOTER last_known_addr { host: "127.5.161.195" port: 38743 } }
I20260713 09:01:10.732895  7067 ts_tablet_manager.cc:1434] T b5dc491f934f4c5aa5acce80633d51e5 P 7869febbff0e486b8a6ad6df03c38e29: Time spent starting tablet: real 0.017s	user 0.007s	sys 0.001s
I20260713 09:01:10.743095  6950 tablet_service.cc:1917] Received RequestConsensusVote() RPC: tablet_id: "fce53049ad9d4c3e9edcceaad5f83293" candidate_uuid: "ec30333a9f0a4bde8e19ac9478d77c6e" candidate_term: 1 candidate_status { last_received { term: 0 index: 0 } } ignore_live_leader: false dest_uuid: "7869febbff0e486b8a6ad6df03c38e29" is_pre_election: true
I20260713 09:01:10.736097  6951 tablet_service.cc:1917] Received RequestConsensusVote() RPC: tablet_id: "2d8cd1187083412992838ce3701ad9e3" candidate_uuid: "b75606b271574a33a35ed4a8bcff7aab" candidate_term: 1 candidate_status { last_received { term: 0 index: 0 } } ignore_live_leader: false dest_uuid: "7869febbff0e486b8a6ad6df03c38e29" is_pre_election: true
W20260713 09:01:10.746124  6839 leader_election.cc:343] T 2d8cd1187083412992838ce3701ad9e3 P b75606b271574a33a35ed4a8bcff7aab [CANDIDATE]: Term 1 pre-election: Tablet error from VoteRequest() call to peer 7869febbff0e486b8a6ad6df03c38e29 (127.5.161.194:36965): Illegal state: must be running to vote when last-logged opid is not known
I20260713 09:01:10.750113  7146 leader_election.cc:290] T cfd4eb9ef0ee4aa5a691672096a89aca P ec30333a9f0a4bde8e19ac9478d77c6e [CANDIDATE]: Term 1 pre-election: Requested pre-vote from peers b75606b271574a33a35ed4a8bcff7aab (127.5.161.193:43511), 7869febbff0e486b8a6ad6df03c38e29 (127.5.161.194:36965)
I20260713 09:01:10.767632  7065 tablet_bootstrap.cc:492] T db2fe53782014396bdf03bd34aa8893a P ec30333a9f0a4bde8e19ac9478d77c6e: No bootstrap required, opened a new log
I20260713 09:01:10.768280  7065 ts_tablet_manager.cc:1403] T db2fe53782014396bdf03bd34aa8893a P ec30333a9f0a4bde8e19ac9478d77c6e: Time spent bootstrapping tablet: real 0.206s	user 0.025s	sys 0.064s
I20260713 09:01:10.772979  7065 raft_consensus.cc:359] T db2fe53782014396bdf03bd34aa8893a P ec30333a9f0a4bde8e19ac9478d77c6e [term 0 FOLLOWER]: Replica starting. Triggering 0 pending ops. Active config: opid_index: -1 OBSOLETE_local: false peers { permanent_uuid: "b75606b271574a33a35ed4a8bcff7aab" member_type: VOTER last_known_addr { host: "127.5.161.193" port: 43511 } } peers { permanent_uuid: "7869febbff0e486b8a6ad6df03c38e29" member_type: VOTER last_known_addr { host: "127.5.161.194" port: 36965 } } peers { permanent_uuid: "ec30333a9f0a4bde8e19ac9478d77c6e" member_type: VOTER last_known_addr { host: "127.5.161.195" port: 38743 } }
I20260713 09:01:10.773860  7065 raft_consensus.cc:385] T db2fe53782014396bdf03bd34aa8893a P ec30333a9f0a4bde8e19ac9478d77c6e [term 0 FOLLOWER]: Consensus starting up: Expiring failure detector timer to make a prompt election more likely
I20260713 09:01:10.774210  7065 raft_consensus.cc:740] T db2fe53782014396bdf03bd34aa8893a P ec30333a9f0a4bde8e19ac9478d77c6e [term 0 FOLLOWER]: Becoming Follower/Learner. State: Replica: ec30333a9f0a4bde8e19ac9478d77c6e, State: Initialized, Role: FOLLOWER
I20260713 09:01:10.777947  7160 raft_consensus.cc:493] T b5dc491f934f4c5aa5acce80633d51e5 P 7869febbff0e486b8a6ad6df03c38e29 [term 0 FOLLOWER]: Starting pre-election (no leader contacted us within the election timeout)
I20260713 09:01:10.793226  7160 raft_consensus.cc:515] T b5dc491f934f4c5aa5acce80633d51e5 P 7869febbff0e486b8a6ad6df03c38e29 [term 0 FOLLOWER]: Starting pre-election with config: opid_index: -1 OBSOLETE_local: false peers { permanent_uuid: "b75606b271574a33a35ed4a8bcff7aab" member_type: VOTER last_known_addr { host: "127.5.161.193" port: 43511 } } peers { permanent_uuid: "7869febbff0e486b8a6ad6df03c38e29" member_type: VOTER last_known_addr { host: "127.5.161.194" port: 36965 } } peers { permanent_uuid: "ec30333a9f0a4bde8e19ac9478d77c6e" member_type: VOTER last_known_addr { host: "127.5.161.195" port: 38743 } }
I20260713 09:01:10.796239  6873 tablet_service.cc:1917] Received RequestConsensusVote() RPC: tablet_id: "b5dc491f934f4c5aa5acce80633d51e5" candidate_uuid: "7869febbff0e486b8a6ad6df03c38e29" candidate_term: 1 candidate_status { last_received { term: 0 index: 0 } } ignore_live_leader: false dest_uuid: "b75606b271574a33a35ed4a8bcff7aab" is_pre_election: true
I20260713 09:01:10.796849  6873 raft_consensus.cc:2468] T b5dc491f934f4c5aa5acce80633d51e5 P b75606b271574a33a35ed4a8bcff7aab [term 0 FOLLOWER]: Leader pre-election vote request: Granting yes vote for candidate 7869febbff0e486b8a6ad6df03c38e29 in term 0.
I20260713 09:01:10.799089  6917 leader_election.cc:304] T b5dc491f934f4c5aa5acce80633d51e5 P 7869febbff0e486b8a6ad6df03c38e29 [CANDIDATE]: Term 1 pre-election: Election decided. Result: candidate won. Election summary: received 2 responses out of 3 voters: 2 yes votes; 0 no votes. yes voters: 7869febbff0e486b8a6ad6df03c38e29, b75606b271574a33a35ed4a8bcff7aab; no voters: 
I20260713 09:01:10.799957  7104 raft_consensus.cc:2804] T b5dc491f934f4c5aa5acce80633d51e5 P 7869febbff0e486b8a6ad6df03c38e29 [term 0 FOLLOWER]: Leader pre-election won for term 1
I20260713 09:01:10.800314  7104 raft_consensus.cc:493] T b5dc491f934f4c5aa5acce80633d51e5 P 7869febbff0e486b8a6ad6df03c38e29 [term 0 FOLLOWER]: Starting leader election (no leader contacted us within the election timeout)
I20260713 09:01:10.800660  7104 raft_consensus.cc:3060] T b5dc491f934f4c5aa5acce80633d51e5 P 7869febbff0e486b8a6ad6df03c38e29 [term 0 FOLLOWER]: Advancing to term 1
I20260713 09:01:10.776945  7065 consensus_queue.cc:260] T db2fe53782014396bdf03bd34aa8893a P ec30333a9f0a4bde8e19ac9478d77c6e [NON_LEADER]: Queue going to NON_LEADER mode. State: All replicated index: 0, Majority replicated index: 0, Committed index: 0, Last appended: 0.0, Last appended by leader: 0, Current term: 0, Majority size: -1, State: 0, Mode: NON_LEADER, active raft config: opid_index: -1 OBSOLETE_local: false peers { permanent_uuid: "b75606b271574a33a35ed4a8bcff7aab" member_type: VOTER last_known_addr { host: "127.5.161.193" port: 43511 } } peers { permanent_uuid: "7869febbff0e486b8a6ad6df03c38e29" member_type: VOTER last_known_addr { host: "127.5.161.194" port: 36965 } } peers { permanent_uuid: "ec30333a9f0a4bde8e19ac9478d77c6e" member_type: VOTER last_known_addr { host: "127.5.161.195" port: 38743 } }
I20260713 09:01:10.804893  7065 ts_tablet_manager.cc:1434] T db2fe53782014396bdf03bd34aa8893a P ec30333a9f0a4bde8e19ac9478d77c6e: Time spent starting tablet: real 0.036s	user 0.008s	sys 0.000s
I20260713 09:01:10.804814  7193 consensus_queue.cc:1048] T a53e4862d9774135ad9c0d3579302e13 P b75606b271574a33a35ed4a8bcff7aab [LEADER]: Connected to new peer: Peer: permanent_uuid: "7869febbff0e486b8a6ad6df03c38e29" member_type: VOTER last_known_addr { host: "127.5.161.194" port: 36965 }, Status: LMP_MISMATCH, Last received: 0.0, Next index: 1, Last known committed idx: 0, Time since last communication: 0.001s
I20260713 09:01:10.805927  7065 tablet_bootstrap.cc:492] T 255c3f3e9ea74e44bbf934f431e448f6 P ec30333a9f0a4bde8e19ac9478d77c6e: Bootstrap starting.
I20260713 09:01:10.808612  7022 raft_consensus.cc:3060] T cfd4eb9ef0ee4aa5a691672096a89aca P ec30333a9f0a4bde8e19ac9478d77c6e [term 0 FOLLOWER]: Advancing to term 1
I20260713 09:01:10.812335  7066 tablet_bootstrap.cc:492] T 84a566d257274e3fa3ad675330c68503 P b75606b271574a33a35ed4a8bcff7aab: No bootstrap required, opened a new log
I20260713 09:01:10.812758  7066 ts_tablet_manager.cc:1403] T 84a566d257274e3fa3ad675330c68503 P b75606b271574a33a35ed4a8bcff7aab: Time spent bootstrapping tablet: real 0.137s	user 0.004s	sys 0.009s
I20260713 09:01:10.813149  7067 tablet_bootstrap.cc:492] T 91239a16c06246c3babe95b475803b94 P 7869febbff0e486b8a6ad6df03c38e29: Bootstrap starting.
I20260713 09:01:10.815146  7066 raft_consensus.cc:359] T 84a566d257274e3fa3ad675330c68503 P b75606b271574a33a35ed4a8bcff7aab [term 0 FOLLOWER]: Replica starting. Triggering 0 pending ops. Active config: opid_index: -1 OBSOLETE_local: false peers { permanent_uuid: "b75606b271574a33a35ed4a8bcff7aab" member_type: VOTER last_known_addr { host: "127.5.161.193" port: 43511 } } peers { permanent_uuid: "7869febbff0e486b8a6ad6df03c38e29" member_type: VOTER last_known_addr { host: "127.5.161.194" port: 36965 } } peers { permanent_uuid: "ec30333a9f0a4bde8e19ac9478d77c6e" member_type: VOTER last_known_addr { host: "127.5.161.195" port: 38743 } }
I20260713 09:01:10.815793  7066 raft_consensus.cc:385] T 84a566d257274e3fa3ad675330c68503 P b75606b271574a33a35ed4a8bcff7aab [term 0 FOLLOWER]: Consensus starting up: Expiring failure detector timer to make a prompt election more likely
I20260713 09:01:10.816067  7066 raft_consensus.cc:740] T 84a566d257274e3fa3ad675330c68503 P b75606b271574a33a35ed4a8bcff7aab [term 0 FOLLOWER]: Becoming Follower/Learner. State: Replica: b75606b271574a33a35ed4a8bcff7aab, State: Initialized, Role: FOLLOWER
I20260713 09:01:10.816920  6873 tablet_service.cc:1917] Received RequestConsensusVote() RPC: tablet_id: "fce53049ad9d4c3e9edcceaad5f83293" candidate_uuid: "ec30333a9f0a4bde8e19ac9478d77c6e" candidate_term: 1 candidate_status { last_received { term: 0 index: 0 } } ignore_live_leader: false dest_uuid: "b75606b271574a33a35ed4a8bcff7aab" is_pre_election: true
I20260713 09:01:10.817180  6876 tablet_service.cc:1917] Received RequestConsensusVote() RPC: tablet_id: "b5dc491f934f4c5aa5acce80633d51e5" candidate_uuid: "ec30333a9f0a4bde8e19ac9478d77c6e" candidate_term: 1 candidate_status { last_received { term: 0 index: 0 } } ignore_live_leader: false dest_uuid: "b75606b271574a33a35ed4a8bcff7aab"
I20260713 09:01:10.817773  6873 raft_consensus.cc:2393] T fce53049ad9d4c3e9edcceaad5f83293 P b75606b271574a33a35ed4a8bcff7aab [term 1 FOLLOWER]: Leader pre-election vote request: Denying vote to candidate ec30333a9f0a4bde8e19ac9478d77c6e in current term 1: Already voted for candidate 7869febbff0e486b8a6ad6df03c38e29 in this term.
I20260713 09:01:10.816895  7025 tablet_service.cc:1917] Received RequestConsensusVote() RPC: tablet_id: "2d8cd1187083412992838ce3701ad9e3" candidate_uuid: "b75606b271574a33a35ed4a8bcff7aab" candidate_term: 1 candidate_status { last_received { term: 0 index: 0 } } ignore_live_leader: false dest_uuid: "ec30333a9f0a4bde8e19ac9478d77c6e" is_pre_election: true
I20260713 09:01:10.818600  6874 tablet_service.cc:1917] Received RequestConsensusVote() RPC: tablet_id: "cfd4eb9ef0ee4aa5a691672096a89aca" candidate_uuid: "ec30333a9f0a4bde8e19ac9478d77c6e" candidate_term: 1 candidate_status { last_received { term: 0 index: 0 } } ignore_live_leader: false dest_uuid: "b75606b271574a33a35ed4a8bcff7aab" is_pre_election: true
I20260713 09:01:10.817787  6876 raft_consensus.cc:3060] T b5dc491f934f4c5aa5acce80633d51e5 P b75606b271574a33a35ed4a8bcff7aab [term 0 FOLLOWER]: Advancing to term 1
I20260713 09:01:10.821074  6991 leader_election.cc:304] T fce53049ad9d4c3e9edcceaad5f83293 P ec30333a9f0a4bde8e19ac9478d77c6e [CANDIDATE]: Term 1 pre-election: Election decided. Result: candidate lost. Election summary: received 3 responses out of 3 voters: 1 yes votes; 2 no votes. yes voters: ec30333a9f0a4bde8e19ac9478d77c6e; no voters: 7869febbff0e486b8a6ad6df03c38e29, b75606b271574a33a35ed4a8bcff7aab
I20260713 09:01:10.822497  7146 raft_consensus.cc:3060] T fce53049ad9d4c3e9edcceaad5f83293 P ec30333a9f0a4bde8e19ac9478d77c6e [term 0 FOLLOWER]: Advancing to term 1
I20260713 09:01:10.822853  7066 consensus_queue.cc:260] T 84a566d257274e3fa3ad675330c68503 P b75606b271574a33a35ed4a8bcff7aab [NON_LEADER]: Queue going to NON_LEADER mode. State: All replicated index: 0, Majority replicated index: 0, Committed index: 0, Last appended: 0.0, Last appended by leader: 0, Current term: 0, Majority size: -1, State: 0, Mode: NON_LEADER, active raft config: opid_index: -1 OBSOLETE_local: false peers { permanent_uuid: "b75606b271574a33a35ed4a8bcff7aab" member_type: VOTER last_known_addr { host: "127.5.161.193" port: 43511 } } peers { permanent_uuid: "7869febbff0e486b8a6ad6df03c38e29" member_type: VOTER last_known_addr { host: "127.5.161.194" port: 36965 } } peers { permanent_uuid: "ec30333a9f0a4bde8e19ac9478d77c6e" member_type: VOTER last_known_addr { host: "127.5.161.195" port: 38743 } }
I20260713 09:01:10.823486  7160 leader_election.cc:290] T b5dc491f934f4c5aa5acce80633d51e5 P 7869febbff0e486b8a6ad6df03c38e29 [CANDIDATE]: Term 1 pre-election: Requested pre-vote from peers b75606b271574a33a35ed4a8bcff7aab (127.5.161.193:43511), ec30333a9f0a4bde8e19ac9478d77c6e (127.5.161.195:38743)
I20260713 09:01:10.824913  7066 ts_tablet_manager.cc:1434] T 84a566d257274e3fa3ad675330c68503 P b75606b271574a33a35ed4a8bcff7aab: Time spent starting tablet: real 0.012s	user 0.005s	sys 0.001s
I20260713 09:01:10.825838  7066 tablet_bootstrap.cc:492] T c89de76b490b4eb59df46b7f293be556 P b75606b271574a33a35ed4a8bcff7aab: Bootstrap starting.
I20260713 09:01:10.828085  6949 tablet_service.cc:1917] Received RequestConsensusVote() RPC: tablet_id: "b5dc491f934f4c5aa5acce80633d51e5" candidate_uuid: "ec30333a9f0a4bde8e19ac9478d77c6e" candidate_term: 1 candidate_status { last_received { term: 0 index: 0 } } ignore_live_leader: false dest_uuid: "7869febbff0e486b8a6ad6df03c38e29"
I20260713 09:01:10.829406  6948 tablet_service.cc:1917] Received RequestConsensusVote() RPC: tablet_id: "cfd4eb9ef0ee4aa5a691672096a89aca" candidate_uuid: "ec30333a9f0a4bde8e19ac9478d77c6e" candidate_term: 1 candidate_status { last_received { term: 0 index: 0 } } ignore_live_leader: false dest_uuid: "7869febbff0e486b8a6ad6df03c38e29" is_pre_election: true
I20260713 09:01:10.830793  7160 raft_consensus.cc:493] T c17ffd91d3544e4491a5499ba6f586c1 P 7869febbff0e486b8a6ad6df03c38e29 [term 0 FOLLOWER]: Starting pre-election (no leader contacted us within the election timeout)
I20260713 09:01:10.831275  7160 raft_consensus.cc:515] T c17ffd91d3544e4491a5499ba6f586c1 P 7869febbff0e486b8a6ad6df03c38e29 [term 0 FOLLOWER]: Starting pre-election with config: opid_index: -1 OBSOLETE_local: false peers { permanent_uuid: "b75606b271574a33a35ed4a8bcff7aab" member_type: VOTER last_known_addr { host: "127.5.161.193" port: 43511 } } peers { permanent_uuid: "7869febbff0e486b8a6ad6df03c38e29" member_type: VOTER last_known_addr { host: "127.5.161.194" port: 36965 } } peers { permanent_uuid: "ec30333a9f0a4bde8e19ac9478d77c6e" member_type: VOTER last_known_addr { host: "127.5.161.195" port: 38743 } }
I20260713 09:01:10.834007  6874 tablet_service.cc:1917] Received RequestConsensusVote() RPC: tablet_id: "c17ffd91d3544e4491a5499ba6f586c1" candidate_uuid: "7869febbff0e486b8a6ad6df03c38e29" candidate_term: 1 candidate_status { last_received { term: 0 index: 0 } } ignore_live_leader: false dest_uuid: "b75606b271574a33a35ed4a8bcff7aab" is_pre_election: true
I20260713 09:01:10.834848  6874 raft_consensus.cc:2393] T c17ffd91d3544e4491a5499ba6f586c1 P b75606b271574a33a35ed4a8bcff7aab [term 1 FOLLOWER]: Leader pre-election vote request: Denying vote to candidate 7869febbff0e486b8a6ad6df03c38e29 in current term 1: Already voted for candidate ec30333a9f0a4bde8e19ac9478d77c6e in this term.
I20260713 09:01:10.835548  7104 raft_consensus.cc:515] T b5dc491f934f4c5aa5acce80633d51e5 P 7869febbff0e486b8a6ad6df03c38e29 [term 1 FOLLOWER]: Starting leader election with config: opid_index: -1 OBSOLETE_local: false peers { permanent_uuid: "b75606b271574a33a35ed4a8bcff7aab" member_type: VOTER last_known_addr { host: "127.5.161.193" port: 43511 } } peers { permanent_uuid: "7869febbff0e486b8a6ad6df03c38e29" member_type: VOTER last_known_addr { host: "127.5.161.194" port: 36965 } } peers { permanent_uuid: "ec30333a9f0a4bde8e19ac9478d77c6e" member_type: VOTER last_known_addr { host: "127.5.161.195" port: 38743 } }
I20260713 09:01:10.836685  6949 raft_consensus.cc:2393] T b5dc491f934f4c5aa5acce80633d51e5 P 7869febbff0e486b8a6ad6df03c38e29 [term 1 FOLLOWER]: Leader election vote request: Denying vote to candidate ec30333a9f0a4bde8e19ac9478d77c6e in current term 1: Already voted for candidate 7869febbff0e486b8a6ad6df03c38e29 in this term.
I20260713 09:01:10.837203  7146 raft_consensus.cc:2749] T fce53049ad9d4c3e9edcceaad5f83293 P ec30333a9f0a4bde8e19ac9478d77c6e [term 1 FOLLOWER]: Leader pre-election lost for term 1. Reason: could not achieve majority
I20260713 09:01:10.838171  6876 raft_consensus.cc:2468] T b5dc491f934f4c5aa5acce80633d51e5 P b75606b271574a33a35ed4a8bcff7aab [term 1 FOLLOWER]: Leader election vote request: Granting yes vote for candidate ec30333a9f0a4bde8e19ac9478d77c6e in term 1.
I20260713 09:01:10.838737  7160 leader_election.cc:290] T c17ffd91d3544e4491a5499ba6f586c1 P 7869febbff0e486b8a6ad6df03c38e29 [CANDIDATE]: Term 1 pre-election: Requested pre-vote from peers b75606b271574a33a35ed4a8bcff7aab (127.5.161.193:43511), ec30333a9f0a4bde8e19ac9478d77c6e (127.5.161.195:38743)
I20260713 09:01:10.838953  6874 tablet_service.cc:1917] Received RequestConsensusVote() RPC: tablet_id: "b5dc491f934f4c5aa5acce80633d51e5" candidate_uuid: "7869febbff0e486b8a6ad6df03c38e29" candidate_term: 1 candidate_status { last_received { term: 0 index: 0 } } ignore_live_leader: false dest_uuid: "b75606b271574a33a35ed4a8bcff7aab"
I20260713 09:01:10.839541  7104 leader_election.cc:290] T b5dc491f934f4c5aa5acce80633d51e5 P 7869febbff0e486b8a6ad6df03c38e29 [CANDIDATE]: Term 1 election: Requested vote from peers b75606b271574a33a35ed4a8bcff7aab (127.5.161.193:43511), ec30333a9f0a4bde8e19ac9478d77c6e (127.5.161.195:38743)
I20260713 09:01:10.839753  6874 raft_consensus.cc:2393] T b5dc491f934f4c5aa5acce80633d51e5 P b75606b271574a33a35ed4a8bcff7aab [term 1 FOLLOWER]: Leader election vote request: Denying vote to candidate 7869febbff0e486b8a6ad6df03c38e29 in current term 1: Already voted for candidate ec30333a9f0a4bde8e19ac9478d77c6e in this term.
I20260713 09:01:10.841025  6991 leader_election.cc:304] T b5dc491f934f4c5aa5acce80633d51e5 P ec30333a9f0a4bde8e19ac9478d77c6e [CANDIDATE]: Term 1 election: Election decided. Result: candidate won. Election summary: received 2 responses out of 3 voters: 2 yes votes; 0 no votes. yes voters: b75606b271574a33a35ed4a8bcff7aab, ec30333a9f0a4bde8e19ac9478d77c6e; no voters: 
I20260713 09:01:10.842012  7146 raft_consensus.cc:2804] T b5dc491f934f4c5aa5acce80633d51e5 P ec30333a9f0a4bde8e19ac9478d77c6e [term 1 FOLLOWER]: Leader election won for term 1
I20260713 09:01:10.842454  7146 raft_consensus.cc:697] T b5dc491f934f4c5aa5acce80633d51e5 P ec30333a9f0a4bde8e19ac9478d77c6e [term 1 LEADER]: Becoming Leader. State: Replica: ec30333a9f0a4bde8e19ac9478d77c6e, State: Running, Role: LEADER
I20260713 09:01:10.842979  7067 tablet_bootstrap.cc:654] T 91239a16c06246c3babe95b475803b94 P 7869febbff0e486b8a6ad6df03c38e29: Neither blocks nor log segments found. Creating new log.
I20260713 09:01:10.843271  7146 consensus_queue.cc:237] T b5dc491f934f4c5aa5acce80633d51e5 P ec30333a9f0a4bde8e19ac9478d77c6e [LEADER]: Queue going to LEADER mode. State: All replicated index: 0, Majority replicated index: 0, Committed index: 0, Last appended: 0.0, Last appended by leader: 0, Current term: 1, Majority size: 2, State: 0, Mode: LEADER, active raft config: opid_index: -1 OBSOLETE_local: false peers { permanent_uuid: "b75606b271574a33a35ed4a8bcff7aab" member_type: VOTER last_known_addr { host: "127.5.161.193" port: 43511 } } peers { permanent_uuid: "7869febbff0e486b8a6ad6df03c38e29" member_type: VOTER last_known_addr { host: "127.5.161.194" port: 36965 } } peers { permanent_uuid: "ec30333a9f0a4bde8e19ac9478d77c6e" member_type: VOTER last_known_addr { host: "127.5.161.195" port: 38743 } }
W20260713 09:01:10.850867  6841 leader_election.cc:343] T 2d8cd1187083412992838ce3701ad9e3 P b75606b271574a33a35ed4a8bcff7aab [CANDIDATE]: Term 1 pre-election: Tablet error from VoteRequest() call to peer ec30333a9f0a4bde8e19ac9478d77c6e (127.5.161.195:38743): Illegal state: must be running to vote when last-logged opid is not known
I20260713 09:01:10.851789  7067 tablet_bootstrap.cc:492] T 91239a16c06246c3babe95b475803b94 P 7869febbff0e486b8a6ad6df03c38e29: No bootstrap required, opened a new log
I20260713 09:01:10.851377  6841 leader_election.cc:304] T 2d8cd1187083412992838ce3701ad9e3 P b75606b271574a33a35ed4a8bcff7aab [CANDIDATE]: Term 1 pre-election: Election decided. Result: candidate lost. Election summary: received 3 responses out of 3 voters: 1 yes votes; 2 no votes. yes voters: b75606b271574a33a35ed4a8bcff7aab; no voters: 7869febbff0e486b8a6ad6df03c38e29, ec30333a9f0a4bde8e19ac9478d77c6e
I20260713 09:01:10.852255  7067 ts_tablet_manager.cc:1403] T 91239a16c06246c3babe95b475803b94 P 7869febbff0e486b8a6ad6df03c38e29: Time spent bootstrapping tablet: real 0.039s	user 0.009s	sys 0.001s
I20260713 09:01:10.852837  7202 raft_consensus.cc:2749] T 2d8cd1187083412992838ce3701ad9e3 P b75606b271574a33a35ed4a8bcff7aab [term 0 FOLLOWER]: Leader pre-election lost for term 1. Reason: could not achieve majority
I20260713 09:01:10.854771  7065 tablet_bootstrap.cc:654] T 255c3f3e9ea74e44bbf934f431e448f6 P ec30333a9f0a4bde8e19ac9478d77c6e: Neither blocks nor log segments found. Creating new log.
I20260713 09:01:10.854081  6773 catalog_manager.cc:5697] T db2fe53782014396bdf03bd34aa8893a P b75606b271574a33a35ed4a8bcff7aab reported cstate change: term changed from 0 to 1, leader changed from <none> to b75606b271574a33a35ed4a8bcff7aab (127.5.161.193). New cstate: current_term: 1 leader_uuid: "b75606b271574a33a35ed4a8bcff7aab" committed_config { opid_index: -1 OBSOLETE_local: false peers { permanent_uuid: "b75606b271574a33a35ed4a8bcff7aab" member_type: VOTER last_known_addr { host: "127.5.161.193" port: 43511 } health_report { overall_health: HEALTHY } } peers { permanent_uuid: "7869febbff0e486b8a6ad6df03c38e29" member_type: VOTER last_known_addr { host: "127.5.161.194" port: 36965 } health_report { overall_health: UNKNOWN } } peers { permanent_uuid: "ec30333a9f0a4bde8e19ac9478d77c6e" member_type: VOTER last_known_addr { host: "127.5.161.195" port: 38743 } health_report { overall_health: UNKNOWN } } }
I20260713 09:01:10.857065  7066 tablet_bootstrap.cc:654] T c89de76b490b4eb59df46b7f293be556 P b75606b271574a33a35ed4a8bcff7aab: Neither blocks nor log segments found. Creating new log.
I20260713 09:01:10.859325  7067 raft_consensus.cc:359] T 91239a16c06246c3babe95b475803b94 P 7869febbff0e486b8a6ad6df03c38e29 [term 0 FOLLOWER]: Replica starting. Triggering 0 pending ops. Active config: opid_index: -1 OBSOLETE_local: false peers { permanent_uuid: "b75606b271574a33a35ed4a8bcff7aab" member_type: VOTER last_known_addr { host: "127.5.161.193" port: 43511 } } peers { permanent_uuid: "7869febbff0e486b8a6ad6df03c38e29" member_type: VOTER last_known_addr { host: "127.5.161.194" port: 36965 } } peers { permanent_uuid: "ec30333a9f0a4bde8e19ac9478d77c6e" member_type: VOTER last_known_addr { host: "127.5.161.195" port: 38743 } }
I20260713 09:01:10.859958  7067 raft_consensus.cc:385] T 91239a16c06246c3babe95b475803b94 P 7869febbff0e486b8a6ad6df03c38e29 [term 0 FOLLOWER]: Consensus starting up: Expiring failure detector timer to make a prompt election more likely
I20260713 09:01:10.860222  7067 raft_consensus.cc:740] T 91239a16c06246c3babe95b475803b94 P 7869febbff0e486b8a6ad6df03c38e29 [term 0 FOLLOWER]: Becoming Follower/Learner. State: Replica: 7869febbff0e486b8a6ad6df03c38e29, State: Initialized, Role: FOLLOWER
I20260713 09:01:10.860776  7067 consensus_queue.cc:260] T 91239a16c06246c3babe95b475803b94 P 7869febbff0e486b8a6ad6df03c38e29 [NON_LEADER]: Queue going to NON_LEADER mode. State: All replicated index: 0, Majority replicated index: 0, Committed index: 0, Last appended: 0.0, Last appended by leader: 0, Current term: 0, Majority size: -1, State: 0, Mode: NON_LEADER, active raft config: opid_index: -1 OBSOLETE_local: false peers { permanent_uuid: "b75606b271574a33a35ed4a8bcff7aab" member_type: VOTER last_known_addr { host: "127.5.161.193" port: 43511 } } peers { permanent_uuid: "7869febbff0e486b8a6ad6df03c38e29" member_type: VOTER last_known_addr { host: "127.5.161.194" port: 36965 } } peers { permanent_uuid: "ec30333a9f0a4bde8e19ac9478d77c6e" member_type: VOTER last_known_addr { host: "127.5.161.195" port: 38743 } }
I20260713 09:01:10.862794  7067 ts_tablet_manager.cc:1434] T 91239a16c06246c3babe95b475803b94 P 7869febbff0e486b8a6ad6df03c38e29: Time spent starting tablet: real 0.010s	user 0.006s	sys 0.001s
I20260713 09:01:10.863579  7067 tablet_bootstrap.cc:492] T 255c3f3e9ea74e44bbf934f431e448f6 P 7869febbff0e486b8a6ad6df03c38e29: Bootstrap starting.
I20260713 09:01:10.866235  7160 consensus_queue.cc:1048] T fce53049ad9d4c3e9edcceaad5f83293 P 7869febbff0e486b8a6ad6df03c38e29 [LEADER]: Connected to new peer: Peer: permanent_uuid: "b75606b271574a33a35ed4a8bcff7aab" member_type: VOTER last_known_addr { host: "127.5.161.193" port: 43511 }, Status: LMP_MISMATCH, Last received: 0.0, Next index: 1, Last known committed idx: 0, Time since last communication: 0.000s
I20260713 09:01:10.868942  7067 tablet_bootstrap.cc:654] T 255c3f3e9ea74e44bbf934f431e448f6 P 7869febbff0e486b8a6ad6df03c38e29: Neither blocks nor log segments found. Creating new log.
I20260713 09:01:10.868546  7100 consensus_queue.cc:1048] T c17ffd91d3544e4491a5499ba6f586c1 P ec30333a9f0a4bde8e19ac9478d77c6e [LEADER]: Connected to new peer: Peer: permanent_uuid: "b75606b271574a33a35ed4a8bcff7aab" member_type: VOTER last_known_addr { host: "127.5.161.193" port: 43511 }, Status: LMP_MISMATCH, Last received: 0.0, Next index: 1, Last known committed idx: 0, Time since last communication: 0.001s
I20260713 09:01:10.880031  6949 raft_consensus.cc:3060] T 91239a16c06246c3babe95b475803b94 P 7869febbff0e486b8a6ad6df03c38e29 [term 0 FOLLOWER]: Advancing to term 1
I20260713 09:01:10.887995  7140 consensus_queue.cc:1048] T 91239a16c06246c3babe95b475803b94 P b75606b271574a33a35ed4a8bcff7aab [LEADER]: Connected to new peer: Peer: permanent_uuid: "7869febbff0e486b8a6ad6df03c38e29" member_type: VOTER last_known_addr { host: "127.5.161.194" port: 36965 }, Status: LMP_MISMATCH, Last received: 0.0, Next index: 1, Last known committed idx: 0, Time since last communication: 0.000s
I20260713 09:01:10.892421  6772 catalog_manager.cc:5697] T b5dc491f934f4c5aa5acce80633d51e5 P ec30333a9f0a4bde8e19ac9478d77c6e reported cstate change: term changed from 0 to 1, leader changed from <none> to ec30333a9f0a4bde8e19ac9478d77c6e (127.5.161.195). New cstate: current_term: 1 leader_uuid: "ec30333a9f0a4bde8e19ac9478d77c6e" committed_config { opid_index: -1 OBSOLETE_local: false peers { permanent_uuid: "b75606b271574a33a35ed4a8bcff7aab" member_type: VOTER last_known_addr { host: "127.5.161.193" port: 43511 } health_report { overall_health: UNKNOWN } } peers { permanent_uuid: "7869febbff0e486b8a6ad6df03c38e29" member_type: VOTER last_known_addr { host: "127.5.161.194" port: 36965 } health_report { overall_health: UNKNOWN } } peers { permanent_uuid: "ec30333a9f0a4bde8e19ac9478d77c6e" member_type: VOTER last_known_addr { host: "127.5.161.195" port: 38743 } health_report { overall_health: HEALTHY } } }
I20260713 09:01:10.899083  7100 raft_consensus.cc:493] T db2fe53782014396bdf03bd34aa8893a P ec30333a9f0a4bde8e19ac9478d77c6e [term 0 FOLLOWER]: Starting pre-election (no leader contacted us within the election timeout)
I20260713 09:01:10.899760  7100 raft_consensus.cc:515] T db2fe53782014396bdf03bd34aa8893a P ec30333a9f0a4bde8e19ac9478d77c6e [term 0 FOLLOWER]: Starting pre-election with config: opid_index: -1 OBSOLETE_local: false peers { permanent_uuid: "b75606b271574a33a35ed4a8bcff7aab" member_type: VOTER last_known_addr { host: "127.5.161.193" port: 43511 } } peers { permanent_uuid: "7869febbff0e486b8a6ad6df03c38e29" member_type: VOTER last_known_addr { host: "127.5.161.194" port: 36965 } } peers { permanent_uuid: "ec30333a9f0a4bde8e19ac9478d77c6e" member_type: VOTER last_known_addr { host: "127.5.161.195" port: 38743 } }
I20260713 09:01:10.902035  7100 leader_election.cc:290] T db2fe53782014396bdf03bd34aa8893a P ec30333a9f0a4bde8e19ac9478d77c6e [CANDIDATE]: Term 1 pre-election: Requested pre-vote from peers b75606b271574a33a35ed4a8bcff7aab (127.5.161.193:43511), 7869febbff0e486b8a6ad6df03c38e29 (127.5.161.194:36965)
I20260713 09:01:10.903065  6874 tablet_service.cc:1917] Received RequestConsensusVote() RPC: tablet_id: "db2fe53782014396bdf03bd34aa8893a" candidate_uuid: "ec30333a9f0a4bde8e19ac9478d77c6e" candidate_term: 1 candidate_status { last_received { term: 0 index: 0 } } ignore_live_leader: false dest_uuid: "b75606b271574a33a35ed4a8bcff7aab" is_pre_election: true
I20260713 09:01:10.909389  7065 tablet_bootstrap.cc:492] T 255c3f3e9ea74e44bbf934f431e448f6 P ec30333a9f0a4bde8e19ac9478d77c6e: No bootstrap required, opened a new log
I20260713 09:01:10.910035  7065 ts_tablet_manager.cc:1403] T 255c3f3e9ea74e44bbf934f431e448f6 P ec30333a9f0a4bde8e19ac9478d77c6e: Time spent bootstrapping tablet: real 0.104s	user 0.009s	sys 0.000s
I20260713 09:01:10.913355  7065 raft_consensus.cc:359] T 255c3f3e9ea74e44bbf934f431e448f6 P ec30333a9f0a4bde8e19ac9478d77c6e [term 0 FOLLOWER]: Replica starting. Triggering 0 pending ops. Active config: opid_index: -1 OBSOLETE_local: false peers { permanent_uuid: "b75606b271574a33a35ed4a8bcff7aab" member_type: VOTER last_known_addr { host: "127.5.161.193" port: 43511 } } peers { permanent_uuid: "7869febbff0e486b8a6ad6df03c38e29" member_type: VOTER last_known_addr { host: "127.5.161.194" port: 36965 } } peers { permanent_uuid: "ec30333a9f0a4bde8e19ac9478d77c6e" member_type: VOTER last_known_addr { host: "127.5.161.195" port: 38743 } }
I20260713 09:01:10.914222  7065 raft_consensus.cc:385] T 255c3f3e9ea74e44bbf934f431e448f6 P ec30333a9f0a4bde8e19ac9478d77c6e [term 0 FOLLOWER]: Consensus starting up: Expiring failure detector timer to make a prompt election more likely
I20260713 09:01:10.914534  7065 raft_consensus.cc:740] T 255c3f3e9ea74e44bbf934f431e448f6 P ec30333a9f0a4bde8e19ac9478d77c6e [term 0 FOLLOWER]: Becoming Follower/Learner. State: Replica: ec30333a9f0a4bde8e19ac9478d77c6e, State: Initialized, Role: FOLLOWER
I20260713 09:01:10.915414  7065 consensus_queue.cc:260] T 255c3f3e9ea74e44bbf934f431e448f6 P ec30333a9f0a4bde8e19ac9478d77c6e [NON_LEADER]: Queue going to NON_LEADER mode. State: All replicated index: 0, Majority replicated index: 0, Committed index: 0, Last appended: 0.0, Last appended by leader: 0, Current term: 0, Majority size: -1, State: 0, Mode: NON_LEADER, active raft config: opid_index: -1 OBSOLETE_local: false peers { permanent_uuid: "b75606b271574a33a35ed4a8bcff7aab" member_type: VOTER last_known_addr { host: "127.5.161.193" port: 43511 } } peers { permanent_uuid: "7869febbff0e486b8a6ad6df03c38e29" member_type: VOTER last_known_addr { host: "127.5.161.194" port: 36965 } } peers { permanent_uuid: "ec30333a9f0a4bde8e19ac9478d77c6e" member_type: VOTER last_known_addr { host: "127.5.161.195" port: 38743 } }
I20260713 09:01:10.924233  7065 ts_tablet_manager.cc:1434] T 255c3f3e9ea74e44bbf934f431e448f6 P ec30333a9f0a4bde8e19ac9478d77c6e: Time spent starting tablet: real 0.014s	user 0.009s	sys 0.000s
I20260713 09:01:10.925153  7065 tablet_bootstrap.cc:492] T 2d8cd1187083412992838ce3701ad9e3 P ec30333a9f0a4bde8e19ac9478d77c6e: Bootstrap starting.
I20260713 09:01:10.925648  7066 tablet_bootstrap.cc:492] T c89de76b490b4eb59df46b7f293be556 P b75606b271574a33a35ed4a8bcff7aab: No bootstrap required, opened a new log
I20260713 09:01:10.926091  7066 ts_tablet_manager.cc:1403] T c89de76b490b4eb59df46b7f293be556 P b75606b271574a33a35ed4a8bcff7aab: Time spent bootstrapping tablet: real 0.100s	user 0.023s	sys 0.006s
I20260713 09:01:10.928874  7066 raft_consensus.cc:359] T c89de76b490b4eb59df46b7f293be556 P b75606b271574a33a35ed4a8bcff7aab [term 0 FOLLOWER]: Replica starting. Triggering 0 pending ops. Active config: opid_index: -1 OBSOLETE_local: false peers { permanent_uuid: "b75606b271574a33a35ed4a8bcff7aab" member_type: VOTER last_known_addr { host: "127.5.161.193" port: 43511 } } peers { permanent_uuid: "7869febbff0e486b8a6ad6df03c38e29" member_type: VOTER last_known_addr { host: "127.5.161.194" port: 36965 } } peers { permanent_uuid: "ec30333a9f0a4bde8e19ac9478d77c6e" member_type: VOTER last_known_addr { host: "127.5.161.195" port: 38743 } }
I20260713 09:01:10.929512  7066 raft_consensus.cc:385] T c89de76b490b4eb59df46b7f293be556 P b75606b271574a33a35ed4a8bcff7aab [term 0 FOLLOWER]: Consensus starting up: Expiring failure detector timer to make a prompt election more likely
I20260713 09:01:10.929765  7066 raft_consensus.cc:740] T c89de76b490b4eb59df46b7f293be556 P b75606b271574a33a35ed4a8bcff7aab [term 0 FOLLOWER]: Becoming Follower/Learner. State: Replica: b75606b271574a33a35ed4a8bcff7aab, State: Initialized, Role: FOLLOWER
I20260713 09:01:10.930846  7067 tablet_bootstrap.cc:492] T 255c3f3e9ea74e44bbf934f431e448f6 P 7869febbff0e486b8a6ad6df03c38e29: No bootstrap required, opened a new log
I20260713 09:01:10.931293  7067 ts_tablet_manager.cc:1403] T 255c3f3e9ea74e44bbf934f431e448f6 P 7869febbff0e486b8a6ad6df03c38e29: Time spent bootstrapping tablet: real 0.068s	user 0.013s	sys 0.001s
I20260713 09:01:10.931732  7065 tablet_bootstrap.cc:654] T 2d8cd1187083412992838ce3701ad9e3 P ec30333a9f0a4bde8e19ac9478d77c6e: Neither blocks nor log segments found. Creating new log.
I20260713 09:01:10.935575  6988 leader_election.cc:304] T cfd4eb9ef0ee4aa5a691672096a89aca P ec30333a9f0a4bde8e19ac9478d77c6e [CANDIDATE]: Term 1 pre-election: Election decided. Result: candidate lost. Election summary: received 3 responses out of 3 voters: 1 yes votes; 2 no votes. yes voters: ec30333a9f0a4bde8e19ac9478d77c6e; no voters: 7869febbff0e486b8a6ad6df03c38e29, b75606b271574a33a35ed4a8bcff7aab
I20260713 09:01:10.938213  7067 raft_consensus.cc:359] T 255c3f3e9ea74e44bbf934f431e448f6 P 7869febbff0e486b8a6ad6df03c38e29 [term 0 FOLLOWER]: Replica starting. Triggering 0 pending ops. Active config: opid_index: -1 OBSOLETE_local: false peers { permanent_uuid: "b75606b271574a33a35ed4a8bcff7aab" member_type: VOTER last_known_addr { host: "127.5.161.193" port: 43511 } } peers { permanent_uuid: "7869febbff0e486b8a6ad6df03c38e29" member_type: VOTER last_known_addr { host: "127.5.161.194" port: 36965 } } peers { permanent_uuid: "ec30333a9f0a4bde8e19ac9478d77c6e" member_type: VOTER last_known_addr { host: "127.5.161.195" port: 38743 } }
I20260713 09:01:10.938750  7067 raft_consensus.cc:385] T 255c3f3e9ea74e44bbf934f431e448f6 P 7869febbff0e486b8a6ad6df03c38e29 [term 0 FOLLOWER]: Consensus starting up: Expiring failure detector timer to make a prompt election more likely
I20260713 09:01:10.938987  7067 raft_consensus.cc:740] T 255c3f3e9ea74e44bbf934f431e448f6 P 7869febbff0e486b8a6ad6df03c38e29 [term 0 FOLLOWER]: Becoming Follower/Learner. State: Replica: 7869febbff0e486b8a6ad6df03c38e29, State: Initialized, Role: FOLLOWER
I20260713 09:01:10.939531  7067 consensus_queue.cc:260] T 255c3f3e9ea74e44bbf934f431e448f6 P 7869febbff0e486b8a6ad6df03c38e29 [NON_LEADER]: Queue going to NON_LEADER mode. State: All replicated index: 0, Majority replicated index: 0, Committed index: 0, Last appended: 0.0, Last appended by leader: 0, Current term: 0, Majority size: -1, State: 0, Mode: NON_LEADER, active raft config: opid_index: -1 OBSOLETE_local: false peers { permanent_uuid: "b75606b271574a33a35ed4a8bcff7aab" member_type: VOTER last_known_addr { host: "127.5.161.193" port: 43511 } } peers { permanent_uuid: "7869febbff0e486b8a6ad6df03c38e29" member_type: VOTER last_known_addr { host: "127.5.161.194" port: 36965 } } peers { permanent_uuid: "ec30333a9f0a4bde8e19ac9478d77c6e" member_type: VOTER last_known_addr { host: "127.5.161.195" port: 38743 } }
I20260713 09:01:10.941217  7067 ts_tablet_manager.cc:1434] T 255c3f3e9ea74e44bbf934f431e448f6 P 7869febbff0e486b8a6ad6df03c38e29: Time spent starting tablet: real 0.010s	user 0.001s	sys 0.003s
I20260713 09:01:10.942466  7067 tablet_bootstrap.cc:492] T 84a566d257274e3fa3ad675330c68503 P 7869febbff0e486b8a6ad6df03c38e29: Bootstrap starting.
I20260713 09:01:10.930393  7066 consensus_queue.cc:260] T c89de76b490b4eb59df46b7f293be556 P b75606b271574a33a35ed4a8bcff7aab [NON_LEADER]: Queue going to NON_LEADER mode. State: All replicated index: 0, Majority replicated index: 0, Committed index: 0, Last appended: 0.0, Last appended by leader: 0, Current term: 0, Majority size: -1, State: 0, Mode: NON_LEADER, active raft config: opid_index: -1 OBSOLETE_local: false peers { permanent_uuid: "b75606b271574a33a35ed4a8bcff7aab" member_type: VOTER last_known_addr { host: "127.5.161.193" port: 43511 } } peers { permanent_uuid: "7869febbff0e486b8a6ad6df03c38e29" member_type: VOTER last_known_addr { host: "127.5.161.194" port: 36965 } } peers { permanent_uuid: "ec30333a9f0a4bde8e19ac9478d77c6e" member_type: VOTER last_known_addr { host: "127.5.161.195" port: 38743 } }
I20260713 09:01:10.945446  7066 ts_tablet_manager.cc:1434] T c89de76b490b4eb59df46b7f293be556 P b75606b271574a33a35ed4a8bcff7aab: Time spent starting tablet: real 0.019s	user 0.006s	sys 0.000s
I20260713 09:01:10.946400  7147 raft_consensus.cc:2749] T cfd4eb9ef0ee4aa5a691672096a89aca P ec30333a9f0a4bde8e19ac9478d77c6e [term 1 FOLLOWER]: Leader pre-election lost for term 1. Reason: could not achieve majority
I20260713 09:01:10.948385  7067 tablet_bootstrap.cc:654] T 84a566d257274e3fa3ad675330c68503 P 7869febbff0e486b8a6ad6df03c38e29: Neither blocks nor log segments found. Creating new log.
I20260713 09:01:10.948956  7022 tablet_service.cc:1917] Received RequestConsensusVote() RPC: tablet_id: "b5dc491f934f4c5aa5acce80633d51e5" candidate_uuid: "7869febbff0e486b8a6ad6df03c38e29" candidate_term: 1 candidate_status { last_received { term: 0 index: 0 } } ignore_live_leader: false dest_uuid: "ec30333a9f0a4bde8e19ac9478d77c6e" is_pre_election: true
I20260713 09:01:10.950572  7022 tablet_service.cc:1917] Received RequestConsensusVote() RPC: tablet_id: "c17ffd91d3544e4491a5499ba6f586c1" candidate_uuid: "7869febbff0e486b8a6ad6df03c38e29" candidate_term: 1 candidate_status { last_received { term: 0 index: 0 } } ignore_live_leader: false dest_uuid: "ec30333a9f0a4bde8e19ac9478d77c6e" is_pre_election: true
I20260713 09:01:10.952381  7022 tablet_service.cc:1917] Received RequestConsensusVote() RPC: tablet_id: "b5dc491f934f4c5aa5acce80633d51e5" candidate_uuid: "7869febbff0e486b8a6ad6df03c38e29" candidate_term: 1 candidate_status { last_received { term: 0 index: 0 } } ignore_live_leader: false dest_uuid: "ec30333a9f0a4bde8e19ac9478d77c6e"
I20260713 09:01:10.971607  7202 raft_consensus.cc:493] T dc03e95d70a348a29cc3436045f2a896 P b75606b271574a33a35ed4a8bcff7aab [term 0 FOLLOWER]: Starting pre-election (no leader contacted us within the election timeout)
I20260713 09:01:10.972304  7202 raft_consensus.cc:515] T dc03e95d70a348a29cc3436045f2a896 P b75606b271574a33a35ed4a8bcff7aab [term 0 FOLLOWER]: Starting pre-election with config: opid_index: -1 OBSOLETE_local: false peers { permanent_uuid: "b75606b271574a33a35ed4a8bcff7aab" member_type: VOTER last_known_addr { host: "127.5.161.193" port: 43511 } } peers { permanent_uuid: "7869febbff0e486b8a6ad6df03c38e29" member_type: VOTER last_known_addr { host: "127.5.161.194" port: 36965 } } peers { permanent_uuid: "ec30333a9f0a4bde8e19ac9478d77c6e" member_type: VOTER last_known_addr { host: "127.5.161.195" port: 38743 } }
I20260713 09:01:10.975668  6948 tablet_service.cc:1917] Received RequestConsensusVote() RPC: tablet_id: "dc03e95d70a348a29cc3436045f2a896" candidate_uuid: "b75606b271574a33a35ed4a8bcff7aab" candidate_term: 1 candidate_status { last_received { term: 0 index: 0 } } ignore_live_leader: false dest_uuid: "7869febbff0e486b8a6ad6df03c38e29" is_pre_election: true
I20260713 09:01:10.976428  7202 leader_election.cc:290] T dc03e95d70a348a29cc3436045f2a896 P b75606b271574a33a35ed4a8bcff7aab [CANDIDATE]: Term 1 pre-election: Requested pre-vote from peers 7869febbff0e486b8a6ad6df03c38e29 (127.5.161.194:36965), ec30333a9f0a4bde8e19ac9478d77c6e (127.5.161.195:38743)
W20260713 09:01:10.976992  6839 leader_election.cc:343] T dc03e95d70a348a29cc3436045f2a896 P b75606b271574a33a35ed4a8bcff7aab [CANDIDATE]: Term 1 pre-election: Tablet error from VoteRequest() call to peer 7869febbff0e486b8a6ad6df03c38e29 (127.5.161.194:36965): Illegal state: must be running to vote when last-logged opid is not known
I20260713 09:01:10.982018  6948 tablet_service.cc:1917] Received RequestConsensusVote() RPC: tablet_id: "db2fe53782014396bdf03bd34aa8893a" candidate_uuid: "ec30333a9f0a4bde8e19ac9478d77c6e" candidate_term: 1 candidate_status { last_received { term: 0 index: 0 } } ignore_live_leader: false dest_uuid: "7869febbff0e486b8a6ad6df03c38e29" is_pre_election: true
I20260713 09:01:10.982997  6948 raft_consensus.cc:2393] T db2fe53782014396bdf03bd34aa8893a P 7869febbff0e486b8a6ad6df03c38e29 [term 1 FOLLOWER]: Leader pre-election vote request: Denying vote to candidate ec30333a9f0a4bde8e19ac9478d77c6e in current term 1: Already voted for candidate b75606b271574a33a35ed4a8bcff7aab in this term.
I20260713 09:01:10.985402  6948 raft_consensus.cc:3060] T c17ffd91d3544e4491a5499ba6f586c1 P 7869febbff0e486b8a6ad6df03c38e29 [term 0 FOLLOWER]: Advancing to term 1
I20260713 09:01:10.991895  6916 leader_election.cc:304] T c17ffd91d3544e4491a5499ba6f586c1 P 7869febbff0e486b8a6ad6df03c38e29 [CANDIDATE]: Term 1 pre-election: Election decided. Result: candidate lost. Election summary: received 3 responses out of 3 voters: 1 yes votes; 2 no votes. yes voters: 7869febbff0e486b8a6ad6df03c38e29; no voters: b75606b271574a33a35ed4a8bcff7aab, ec30333a9f0a4bde8e19ac9478d77c6e
I20260713 09:01:10.993063  6916 leader_election.cc:304] T b5dc491f934f4c5aa5acce80633d51e5 P 7869febbff0e486b8a6ad6df03c38e29 [CANDIDATE]: Term 1 election: Election decided. Result: candidate lost. Election summary: received 3 responses out of 3 voters: 1 yes votes; 2 no votes. yes voters: 7869febbff0e486b8a6ad6df03c38e29; no voters: b75606b271574a33a35ed4a8bcff7aab, ec30333a9f0a4bde8e19ac9478d77c6e
I20260713 09:01:10.994354  6988 leader_election.cc:304] T db2fe53782014396bdf03bd34aa8893a P ec30333a9f0a4bde8e19ac9478d77c6e [CANDIDATE]: Term 1 pre-election: Election decided. Result: candidate lost. Election summary: received 3 responses out of 3 voters: 1 yes votes; 2 no votes. yes voters: ec30333a9f0a4bde8e19ac9478d77c6e; no voters: 7869febbff0e486b8a6ad6df03c38e29, b75606b271574a33a35ed4a8bcff7aab
I20260713 09:01:10.995177  7202 consensus_queue.cc:1048] T 91239a16c06246c3babe95b475803b94 P b75606b271574a33a35ed4a8bcff7aab [LEADER]: Connected to new peer: Peer: permanent_uuid: "ec30333a9f0a4bde8e19ac9478d77c6e" member_type: VOTER last_known_addr { host: "127.5.161.195" port: 38743 }, Status: LMP_MISMATCH, Last received: 0.0, Next index: 1, Last known committed idx: 0, Time since last communication: 0.000s
I20260713 09:01:10.996300  7146 raft_consensus.cc:3060] T db2fe53782014396bdf03bd34aa8893a P ec30333a9f0a4bde8e19ac9478d77c6e [term 0 FOLLOWER]: Advancing to term 1
I20260713 09:01:10.996433  7104 raft_consensus.cc:2749] T b5dc491f934f4c5aa5acce80633d51e5 P 7869febbff0e486b8a6ad6df03c38e29 [term 1 FOLLOWER]: Leader election lost for term 1. Reason: could not achieve majority
I20260713 09:01:10.997212  7025 tablet_service.cc:1917] Received RequestConsensusVote() RPC: tablet_id: "dc03e95d70a348a29cc3436045f2a896" candidate_uuid: "b75606b271574a33a35ed4a8bcff7aab" candidate_term: 1 candidate_status { last_received { term: 0 index: 0 } } ignore_live_leader: false dest_uuid: "ec30333a9f0a4bde8e19ac9478d77c6e" is_pre_election: true
I20260713 09:01:10.998950  7065 tablet_bootstrap.cc:492] T 2d8cd1187083412992838ce3701ad9e3 P ec30333a9f0a4bde8e19ac9478d77c6e: No bootstrap required, opened a new log
I20260713 09:01:10.999361  7065 ts_tablet_manager.cc:1403] T 2d8cd1187083412992838ce3701ad9e3 P ec30333a9f0a4bde8e19ac9478d77c6e: Time spent bootstrapping tablet: real 0.074s	user 0.032s	sys 0.027s
I20260713 09:01:11.001538  7140 raft_consensus.cc:493] T 84a566d257274e3fa3ad675330c68503 P b75606b271574a33a35ed4a8bcff7aab [term 0 FOLLOWER]: Starting pre-election (no leader contacted us within the election timeout)
I20260713 09:01:11.001927  7065 raft_consensus.cc:359] T 2d8cd1187083412992838ce3701ad9e3 P ec30333a9f0a4bde8e19ac9478d77c6e [term 0 FOLLOWER]: Replica starting. Triggering 0 pending ops. Active config: opid_index: -1 OBSOLETE_local: false peers { permanent_uuid: "b75606b271574a33a35ed4a8bcff7aab" member_type: VOTER last_known_addr { host: "127.5.161.193" port: 43511 } } peers { permanent_uuid: "7869febbff0e486b8a6ad6df03c38e29" member_type: VOTER last_known_addr { host: "127.5.161.194" port: 36965 } } peers { permanent_uuid: "ec30333a9f0a4bde8e19ac9478d77c6e" member_type: VOTER last_known_addr { host: "127.5.161.195" port: 38743 } }
I20260713 09:01:11.001988  7140 raft_consensus.cc:515] T 84a566d257274e3fa3ad675330c68503 P b75606b271574a33a35ed4a8bcff7aab [term 0 FOLLOWER]: Starting pre-election with config: opid_index: -1 OBSOLETE_local: false peers { permanent_uuid: "b75606b271574a33a35ed4a8bcff7aab" member_type: VOTER last_known_addr { host: "127.5.161.193" port: 43511 } } peers { permanent_uuid: "7869febbff0e486b8a6ad6df03c38e29" member_type: VOTER last_known_addr { host: "127.5.161.194" port: 36965 } } peers { permanent_uuid: "ec30333a9f0a4bde8e19ac9478d77c6e" member_type: VOTER last_known_addr { host: "127.5.161.195" port: 38743 } }
I20260713 09:01:11.004122  7140 leader_election.cc:290] T 84a566d257274e3fa3ad675330c68503 P b75606b271574a33a35ed4a8bcff7aab [CANDIDATE]: Term 1 pre-election: Requested pre-vote from peers 7869febbff0e486b8a6ad6df03c38e29 (127.5.161.194:36965), ec30333a9f0a4bde8e19ac9478d77c6e (127.5.161.195:38743)
I20260713 09:01:11.005538  6951 tablet_service.cc:1917] Received RequestConsensusVote() RPC: tablet_id: "84a566d257274e3fa3ad675330c68503" candidate_uuid: "b75606b271574a33a35ed4a8bcff7aab" candidate_term: 1 candidate_status { last_received { term: 0 index: 0 } } ignore_live_leader: false dest_uuid: "7869febbff0e486b8a6ad6df03c38e29" is_pre_election: true
I20260713 09:01:11.010702  7065 raft_consensus.cc:385] T 2d8cd1187083412992838ce3701ad9e3 P ec30333a9f0a4bde8e19ac9478d77c6e [term 0 FOLLOWER]: Consensus starting up: Expiring failure detector timer to make a prompt election more likely
W20260713 09:01:11.010950  6839 leader_election.cc:343] T 84a566d257274e3fa3ad675330c68503 P b75606b271574a33a35ed4a8bcff7aab [CANDIDATE]: Term 1 pre-election: Tablet error from VoteRequest() call to peer 7869febbff0e486b8a6ad6df03c38e29 (127.5.161.194:36965): Illegal state: must be running to vote when last-logged opid is not known
I20260713 09:01:11.011023  7065 raft_consensus.cc:740] T 2d8cd1187083412992838ce3701ad9e3 P ec30333a9f0a4bde8e19ac9478d77c6e [term 0 FOLLOWER]: Becoming Follower/Learner. State: Replica: ec30333a9f0a4bde8e19ac9478d77c6e, State: Initialized, Role: FOLLOWER
I20260713 09:01:11.013643  7065 consensus_queue.cc:260] T 2d8cd1187083412992838ce3701ad9e3 P ec30333a9f0a4bde8e19ac9478d77c6e [NON_LEADER]: Queue going to NON_LEADER mode. State: All replicated index: 0, Majority replicated index: 0, Committed index: 0, Last appended: 0.0, Last appended by leader: 0, Current term: 0, Majority size: -1, State: 0, Mode: NON_LEADER, active raft config: opid_index: -1 OBSOLETE_local: false peers { permanent_uuid: "b75606b271574a33a35ed4a8bcff7aab" member_type: VOTER last_known_addr { host: "127.5.161.193" port: 43511 } } peers { permanent_uuid: "7869febbff0e486b8a6ad6df03c38e29" member_type: VOTER last_known_addr { host: "127.5.161.194" port: 36965 } } peers { permanent_uuid: "ec30333a9f0a4bde8e19ac9478d77c6e" member_type: VOTER last_known_addr { host: "127.5.161.195" port: 38743 } }
I20260713 09:01:11.014591  7157 raft_consensus.cc:2749] T c17ffd91d3544e4491a5499ba6f586c1 P 7869febbff0e486b8a6ad6df03c38e29 [term 1 FOLLOWER]: Leader pre-election lost for term 1. Reason: could not achieve majority
I20260713 09:01:11.019955  7065 ts_tablet_manager.cc:1434] T 2d8cd1187083412992838ce3701ad9e3 P ec30333a9f0a4bde8e19ac9478d77c6e: Time spent starting tablet: real 0.020s	user 0.006s	sys 0.000s
I20260713 09:01:11.020893  7065 tablet_bootstrap.cc:492] T c89de76b490b4eb59df46b7f293be556 P ec30333a9f0a4bde8e19ac9478d77c6e: Bootstrap starting.
I20260713 09:01:11.022117  7146 raft_consensus.cc:2749] T db2fe53782014396bdf03bd34aa8893a P ec30333a9f0a4bde8e19ac9478d77c6e [term 1 FOLLOWER]: Leader pre-election lost for term 1. Reason: could not achieve majority
I20260713 09:01:11.029075  7065 tablet_bootstrap.cc:654] T c89de76b490b4eb59df46b7f293be556 P ec30333a9f0a4bde8e19ac9478d77c6e: Neither blocks nor log segments found. Creating new log.
W20260713 09:01:11.030453  6841 leader_election.cc:343] T dc03e95d70a348a29cc3436045f2a896 P b75606b271574a33a35ed4a8bcff7aab [CANDIDATE]: Term 1 pre-election: Tablet error from VoteRequest() call to peer ec30333a9f0a4bde8e19ac9478d77c6e (127.5.161.195:38743): Illegal state: must be running to vote when last-logged opid is not known
