I20260713 09:01:32.114377  7023 tablet_service.cc:2044] Received Run Leader Election RPC: tablet_id: "175fed82c6684948a79fe8a336318328"
dest_uuid: "ec30333a9f0a4bde8e19ac9478d77c6e"
 from {username='slave'} at 127.0.0.1:47390
I20260713 09:01:32.114962  7023 raft_consensus.cc:493] T 175fed82c6684948a79fe8a336318328 P ec30333a9f0a4bde8e19ac9478d77c6e [term 1 FOLLOWER]: Starting forced leader election (received explicit request)
I20260713 09:01:32.115247  7023 raft_consensus.cc:3060] T 175fed82c6684948a79fe8a336318328 P ec30333a9f0a4bde8e19ac9478d77c6e [term 1 FOLLOWER]: Advancing to term 2
I20260713 09:01:32.121117  7023 raft_consensus.cc:515] T 175fed82c6684948a79fe8a336318328 P ec30333a9f0a4bde8e19ac9478d77c6e [term 2 FOLLOWER]: Starting forced leader election with config: opid_index: -1 OBSOLETE_local: false peers { permanent_uuid: "b75606b271574a33a35ed4a8bcff7aab" member_type: VOTER last_known_addr { host: "127.5.161.193" port: 43511 } } peers { permanent_uuid: "7869febbff0e486b8a6ad6df03c38e29" member_type: VOTER last_known_addr { host: "127.5.161.194" port: 36965 } } peers { permanent_uuid: "ec30333a9f0a4bde8e19ac9478d77c6e" member_type: VOTER last_known_addr { host: "127.5.161.195" port: 38743 } }
I20260713 09:01:32.123945  7023 leader_election.cc:290] T 175fed82c6684948a79fe8a336318328 P ec30333a9f0a4bde8e19ac9478d77c6e [CANDIDATE]: Term 2 election: Requested vote from peers b75606b271574a33a35ed4a8bcff7aab (127.5.161.193:43511), 7869febbff0e486b8a6ad6df03c38e29 (127.5.161.194:36965)
I20260713 09:01:32.124536  6874 tablet_service.cc:1917] Received RequestConsensusVote() RPC: tablet_id: "175fed82c6684948a79fe8a336318328" candidate_uuid: "ec30333a9f0a4bde8e19ac9478d77c6e" candidate_term: 2 candidate_status { last_received { term: 1 index: 1 } } ignore_live_leader: true dest_uuid: "b75606b271574a33a35ed4a8bcff7aab"
I20260713 09:01:32.125049  6948 tablet_service.cc:1917] Received RequestConsensusVote() RPC: tablet_id: "175fed82c6684948a79fe8a336318328" candidate_uuid: "ec30333a9f0a4bde8e19ac9478d77c6e" candidate_term: 2 candidate_status { last_received { term: 1 index: 1 } } ignore_live_leader: true dest_uuid: "7869febbff0e486b8a6ad6df03c38e29"
I20260713 09:01:32.125214  6874 raft_consensus.cc:3060] T 175fed82c6684948a79fe8a336318328 P b75606b271574a33a35ed4a8bcff7aab [term 1 FOLLOWER]: Advancing to term 2
I20260713 09:01:32.125624  6948 raft_consensus.cc:3055] T 175fed82c6684948a79fe8a336318328 P 7869febbff0e486b8a6ad6df03c38e29 [term 1 LEADER]: Stepping down as leader of term 1
I20260713 09:01:32.125900  6948 raft_consensus.cc:740] T 175fed82c6684948a79fe8a336318328 P 7869febbff0e486b8a6ad6df03c38e29 [term 1 LEADER]: Becoming Follower/Learner. State: Replica: 7869febbff0e486b8a6ad6df03c38e29, State: Running, Role: LEADER
I20260713 09:01:32.126745  6948 consensus_queue.cc:260] T 175fed82c6684948a79fe8a336318328 P 7869febbff0e486b8a6ad6df03c38e29 [NON_LEADER]: Queue going to NON_LEADER mode. State: All replicated index: 0, Majority replicated index: 1, Committed index: 1, Last appended: 1.1, Last appended by leader: 1, Current term: 1, Majority size: -1, State: 0, Mode: NON_LEADER, active raft config: opid_index: -1 OBSOLETE_local: false peers { permanent_uuid: "b75606b271574a33a35ed4a8bcff7aab" member_type: VOTER last_known_addr { host: "127.5.161.193" port: 43511 } } peers { permanent_uuid: "7869febbff0e486b8a6ad6df03c38e29" member_type: VOTER last_known_addr { host: "127.5.161.194" port: 36965 } } peers { permanent_uuid: "ec30333a9f0a4bde8e19ac9478d77c6e" member_type: VOTER last_known_addr { host: "127.5.161.195" port: 38743 } }
I20260713 09:01:32.127957  6948 raft_consensus.cc:3060] T 175fed82c6684948a79fe8a336318328 P 7869febbff0e486b8a6ad6df03c38e29 [term 1 FOLLOWER]: Advancing to term 2
I20260713 09:01:32.127955  7023 tablet_service.cc:2072] Received LeaderStepDown RPC: tablet_id: "d877fdeea8b84c05a2f6f63935eb7bd3"
dest_uuid: "ec30333a9f0a4bde8e19ac9478d77c6e"
mode: GRACEFUL
new_leader_uuid: "ac810c1729724671ada876c1fcbb9fcb"
 from {username='slave'} at 127.0.0.1:59804
I20260713 09:01:32.128692  7023 raft_consensus.cc:606] T d877fdeea8b84c05a2f6f63935eb7bd3 P ec30333a9f0a4bde8e19ac9478d77c6e [term 1 LEADER]: Received request to transfer leadership to TS ac810c1729724671ada876c1fcbb9fcb
I20260713 09:01:32.130861  6874 raft_consensus.cc:2468] T 175fed82c6684948a79fe8a336318328 P b75606b271574a33a35ed4a8bcff7aab [term 2 FOLLOWER]: Leader election vote request: Granting yes vote for candidate ec30333a9f0a4bde8e19ac9478d77c6e in term 2.
I20260713 09:01:32.131649  6875 tablet_service.cc:2072] Received LeaderStepDown RPC: tablet_id: "e9940ded051947b29954082f0adc89ed"
dest_uuid: "b75606b271574a33a35ed4a8bcff7aab"
mode: GRACEFUL
new_leader_uuid: "ac810c1729724671ada876c1fcbb9fcb"
 from {username='slave'} at 127.0.0.1:53004
I20260713 09:01:32.132239  6875 raft_consensus.cc:606] T e9940ded051947b29954082f0adc89ed P b75606b271574a33a35ed4a8bcff7aab [term 1 LEADER]: Received request to transfer leadership to TS ac810c1729724671ada876c1fcbb9fcb
I20260713 09:01:32.132181  6991 leader_election.cc:304] T 175fed82c6684948a79fe8a336318328 P ec30333a9f0a4bde8e19ac9478d77c6e [CANDIDATE]: Term 2 election: Election decided. Result: candidate won. Election summary: received 2 responses out of 3 voters: 2 yes votes; 0 no votes. yes voters: b75606b271574a33a35ed4a8bcff7aab, ec30333a9f0a4bde8e19ac9478d77c6e; no voters: 
I20260713 09:01:32.133149  7649 raft_consensus.cc:2804] T 175fed82c6684948a79fe8a336318328 P ec30333a9f0a4bde8e19ac9478d77c6e [term 2 FOLLOWER]: Leader election won for term 2
I20260713 09:01:32.133606  5767 auto_leader_rebalancer.cc:479] table: test-workload, leader rebalance finish, leader transfer count: 6
I20260713 09:01:32.133796  6948 raft_consensus.cc:2468] T 175fed82c6684948a79fe8a336318328 P 7869febbff0e486b8a6ad6df03c38e29 [term 2 FOLLOWER]: Leader election vote request: Granting yes vote for candidate ec30333a9f0a4bde8e19ac9478d77c6e in term 2.
I20260713 09:01:32.134357  5767 auto_leader_rebalancer.cc:554] All tables' leader rebalancing finished this round
I20260713 09:01:32.134418  7649 raft_consensus.cc:697] T 175fed82c6684948a79fe8a336318328 P ec30333a9f0a4bde8e19ac9478d77c6e [term 2 LEADER]: Becoming Leader. State: Replica: ec30333a9f0a4bde8e19ac9478d77c6e, State: Running, Role: LEADER
I20260713 09:01:32.135592  7649 consensus_queue.cc:237] T 175fed82c6684948a79fe8a336318328 P ec30333a9f0a4bde8e19ac9478d77c6e [LEADER]: Queue going to LEADER mode. State: All replicated index: 0, Majority replicated index: 1, Committed index: 1, Last appended: 1.1, Last appended by leader: 1, Current term: 2, Majority size: 2, State: 0, Mode: LEADER, active raft config: opid_index: -1 OBSOLETE_local: false peers { permanent_uuid: "b75606b271574a33a35ed4a8bcff7aab" member_type: VOTER last_known_addr { host: "127.5.161.193" port: 43511 } } peers { permanent_uuid: "7869febbff0e486b8a6ad6df03c38e29" member_type: VOTER last_known_addr { host: "127.5.161.194" port: 36965 } } peers { permanent_uuid: "ec30333a9f0a4bde8e19ac9478d77c6e" member_type: VOTER last_known_addr { host: "127.5.161.195" port: 38743 } }
I20260713 09:01:32.142654  6772 catalog_manager.cc:5697] T 175fed82c6684948a79fe8a336318328 P ec30333a9f0a4bde8e19ac9478d77c6e reported cstate change: term changed from 1 to 2, leader changed from 7869febbff0e486b8a6ad6df03c38e29 (127.5.161.194) to ec30333a9f0a4bde8e19ac9478d77c6e (127.5.161.195). New cstate: current_term: 2 leader_uuid: "ec30333a9f0a4bde8e19ac9478d77c6e" committed_config { opid_index: -1 OBSOLETE_local: false peers { permanent_uuid: "b75606b271574a33a35ed4a8bcff7aab" member_type: VOTER last_known_addr { host: "127.5.161.193" port: 43511 } health_report { overall_health: UNKNOWN } } peers { permanent_uuid: "7869febbff0e486b8a6ad6df03c38e29" member_type: VOTER last_known_addr { host: "127.5.161.194" port: 36965 } health_report { overall_health: UNKNOWN } } peers { permanent_uuid: "ec30333a9f0a4bde8e19ac9478d77c6e" member_type: VOTER last_known_addr { host: "127.5.161.195" port: 38743 } health_report { overall_health: HEALTHY } } }
I20260713 09:01:32.236397  7654 raft_consensus.cc:993] T 0a9451391fd04a4b9a81089f4a0a13b8 P 7869febbff0e486b8a6ad6df03c38e29: : Instructing follower ac810c1729724671ada876c1fcbb9fcb to start an election
I20260713 09:01:32.236861  7648 raft_consensus.cc:1081] T 0a9451391fd04a4b9a81089f4a0a13b8 P 7869febbff0e486b8a6ad6df03c38e29 [term 1 LEADER]: Signalling peer ac810c1729724671ada876c1fcbb9fcb to start an election
I20260713 09:01:32.238184  7301 tablet_service.cc:2044] Received Run Leader Election RPC: tablet_id: "0a9451391fd04a4b9a81089f4a0a13b8"
dest_uuid: "ac810c1729724671ada876c1fcbb9fcb"
 from {username='slave'} at 127.0.0.1:33256
I20260713 09:01:32.238741  7301 raft_consensus.cc:493] T 0a9451391fd04a4b9a81089f4a0a13b8 P ac810c1729724671ada876c1fcbb9fcb [term 1 FOLLOWER]: Starting forced leader election (received explicit request)
I20260713 09:01:32.239096  7301 raft_consensus.cc:3060] T 0a9451391fd04a4b9a81089f4a0a13b8 P ac810c1729724671ada876c1fcbb9fcb [term 1 FOLLOWER]: Advancing to term 2
I20260713 09:01:32.244036  7301 raft_consensus.cc:515] T 0a9451391fd04a4b9a81089f4a0a13b8 P ac810c1729724671ada876c1fcbb9fcb [term 2 FOLLOWER]: Starting forced leader election with config: opid_index: 4 OBSOLETE_local: false peers { permanent_uuid: "b75606b271574a33a35ed4a8bcff7aab" member_type: VOTER last_known_addr { host: "127.5.161.193" port: 43511 } } peers { permanent_uuid: "7869febbff0e486b8a6ad6df03c38e29" member_type: VOTER last_known_addr { host: "127.5.161.194" port: 36965 } } peers { permanent_uuid: "ac810c1729724671ada876c1fcbb9fcb" member_type: VOTER last_known_addr { host: "127.5.161.196" port: 37297 } attrs { promote: false } }
I20260713 09:01:32.245656  7301 leader_election.cc:290] T 0a9451391fd04a4b9a81089f4a0a13b8 P ac810c1729724671ada876c1fcbb9fcb [CANDIDATE]: Term 2 election: Requested vote from peers b75606b271574a33a35ed4a8bcff7aab (127.5.161.193:43511), 7869febbff0e486b8a6ad6df03c38e29 (127.5.161.194:36965)
I20260713 09:01:32.246438  6875 tablet_service.cc:1917] Received RequestConsensusVote() RPC: tablet_id: "0a9451391fd04a4b9a81089f4a0a13b8" candidate_uuid: "ac810c1729724671ada876c1fcbb9fcb" candidate_term: 2 candidate_status { last_received { term: 1 index: 4 } } ignore_live_leader: true dest_uuid: "b75606b271574a33a35ed4a8bcff7aab"
I20260713 09:01:32.246704  6948 tablet_service.cc:1917] Received RequestConsensusVote() RPC: tablet_id: "0a9451391fd04a4b9a81089f4a0a13b8" candidate_uuid: "ac810c1729724671ada876c1fcbb9fcb" candidate_term: 2 candidate_status { last_received { term: 1 index: 4 } } ignore_live_leader: true dest_uuid: "7869febbff0e486b8a6ad6df03c38e29"
I20260713 09:01:32.247042  6875 raft_consensus.cc:3060] T 0a9451391fd04a4b9a81089f4a0a13b8 P b75606b271574a33a35ed4a8bcff7aab [term 1 FOLLOWER]: Advancing to term 2
I20260713 09:01:32.247236  6948 raft_consensus.cc:3055] T 0a9451391fd04a4b9a81089f4a0a13b8 P 7869febbff0e486b8a6ad6df03c38e29 [term 1 LEADER]: Stepping down as leader of term 1
I20260713 09:01:32.247581  6948 raft_consensus.cc:740] T 0a9451391fd04a4b9a81089f4a0a13b8 P 7869febbff0e486b8a6ad6df03c38e29 [term 1 LEADER]: Becoming Follower/Learner. State: Replica: 7869febbff0e486b8a6ad6df03c38e29, State: Running, Role: LEADER
I20260713 09:01:32.248234  6948 consensus_queue.cc:260] T 0a9451391fd04a4b9a81089f4a0a13b8 P 7869febbff0e486b8a6ad6df03c38e29 [NON_LEADER]: Queue going to NON_LEADER mode. State: All replicated index: 0, Majority replicated index: 4, Committed index: 4, Last appended: 1.4, Last appended by leader: 4, Current term: 1, Majority size: -1, State: 0, Mode: NON_LEADER, active raft config: opid_index: 4 OBSOLETE_local: false peers { permanent_uuid: "b75606b271574a33a35ed4a8bcff7aab" member_type: VOTER last_known_addr { host: "127.5.161.193" port: 43511 } } peers { permanent_uuid: "7869febbff0e486b8a6ad6df03c38e29" member_type: VOTER last_known_addr { host: "127.5.161.194" port: 36965 } } peers { permanent_uuid: "ac810c1729724671ada876c1fcbb9fcb" member_type: VOTER last_known_addr { host: "127.5.161.196" port: 37297 } attrs { promote: false } }
I20260713 09:01:32.249361  6948 raft_consensus.cc:3060] T 0a9451391fd04a4b9a81089f4a0a13b8 P 7869febbff0e486b8a6ad6df03c38e29 [term 1 FOLLOWER]: Advancing to term 2
I20260713 09:01:32.253310  6875 raft_consensus.cc:2468] T 0a9451391fd04a4b9a81089f4a0a13b8 P b75606b271574a33a35ed4a8bcff7aab [term 2 FOLLOWER]: Leader election vote request: Granting yes vote for candidate ac810c1729724671ada876c1fcbb9fcb in term 2.
I20260713 09:01:32.254264  7266 leader_election.cc:304] T 0a9451391fd04a4b9a81089f4a0a13b8 P ac810c1729724671ada876c1fcbb9fcb [CANDIDATE]: Term 2 election: Election decided. Result: candidate won. Election summary: received 2 responses out of 3 voters: 2 yes votes; 0 no votes. yes voters: ac810c1729724671ada876c1fcbb9fcb, b75606b271574a33a35ed4a8bcff7aab; no voters: 
I20260713 09:01:32.256700  7662 raft_consensus.cc:2804] T 0a9451391fd04a4b9a81089f4a0a13b8 P ac810c1729724671ada876c1fcbb9fcb [term 2 FOLLOWER]: Leader election won for term 2
I20260713 09:01:32.257156  6948 raft_consensus.cc:2468] T 0a9451391fd04a4b9a81089f4a0a13b8 P 7869febbff0e486b8a6ad6df03c38e29 [term 2 FOLLOWER]: Leader election vote request: Granting yes vote for candidate ac810c1729724671ada876c1fcbb9fcb in term 2.
I20260713 09:01:32.258229  7662 raft_consensus.cc:697] T 0a9451391fd04a4b9a81089f4a0a13b8 P ac810c1729724671ada876c1fcbb9fcb [term 2 LEADER]: Becoming Leader. State: Replica: ac810c1729724671ada876c1fcbb9fcb, State: Running, Role: LEADER
I20260713 09:01:32.259094  7662 consensus_queue.cc:237] T 0a9451391fd04a4b9a81089f4a0a13b8 P ac810c1729724671ada876c1fcbb9fcb [LEADER]: Queue going to LEADER mode. State: All replicated index: 0, Majority replicated index: 4, Committed index: 4, Last appended: 1.4, Last appended by leader: 4, Current term: 2, Majority size: 2, State: 0, Mode: LEADER, active raft config: opid_index: 4 OBSOLETE_local: false peers { permanent_uuid: "b75606b271574a33a35ed4a8bcff7aab" member_type: VOTER last_known_addr { host: "127.5.161.193" port: 43511 } } peers { permanent_uuid: "7869febbff0e486b8a6ad6df03c38e29" member_type: VOTER last_known_addr { host: "127.5.161.194" port: 36965 } } peers { permanent_uuid: "ac810c1729724671ada876c1fcbb9fcb" member_type: VOTER last_known_addr { host: "127.5.161.196" port: 37297 } attrs { promote: false } }
I20260713 09:01:32.266773  6772 catalog_manager.cc:5697] T 0a9451391fd04a4b9a81089f4a0a13b8 P ac810c1729724671ada876c1fcbb9fcb reported cstate change: term changed from 1 to 2, leader changed from 7869febbff0e486b8a6ad6df03c38e29 (127.5.161.194) to ac810c1729724671ada876c1fcbb9fcb (127.5.161.196). New cstate: current_term: 2 leader_uuid: "ac810c1729724671ada876c1fcbb9fcb" committed_config { opid_index: 4 OBSOLETE_local: false peers { permanent_uuid: "b75606b271574a33a35ed4a8bcff7aab" member_type: VOTER last_known_addr { host: "127.5.161.193" port: 43511 } health_report { overall_health: UNKNOWN } } peers { permanent_uuid: "7869febbff0e486b8a6ad6df03c38e29" member_type: VOTER last_known_addr { host: "127.5.161.194" port: 36965 } health_report { overall_health: UNKNOWN } } peers { permanent_uuid: "ac810c1729724671ada876c1fcbb9fcb" member_type: VOTER last_known_addr { host: "127.5.161.196" port: 37297 } attrs { promote: false } health_report { overall_health: HEALTHY } } }
I20260713 09:01:32.358106  7647 raft_consensus.cc:993] T 8e7316db93774a38800fbce92bf7e1f4 P b75606b271574a33a35ed4a8bcff7aab: : Instructing follower ac810c1729724671ada876c1fcbb9fcb to start an election
I20260713 09:01:32.358690  7652 raft_consensus.cc:1081] T 8e7316db93774a38800fbce92bf7e1f4 P b75606b271574a33a35ed4a8bcff7aab [term 1 LEADER]: Signalling peer ac810c1729724671ada876c1fcbb9fcb to start an election
I20260713 09:01:32.360016  7301 tablet_service.cc:2044] Received Run Leader Election RPC: tablet_id: "8e7316db93774a38800fbce92bf7e1f4"
dest_uuid: "ac810c1729724671ada876c1fcbb9fcb"
 from {username='slave'} at 127.0.0.1:33252
I20260713 09:01:32.360531  7301 raft_consensus.cc:493] T 8e7316db93774a38800fbce92bf7e1f4 P ac810c1729724671ada876c1fcbb9fcb [term 1 FOLLOWER]: Starting forced leader election (received explicit request)
I20260713 09:01:32.360862  7301 raft_consensus.cc:3060] T 8e7316db93774a38800fbce92bf7e1f4 P ac810c1729724671ada876c1fcbb9fcb [term 1 FOLLOWER]: Advancing to term 2
I20260713 09:01:32.366686  7301 raft_consensus.cc:515] T 8e7316db93774a38800fbce92bf7e1f4 P ac810c1729724671ada876c1fcbb9fcb [term 2 FOLLOWER]: Starting forced leader election with config: opid_index: 4 OBSOLETE_local: false peers { permanent_uuid: "b75606b271574a33a35ed4a8bcff7aab" member_type: VOTER last_known_addr { host: "127.5.161.193" port: 43511 } } peers { permanent_uuid: "7869febbff0e486b8a6ad6df03c38e29" member_type: VOTER last_known_addr { host: "127.5.161.194" port: 36965 } } peers { permanent_uuid: "ac810c1729724671ada876c1fcbb9fcb" member_type: VOTER last_known_addr { host: "127.5.161.196" port: 37297 } attrs { promote: false } }
I20260713 09:01:32.368137  7301 leader_election.cc:290] T 8e7316db93774a38800fbce92bf7e1f4 P ac810c1729724671ada876c1fcbb9fcb [CANDIDATE]: Term 2 election: Requested vote from peers b75606b271574a33a35ed4a8bcff7aab (127.5.161.193:43511), 7869febbff0e486b8a6ad6df03c38e29 (127.5.161.194:36965)
I20260713 09:01:32.368872  6875 tablet_service.cc:1917] Received RequestConsensusVote() RPC: tablet_id: "8e7316db93774a38800fbce92bf7e1f4" candidate_uuid: "ac810c1729724671ada876c1fcbb9fcb" candidate_term: 2 candidate_status { last_received { term: 1 index: 4 } } ignore_live_leader: true dest_uuid: "b75606b271574a33a35ed4a8bcff7aab"
I20260713 09:01:32.369061  6948 tablet_service.cc:1917] Received RequestConsensusVote() RPC: tablet_id: "8e7316db93774a38800fbce92bf7e1f4" candidate_uuid: "ac810c1729724671ada876c1fcbb9fcb" candidate_term: 2 candidate_status { last_received { term: 1 index: 4 } } ignore_live_leader: true dest_uuid: "7869febbff0e486b8a6ad6df03c38e29"
I20260713 09:01:32.369441  6875 raft_consensus.cc:3055] T 8e7316db93774a38800fbce92bf7e1f4 P b75606b271574a33a35ed4a8bcff7aab [term 1 LEADER]: Stepping down as leader of term 1
I20260713 09:01:32.369511  6948 raft_consensus.cc:3060] T 8e7316db93774a38800fbce92bf7e1f4 P 7869febbff0e486b8a6ad6df03c38e29 [term 1 FOLLOWER]: Advancing to term 2
I20260713 09:01:32.369799  6875 raft_consensus.cc:740] T 8e7316db93774a38800fbce92bf7e1f4 P b75606b271574a33a35ed4a8bcff7aab [term 1 LEADER]: Becoming Follower/Learner. State: Replica: b75606b271574a33a35ed4a8bcff7aab, State: Running, Role: LEADER
I20260713 09:01:32.370563  6875 consensus_queue.cc:260] T 8e7316db93774a38800fbce92bf7e1f4 P b75606b271574a33a35ed4a8bcff7aab [NON_LEADER]: Queue going to NON_LEADER mode. State: All replicated index: 0, Majority replicated index: 4, Committed index: 4, Last appended: 1.4, Last appended by leader: 4, Current term: 1, Majority size: -1, State: 0, Mode: NON_LEADER, active raft config: opid_index: 4 OBSOLETE_local: false peers { permanent_uuid: "b75606b271574a33a35ed4a8bcff7aab" member_type: VOTER last_known_addr { host: "127.5.161.193" port: 43511 } } peers { permanent_uuid: "7869febbff0e486b8a6ad6df03c38e29" member_type: VOTER last_known_addr { host: "127.5.161.194" port: 36965 } } peers { permanent_uuid: "ac810c1729724671ada876c1fcbb9fcb" member_type: VOTER last_known_addr { host: "127.5.161.196" port: 37297 } attrs { promote: false } }
I20260713 09:01:32.371769  6875 raft_consensus.cc:3060] T 8e7316db93774a38800fbce92bf7e1f4 P b75606b271574a33a35ed4a8bcff7aab [term 1 FOLLOWER]: Advancing to term 2
I20260713 09:01:32.375695  6948 raft_consensus.cc:2468] T 8e7316db93774a38800fbce92bf7e1f4 P 7869febbff0e486b8a6ad6df03c38e29 [term 2 FOLLOWER]: Leader election vote request: Granting yes vote for candidate ac810c1729724671ada876c1fcbb9fcb in term 2.
I20260713 09:01:32.376793  7263 leader_election.cc:304] T 8e7316db93774a38800fbce92bf7e1f4 P ac810c1729724671ada876c1fcbb9fcb [CANDIDATE]: Term 2 election: Election decided. Result: candidate won. Election summary: received 2 responses out of 3 voters: 2 yes votes; 0 no votes. yes voters: 7869febbff0e486b8a6ad6df03c38e29, ac810c1729724671ada876c1fcbb9fcb; no voters: 
I20260713 09:01:32.377501  7662 raft_consensus.cc:2804] T 8e7316db93774a38800fbce92bf7e1f4 P ac810c1729724671ada876c1fcbb9fcb [term 2 FOLLOWER]: Leader election won for term 2
I20260713 09:01:32.377524  6875 raft_consensus.cc:2468] T 8e7316db93774a38800fbce92bf7e1f4 P b75606b271574a33a35ed4a8bcff7aab [term 2 FOLLOWER]: Leader election vote request: Granting yes vote for candidate ac810c1729724671ada876c1fcbb9fcb in term 2.
I20260713 09:01:32.377974  7662 raft_consensus.cc:697] T 8e7316db93774a38800fbce92bf7e1f4 P ac810c1729724671ada876c1fcbb9fcb [term 2 LEADER]: Becoming Leader. State: Replica: ac810c1729724671ada876c1fcbb9fcb, State: Running, Role: LEADER
I20260713 09:01:32.378835  7662 consensus_queue.cc:237] T 8e7316db93774a38800fbce92bf7e1f4 P ac810c1729724671ada876c1fcbb9fcb [LEADER]: Queue going to LEADER mode. State: All replicated index: 0, Majority replicated index: 4, Committed index: 4, Last appended: 1.4, Last appended by leader: 4, Current term: 2, Majority size: 2, State: 0, Mode: LEADER, active raft config: opid_index: 4 OBSOLETE_local: false peers { permanent_uuid: "b75606b271574a33a35ed4a8bcff7aab" member_type: VOTER last_known_addr { host: "127.5.161.193" port: 43511 } } peers { permanent_uuid: "7869febbff0e486b8a6ad6df03c38e29" member_type: VOTER last_known_addr { host: "127.5.161.194" port: 36965 } } peers { permanent_uuid: "ac810c1729724671ada876c1fcbb9fcb" member_type: VOTER last_known_addr { host: "127.5.161.196" port: 37297 } attrs { promote: false } }
I20260713 09:01:32.385275  6772 catalog_manager.cc:5697] T 8e7316db93774a38800fbce92bf7e1f4 P ac810c1729724671ada876c1fcbb9fcb reported cstate change: term changed from 1 to 2, leader changed from b75606b271574a33a35ed4a8bcff7aab (127.5.161.193) to ac810c1729724671ada876c1fcbb9fcb (127.5.161.196). New cstate: current_term: 2 leader_uuid: "ac810c1729724671ada876c1fcbb9fcb" committed_config { opid_index: 4 OBSOLETE_local: false peers { permanent_uuid: "b75606b271574a33a35ed4a8bcff7aab" member_type: VOTER last_known_addr { host: "127.5.161.193" port: 43511 } health_report { overall_health: UNKNOWN } } peers { permanent_uuid: "7869febbff0e486b8a6ad6df03c38e29" member_type: VOTER last_known_addr { host: "127.5.161.194" port: 36965 } health_report { overall_health: UNKNOWN } } peers { permanent_uuid: "ac810c1729724671ada876c1fcbb9fcb" member_type: VOTER last_known_addr { host: "127.5.161.196" port: 37297 } attrs { promote: false } health_report { overall_health: HEALTHY } } }
I20260713 09:01:32.462596  7656 raft_consensus.cc:993] T d877fdeea8b84c05a2f6f63935eb7bd3 P ec30333a9f0a4bde8e19ac9478d77c6e: : Instructing follower ac810c1729724671ada876c1fcbb9fcb to start an election
I20260713 09:01:32.463064  7649 raft_consensus.cc:1081] T d877fdeea8b84c05a2f6f63935eb7bd3 P ec30333a9f0a4bde8e19ac9478d77c6e [term 1 LEADER]: Signalling peer ac810c1729724671ada876c1fcbb9fcb to start an election
I20260713 09:01:32.464422  7301 tablet_service.cc:2044] Received Run Leader Election RPC: tablet_id: "d877fdeea8b84c05a2f6f63935eb7bd3"
dest_uuid: "ac810c1729724671ada876c1fcbb9fcb"
 from {username='slave'} at 127.0.0.1:33272
I20260713 09:01:32.464880  7301 raft_consensus.cc:493] T d877fdeea8b84c05a2f6f63935eb7bd3 P ac810c1729724671ada876c1fcbb9fcb [term 1 FOLLOWER]: Starting forced leader election (received explicit request)
I20260713 09:01:32.465176  7301 raft_consensus.cc:3060] T d877fdeea8b84c05a2f6f63935eb7bd3 P ac810c1729724671ada876c1fcbb9fcb [term 1 FOLLOWER]: Advancing to term 2
I20260713 09:01:32.469388  7301 raft_consensus.cc:515] T d877fdeea8b84c05a2f6f63935eb7bd3 P ac810c1729724671ada876c1fcbb9fcb [term 2 FOLLOWER]: Starting forced leader election with config: opid_index: 4 OBSOLETE_local: false peers { permanent_uuid: "b75606b271574a33a35ed4a8bcff7aab" member_type: VOTER last_known_addr { host: "127.5.161.193" port: 43511 } } peers { permanent_uuid: "ec30333a9f0a4bde8e19ac9478d77c6e" member_type: VOTER last_known_addr { host: "127.5.161.195" port: 38743 } } peers { permanent_uuid: "ac810c1729724671ada876c1fcbb9fcb" member_type: VOTER last_known_addr { host: "127.5.161.196" port: 37297 } attrs { promote: false } }
I20260713 09:01:32.471092  7301 leader_election.cc:290] T d877fdeea8b84c05a2f6f63935eb7bd3 P ac810c1729724671ada876c1fcbb9fcb [CANDIDATE]: Term 2 election: Requested vote from peers b75606b271574a33a35ed4a8bcff7aab (127.5.161.193:43511), ec30333a9f0a4bde8e19ac9478d77c6e (127.5.161.195:38743)
I20260713 09:01:32.471913  6875 tablet_service.cc:1917] Received RequestConsensusVote() RPC: tablet_id: "d877fdeea8b84c05a2f6f63935eb7bd3" candidate_uuid: "ac810c1729724671ada876c1fcbb9fcb" candidate_term: 2 candidate_status { last_received { term: 1 index: 4 } } ignore_live_leader: true dest_uuid: "b75606b271574a33a35ed4a8bcff7aab"
I20260713 09:01:32.472437  6875 raft_consensus.cc:3060] T d877fdeea8b84c05a2f6f63935eb7bd3 P b75606b271574a33a35ed4a8bcff7aab [term 1 FOLLOWER]: Advancing to term 2
I20260713 09:01:32.472185  7023 tablet_service.cc:1917] Received RequestConsensusVote() RPC: tablet_id: "d877fdeea8b84c05a2f6f63935eb7bd3" candidate_uuid: "ac810c1729724671ada876c1fcbb9fcb" candidate_term: 2 candidate_status { last_received { term: 1 index: 4 } } ignore_live_leader: true dest_uuid: "ec30333a9f0a4bde8e19ac9478d77c6e"
I20260713 09:01:32.472878  7023 raft_consensus.cc:3055] T d877fdeea8b84c05a2f6f63935eb7bd3 P ec30333a9f0a4bde8e19ac9478d77c6e [term 1 LEADER]: Stepping down as leader of term 1
I20260713 09:01:32.473160  7023 raft_consensus.cc:740] T d877fdeea8b84c05a2f6f63935eb7bd3 P ec30333a9f0a4bde8e19ac9478d77c6e [term 1 LEADER]: Becoming Follower/Learner. State: Replica: ec30333a9f0a4bde8e19ac9478d77c6e, State: Running, Role: LEADER
I20260713 09:01:32.473821  7023 consensus_queue.cc:260] T d877fdeea8b84c05a2f6f63935eb7bd3 P ec30333a9f0a4bde8e19ac9478d77c6e [NON_LEADER]: Queue going to NON_LEADER mode. State: All replicated index: 0, Majority replicated index: 4, Committed index: 4, Last appended: 1.4, Last appended by leader: 4, Current term: 1, Majority size: -1, State: 0, Mode: NON_LEADER, active raft config: opid_index: 4 OBSOLETE_local: false peers { permanent_uuid: "b75606b271574a33a35ed4a8bcff7aab" member_type: VOTER last_known_addr { host: "127.5.161.193" port: 43511 } } peers { permanent_uuid: "ec30333a9f0a4bde8e19ac9478d77c6e" member_type: VOTER last_known_addr { host: "127.5.161.195" port: 38743 } } peers { permanent_uuid: "ac810c1729724671ada876c1fcbb9fcb" member_type: VOTER last_known_addr { host: "127.5.161.196" port: 37297 } attrs { promote: false } }
I20260713 09:01:32.475028  7023 raft_consensus.cc:3060] T d877fdeea8b84c05a2f6f63935eb7bd3 P ec30333a9f0a4bde8e19ac9478d77c6e [term 1 FOLLOWER]: Advancing to term 2
I20260713 09:01:32.477746  6875 raft_consensus.cc:2468] T d877fdeea8b84c05a2f6f63935eb7bd3 P b75606b271574a33a35ed4a8bcff7aab [term 2 FOLLOWER]: Leader election vote request: Granting yes vote for candidate ac810c1729724671ada876c1fcbb9fcb in term 2.
I20260713 09:01:32.479245  7266 leader_election.cc:304] T d877fdeea8b84c05a2f6f63935eb7bd3 P ac810c1729724671ada876c1fcbb9fcb [CANDIDATE]: Term 2 election: Election decided. Result: candidate won. Election summary: received 2 responses out of 3 voters: 2 yes votes; 0 no votes. yes voters: ac810c1729724671ada876c1fcbb9fcb, b75606b271574a33a35ed4a8bcff7aab; no voters: 
I20260713 09:01:32.480034  7662 raft_consensus.cc:2804] T d877fdeea8b84c05a2f6f63935eb7bd3 P ac810c1729724671ada876c1fcbb9fcb [term 2 FOLLOWER]: Leader election won for term 2
I20260713 09:01:32.480476  7662 raft_consensus.cc:697] T d877fdeea8b84c05a2f6f63935eb7bd3 P ac810c1729724671ada876c1fcbb9fcb [term 2 LEADER]: Becoming Leader. State: Replica: ac810c1729724671ada876c1fcbb9fcb, State: Running, Role: LEADER
I20260713 09:01:32.481099  7023 raft_consensus.cc:2468] T d877fdeea8b84c05a2f6f63935eb7bd3 P ec30333a9f0a4bde8e19ac9478d77c6e [term 2 FOLLOWER]: Leader election vote request: Granting yes vote for candidate ac810c1729724671ada876c1fcbb9fcb in term 2.
I20260713 09:01:32.481185  7662 consensus_queue.cc:237] T d877fdeea8b84c05a2f6f63935eb7bd3 P ac810c1729724671ada876c1fcbb9fcb [LEADER]: Queue going to LEADER mode. State: All replicated index: 0, Majority replicated index: 4, Committed index: 4, Last appended: 1.4, Last appended by leader: 4, Current term: 2, Majority size: 2, State: 0, Mode: LEADER, active raft config: opid_index: 4 OBSOLETE_local: false peers { permanent_uuid: "b75606b271574a33a35ed4a8bcff7aab" member_type: VOTER last_known_addr { host: "127.5.161.193" port: 43511 } } peers { permanent_uuid: "ec30333a9f0a4bde8e19ac9478d77c6e" member_type: VOTER last_known_addr { host: "127.5.161.195" port: 38743 } } peers { permanent_uuid: "ac810c1729724671ada876c1fcbb9fcb" member_type: VOTER last_known_addr { host: "127.5.161.196" port: 37297 } attrs { promote: false } }
I20260713 09:01:32.485805  7647 raft_consensus.cc:993] T e9940ded051947b29954082f0adc89ed P b75606b271574a33a35ed4a8bcff7aab: : Instructing follower ac810c1729724671ada876c1fcbb9fcb to start an election
I20260713 09:01:32.486218  7652 raft_consensus.cc:1081] T e9940ded051947b29954082f0adc89ed P b75606b271574a33a35ed4a8bcff7aab [term 1 LEADER]: Signalling peer ac810c1729724671ada876c1fcbb9fcb to start an election
I20260713 09:01:32.487771  7301 tablet_service.cc:2044] Received Run Leader Election RPC: tablet_id: "e9940ded051947b29954082f0adc89ed"
dest_uuid: "ac810c1729724671ada876c1fcbb9fcb"
 from {username='slave'} at 127.0.0.1:33252
I20260713 09:01:32.488183  7301 raft_consensus.cc:493] T e9940ded051947b29954082f0adc89ed P ac810c1729724671ada876c1fcbb9fcb [term 1 FOLLOWER]: Starting forced leader election (received explicit request)
I20260713 09:01:32.488471  7301 raft_consensus.cc:3060] T e9940ded051947b29954082f0adc89ed P ac810c1729724671ada876c1fcbb9fcb [term 1 FOLLOWER]: Advancing to term 2
I20260713 09:01:32.489158  6772 catalog_manager.cc:5697] T d877fdeea8b84c05a2f6f63935eb7bd3 P ac810c1729724671ada876c1fcbb9fcb reported cstate change: term changed from 1 to 2, leader changed from ec30333a9f0a4bde8e19ac9478d77c6e (127.5.161.195) to ac810c1729724671ada876c1fcbb9fcb (127.5.161.196). New cstate: current_term: 2 leader_uuid: "ac810c1729724671ada876c1fcbb9fcb" committed_config { opid_index: 4 OBSOLETE_local: false peers { permanent_uuid: "b75606b271574a33a35ed4a8bcff7aab" member_type: VOTER last_known_addr { host: "127.5.161.193" port: 43511 } health_report { overall_health: UNKNOWN } } peers { permanent_uuid: "ec30333a9f0a4bde8e19ac9478d77c6e" member_type: VOTER last_known_addr { host: "127.5.161.195" port: 38743 } health_report { overall_health: UNKNOWN } } peers { permanent_uuid: "ac810c1729724671ada876c1fcbb9fcb" member_type: VOTER last_known_addr { host: "127.5.161.196" port: 37297 } attrs { promote: false } health_report { overall_health: HEALTHY } } }
I20260713 09:01:32.493414  7301 raft_consensus.cc:515] T e9940ded051947b29954082f0adc89ed P ac810c1729724671ada876c1fcbb9fcb [term 2 FOLLOWER]: Starting forced leader election with config: opid_index: 4 OBSOLETE_local: false peers { permanent_uuid: "b75606b271574a33a35ed4a8bcff7aab" member_type: VOTER last_known_addr { host: "127.5.161.193" port: 43511 } } peers { permanent_uuid: "ec30333a9f0a4bde8e19ac9478d77c6e" member_type: VOTER last_known_addr { host: "127.5.161.195" port: 38743 } } peers { permanent_uuid: "ac810c1729724671ada876c1fcbb9fcb" member_type: VOTER last_known_addr { host: "127.5.161.196" port: 37297 } attrs { promote: false } }
I20260713 09:01:32.495627  7301 leader_election.cc:290] T e9940ded051947b29954082f0adc89ed P ac810c1729724671ada876c1fcbb9fcb [CANDIDATE]: Term 2 election: Requested vote from peers b75606b271574a33a35ed4a8bcff7aab (127.5.161.193:43511), ec30333a9f0a4bde8e19ac9478d77c6e (127.5.161.195:38743)
I20260713 09:01:32.495769  6875 tablet_service.cc:1917] Received RequestConsensusVote() RPC: tablet_id: "e9940ded051947b29954082f0adc89ed" candidate_uuid: "ac810c1729724671ada876c1fcbb9fcb" candidate_term: 2 candidate_status { last_received { term: 1 index: 4 } } ignore_live_leader: true dest_uuid: "b75606b271574a33a35ed4a8bcff7aab"
I20260713 09:01:32.496325  6875 raft_consensus.cc:3055] T e9940ded051947b29954082f0adc89ed P b75606b271574a33a35ed4a8bcff7aab [term 1 LEADER]: Stepping down as leader of term 1
I20260713 09:01:32.496542  7023 tablet_service.cc:1917] Received RequestConsensusVote() RPC: tablet_id: "e9940ded051947b29954082f0adc89ed" candidate_uuid: "ac810c1729724671ada876c1fcbb9fcb" candidate_term: 2 candidate_status { last_received { term: 1 index: 4 } } ignore_live_leader: true dest_uuid: "ec30333a9f0a4bde8e19ac9478d77c6e"
I20260713 09:01:32.497895  7023 raft_consensus.cc:3060] T e9940ded051947b29954082f0adc89ed P ec30333a9f0a4bde8e19ac9478d77c6e [term 1 FOLLOWER]: Advancing to term 2
I20260713 09:01:32.498790  6875 raft_consensus.cc:740] T e9940ded051947b29954082f0adc89ed P b75606b271574a33a35ed4a8bcff7aab [term 1 LEADER]: Becoming Follower/Learner. State: Replica: b75606b271574a33a35ed4a8bcff7aab, State: Running, Role: LEADER
I20260713 09:01:32.499585  6875 consensus_queue.cc:260] T e9940ded051947b29954082f0adc89ed P b75606b271574a33a35ed4a8bcff7aab [NON_LEADER]: Queue going to NON_LEADER mode. State: All replicated index: 0, Majority replicated index: 4, Committed index: 4, Last appended: 1.4, Last appended by leader: 4, Current term: 1, Majority size: -1, State: 0, Mode: NON_LEADER, active raft config: opid_index: 4 OBSOLETE_local: false peers { permanent_uuid: "b75606b271574a33a35ed4a8bcff7aab" member_type: VOTER last_known_addr { host: "127.5.161.193" port: 43511 } } peers { permanent_uuid: "ec30333a9f0a4bde8e19ac9478d77c6e" member_type: VOTER last_known_addr { host: "127.5.161.195" port: 38743 } } peers { permanent_uuid: "ac810c1729724671ada876c1fcbb9fcb" member_type: VOTER last_known_addr { host: "127.5.161.196" port: 37297 } attrs { promote: false } }
I20260713 09:01:32.500097  7648 raft_consensus.cc:993] T 84a566d257274e3fa3ad675330c68503 P 7869febbff0e486b8a6ad6df03c38e29: : Instructing follower ac810c1729724671ada876c1fcbb9fcb to start an election
I20260713 09:01:32.500624  7654 raft_consensus.cc:1081] T 84a566d257274e3fa3ad675330c68503 P 7869febbff0e486b8a6ad6df03c38e29 [term 1 LEADER]: Signalling peer ac810c1729724671ada876c1fcbb9fcb to start an election
I20260713 09:01:32.500759  6875 raft_consensus.cc:3060] T e9940ded051947b29954082f0adc89ed P b75606b271574a33a35ed4a8bcff7aab [term 1 FOLLOWER]: Advancing to term 2
I20260713 09:01:32.501968  7301 tablet_service.cc:2044] Received Run Leader Election RPC: tablet_id: "84a566d257274e3fa3ad675330c68503"
dest_uuid: "ac810c1729724671ada876c1fcbb9fcb"
 from {username='slave'} at 127.0.0.1:33256
I20260713 09:01:32.502374  7301 raft_consensus.cc:493] T 84a566d257274e3fa3ad675330c68503 P ac810c1729724671ada876c1fcbb9fcb [term 1 FOLLOWER]: Starting forced leader election (received explicit request)
I20260713 09:01:32.502668  7301 raft_consensus.cc:3060] T 84a566d257274e3fa3ad675330c68503 P ac810c1729724671ada876c1fcbb9fcb [term 1 FOLLOWER]: Advancing to term 2
I20260713 09:01:32.503901  7023 raft_consensus.cc:2468] T e9940ded051947b29954082f0adc89ed P ec30333a9f0a4bde8e19ac9478d77c6e [term 2 FOLLOWER]: Leader election vote request: Granting yes vote for candidate ac810c1729724671ada876c1fcbb9fcb in term 2.
I20260713 09:01:32.505067  7265 leader_election.cc:304] T e9940ded051947b29954082f0adc89ed P ac810c1729724671ada876c1fcbb9fcb [CANDIDATE]: Term 2 election: Election decided. Result: candidate won. Election summary: received 2 responses out of 3 voters: 2 yes votes; 0 no votes. yes voters: ac810c1729724671ada876c1fcbb9fcb, ec30333a9f0a4bde8e19ac9478d77c6e; no voters: 
I20260713 09:01:32.505945  7662 raft_consensus.cc:2804] T e9940ded051947b29954082f0adc89ed P ac810c1729724671ada876c1fcbb9fcb [term 2 FOLLOWER]: Leader election won for term 2
I20260713 09:01:32.506593  7662 raft_consensus.cc:697] T e9940ded051947b29954082f0adc89ed P ac810c1729724671ada876c1fcbb9fcb [term 2 LEADER]: Becoming Leader. State: Replica: ac810c1729724671ada876c1fcbb9fcb, State: Running, Role: LEADER
I20260713 09:01:32.506960  6875 raft_consensus.cc:2468] T e9940ded051947b29954082f0adc89ed P b75606b271574a33a35ed4a8bcff7aab [term 2 FOLLOWER]: Leader election vote request: Granting yes vote for candidate ac810c1729724671ada876c1fcbb9fcb in term 2.
I20260713 09:01:32.506932  7301 raft_consensus.cc:515] T 84a566d257274e3fa3ad675330c68503 P ac810c1729724671ada876c1fcbb9fcb [term 2 FOLLOWER]: Starting forced leader election with config: opid_index: 4 OBSOLETE_local: false peers { permanent_uuid: "7869febbff0e486b8a6ad6df03c38e29" member_type: VOTER last_known_addr { host: "127.5.161.194" port: 36965 } } peers { permanent_uuid: "ec30333a9f0a4bde8e19ac9478d77c6e" member_type: VOTER last_known_addr { host: "127.5.161.195" port: 38743 } } peers { permanent_uuid: "ac810c1729724671ada876c1fcbb9fcb" member_type: VOTER last_known_addr { host: "127.5.161.196" port: 37297 } attrs { promote: false } }
I20260713 09:01:32.507413  7662 consensus_queue.cc:237] T e9940ded051947b29954082f0adc89ed P ac810c1729724671ada876c1fcbb9fcb [LEADER]: Queue going to LEADER mode. State: All replicated index: 0, Majority replicated index: 4, Committed index: 4, Last appended: 1.4, Last appended by leader: 4, Current term: 2, Majority size: 2, State: 0, Mode: LEADER, active raft config: opid_index: 4 OBSOLETE_local: false peers { permanent_uuid: "b75606b271574a33a35ed4a8bcff7aab" member_type: VOTER last_known_addr { host: "127.5.161.193" port: 43511 } } peers { permanent_uuid: "ec30333a9f0a4bde8e19ac9478d77c6e" member_type: VOTER last_known_addr { host: "127.5.161.195" port: 38743 } } peers { permanent_uuid: "ac810c1729724671ada876c1fcbb9fcb" member_type: VOTER last_known_addr { host: "127.5.161.196" port: 37297 } attrs { promote: false } }
I20260713 09:01:32.508754  7301 leader_election.cc:290] T 84a566d257274e3fa3ad675330c68503 P ac810c1729724671ada876c1fcbb9fcb [CANDIDATE]: Term 2 election: Requested vote from peers 7869febbff0e486b8a6ad6df03c38e29 (127.5.161.194:36965), ec30333a9f0a4bde8e19ac9478d77c6e (127.5.161.195:38743)
I20260713 09:01:32.509334  6948 tablet_service.cc:1917] Received RequestConsensusVote() RPC: tablet_id: "84a566d257274e3fa3ad675330c68503" candidate_uuid: "ac810c1729724671ada876c1fcbb9fcb" candidate_term: 2 candidate_status { last_received { term: 1 index: 4 } } ignore_live_leader: true dest_uuid: "7869febbff0e486b8a6ad6df03c38e29"
I20260713 09:01:32.509788  6948 raft_consensus.cc:3055] T 84a566d257274e3fa3ad675330c68503 P 7869febbff0e486b8a6ad6df03c38e29 [term 1 LEADER]: Stepping down as leader of term 1
I20260713 09:01:32.509730  7024 tablet_service.cc:1917] Received RequestConsensusVote() RPC: tablet_id: "84a566d257274e3fa3ad675330c68503" candidate_uuid: "ac810c1729724671ada876c1fcbb9fcb" candidate_term: 2 candidate_status { last_received { term: 1 index: 4 } } ignore_live_leader: true dest_uuid: "ec30333a9f0a4bde8e19ac9478d77c6e"
I20260713 09:01:32.510206  6948 raft_consensus.cc:740] T 84a566d257274e3fa3ad675330c68503 P 7869febbff0e486b8a6ad6df03c38e29 [term 1 LEADER]: Becoming Follower/Learner. State: Replica: 7869febbff0e486b8a6ad6df03c38e29, State: Running, Role: LEADER
I20260713 09:01:32.510499  7024 raft_consensus.cc:3060] T 84a566d257274e3fa3ad675330c68503 P ec30333a9f0a4bde8e19ac9478d77c6e [term 1 FOLLOWER]: Advancing to term 2
I20260713 09:01:32.511579  6948 consensus_queue.cc:260] T 84a566d257274e3fa3ad675330c68503 P 7869febbff0e486b8a6ad6df03c38e29 [NON_LEADER]: Queue going to NON_LEADER mode. State: All replicated index: 0, Majority replicated index: 4, Committed index: 4, Last appended: 1.4, Last appended by leader: 4, Current term: 1, Majority size: -1, State: 0, Mode: NON_LEADER, active raft config: opid_index: 4 OBSOLETE_local: false peers { permanent_uuid: "7869febbff0e486b8a6ad6df03c38e29" member_type: VOTER last_known_addr { host: "127.5.161.194" port: 36965 } } peers { permanent_uuid: "ec30333a9f0a4bde8e19ac9478d77c6e" member_type: VOTER last_known_addr { host: "127.5.161.195" port: 38743 } } peers { permanent_uuid: "ac810c1729724671ada876c1fcbb9fcb" member_type: VOTER last_known_addr { host: "127.5.161.196" port: 37297 } attrs { promote: false } }
I20260713 09:01:32.512495  6948 raft_consensus.cc:3060] T 84a566d257274e3fa3ad675330c68503 P 7869febbff0e486b8a6ad6df03c38e29 [term 1 FOLLOWER]: Advancing to term 2
I20260713 09:01:32.516582  6948 raft_consensus.cc:2468] T 84a566d257274e3fa3ad675330c68503 P 7869febbff0e486b8a6ad6df03c38e29 [term 2 FOLLOWER]: Leader election vote request: Granting yes vote for candidate ac810c1729724671ada876c1fcbb9fcb in term 2.
I20260713 09:01:32.517578  7263 leader_election.cc:304] T 84a566d257274e3fa3ad675330c68503 P ac810c1729724671ada876c1fcbb9fcb [CANDIDATE]: Term 2 election: Election decided. Result: candidate won. Election summary: received 2 responses out of 3 voters: 2 yes votes; 0 no votes. yes voters: 7869febbff0e486b8a6ad6df03c38e29, ac810c1729724671ada876c1fcbb9fcb; no voters: 
I20260713 09:01:32.518347  7662 raft_consensus.cc:2804] T 84a566d257274e3fa3ad675330c68503 P ac810c1729724671ada876c1fcbb9fcb [term 2 FOLLOWER]: Leader election won for term 2
I20260713 09:01:32.519099  7662 raft_consensus.cc:697] T 84a566d257274e3fa3ad675330c68503 P ac810c1729724671ada876c1fcbb9fcb [term 2 LEADER]: Becoming Leader. State: Replica: ac810c1729724671ada876c1fcbb9fcb, State: Running, Role: LEADER
I20260713 09:01:32.519160  7024 raft_consensus.cc:2468] T 84a566d257274e3fa3ad675330c68503 P ec30333a9f0a4bde8e19ac9478d77c6e [term 2 FOLLOWER]: Leader election vote request: Granting yes vote for candidate ac810c1729724671ada876c1fcbb9fcb in term 2.
I20260713 09:01:32.520267  7662 consensus_queue.cc:237] T 84a566d257274e3fa3ad675330c68503 P ac810c1729724671ada876c1fcbb9fcb [LEADER]: Queue going to LEADER mode. State: All replicated index: 0, Majority replicated index: 4, Committed index: 4, Last appended: 1.4, Last appended by leader: 4, Current term: 2, Majority size: 2, State: 0, Mode: LEADER, active raft config: opid_index: 4 OBSOLETE_local: false peers { permanent_uuid: "7869febbff0e486b8a6ad6df03c38e29" member_type: VOTER last_known_addr { host: "127.5.161.194" port: 36965 } } peers { permanent_uuid: "ec30333a9f0a4bde8e19ac9478d77c6e" member_type: VOTER last_known_addr { host: "127.5.161.195" port: 38743 } } peers { permanent_uuid: "ac810c1729724671ada876c1fcbb9fcb" member_type: VOTER last_known_addr { host: "127.5.161.196" port: 37297 } attrs { promote: false } }
I20260713 09:01:32.522660  6772 catalog_manager.cc:5697] T e9940ded051947b29954082f0adc89ed P ac810c1729724671ada876c1fcbb9fcb reported cstate change: term changed from 1 to 2, leader changed from b75606b271574a33a35ed4a8bcff7aab (127.5.161.193) to ac810c1729724671ada876c1fcbb9fcb (127.5.161.196). New cstate: current_term: 2 leader_uuid: "ac810c1729724671ada876c1fcbb9fcb" committed_config { opid_index: 4 OBSOLETE_local: false peers { permanent_uuid: "b75606b271574a33a35ed4a8bcff7aab" member_type: VOTER last_known_addr { host: "127.5.161.193" port: 43511 } health_report { overall_health: UNKNOWN } } peers { permanent_uuid: "ec30333a9f0a4bde8e19ac9478d77c6e" member_type: VOTER last_known_addr { host: "127.5.161.195" port: 38743 } health_report { overall_health: UNKNOWN } } peers { permanent_uuid: "ac810c1729724671ada876c1fcbb9fcb" member_type: VOTER last_known_addr { host: "127.5.161.196" port: 37297 } attrs { promote: false } health_report { overall_health: HEALTHY } } }
I20260713 09:01:32.534379  6772 catalog_manager.cc:5697] T 84a566d257274e3fa3ad675330c68503 P ac810c1729724671ada876c1fcbb9fcb reported cstate change: term changed from 1 to 2, leader changed from 7869febbff0e486b8a6ad6df03c38e29 (127.5.161.194) to ac810c1729724671ada876c1fcbb9fcb (127.5.161.196). New cstate: current_term: 2 leader_uuid: "ac810c1729724671ada876c1fcbb9fcb" committed_config { opid_index: 4 OBSOLETE_local: false peers { permanent_uuid: "7869febbff0e486b8a6ad6df03c38e29" member_type: VOTER last_known_addr { host: "127.5.161.194" port: 36965 } health_report { overall_health: UNKNOWN } } peers { permanent_uuid: "ec30333a9f0a4bde8e19ac9478d77c6e" member_type: VOTER last_known_addr { host: "127.5.161.195" port: 38743 } health_report { overall_health: UNKNOWN } } peers { permanent_uuid: "ac810c1729724671ada876c1fcbb9fcb" member_type: VOTER last_known_addr { host: "127.5.161.196" port: 37297 } attrs { promote: false } health_report { overall_health: HEALTHY } } }
I20260713 09:01:32.701577  6874 raft_consensus.cc:1275] T 175fed82c6684948a79fe8a336318328 P b75606b271574a33a35ed4a8bcff7aab [term 2 FOLLOWER]: Refusing update from remote peer ec30333a9f0a4bde8e19ac9478d77c6e: Log matching property violated. Preceding OpId in replica: term: 1 index: 1. Preceding OpId from leader: term: 2 index: 2. (index mismatch)
I20260713 09:01:32.703019  7649 consensus_queue.cc:1048] T 175fed82c6684948a79fe8a336318328 P ec30333a9f0a4bde8e19ac9478d77c6e [LEADER]: Connected to new peer: Peer: permanent_uuid: "b75606b271574a33a35ed4a8bcff7aab" member_type: VOTER last_known_addr { host: "127.5.161.193" port: 43511 }, Status: LMP_MISMATCH, Last received: 0.0, Next index: 2, Last known committed idx: 1, Time since last communication: 0.000s
I20260713 09:01:32.711702  6948 raft_consensus.cc:1275] T 175fed82c6684948a79fe8a336318328 P 7869febbff0e486b8a6ad6df03c38e29 [term 2 FOLLOWER]: Refusing update from remote peer ec30333a9f0a4bde8e19ac9478d77c6e: Log matching property violated. Preceding OpId in replica: term: 1 index: 1. Preceding OpId from leader: term: 2 index: 2. (index mismatch)
I20260713 09:01:32.714799  7656 consensus_queue.cc:1048] T 175fed82c6684948a79fe8a336318328 P ec30333a9f0a4bde8e19ac9478d77c6e [LEADER]: Connected to new peer: Peer: permanent_uuid: "7869febbff0e486b8a6ad6df03c38e29" member_type: VOTER last_known_addr { host: "127.5.161.194" port: 36965 }, Status: LMP_MISMATCH, Last received: 0.0, Next index: 2, Last known committed idx: 1, Time since last communication: 0.000s
I20260713 09:01:32.741674  6874 raft_consensus.cc:1275] T 0a9451391fd04a4b9a81089f4a0a13b8 P b75606b271574a33a35ed4a8bcff7aab [term 2 FOLLOWER]: Refusing update from remote peer ac810c1729724671ada876c1fcbb9fcb: Log matching property violated. Preceding OpId in replica: term: 1 index: 4. Preceding OpId from leader: term: 2 index: 5. (index mismatch)
I20260713 09:01:32.742651  7662 consensus_queue.cc:1048] T 0a9451391fd04a4b9a81089f4a0a13b8 P ac810c1729724671ada876c1fcbb9fcb [LEADER]: Connected to new peer: Peer: permanent_uuid: "b75606b271574a33a35ed4a8bcff7aab" member_type: VOTER last_known_addr { host: "127.5.161.193" port: 43511 }, Status: LMP_MISMATCH, Last received: 0.0, Next index: 5, Last known committed idx: 4, Time since last communication: 0.000s
I20260713 09:01:32.752799  6948 raft_consensus.cc:1275] T 0a9451391fd04a4b9a81089f4a0a13b8 P 7869febbff0e486b8a6ad6df03c38e29 [term 2 FOLLOWER]: Refusing update from remote peer ac810c1729724671ada876c1fcbb9fcb: Log matching property violated. Preceding OpId in replica: term: 1 index: 4. Preceding OpId from leader: term: 2 index: 5. (index mismatch)
I20260713 09:01:32.754346  7662 consensus_queue.cc:1048] T 0a9451391fd04a4b9a81089f4a0a13b8 P ac810c1729724671ada876c1fcbb9fcb [LEADER]: Connected to new peer: Peer: permanent_uuid: "7869febbff0e486b8a6ad6df03c38e29" member_type: VOTER last_known_addr { host: "127.5.161.194" port: 36965 }, Status: LMP_MISMATCH, Last received: 0.0, Next index: 5, Last known committed idx: 4, Time since last communication: 0.000s
I20260713 09:01:32.797720  6874 raft_consensus.cc:1275] T 8e7316db93774a38800fbce92bf7e1f4 P b75606b271574a33a35ed4a8bcff7aab [term 2 FOLLOWER]: Refusing update from remote peer ac810c1729724671ada876c1fcbb9fcb: Log matching property violated. Preceding OpId in replica: term: 1 index: 4. Preceding OpId from leader: term: 2 index: 5. (index mismatch)
I20260713 09:01:32.798812  7662 consensus_queue.cc:1048] T 8e7316db93774a38800fbce92bf7e1f4 P ac810c1729724671ada876c1fcbb9fcb [LEADER]: Connected to new peer: Peer: permanent_uuid: "b75606b271574a33a35ed4a8bcff7aab" member_type: VOTER last_known_addr { host: "127.5.161.193" port: 43511 }, Status: LMP_MISMATCH, Last received: 0.0, Next index: 5, Last known committed idx: 4, Time since last communication: 0.000s
I20260713 09:01:32.806559  6948 raft_consensus.cc:1275] T 8e7316db93774a38800fbce92bf7e1f4 P 7869febbff0e486b8a6ad6df03c38e29 [term 2 FOLLOWER]: Refusing update from remote peer ac810c1729724671ada876c1fcbb9fcb: Log matching property violated. Preceding OpId in replica: term: 1 index: 4. Preceding OpId from leader: term: 2 index: 5. (index mismatch)
I20260713 09:01:32.808216  7663 consensus_queue.cc:1048] T 8e7316db93774a38800fbce92bf7e1f4 P ac810c1729724671ada876c1fcbb9fcb [LEADER]: Connected to new peer: Peer: permanent_uuid: "7869febbff0e486b8a6ad6df03c38e29" member_type: VOTER last_known_addr { host: "127.5.161.194" port: 36965 }, Status: LMP_MISMATCH, Last received: 0.0, Next index: 5, Last known committed idx: 4, Time since last communication: 0.001s
I20260713 09:01:32.882905  6874 raft_consensus.cc:1275] T d877fdeea8b84c05a2f6f63935eb7bd3 P b75606b271574a33a35ed4a8bcff7aab [term 2 FOLLOWER]: Refusing update from remote peer ac810c1729724671ada876c1fcbb9fcb: Log matching property violated. Preceding OpId in replica: term: 1 index: 4. Preceding OpId from leader: term: 2 index: 5. (index mismatch)
