I20260713 09:01:08.909476  7521 tablet_bootstrap.cc:492] T 7ed86a40d5b341a89ea334650867ccce P 575c19901b5c4eb381b3c700b711ca3b: Bootstrap starting.
I20260713 09:01:08.915665  7526 tablet_copy_client.cc:806] T 044fc10dbdeb4f079f9e4871b80809fe P 575c19901b5c4eb381b3c700b711ca3b: tablet copy: Starting download of 0 data blocks...
I20260713 09:01:08.916510  7526 tablet_copy_client.cc:670] T 044fc10dbdeb4f079f9e4871b80809fe P 575c19901b5c4eb381b3c700b711ca3b: tablet copy: Starting download of 1 WAL segments...
I20260713 09:01:08.920200  7526 tablet_copy_client.cc:538] T 044fc10dbdeb4f079f9e4871b80809fe P 575c19901b5c4eb381b3c700b711ca3b: tablet copy: Tablet Copy complete. Replacing tablet superblock.
I20260713 09:01:08.932873  7526 tablet_bootstrap.cc:492] T 044fc10dbdeb4f079f9e4871b80809fe P 575c19901b5c4eb381b3c700b711ca3b: Bootstrap starting.
I20260713 09:01:08.948248  7521 tablet_bootstrap.cc:492] T 7ed86a40d5b341a89ea334650867ccce P 575c19901b5c4eb381b3c700b711ca3b: Bootstrap replayed 1/1 log segments. Stats: ops{read=2 overwritten=0 applied=2 ignored=0} inserts{seen=0 ignored=0} mutations{seen=0 ignored=0} orphaned_commits=0. Pending: 0 replicates
I20260713 09:01:08.949172  7521 tablet_bootstrap.cc:492] T 7ed86a40d5b341a89ea334650867ccce P 575c19901b5c4eb381b3c700b711ca3b: Bootstrap complete.
I20260713 09:01:08.949854  7521 ts_tablet_manager.cc:1403] T 7ed86a40d5b341a89ea334650867ccce P 575c19901b5c4eb381b3c700b711ca3b: Time spent bootstrapping tablet: real 0.041s	user 0.017s	sys 0.015s
I20260713 09:01:08.952772  7521 raft_consensus.cc:359] T 7ed86a40d5b341a89ea334650867ccce P 575c19901b5c4eb381b3c700b711ca3b [term 1 LEARNER]: Replica starting. Triggering 0 pending ops. Active config: opid_index: 2 OBSOLETE_local: false peers { permanent_uuid: "41cb997cc74349c095b6f8144a36ca6f" member_type: VOTER last_known_addr { host: "127.5.182.1" port: 39791 } attrs { replace: true } } peers { permanent_uuid: "afd91b64ba894c44a3b2c91bdf03f5b8" member_type: VOTER last_known_addr { host: "127.5.182.2" port: 46519 } } peers { permanent_uuid: "635c7c9bdbd54ab4a290fa2c1bc7e700" member_type: VOTER last_known_addr { host: "127.5.182.3" port: 39057 } } peers { permanent_uuid: "575c19901b5c4eb381b3c700b711ca3b" member_type: NON_VOTER last_known_addr { host: "127.5.182.4" port: 36543 } attrs { promote: true } }
I20260713 09:01:08.953554  7521 raft_consensus.cc:740] T 7ed86a40d5b341a89ea334650867ccce P 575c19901b5c4eb381b3c700b711ca3b [term 1 LEARNER]: Becoming Follower/Learner. State: Replica: 575c19901b5c4eb381b3c700b711ca3b, State: Initialized, Role: LEARNER
I20260713 09:01:08.954159  7521 consensus_queue.cc:260] T 7ed86a40d5b341a89ea334650867ccce P 575c19901b5c4eb381b3c700b711ca3b [NON_LEADER]: Queue going to NON_LEADER mode. State: All replicated index: 0, Majority replicated index: 0, Committed index: 2, Last appended: 1.2, Last appended by leader: 2, Current term: 0, Majority size: -1, State: 0, Mode: NON_LEADER, active raft config: opid_index: 2 OBSOLETE_local: false peers { permanent_uuid: "41cb997cc74349c095b6f8144a36ca6f" member_type: VOTER last_known_addr { host: "127.5.182.1" port: 39791 } attrs { replace: true } } peers { permanent_uuid: "afd91b64ba894c44a3b2c91bdf03f5b8" member_type: VOTER last_known_addr { host: "127.5.182.2" port: 46519 } } peers { permanent_uuid: "635c7c9bdbd54ab4a290fa2c1bc7e700" member_type: VOTER last_known_addr { host: "127.5.182.3" port: 39057 } } peers { permanent_uuid: "575c19901b5c4eb381b3c700b711ca3b" member_type: NON_VOTER last_known_addr { host: "127.5.182.4" port: 36543 } attrs { promote: true } }
I20260713 09:01:08.963116  7529 ts_tablet_manager.cc:933] T e3225d55063d457b9a4e7ff45c38cd87 P 575c19901b5c4eb381b3c700b711ca3b: Initiating tablet copy from peer 41cb997cc74349c095b6f8144a36ca6f (127.5.182.1:39791)
I20260713 09:01:08.965920  7529 tablet_copy_client.cc:323] T e3225d55063d457b9a4e7ff45c38cd87 P 575c19901b5c4eb381b3c700b711ca3b: tablet copy: Beginning tablet copy session from remote peer at address 127.5.182.1:39791
I20260713 09:01:08.968087  6975 tablet_copy_service.cc:140] P 41cb997cc74349c095b6f8144a36ca6f: Received BeginTabletCopySession request for tablet e3225d55063d457b9a4e7ff45c38cd87 from peer 575c19901b5c4eb381b3c700b711ca3b ({username='slave'} at 127.0.0.1:37068)
I20260713 09:01:08.956501  7521 ts_tablet_manager.cc:1434] T 7ed86a40d5b341a89ea334650867ccce P 575c19901b5c4eb381b3c700b711ca3b: Time spent starting tablet: real 0.006s	user 0.004s	sys 0.000s
I20260713 09:01:08.968667  6975 tablet_copy_service.cc:161] P 41cb997cc74349c095b6f8144a36ca6f: Beginning new tablet copy session on tablet e3225d55063d457b9a4e7ff45c38cd87 from peer 575c19901b5c4eb381b3c700b711ca3b at {username='slave'} at 127.0.0.1:37068: session id = 575c19901b5c4eb381b3c700b711ca3b-e3225d55063d457b9a4e7ff45c38cd87
I20260713 09:01:08.971489  7050 tablet_copy_service.cc:342] P afd91b64ba894c44a3b2c91bdf03f5b8: Request end of tablet copy session 575c19901b5c4eb381b3c700b711ca3b-7ed86a40d5b341a89ea334650867ccce received from {username='slave'} at 127.0.0.1:54506
I20260713 09:01:08.971909  7050 tablet_copy_service.cc:434] P afd91b64ba894c44a3b2c91bdf03f5b8: ending tablet copy session 575c19901b5c4eb381b3c700b711ca3b-7ed86a40d5b341a89ea334650867ccce on tablet 7ed86a40d5b341a89ea334650867ccce with peer 575c19901b5c4eb381b3c700b711ca3b
I20260713 09:01:08.983038  7526 tablet_bootstrap.cc:492] T 044fc10dbdeb4f079f9e4871b80809fe P 575c19901b5c4eb381b3c700b711ca3b: Bootstrap replayed 1/1 log segments. Stats: ops{read=2 overwritten=0 applied=2 ignored=0} inserts{seen=0 ignored=0} mutations{seen=0 ignored=0} orphaned_commits=0. Pending: 0 replicates
I20260713 09:01:08.984099  7526 tablet_bootstrap.cc:492] T 044fc10dbdeb4f079f9e4871b80809fe P 575c19901b5c4eb381b3c700b711ca3b: Bootstrap complete.
I20260713 09:01:08.984860  7526 ts_tablet_manager.cc:1403] T 044fc10dbdeb4f079f9e4871b80809fe P 575c19901b5c4eb381b3c700b711ca3b: Time spent bootstrapping tablet: real 0.053s	user 0.023s	sys 0.006s
I20260713 09:01:08.985251  6975 tablet_copy_source_session.cc:215] T e3225d55063d457b9a4e7ff45c38cd87 P 41cb997cc74349c095b6f8144a36ca6f: Tablet Copy: opened 0 blocks and 1 log segments
I20260713 09:01:08.987921  7526 raft_consensus.cc:359] T 044fc10dbdeb4f079f9e4871b80809fe P 575c19901b5c4eb381b3c700b711ca3b [term 1 LEARNER]: Replica starting. Triggering 0 pending ops. Active config: opid_index: 2 OBSOLETE_local: false peers { permanent_uuid: "41cb997cc74349c095b6f8144a36ca6f" member_type: VOTER last_known_addr { host: "127.5.182.1" port: 39791 } } peers { permanent_uuid: "afd91b64ba894c44a3b2c91bdf03f5b8" member_type: VOTER last_known_addr { host: "127.5.182.2" port: 46519 } } peers { permanent_uuid: "635c7c9bdbd54ab4a290fa2c1bc7e700" member_type: VOTER last_known_addr { host: "127.5.182.3" port: 39057 } attrs { replace: true } } peers { permanent_uuid: "575c19901b5c4eb381b3c700b711ca3b" member_type: NON_VOTER last_known_addr { host: "127.5.182.4" port: 36543 } attrs { promote: true } }
I20260713 09:01:08.988663  7529 data_dirs.cc:400] Could only allocate 1 dirs of requested 3 for tablet e3225d55063d457b9a4e7ff45c38cd87. 1 dirs total, 0 dirs full, 0 dirs failed
I20260713 09:01:08.988831  7526 raft_consensus.cc:740] T 044fc10dbdeb4f079f9e4871b80809fe P 575c19901b5c4eb381b3c700b711ca3b [term 1 LEARNER]: Becoming Follower/Learner. State: Replica: 575c19901b5c4eb381b3c700b711ca3b, State: Initialized, Role: LEARNER
I20260713 09:01:08.989689  7526 consensus_queue.cc:260] T 044fc10dbdeb4f079f9e4871b80809fe P 575c19901b5c4eb381b3c700b711ca3b [NON_LEADER]: Queue going to NON_LEADER mode. State: All replicated index: 0, Majority replicated index: 0, Committed index: 2, Last appended: 1.2, Last appended by leader: 2, Current term: 0, Majority size: -1, State: 0, Mode: NON_LEADER, active raft config: opid_index: 2 OBSOLETE_local: false peers { permanent_uuid: "41cb997cc74349c095b6f8144a36ca6f" member_type: VOTER last_known_addr { host: "127.5.182.1" port: 39791 } } peers { permanent_uuid: "afd91b64ba894c44a3b2c91bdf03f5b8" member_type: VOTER last_known_addr { host: "127.5.182.2" port: 46519 } } peers { permanent_uuid: "635c7c9bdbd54ab4a290fa2c1bc7e700" member_type: VOTER last_known_addr { host: "127.5.182.3" port: 39057 } attrs { replace: true } } peers { permanent_uuid: "575c19901b5c4eb381b3c700b711ca3b" member_type: NON_VOTER last_known_addr { host: "127.5.182.4" port: 36543 } attrs { promote: true } }
I20260713 09:01:08.992385  7526 ts_tablet_manager.cc:1434] T 044fc10dbdeb4f079f9e4871b80809fe P 575c19901b5c4eb381b3c700b711ca3b: Time spent starting tablet: real 0.007s	user 0.006s	sys 0.000s
I20260713 09:01:08.994133  7050 tablet_copy_service.cc:342] P afd91b64ba894c44a3b2c91bdf03f5b8: Request end of tablet copy session 575c19901b5c4eb381b3c700b711ca3b-044fc10dbdeb4f079f9e4871b80809fe received from {username='slave'} at 127.0.0.1:54506
I20260713 09:01:08.994532  7050 tablet_copy_service.cc:434] P afd91b64ba894c44a3b2c91bdf03f5b8: ending tablet copy session 575c19901b5c4eb381b3c700b711ca3b-044fc10dbdeb4f079f9e4871b80809fe on tablet 044fc10dbdeb4f079f9e4871b80809fe with peer 575c19901b5c4eb381b3c700b711ca3b
I20260713 09:01:09.007057  7529 tablet_copy_client.cc:806] T e3225d55063d457b9a4e7ff45c38cd87 P 575c19901b5c4eb381b3c700b711ca3b: tablet copy: Starting download of 0 data blocks...
I20260713 09:01:09.007652  7529 tablet_copy_client.cc:670] T e3225d55063d457b9a4e7ff45c38cd87 P 575c19901b5c4eb381b3c700b711ca3b: tablet copy: Starting download of 1 WAL segments...
I20260713 09:01:09.013759  7529 tablet_copy_client.cc:538] T e3225d55063d457b9a4e7ff45c38cd87 P 575c19901b5c4eb381b3c700b711ca3b: tablet copy: Tablet Copy complete. Replacing tablet superblock.
I20260713 09:01:09.022914  7529 tablet_bootstrap.cc:492] T e3225d55063d457b9a4e7ff45c38cd87 P 575c19901b5c4eb381b3c700b711ca3b: Bootstrap starting.
I20260713 09:01:09.052009  7529 tablet_bootstrap.cc:492] T e3225d55063d457b9a4e7ff45c38cd87 P 575c19901b5c4eb381b3c700b711ca3b: Bootstrap replayed 1/1 log segments. Stats: ops{read=2 overwritten=0 applied=2 ignored=0} inserts{seen=0 ignored=0} mutations{seen=0 ignored=0} orphaned_commits=0. Pending: 0 replicates
I20260713 09:01:09.052901  7529 tablet_bootstrap.cc:492] T e3225d55063d457b9a4e7ff45c38cd87 P 575c19901b5c4eb381b3c700b711ca3b: Bootstrap complete.
I20260713 09:01:09.053586  7529 ts_tablet_manager.cc:1403] T e3225d55063d457b9a4e7ff45c38cd87 P 575c19901b5c4eb381b3c700b711ca3b: Time spent bootstrapping tablet: real 0.031s	user 0.019s	sys 0.012s
I20260713 09:01:09.057180  7529 raft_consensus.cc:359] T e3225d55063d457b9a4e7ff45c38cd87 P 575c19901b5c4eb381b3c700b711ca3b [term 1 LEARNER]: Replica starting. Triggering 0 pending ops. Active config: opid_index: 2 OBSOLETE_local: false peers { permanent_uuid: "41cb997cc74349c095b6f8144a36ca6f" member_type: VOTER last_known_addr { host: "127.5.182.1" port: 39791 } } peers { permanent_uuid: "afd91b64ba894c44a3b2c91bdf03f5b8" member_type: VOTER last_known_addr { host: "127.5.182.2" port: 46519 } attrs { replace: true } } peers { permanent_uuid: "635c7c9bdbd54ab4a290fa2c1bc7e700" member_type: VOTER last_known_addr { host: "127.5.182.3" port: 39057 } } peers { permanent_uuid: "575c19901b5c4eb381b3c700b711ca3b" member_type: NON_VOTER last_known_addr { host: "127.5.182.4" port: 36543 } attrs { promote: true } }
I20260713 09:01:09.058019  7529 raft_consensus.cc:740] T e3225d55063d457b9a4e7ff45c38cd87 P 575c19901b5c4eb381b3c700b711ca3b [term 1 LEARNER]: Becoming Follower/Learner. State: Replica: 575c19901b5c4eb381b3c700b711ca3b, State: Initialized, Role: LEARNER
I20260713 09:01:09.059459  7529 consensus_queue.cc:260] T e3225d55063d457b9a4e7ff45c38cd87 P 575c19901b5c4eb381b3c700b711ca3b [NON_LEADER]: Queue going to NON_LEADER mode. State: All replicated index: 0, Majority replicated index: 0, Committed index: 2, Last appended: 1.2, Last appended by leader: 2, Current term: 0, Majority size: -1, State: 0, Mode: NON_LEADER, active raft config: opid_index: 2 OBSOLETE_local: false peers { permanent_uuid: "41cb997cc74349c095b6f8144a36ca6f" member_type: VOTER last_known_addr { host: "127.5.182.1" port: 39791 } } peers { permanent_uuid: "afd91b64ba894c44a3b2c91bdf03f5b8" member_type: VOTER last_known_addr { host: "127.5.182.2" port: 46519 } attrs { replace: true } } peers { permanent_uuid: "635c7c9bdbd54ab4a290fa2c1bc7e700" member_type: VOTER last_known_addr { host: "127.5.182.3" port: 39057 } } peers { permanent_uuid: "575c19901b5c4eb381b3c700b711ca3b" member_type: NON_VOTER last_known_addr { host: "127.5.182.4" port: 36543 } attrs { promote: true } }
I20260713 09:01:09.062031  7529 ts_tablet_manager.cc:1434] T e3225d55063d457b9a4e7ff45c38cd87 P 575c19901b5c4eb381b3c700b711ca3b: Time spent starting tablet: real 0.008s	user 0.006s	sys 0.001s
I20260713 09:01:09.069272  6975 tablet_copy_service.cc:342] P 41cb997cc74349c095b6f8144a36ca6f: Request end of tablet copy session 575c19901b5c4eb381b3c700b711ca3b-e3225d55063d457b9a4e7ff45c38cd87 received from {username='slave'} at 127.0.0.1:37068
I20260713 09:01:09.069730  6975 tablet_copy_service.cc:434] P 41cb997cc74349c095b6f8144a36ca6f: ending tablet copy session 575c19901b5c4eb381b3c700b711ca3b-e3225d55063d457b9a4e7ff45c38cd87 on tablet e3225d55063d457b9a4e7ff45c38cd87 with peer 575c19901b5c4eb381b3c700b711ca3b
I20260713 09:01:09.079341  7386 raft_consensus.cc:1217] T 49ffd4f93362465f877a301ac4bafb1a P 575c19901b5c4eb381b3c700b711ca3b [term 1 LEARNER]: Deduplicated request from leader. Original: 1.1->[1.2-1.2]   Dedup: 1.2->[]
I20260713 09:01:09.237700  7386 raft_consensus.cc:1217] T 7ed86a40d5b341a89ea334650867ccce P 575c19901b5c4eb381b3c700b711ca3b [term 1 LEARNER]: Deduplicated request from leader. Original: 1.1->[1.2-1.2]   Dedup: 1.2->[]
I20260713 09:01:09.277355  7386 raft_consensus.cc:1217] T 044fc10dbdeb4f079f9e4871b80809fe P 575c19901b5c4eb381b3c700b711ca3b [term 1 LEARNER]: Deduplicated request from leader. Original: 1.1->[1.2-1.2]   Dedup: 1.2->[]
I20260713 09:01:09.532404  7386 raft_consensus.cc:1217] T e3225d55063d457b9a4e7ff45c38cd87 P 575c19901b5c4eb381b3c700b711ca3b [term 1 LEARNER]: Deduplicated request from leader. Original: 1.1->[1.2-1.2]   Dedup: 1.2->[]
I20260713 09:01:09.638752  7510 raft_consensus.cc:1064] T 7ed86a40d5b341a89ea334650867ccce P afd91b64ba894c44a3b2c91bdf03f5b8: attempting to promote NON_VOTER 575c19901b5c4eb381b3c700b711ca3b to VOTER
I20260713 09:01:09.641601  7510 consensus_queue.cc:237] T 7ed86a40d5b341a89ea334650867ccce P afd91b64ba894c44a3b2c91bdf03f5b8 [LEADER]: Queue going to LEADER mode. State: All replicated index: 0, Majority replicated index: 2, Committed index: 2, Last appended: 1.2, Last appended by leader: 0, Current term: 1, Majority size: 3, State: 0, Mode: LEADER, active raft config: opid_index: 3 OBSOLETE_local: false peers { permanent_uuid: "41cb997cc74349c095b6f8144a36ca6f" member_type: VOTER last_known_addr { host: "127.5.182.1" port: 39791 } attrs { replace: true } } peers { permanent_uuid: "afd91b64ba894c44a3b2c91bdf03f5b8" member_type: VOTER last_known_addr { host: "127.5.182.2" port: 46519 } } peers { permanent_uuid: "635c7c9bdbd54ab4a290fa2c1bc7e700" member_type: VOTER last_known_addr { host: "127.5.182.3" port: 39057 } } peers { permanent_uuid: "575c19901b5c4eb381b3c700b711ca3b" member_type: VOTER last_known_addr { host: "127.5.182.4" port: 36543 } attrs { promote: false } }
I20260713 09:01:09.648844  7386 raft_consensus.cc:1275] T 7ed86a40d5b341a89ea334650867ccce P 575c19901b5c4eb381b3c700b711ca3b [term 1 LEARNER]: Refusing update from remote peer afd91b64ba894c44a3b2c91bdf03f5b8: Log matching property violated. Preceding OpId in replica: term: 1 index: 2. Preceding OpId from leader: term: 1 index: 3. (index mismatch)
I20260713 09:01:09.649458  7114 raft_consensus.cc:1275] T 7ed86a40d5b341a89ea334650867ccce P 635c7c9bdbd54ab4a290fa2c1bc7e700 [term 1 FOLLOWER]: Refusing update from remote peer afd91b64ba894c44a3b2c91bdf03f5b8: Log matching property violated. Preceding OpId in replica: term: 1 index: 2. Preceding OpId from leader: term: 1 index: 3. (index mismatch)
I20260713 09:01:09.651604  6964 raft_consensus.cc:1275] T 7ed86a40d5b341a89ea334650867ccce P 41cb997cc74349c095b6f8144a36ca6f [term 1 FOLLOWER]: Refusing update from remote peer afd91b64ba894c44a3b2c91bdf03f5b8: Log matching property violated. Preceding OpId in replica: term: 1 index: 2. Preceding OpId from leader: term: 1 index: 3. (index mismatch)
I20260713 09:01:09.653355  7236 consensus_queue.cc:1048] T 7ed86a40d5b341a89ea334650867ccce P afd91b64ba894c44a3b2c91bdf03f5b8 [LEADER]: Connected to new peer: Peer: permanent_uuid: "575c19901b5c4eb381b3c700b711ca3b" member_type: VOTER last_known_addr { host: "127.5.182.4" port: 36543 } attrs { promote: false }, Status: LMP_MISMATCH, Last received: 0.0, Next index: 3, Last known committed idx: 2, Time since last communication: 0.000s
I20260713 09:01:09.654270  7486 consensus_queue.cc:1048] T 7ed86a40d5b341a89ea334650867ccce P afd91b64ba894c44a3b2c91bdf03f5b8 [LEADER]: Connected to new peer: Peer: permanent_uuid: "635c7c9bdbd54ab4a290fa2c1bc7e700" member_type: VOTER last_known_addr { host: "127.5.182.3" port: 39057 }, Status: LMP_MISMATCH, Last received: 0.0, Next index: 3, Last known committed idx: 2, Time since last communication: 0.000s
I20260713 09:01:09.656158  7486 consensus_queue.cc:1048] T 7ed86a40d5b341a89ea334650867ccce P afd91b64ba894c44a3b2c91bdf03f5b8 [LEADER]: Connected to new peer: Peer: permanent_uuid: "41cb997cc74349c095b6f8144a36ca6f" member_type: VOTER last_known_addr { host: "127.5.182.1" port: 39791 } attrs { replace: true }, Status: LMP_MISMATCH, Last received: 0.0, Next index: 3, Last known committed idx: 2, Time since last communication: 0.000s
I20260713 09:01:09.678785  7236 raft_consensus.cc:2955] T 7ed86a40d5b341a89ea334650867ccce P afd91b64ba894c44a3b2c91bdf03f5b8 [term 1 LEADER]: Committing config change with OpId 1.3: config changed from index 2 to 3, 575c19901b5c4eb381b3c700b711ca3b (127.5.182.4) changed from NON_VOTER to VOTER. New config: { opid_index: 3 OBSOLETE_local: false peers { permanent_uuid: "41cb997cc74349c095b6f8144a36ca6f" member_type: VOTER last_known_addr { host: "127.5.182.1" port: 39791 } attrs { replace: true } } peers { permanent_uuid: "afd91b64ba894c44a3b2c91bdf03f5b8" member_type: VOTER last_known_addr { host: "127.5.182.2" port: 46519 } } peers { permanent_uuid: "635c7c9bdbd54ab4a290fa2c1bc7e700" member_type: VOTER last_known_addr { host: "127.5.182.3" port: 39057 } } peers { permanent_uuid: "575c19901b5c4eb381b3c700b711ca3b" member_type: VOTER last_known_addr { host: "127.5.182.4" port: 36543 } attrs { promote: false } } }
I20260713 09:01:09.686844  7112 raft_consensus.cc:2955] T 7ed86a40d5b341a89ea334650867ccce P 635c7c9bdbd54ab4a290fa2c1bc7e700 [term 1 FOLLOWER]: Committing config change with OpId 1.3: config changed from index 2 to 3, 575c19901b5c4eb381b3c700b711ca3b (127.5.182.4) changed from NON_VOTER to VOTER. New config: { opid_index: 3 OBSOLETE_local: false peers { permanent_uuid: "41cb997cc74349c095b6f8144a36ca6f" member_type: VOTER last_known_addr { host: "127.5.182.1" port: 39791 } attrs { replace: true } } peers { permanent_uuid: "afd91b64ba894c44a3b2c91bdf03f5b8" member_type: VOTER last_known_addr { host: "127.5.182.2" port: 46519 } } peers { permanent_uuid: "635c7c9bdbd54ab4a290fa2c1bc7e700" member_type: VOTER last_known_addr { host: "127.5.182.3" port: 39057 } } peers { permanent_uuid: "575c19901b5c4eb381b3c700b711ca3b" member_type: VOTER last_known_addr { host: "127.5.182.4" port: 36543 } attrs { promote: false } } }
I20260713 09:01:09.689322  7531 raft_consensus.cc:1064] T 49ffd4f93362465f877a301ac4bafb1a P 635c7c9bdbd54ab4a290fa2c1bc7e700: attempting to promote NON_VOTER 575c19901b5c4eb381b3c700b711ca3b to VOTER
I20260713 09:01:09.691974  7531 consensus_queue.cc:237] T 49ffd4f93362465f877a301ac4bafb1a P 635c7c9bdbd54ab4a290fa2c1bc7e700 [LEADER]: Queue going to LEADER mode. State: All replicated index: 0, Majority replicated index: 2, Committed index: 2, Last appended: 1.2, Last appended by leader: 0, Current term: 1, Majority size: 3, State: 0, Mode: LEADER, active raft config: opid_index: 3 OBSOLETE_local: false peers { permanent_uuid: "41cb997cc74349c095b6f8144a36ca6f" member_type: VOTER last_known_addr { host: "127.5.182.1" port: 39791 } } peers { permanent_uuid: "afd91b64ba894c44a3b2c91bdf03f5b8" member_type: VOTER last_known_addr { host: "127.5.182.2" port: 46519 } attrs { replace: true } } peers { permanent_uuid: "635c7c9bdbd54ab4a290fa2c1bc7e700" member_type: VOTER last_known_addr { host: "127.5.182.3" port: 39057 } } peers { permanent_uuid: "575c19901b5c4eb381b3c700b711ca3b" member_type: VOTER last_known_addr { host: "127.5.182.4" port: 36543 } attrs { promote: false } }
I20260713 09:01:09.703908  6964 raft_consensus.cc:2955] T 7ed86a40d5b341a89ea334650867ccce P 41cb997cc74349c095b6f8144a36ca6f [term 1 FOLLOWER]: Committing config change with OpId 1.3: config changed from index 2 to 3, 575c19901b5c4eb381b3c700b711ca3b (127.5.182.4) changed from NON_VOTER to VOTER. New config: { opid_index: 3 OBSOLETE_local: false peers { permanent_uuid: "41cb997cc74349c095b6f8144a36ca6f" member_type: VOTER last_known_addr { host: "127.5.182.1" port: 39791 } attrs { replace: true } } peers { permanent_uuid: "afd91b64ba894c44a3b2c91bdf03f5b8" member_type: VOTER last_known_addr { host: "127.5.182.2" port: 46519 } } peers { permanent_uuid: "635c7c9bdbd54ab4a290fa2c1bc7e700" member_type: VOTER last_known_addr { host: "127.5.182.3" port: 39057 } } peers { permanent_uuid: "575c19901b5c4eb381b3c700b711ca3b" member_type: VOTER last_known_addr { host: "127.5.182.4" port: 36543 } attrs { promote: false } } }
I20260713 09:01:09.706794  6863 catalog_manager.cc:5697] T 7ed86a40d5b341a89ea334650867ccce P 635c7c9bdbd54ab4a290fa2c1bc7e700 reported cstate change: config changed from index 2 to 3, 575c19901b5c4eb381b3c700b711ca3b (127.5.182.4) changed from NON_VOTER to VOTER. New cstate: current_term: 1 leader_uuid: "afd91b64ba894c44a3b2c91bdf03f5b8" committed_config { opid_index: 3 OBSOLETE_local: false peers { permanent_uuid: "41cb997cc74349c095b6f8144a36ca6f" member_type: VOTER last_known_addr { host: "127.5.182.1" port: 39791 } attrs { replace: true } } peers { permanent_uuid: "afd91b64ba894c44a3b2c91bdf03f5b8" member_type: VOTER last_known_addr { host: "127.5.182.2" port: 46519 } } peers { permanent_uuid: "635c7c9bdbd54ab4a290fa2c1bc7e700" member_type: VOTER last_known_addr { host: "127.5.182.3" port: 39057 } } peers { permanent_uuid: "575c19901b5c4eb381b3c700b711ca3b" member_type: VOTER last_known_addr { host: "127.5.182.4" port: 36543 } attrs { promote: false } } }
I20260713 09:01:09.716226  7386 raft_consensus.cc:2955] T 7ed86a40d5b341a89ea334650867ccce P 575c19901b5c4eb381b3c700b711ca3b [term 1 FOLLOWER]: Committing config change with OpId 1.3: config changed from index 2 to 3, 575c19901b5c4eb381b3c700b711ca3b (127.5.182.4) changed from NON_VOTER to VOTER. New config: { opid_index: 3 OBSOLETE_local: false peers { permanent_uuid: "41cb997cc74349c095b6f8144a36ca6f" member_type: VOTER last_known_addr { host: "127.5.182.1" port: 39791 } attrs { replace: true } } peers { permanent_uuid: "afd91b64ba894c44a3b2c91bdf03f5b8" member_type: VOTER last_known_addr { host: "127.5.182.2" port: 46519 } } peers { permanent_uuid: "635c7c9bdbd54ab4a290fa2c1bc7e700" member_type: VOTER last_known_addr { host: "127.5.182.3" port: 39057 } } peers { permanent_uuid: "575c19901b5c4eb381b3c700b711ca3b" member_type: VOTER last_known_addr { host: "127.5.182.4" port: 36543 } attrs { promote: false } } }
I20260713 09:01:09.748193  7040 raft_consensus.cc:1275] T 49ffd4f93362465f877a301ac4bafb1a P afd91b64ba894c44a3b2c91bdf03f5b8 [term 1 FOLLOWER]: Refusing update from remote peer 635c7c9bdbd54ab4a290fa2c1bc7e700: Log matching property violated. Preceding OpId in replica: term: 1 index: 2. Preceding OpId from leader: term: 1 index: 3. (index mismatch)
I20260713 09:01:09.749539  6964 raft_consensus.cc:1275] T 49ffd4f93362465f877a301ac4bafb1a P 41cb997cc74349c095b6f8144a36ca6f [term 1 FOLLOWER]: Refusing update from remote peer 635c7c9bdbd54ab4a290fa2c1bc7e700: Log matching property violated. Preceding OpId in replica: term: 1 index: 2. Preceding OpId from leader: term: 1 index: 3. (index mismatch)
I20260713 09:01:09.749732  7534 consensus_queue.cc:1048] T 49ffd4f93362465f877a301ac4bafb1a P 635c7c9bdbd54ab4a290fa2c1bc7e700 [LEADER]: Connected to new peer: Peer: permanent_uuid: "afd91b64ba894c44a3b2c91bdf03f5b8" member_type: VOTER last_known_addr { host: "127.5.182.2" port: 46519 } attrs { replace: true }, Status: LMP_MISMATCH, Last received: 0.0, Next index: 3, Last known committed idx: 2, Time since last communication: 0.001s
I20260713 09:01:09.751142  7479 consensus_queue.cc:1048] T 49ffd4f93362465f877a301ac4bafb1a P 635c7c9bdbd54ab4a290fa2c1bc7e700 [LEADER]: Connected to new peer: Peer: permanent_uuid: "41cb997cc74349c095b6f8144a36ca6f" member_type: VOTER last_known_addr { host: "127.5.182.1" port: 39791 }, Status: LMP_MISMATCH, Last received: 0.0, Next index: 3, Last known committed idx: 2, Time since last communication: 0.000s
I20260713 09:01:09.749589  7386 raft_consensus.cc:1275] T 49ffd4f93362465f877a301ac4bafb1a P 575c19901b5c4eb381b3c700b711ca3b [term 1 LEARNER]: Refusing update from remote peer 635c7c9bdbd54ab4a290fa2c1bc7e700: Log matching property violated. Preceding OpId in replica: term: 1 index: 2. Preceding OpId from leader: term: 1 index: 3. (index mismatch)
I20260713 09:01:09.759912  7534 consensus_queue.cc:1048] T 49ffd4f93362465f877a301ac4bafb1a P 635c7c9bdbd54ab4a290fa2c1bc7e700 [LEADER]: Connected to new peer: Peer: permanent_uuid: "575c19901b5c4eb381b3c700b711ca3b" member_type: VOTER last_known_addr { host: "127.5.182.4" port: 36543 } attrs { promote: false }, Status: LMP_MISMATCH, Last received: 0.0, Next index: 3, Last known committed idx: 2, Time since last communication: 0.000s
I20260713 09:01:09.780905  7534 raft_consensus.cc:2955] T 49ffd4f93362465f877a301ac4bafb1a P 635c7c9bdbd54ab4a290fa2c1bc7e700 [term 1 LEADER]: Committing config change with OpId 1.3: config changed from index 2 to 3, 575c19901b5c4eb381b3c700b711ca3b (127.5.182.4) changed from NON_VOTER to VOTER. New config: { opid_index: 3 OBSOLETE_local: false peers { permanent_uuid: "41cb997cc74349c095b6f8144a36ca6f" member_type: VOTER last_known_addr { host: "127.5.182.1" port: 39791 } } peers { permanent_uuid: "afd91b64ba894c44a3b2c91bdf03f5b8" member_type: VOTER last_known_addr { host: "127.5.182.2" port: 46519 } attrs { replace: true } } peers { permanent_uuid: "635c7c9bdbd54ab4a290fa2c1bc7e700" member_type: VOTER last_known_addr { host: "127.5.182.3" port: 39057 } } peers { permanent_uuid: "575c19901b5c4eb381b3c700b711ca3b" member_type: VOTER last_known_addr { host: "127.5.182.4" port: 36543 } attrs { promote: false } } }
I20260713 09:01:09.782581  7387 raft_consensus.cc:2955] T 49ffd4f93362465f877a301ac4bafb1a P 575c19901b5c4eb381b3c700b711ca3b [term 1 FOLLOWER]: Committing config change with OpId 1.3: config changed from index 2 to 3, 575c19901b5c4eb381b3c700b711ca3b (127.5.182.4) changed from NON_VOTER to VOTER. New config: { opid_index: 3 OBSOLETE_local: false peers { permanent_uuid: "41cb997cc74349c095b6f8144a36ca6f" member_type: VOTER last_known_addr { host: "127.5.182.1" port: 39791 } } peers { permanent_uuid: "afd91b64ba894c44a3b2c91bdf03f5b8" member_type: VOTER last_known_addr { host: "127.5.182.2" port: 46519 } attrs { replace: true } } peers { permanent_uuid: "635c7c9bdbd54ab4a290fa2c1bc7e700" member_type: VOTER last_known_addr { host: "127.5.182.3" port: 39057 } } peers { permanent_uuid: "575c19901b5c4eb381b3c700b711ca3b" member_type: VOTER last_known_addr { host: "127.5.182.4" port: 36543 } attrs { promote: false } } }
I20260713 09:01:09.794219  6964 raft_consensus.cc:2955] T 49ffd4f93362465f877a301ac4bafb1a P 41cb997cc74349c095b6f8144a36ca6f [term 1 FOLLOWER]: Committing config change with OpId 1.3: config changed from index 2 to 3, 575c19901b5c4eb381b3c700b711ca3b (127.5.182.4) changed from NON_VOTER to VOTER. New config: { opid_index: 3 OBSOLETE_local: false peers { permanent_uuid: "41cb997cc74349c095b6f8144a36ca6f" member_type: VOTER last_known_addr { host: "127.5.182.1" port: 39791 } } peers { permanent_uuid: "afd91b64ba894c44a3b2c91bdf03f5b8" member_type: VOTER last_known_addr { host: "127.5.182.2" port: 46519 } attrs { replace: true } } peers { permanent_uuid: "635c7c9bdbd54ab4a290fa2c1bc7e700" member_type: VOTER last_known_addr { host: "127.5.182.3" port: 39057 } } peers { permanent_uuid: "575c19901b5c4eb381b3c700b711ca3b" member_type: VOTER last_known_addr { host: "127.5.182.4" port: 36543 } attrs { promote: false } } }
I20260713 09:01:09.804584  7040 raft_consensus.cc:2955] T 49ffd4f93362465f877a301ac4bafb1a P afd91b64ba894c44a3b2c91bdf03f5b8 [term 1 FOLLOWER]: Committing config change with OpId 1.3: config changed from index 2 to 3, 575c19901b5c4eb381b3c700b711ca3b (127.5.182.4) changed from NON_VOTER to VOTER. New config: { opid_index: 3 OBSOLETE_local: false peers { permanent_uuid: "41cb997cc74349c095b6f8144a36ca6f" member_type: VOTER last_known_addr { host: "127.5.182.1" port: 39791 } } peers { permanent_uuid: "afd91b64ba894c44a3b2c91bdf03f5b8" member_type: VOTER last_known_addr { host: "127.5.182.2" port: 46519 } attrs { replace: true } } peers { permanent_uuid: "635c7c9bdbd54ab4a290fa2c1bc7e700" member_type: VOTER last_known_addr { host: "127.5.182.3" port: 39057 } } peers { permanent_uuid: "575c19901b5c4eb381b3c700b711ca3b" member_type: VOTER last_known_addr { host: "127.5.182.4" port: 36543 } attrs { promote: false } } }
I20260713 09:01:09.817679  7038 consensus_queue.cc:237] T 7ed86a40d5b341a89ea334650867ccce P afd91b64ba894c44a3b2c91bdf03f5b8 [LEADER]: Queue going to LEADER mode. State: All replicated index: 0, Majority replicated index: 3, Committed index: 3, Last appended: 1.3, Last appended by leader: 0, Current term: 1, Majority size: 2, State: 0, Mode: LEADER, active raft config: opid_index: 4 OBSOLETE_local: false peers { permanent_uuid: "afd91b64ba894c44a3b2c91bdf03f5b8" member_type: VOTER last_known_addr { host: "127.5.182.2" port: 46519 } } peers { permanent_uuid: "635c7c9bdbd54ab4a290fa2c1bc7e700" member_type: VOTER last_known_addr { host: "127.5.182.3" port: 39057 } } peers { permanent_uuid: "575c19901b5c4eb381b3c700b711ca3b" member_type: VOTER last_known_addr { host: "127.5.182.4" port: 36543 } attrs { promote: false } }
I20260713 09:01:09.825852  6860 catalog_manager.cc:5697] T 49ffd4f93362465f877a301ac4bafb1a P 575c19901b5c4eb381b3c700b711ca3b reported cstate change: config changed from index 2 to 3, 575c19901b5c4eb381b3c700b711ca3b (127.5.182.4) changed from NON_VOTER to VOTER. New cstate: current_term: 1 leader_uuid: "635c7c9bdbd54ab4a290fa2c1bc7e700" committed_config { opid_index: 3 OBSOLETE_local: false peers { permanent_uuid: "41cb997cc74349c095b6f8144a36ca6f" member_type: VOTER last_known_addr { host: "127.5.182.1" port: 39791 } } peers { permanent_uuid: "afd91b64ba894c44a3b2c91bdf03f5b8" member_type: VOTER last_known_addr { host: "127.5.182.2" port: 46519 } attrs { replace: true } } peers { permanent_uuid: "635c7c9bdbd54ab4a290fa2c1bc7e700" member_type: VOTER last_known_addr { host: "127.5.182.3" port: 39057 } } peers { permanent_uuid: "575c19901b5c4eb381b3c700b711ca3b" member_type: VOTER last_known_addr { host: "127.5.182.4" port: 36543 } attrs { promote: false } } }
I20260713 09:01:09.840828  7112 raft_consensus.cc:1275] T 7ed86a40d5b341a89ea334650867ccce P 635c7c9bdbd54ab4a290fa2c1bc7e700 [term 1 FOLLOWER]: Refusing update from remote peer afd91b64ba894c44a3b2c91bdf03f5b8: Log matching property violated. Preceding OpId in replica: term: 1 index: 3. Preceding OpId from leader: term: 1 index: 4. (index mismatch)
I20260713 09:01:09.841091  7387 raft_consensus.cc:1275] T 7ed86a40d5b341a89ea334650867ccce P 575c19901b5c4eb381b3c700b711ca3b [term 1 FOLLOWER]: Refusing update from remote peer afd91b64ba894c44a3b2c91bdf03f5b8: Log matching property violated. Preceding OpId in replica: term: 1 index: 3. Preceding OpId from leader: term: 1 index: 4. (index mismatch)
I20260713 09:01:09.842361  7510 consensus_queue.cc:1048] T 7ed86a40d5b341a89ea334650867ccce P afd91b64ba894c44a3b2c91bdf03f5b8 [LEADER]: Connected to new peer: Peer: permanent_uuid: "635c7c9bdbd54ab4a290fa2c1bc7e700" member_type: VOTER last_known_addr { host: "127.5.182.3" port: 39057 }, Status: LMP_MISMATCH, Last received: 0.0, Next index: 4, Last known committed idx: 3, Time since last communication: 0.000s
I20260713 09:01:09.850409  7510 consensus_queue.cc:1048] T 7ed86a40d5b341a89ea334650867ccce P afd91b64ba894c44a3b2c91bdf03f5b8 [LEADER]: Connected to new peer: Peer: permanent_uuid: "575c19901b5c4eb381b3c700b711ca3b" member_type: VOTER last_known_addr { host: "127.5.182.4" port: 36543 } attrs { promote: false }, Status: LMP_MISMATCH, Last received: 0.0, Next index: 4, Last known committed idx: 3, Time since last communication: 0.000s
I20260713 09:01:09.854827  7236 raft_consensus.cc:2955] T 7ed86a40d5b341a89ea334650867ccce P afd91b64ba894c44a3b2c91bdf03f5b8 [term 1 LEADER]: Committing config change with OpId 1.4: config changed from index 3 to 4, VOTER 41cb997cc74349c095b6f8144a36ca6f (127.5.182.1) evicted. New config: { opid_index: 4 OBSOLETE_local: false peers { permanent_uuid: "afd91b64ba894c44a3b2c91bdf03f5b8" member_type: VOTER last_known_addr { host: "127.5.182.2" port: 46519 } } peers { permanent_uuid: "635c7c9bdbd54ab4a290fa2c1bc7e700" member_type: VOTER last_known_addr { host: "127.5.182.3" port: 39057 } } peers { permanent_uuid: "575c19901b5c4eb381b3c700b711ca3b" member_type: VOTER last_known_addr { host: "127.5.182.4" port: 36543 } attrs { promote: false } } }
I20260713 09:01:09.857097  7387 raft_consensus.cc:2955] T 7ed86a40d5b341a89ea334650867ccce P 575c19901b5c4eb381b3c700b711ca3b [term 1 FOLLOWER]: Committing config change with OpId 1.4: config changed from index 3 to 4, VOTER 41cb997cc74349c095b6f8144a36ca6f (127.5.182.1) evicted. New config: { opid_index: 4 OBSOLETE_local: false peers { permanent_uuid: "afd91b64ba894c44a3b2c91bdf03f5b8" member_type: VOTER last_known_addr { host: "127.5.182.2" port: 46519 } } peers { permanent_uuid: "635c7c9bdbd54ab4a290fa2c1bc7e700" member_type: VOTER last_known_addr { host: "127.5.182.3" port: 39057 } } peers { permanent_uuid: "575c19901b5c4eb381b3c700b711ca3b" member_type: VOTER last_known_addr { host: "127.5.182.4" port: 36543 } attrs { promote: false } } }
I20260713 09:01:09.870798  7112 consensus_queue.cc:237] T 49ffd4f93362465f877a301ac4bafb1a P 635c7c9bdbd54ab4a290fa2c1bc7e700 [LEADER]: Queue going to LEADER mode. State: All replicated index: 0, Majority replicated index: 3, Committed index: 3, Last appended: 1.3, Last appended by leader: 0, Current term: 1, Majority size: 2, State: 0, Mode: LEADER, active raft config: opid_index: 4 OBSOLETE_local: false peers { permanent_uuid: "41cb997cc74349c095b6f8144a36ca6f" member_type: VOTER last_known_addr { host: "127.5.182.1" port: 39791 } } peers { permanent_uuid: "635c7c9bdbd54ab4a290fa2c1bc7e700" member_type: VOTER last_known_addr { host: "127.5.182.3" port: 39057 } } peers { permanent_uuid: "575c19901b5c4eb381b3c700b711ca3b" member_type: VOTER last_known_addr { host: "127.5.182.4" port: 36543 } attrs { promote: false } }
I20260713 09:01:09.879402  6847 catalog_manager.cc:5210] ChangeConfig:REMOVE_PEER RPC for tablet 7ed86a40d5b341a89ea334650867ccce with cas_config_opid_index 3: ChangeConfig:REMOVE_PEER succeeded (attempt 1)
I20260713 09:01:09.883661  6860 catalog_manager.cc:5697] T 7ed86a40d5b341a89ea334650867ccce P 575c19901b5c4eb381b3c700b711ca3b reported cstate change: config changed from index 3 to 4, VOTER 41cb997cc74349c095b6f8144a36ca6f (127.5.182.1) evicted. New cstate: current_term: 1 leader_uuid: "afd91b64ba894c44a3b2c91bdf03f5b8" committed_config { opid_index: 4 OBSOLETE_local: false peers { permanent_uuid: "afd91b64ba894c44a3b2c91bdf03f5b8" member_type: VOTER last_known_addr { host: "127.5.182.2" port: 46519 } } peers { permanent_uuid: "635c7c9bdbd54ab4a290fa2c1bc7e700" member_type: VOTER last_known_addr { host: "127.5.182.3" port: 39057 } } peers { permanent_uuid: "575c19901b5c4eb381b3c700b711ca3b" member_type: VOTER last_known_addr { host: "127.5.182.4" port: 36543 } attrs { promote: false } } }
I20260713 09:01:09.891185  7114 raft_consensus.cc:2955] T 7ed86a40d5b341a89ea334650867ccce P 635c7c9bdbd54ab4a290fa2c1bc7e700 [term 1 FOLLOWER]: Committing config change with OpId 1.4: config changed from index 3 to 4, VOTER 41cb997cc74349c095b6f8144a36ca6f (127.5.182.1) evicted. New config: { opid_index: 4 OBSOLETE_local: false peers { permanent_uuid: "afd91b64ba894c44a3b2c91bdf03f5b8" member_type: VOTER last_known_addr { host: "127.5.182.2" port: 46519 } } peers { permanent_uuid: "635c7c9bdbd54ab4a290fa2c1bc7e700" member_type: VOTER last_known_addr { host: "127.5.182.3" port: 39057 } } peers { permanent_uuid: "575c19901b5c4eb381b3c700b711ca3b" member_type: VOTER last_known_addr { host: "127.5.182.4" port: 36543 } attrs { promote: false } } }
I20260713 09:01:09.897850  7387 raft_consensus.cc:1275] T 49ffd4f93362465f877a301ac4bafb1a P 575c19901b5c4eb381b3c700b711ca3b [term 1 FOLLOWER]: Refusing update from remote peer 635c7c9bdbd54ab4a290fa2c1bc7e700: Log matching property violated. Preceding OpId in replica: term: 1 index: 3. Preceding OpId from leader: term: 1 index: 4. (index mismatch)
I20260713 09:01:09.900348  6947 tablet_service.cc:1558] Processing DeleteTablet for tablet 7ed86a40d5b341a89ea334650867ccce with delete_type TABLET_DATA_TOMBSTONED (TS 41cb997cc74349c095b6f8144a36ca6f not found in new config with opid_index 4) from {username='slave'} at 127.0.0.1:37038
I20260713 09:01:09.900410  7534 consensus_queue.cc:1048] T 49ffd4f93362465f877a301ac4bafb1a P 635c7c9bdbd54ab4a290fa2c1bc7e700 [LEADER]: Connected to new peer: Peer: permanent_uuid: "575c19901b5c4eb381b3c700b711ca3b" member_type: VOTER last_known_addr { host: "127.5.182.4" port: 36543 } attrs { promote: false }, Status: LMP_MISMATCH, Last received: 0.0, Next index: 4, Last known committed idx: 3, Time since last communication: 0.000s
I20260713 09:01:09.905362  7549 raft_consensus.cc:1064] T 044fc10dbdeb4f079f9e4871b80809fe P afd91b64ba894c44a3b2c91bdf03f5b8: attempting to promote NON_VOTER 575c19901b5c4eb381b3c700b711ca3b to VOTER
I20260713 09:01:09.907893  7549 consensus_queue.cc:237] T 044fc10dbdeb4f079f9e4871b80809fe P afd91b64ba894c44a3b2c91bdf03f5b8 [LEADER]: Queue going to LEADER mode. State: All replicated index: 0, Majority replicated index: 2, Committed index: 2, Last appended: 1.2, Last appended by leader: 0, Current term: 1, Majority size: 3, State: 0, Mode: LEADER, active raft config: opid_index: 3 OBSOLETE_local: false peers { permanent_uuid: "41cb997cc74349c095b6f8144a36ca6f" member_type: VOTER last_known_addr { host: "127.5.182.1" port: 39791 } } peers { permanent_uuid: "afd91b64ba894c44a3b2c91bdf03f5b8" member_type: VOTER last_known_addr { host: "127.5.182.2" port: 46519 } } peers { permanent_uuid: "635c7c9bdbd54ab4a290fa2c1bc7e700" member_type: VOTER last_known_addr { host: "127.5.182.3" port: 39057 } attrs { replace: true } } peers { permanent_uuid: "575c19901b5c4eb381b3c700b711ca3b" member_type: VOTER last_known_addr { host: "127.5.182.4" port: 36543 } attrs { promote: false } }
I20260713 09:01:09.908629  7531 raft_consensus.cc:2955] T 49ffd4f93362465f877a301ac4bafb1a P 635c7c9bdbd54ab4a290fa2c1bc7e700 [term 1 LEADER]: Committing config change with OpId 1.4: config changed from index 3 to 4, VOTER afd91b64ba894c44a3b2c91bdf03f5b8 (127.5.182.2) evicted. New config: { opid_index: 4 OBSOLETE_local: false peers { permanent_uuid: "41cb997cc74349c095b6f8144a36ca6f" member_type: VOTER last_known_addr { host: "127.5.182.1" port: 39791 } } peers { permanent_uuid: "635c7c9bdbd54ab4a290fa2c1bc7e700" member_type: VOTER last_known_addr { host: "127.5.182.3" port: 39057 } } peers { permanent_uuid: "575c19901b5c4eb381b3c700b711ca3b" member_type: VOTER last_known_addr { host: "127.5.182.4" port: 36543 } attrs { promote: false } } }
I20260713 09:01:09.910828  7550 tablet_replica.cc:333] T 7ed86a40d5b341a89ea334650867ccce P 41cb997cc74349c095b6f8144a36ca6f: stopping tablet replica
I20260713 09:01:09.912093  7550 raft_consensus.cc:2243] T 7ed86a40d5b341a89ea334650867ccce P 41cb997cc74349c095b6f8144a36ca6f [term 1 FOLLOWER]: Raft consensus shutting down.
I20260713 09:01:09.914575  7550 raft_consensus.cc:2272] T 7ed86a40d5b341a89ea334650867ccce P 41cb997cc74349c095b6f8144a36ca6f [term 1 FOLLOWER]: Raft consensus is shut down!
I20260713 09:01:09.915436  7386 raft_consensus.cc:2955] T 49ffd4f93362465f877a301ac4bafb1a P 575c19901b5c4eb381b3c700b711ca3b [term 1 FOLLOWER]: Committing config change with OpId 1.4: config changed from index 3 to 4, VOTER afd91b64ba894c44a3b2c91bdf03f5b8 (127.5.182.2) evicted. New config: { opid_index: 4 OBSOLETE_local: false peers { permanent_uuid: "41cb997cc74349c095b6f8144a36ca6f" member_type: VOTER last_known_addr { host: "127.5.182.1" port: 39791 } } peers { permanent_uuid: "635c7c9bdbd54ab4a290fa2c1bc7e700" member_type: VOTER last_known_addr { host: "127.5.182.3" port: 39057 } } peers { permanent_uuid: "575c19901b5c4eb381b3c700b711ca3b" member_type: VOTER last_known_addr { host: "127.5.182.4" port: 36543 } attrs { promote: false } } }
I20260713 09:01:09.938488  7550 ts_tablet_manager.cc:1916] T 7ed86a40d5b341a89ea334650867ccce P 41cb997cc74349c095b6f8144a36ca6f: Deleting tablet data with delete state TABLET_DATA_TOMBSTONED
I20260713 09:01:09.947573  6964 raft_consensus.cc:1275] T 49ffd4f93362465f877a301ac4bafb1a P 41cb997cc74349c095b6f8144a36ca6f [term 1 FOLLOWER]: Refusing update from remote peer 635c7c9bdbd54ab4a290fa2c1bc7e700: Log matching property violated. Preceding OpId in replica: term: 1 index: 3. Preceding OpId from leader: term: 1 index: 4. (index mismatch)
I20260713 09:01:09.949453  7545 consensus_queue.cc:1048] T 49ffd4f93362465f877a301ac4bafb1a P 635c7c9bdbd54ab4a290fa2c1bc7e700 [LEADER]: Connected to new peer: Peer: permanent_uuid: "41cb997cc74349c095b6f8144a36ca6f" member_type: VOTER last_known_addr { host: "127.5.182.1" port: 39791 }, Status: LMP_MISMATCH, Last received: 0.0, Next index: 4, Last known committed idx: 3, Time since last communication: 0.001s
I20260713 09:01:09.953737  6849 catalog_manager.cc:5210] ChangeConfig:REMOVE_PEER RPC for tablet 49ffd4f93362465f877a301ac4bafb1a with cas_config_opid_index 3: ChangeConfig:REMOVE_PEER succeeded (attempt 1)
I20260713 09:01:09.954876  6961 raft_consensus.cc:2955] T 49ffd4f93362465f877a301ac4bafb1a P 41cb997cc74349c095b6f8144a36ca6f [term 1 FOLLOWER]: Committing config change with OpId 1.4: config changed from index 3 to 4, VOTER afd91b64ba894c44a3b2c91bdf03f5b8 (127.5.182.2) evicted. New config: { opid_index: 4 OBSOLETE_local: false peers { permanent_uuid: "41cb997cc74349c095b6f8144a36ca6f" member_type: VOTER last_known_addr { host: "127.5.182.1" port: 39791 } } peers { permanent_uuid: "635c7c9bdbd54ab4a290fa2c1bc7e700" member_type: VOTER last_known_addr { host: "127.5.182.3" port: 39057 } } peers { permanent_uuid: "575c19901b5c4eb381b3c700b711ca3b" member_type: VOTER last_known_addr { host: "127.5.182.4" port: 36543 } attrs { promote: false } } }
I20260713 09:01:09.962464  6859 catalog_manager.cc:5697] T 49ffd4f93362465f877a301ac4bafb1a P 635c7c9bdbd54ab4a290fa2c1bc7e700 reported cstate change: config changed from index 3 to 4, VOTER afd91b64ba894c44a3b2c91bdf03f5b8 (127.5.182.2) evicted. New cstate: current_term: 1 leader_uuid: "635c7c9bdbd54ab4a290fa2c1bc7e700" committed_config { opid_index: 4 OBSOLETE_local: false peers { permanent_uuid: "41cb997cc74349c095b6f8144a36ca6f" member_type: VOTER last_known_addr { host: "127.5.182.1" port: 39791 } health_report { overall_health: UNKNOWN } } peers { permanent_uuid: "635c7c9bdbd54ab4a290fa2c1bc7e700" member_type: VOTER last_known_addr { host: "127.5.182.3" port: 39057 } health_report { overall_health: HEALTHY } } peers { permanent_uuid: "575c19901b5c4eb381b3c700b711ca3b" member_type: VOTER last_known_addr { host: "127.5.182.4" port: 36543 } attrs { promote: false } health_report { overall_health: HEALTHY } } }
I20260713 09:01:09.977240  7026 tablet_service.cc:1558] Processing DeleteTablet for tablet 49ffd4f93362465f877a301ac4bafb1a with delete_type TABLET_DATA_TOMBSTONED (TS afd91b64ba894c44a3b2c91bdf03f5b8 not found in new config with opid_index 4) from {username='slave'} at 127.0.0.1:54478
I20260713 09:01:09.993104  7114 raft_consensus.cc:1275] T 044fc10dbdeb4f079f9e4871b80809fe P 635c7c9bdbd54ab4a290fa2c1bc7e700 [term 1 FOLLOWER]: Refusing update from remote peer afd91b64ba894c44a3b2c91bdf03f5b8: Log matching property violated. Preceding OpId in replica: term: 1 index: 2. Preceding OpId from leader: term: 1 index: 3. (index mismatch)
I20260713 09:01:09.994475  6961 raft_consensus.cc:1275] T 044fc10dbdeb4f079f9e4871b80809fe P 41cb997cc74349c095b6f8144a36ca6f [term 1 FOLLOWER]: Refusing update from remote peer afd91b64ba894c44a3b2c91bdf03f5b8: Log matching property violated. Preceding OpId in replica: term: 1 index: 2. Preceding OpId from leader: term: 1 index: 3. (index mismatch)
I20260713 09:01:09.994421  7386 raft_consensus.cc:1275] T 044fc10dbdeb4f079f9e4871b80809fe P 575c19901b5c4eb381b3c700b711ca3b [term 1 LEARNER]: Refusing update from remote peer afd91b64ba894c44a3b2c91bdf03f5b8: Log matching property violated. Preceding OpId in replica: term: 1 index: 2. Preceding OpId from leader: term: 1 index: 3. (index mismatch)
I20260713 09:01:09.996197  7486 consensus_queue.cc:1048] T 044fc10dbdeb4f079f9e4871b80809fe P afd91b64ba894c44a3b2c91bdf03f5b8 [LEADER]: Connected to new peer: Peer: permanent_uuid: "635c7c9bdbd54ab4a290fa2c1bc7e700" member_type: VOTER last_known_addr { host: "127.5.182.3" port: 39057 } attrs { replace: true }, Status: LMP_MISMATCH, Last received: 0.0, Next index: 3, Last known committed idx: 2, Time since last communication: 0.000s
I20260713 09:01:09.997699  7510 consensus_queue.cc:1048] T 044fc10dbdeb4f079f9e4871b80809fe P afd91b64ba894c44a3b2c91bdf03f5b8 [LEADER]: Connected to new peer: Peer: permanent_uuid: "41cb997cc74349c095b6f8144a36ca6f" member_type: VOTER last_known_addr { host: "127.5.182.1" port: 39791 }, Status: LMP_MISMATCH, Last received: 0.0, Next index: 3, Last known committed idx: 2, Time since last communication: 0.000s
I20260713 09:01:09.998517  7550 ts_tablet_manager.cc:1929] T 7ed86a40d5b341a89ea334650867ccce P 41cb997cc74349c095b6f8144a36ca6f: tablet deleted with delete type TABLET_DATA_TOMBSTONED: last-logged OpId 1.3
I20260713 09:01:09.998917  7550 log.cc:1199] T 7ed86a40d5b341a89ea334650867ccce P 41cb997cc74349c095b6f8144a36ca6f: Deleting WAL directory at /tmp/dist-test-task7Bh0wT/test-tmp/auto_leader_rebalancer-test.0.LeaderRebalancerTest.AddTserver.1783933236531371-5848-0/minicluster-data/ts-0-root/wals/7ed86a40d5b341a89ea334650867ccce
I20260713 09:01:09.999416  7510 consensus_queue.cc:1048] T 044fc10dbdeb4f079f9e4871b80809fe P afd91b64ba894c44a3b2c91bdf03f5b8 [LEADER]: Connected to new peer: Peer: permanent_uuid: "575c19901b5c4eb381b3c700b711ca3b" member_type: VOTER last_known_addr { host: "127.5.182.4" port: 36543 } attrs { promote: false }, Status: LMP_MISMATCH, Last received: 0.0, Next index: 3, Last known committed idx: 2, Time since last communication: 0.001s
I20260713 09:01:10.000540  6850 catalog_manager.cc:5028] TS 41cb997cc74349c095b6f8144a36ca6f (127.5.182.1:39791): tablet 7ed86a40d5b341a89ea334650867ccce (table test-workload [id=b90bc3ed48504b18822ea2e5ede01308]) successfully deleted
I20260713 09:01:10.002473  7552 tablet_replica.cc:333] T 49ffd4f93362465f877a301ac4bafb1a P afd91b64ba894c44a3b2c91bdf03f5b8: stopping tablet replica
I20260713 09:01:10.003494  7552 raft_consensus.cc:2243] T 49ffd4f93362465f877a301ac4bafb1a P afd91b64ba894c44a3b2c91bdf03f5b8 [term 1 FOLLOWER]: Raft consensus shutting down.
I20260713 09:01:10.004452  7552 raft_consensus.cc:2272] T 49ffd4f93362465f877a301ac4bafb1a P afd91b64ba894c44a3b2c91bdf03f5b8 [term 1 FOLLOWER]: Raft consensus is shut down!
I20260713 09:01:10.009899  7552 ts_tablet_manager.cc:1916] T 49ffd4f93362465f877a301ac4bafb1a P afd91b64ba894c44a3b2c91bdf03f5b8: Deleting tablet data with delete state TABLET_DATA_TOMBSTONED
I20260713 09:01:10.023679  7549 raft_consensus.cc:2955] T 044fc10dbdeb4f079f9e4871b80809fe P afd91b64ba894c44a3b2c91bdf03f5b8 [term 1 LEADER]: Committing config change with OpId 1.3: config changed from index 2 to 3, 575c19901b5c4eb381b3c700b711ca3b (127.5.182.4) changed from NON_VOTER to VOTER. New config: { opid_index: 3 OBSOLETE_local: false peers { permanent_uuid: "41cb997cc74349c095b6f8144a36ca6f" member_type: VOTER last_known_addr { host: "127.5.182.1" port: 39791 } } peers { permanent_uuid: "afd91b64ba894c44a3b2c91bdf03f5b8" member_type: VOTER last_known_addr { host: "127.5.182.2" port: 46519 } } peers { permanent_uuid: "635c7c9bdbd54ab4a290fa2c1bc7e700" member_type: VOTER last_known_addr { host: "127.5.182.3" port: 39057 } attrs { replace: true } } peers { permanent_uuid: "575c19901b5c4eb381b3c700b711ca3b" member_type: VOTER last_known_addr { host: "127.5.182.4" port: 36543 } attrs { promote: false } } }
