dest_uuid: "74ccec8b0cf94d67addbb669dc25a8b5"
 from {username='slave'} at 127.0.0.1:59680
I20260713 09:00:51.828027  6471 raft_consensus.cc:493] T d7747a593cc64d09bf84f56a831e5a6a P 74ccec8b0cf94d67addbb669dc25a8b5 [term 1 FOLLOWER]: Starting forced leader election (received explicit request)
I20260713 09:00:51.828315  6471 raft_consensus.cc:3060] T d7747a593cc64d09bf84f56a831e5a6a P 74ccec8b0cf94d67addbb669dc25a8b5 [term 1 FOLLOWER]: Advancing to term 2
I20260713 09:00:51.833962  6700 raft_consensus.cc:993] T df0bf903270a472084dba6fb148c858a P b072966b8a1545e4a138a21ff24cc248: : Instructing follower 9520462e683f4479af1b132b282c2c10 to start an election
I20260713 09:00:51.833838  6471 raft_consensus.cc:515] T d7747a593cc64d09bf84f56a831e5a6a P 74ccec8b0cf94d67addbb669dc25a8b5 [term 2 FOLLOWER]: Starting forced leader election with config: opid_index: -1 OBSOLETE_local: false peers { permanent_uuid: "74ccec8b0cf94d67addbb669dc25a8b5" member_type: VOTER last_known_addr { host: "127.5.182.1" port: 38095 } } peers { permanent_uuid: "9520462e683f4479af1b132b282c2c10" member_type: VOTER last_known_addr { host: "127.5.182.2" port: 41867 } } peers { permanent_uuid: "b072966b8a1545e4a138a21ff24cc248" member_type: VOTER last_known_addr { host: "127.5.182.3" port: 37727 } }
I20260713 09:00:51.834432  6750 raft_consensus.cc:1081] T df0bf903270a472084dba6fb148c858a P b072966b8a1545e4a138a21ff24cc248 [term 1 LEADER]: Signalling peer 9520462e683f4479af1b132b282c2c10 to start an election
I20260713 09:00:51.835813  6471 leader_election.cc:290] T d7747a593cc64d09bf84f56a831e5a6a P 74ccec8b0cf94d67addbb669dc25a8b5 [CANDIDATE]: Term 2 election: Requested vote from peers 9520462e683f4479af1b132b282c2c10 (127.5.182.2:41867), b072966b8a1545e4a138a21ff24cc248 (127.5.182.3:37727)
I20260713 09:00:51.836810  6618 tablet_service.cc:1917] Received RequestConsensusVote() RPC: tablet_id: "d7747a593cc64d09bf84f56a831e5a6a" candidate_uuid: "74ccec8b0cf94d67addbb669dc25a8b5" candidate_term: 2 candidate_status { last_received { term: 1 index: 1 } } ignore_live_leader: true dest_uuid: "b072966b8a1545e4a138a21ff24cc248"
I20260713 09:00:51.836820  6546 tablet_service.cc:1917] Received RequestConsensusVote() RPC: tablet_id: "d7747a593cc64d09bf84f56a831e5a6a" candidate_uuid: "74ccec8b0cf94d67addbb669dc25a8b5" candidate_term: 2 candidate_status { last_received { term: 1 index: 1 } } ignore_live_leader: true dest_uuid: "9520462e683f4479af1b132b282c2c10"
I20260713 09:00:51.837463  6618 raft_consensus.cc:3060] T d7747a593cc64d09bf84f56a831e5a6a P b072966b8a1545e4a138a21ff24cc248 [term 1 FOLLOWER]: Advancing to term 2
I20260713 09:00:51.837495  6546 raft_consensus.cc:3055] T d7747a593cc64d09bf84f56a831e5a6a P 9520462e683f4479af1b132b282c2c10 [term 1 LEADER]: Stepping down as leader of term 1
I20260713 09:00:51.837947  6546 raft_consensus.cc:740] T d7747a593cc64d09bf84f56a831e5a6a P 9520462e683f4479af1b132b282c2c10 [term 1 LEADER]: Becoming Follower/Learner. State: Replica: 9520462e683f4479af1b132b282c2c10, State: Running, Role: LEADER
I20260713 09:00:51.838764  6546 consensus_queue.cc:260] T d7747a593cc64d09bf84f56a831e5a6a P 9520462e683f4479af1b132b282c2c10 [NON_LEADER]: Queue going to NON_LEADER mode. State: All replicated index: 0, Majority replicated index: 1, Committed index: 1, Last appended: 1.1, Last appended by leader: 1, Current term: 1, Majority size: -1, State: 0, Mode: NON_LEADER, active raft config: opid_index: -1 OBSOLETE_local: false peers { permanent_uuid: "74ccec8b0cf94d67addbb669dc25a8b5" member_type: VOTER last_known_addr { host: "127.5.182.1" port: 38095 } } peers { permanent_uuid: "9520462e683f4479af1b132b282c2c10" member_type: VOTER last_known_addr { host: "127.5.182.2" port: 41867 } } peers { permanent_uuid: "b072966b8a1545e4a138a21ff24cc248" member_type: VOTER last_known_addr { host: "127.5.182.3" port: 37727 } }
I20260713 09:00:51.839912  6546 raft_consensus.cc:3060] T d7747a593cc64d09bf84f56a831e5a6a P 9520462e683f4479af1b132b282c2c10 [term 1 FOLLOWER]: Advancing to term 2
I20260713 09:00:51.840726  6547 tablet_service.cc:2044] Received Run Leader Election RPC: tablet_id: "df0bf903270a472084dba6fb148c858a"
dest_uuid: "9520462e683f4479af1b132b282c2c10"
 from {username='slave'} at 127.0.0.1:54956
I20260713 09:00:51.841288  6547 raft_consensus.cc:493] T df0bf903270a472084dba6fb148c858a P 9520462e683f4479af1b132b282c2c10 [term 1 FOLLOWER]: Starting forced leader election (received explicit request)
I20260713 09:00:51.841694  6547 raft_consensus.cc:3060] T df0bf903270a472084dba6fb148c858a P 9520462e683f4479af1b132b282c2c10 [term 1 FOLLOWER]: Advancing to term 2
I20260713 09:00:51.844398  6618 raft_consensus.cc:2468] T d7747a593cc64d09bf84f56a831e5a6a P b072966b8a1545e4a138a21ff24cc248 [term 2 FOLLOWER]: Leader election vote request: Granting yes vote for candidate 74ccec8b0cf94d67addbb669dc25a8b5 in term 2.
I20260713 09:00:51.845660  6435 leader_election.cc:304] T d7747a593cc64d09bf84f56a831e5a6a P 74ccec8b0cf94d67addbb669dc25a8b5 [CANDIDATE]: Term 2 election: Election decided. Result: candidate won. Election summary: received 2 responses out of 3 voters: 2 yes votes; 0 no votes. yes voters: 74ccec8b0cf94d67addbb669dc25a8b5, b072966b8a1545e4a138a21ff24cc248; no voters: 
I20260713 09:00:51.846464  6669 raft_consensus.cc:2804] T d7747a593cc64d09bf84f56a831e5a6a P 74ccec8b0cf94d67addbb669dc25a8b5 [term 2 FOLLOWER]: Leader election won for term 2
I20260713 09:00:51.846596  6546 raft_consensus.cc:2468] T d7747a593cc64d09bf84f56a831e5a6a P 9520462e683f4479af1b132b282c2c10 [term 2 FOLLOWER]: Leader election vote request: Granting yes vote for candidate 74ccec8b0cf94d67addbb669dc25a8b5 in term 2.
I20260713 09:00:51.847064  6669 raft_consensus.cc:697] T d7747a593cc64d09bf84f56a831e5a6a P 74ccec8b0cf94d67addbb669dc25a8b5 [term 2 LEADER]: Becoming Leader. State: Replica: 74ccec8b0cf94d67addbb669dc25a8b5, State: Running, Role: LEADER
I20260713 09:00:51.846817  6547 raft_consensus.cc:515] T df0bf903270a472084dba6fb148c858a P 9520462e683f4479af1b132b282c2c10 [term 2 FOLLOWER]: Starting forced leader election with config: opid_index: -1 OBSOLETE_local: false peers { permanent_uuid: "74ccec8b0cf94d67addbb669dc25a8b5" member_type: VOTER last_known_addr { host: "127.5.182.1" port: 38095 } } peers { permanent_uuid: "9520462e683f4479af1b132b282c2c10" member_type: VOTER last_known_addr { host: "127.5.182.2" port: 41867 } } peers { permanent_uuid: "b072966b8a1545e4a138a21ff24cc248" member_type: VOTER last_known_addr { host: "127.5.182.3" port: 37727 } }
I20260713 09:00:51.847956  6669 consensus_queue.cc:237] T d7747a593cc64d09bf84f56a831e5a6a P 74ccec8b0cf94d67addbb669dc25a8b5 [LEADER]: Queue going to LEADER mode. State: All replicated index: 0, Majority replicated index: 1, Committed index: 1, Last appended: 1.1, Last appended by leader: 1, Current term: 2, Majority size: 2, State: 0, Mode: LEADER, active raft config: opid_index: -1 OBSOLETE_local: false peers { permanent_uuid: "74ccec8b0cf94d67addbb669dc25a8b5" member_type: VOTER last_known_addr { host: "127.5.182.1" port: 38095 } } peers { permanent_uuid: "9520462e683f4479af1b132b282c2c10" member_type: VOTER last_known_addr { host: "127.5.182.2" port: 41867 } } peers { permanent_uuid: "b072966b8a1545e4a138a21ff24cc248" member_type: VOTER last_known_addr { host: "127.5.182.3" port: 37727 } }
I20260713 09:00:51.849105  6547 leader_election.cc:290] T df0bf903270a472084dba6fb148c858a P 9520462e683f4479af1b132b282c2c10 [CANDIDATE]: Term 2 election: Requested vote from peers 74ccec8b0cf94d67addbb669dc25a8b5 (127.5.182.1:38095), b072966b8a1545e4a138a21ff24cc248 (127.5.182.3:37727)
I20260713 09:00:51.849723  6471 tablet_service.cc:1917] Received RequestConsensusVote() RPC: tablet_id: "df0bf903270a472084dba6fb148c858a" candidate_uuid: "9520462e683f4479af1b132b282c2c10" candidate_term: 2 candidate_status { last_received { term: 1 index: 1 } } ignore_live_leader: true dest_uuid: "74ccec8b0cf94d67addbb669dc25a8b5"
I20260713 09:00:51.850247  6471 raft_consensus.cc:3060] T df0bf903270a472084dba6fb148c858a P 74ccec8b0cf94d67addbb669dc25a8b5 [term 1 FOLLOWER]: Advancing to term 2
I20260713 09:00:51.850865  6618 tablet_service.cc:1917] Received RequestConsensusVote() RPC: tablet_id: "df0bf903270a472084dba6fb148c858a" candidate_uuid: "9520462e683f4479af1b132b282c2c10" candidate_term: 2 candidate_status { last_received { term: 1 index: 1 } } ignore_live_leader: true dest_uuid: "b072966b8a1545e4a138a21ff24cc248"
I20260713 09:00:51.851438  6618 raft_consensus.cc:3055] T df0bf903270a472084dba6fb148c858a P b072966b8a1545e4a138a21ff24cc248 [term 1 LEADER]: Stepping down as leader of term 1
I20260713 09:00:51.851790  6618 raft_consensus.cc:740] T df0bf903270a472084dba6fb148c858a P b072966b8a1545e4a138a21ff24cc248 [term 1 LEADER]: Becoming Follower/Learner. State: Replica: b072966b8a1545e4a138a21ff24cc248, State: Running, Role: LEADER
I20260713 09:00:51.852662  6618 consensus_queue.cc:260] T df0bf903270a472084dba6fb148c858a P b072966b8a1545e4a138a21ff24cc248 [NON_LEADER]: Queue going to NON_LEADER mode. State: All replicated index: 0, Majority replicated index: 1, Committed index: 1, Last appended: 1.1, Last appended by leader: 1, Current term: 1, Majority size: -1, State: 0, Mode: NON_LEADER, active raft config: opid_index: -1 OBSOLETE_local: false peers { permanent_uuid: "74ccec8b0cf94d67addbb669dc25a8b5" member_type: VOTER last_known_addr { host: "127.5.182.1" port: 38095 } } peers { permanent_uuid: "9520462e683f4479af1b132b282c2c10" member_type: VOTER last_known_addr { host: "127.5.182.2" port: 41867 } } peers { permanent_uuid: "b072966b8a1545e4a138a21ff24cc248" member_type: VOTER last_known_addr { host: "127.5.182.3" port: 37727 } }
I20260713 09:00:51.854022  6618 raft_consensus.cc:3060] T df0bf903270a472084dba6fb148c858a P b072966b8a1545e4a138a21ff24cc248 [term 1 FOLLOWER]: Advancing to term 2
I20260713 09:00:51.856781  6471 raft_consensus.cc:2468] T df0bf903270a472084dba6fb148c858a P 74ccec8b0cf94d67addbb669dc25a8b5 [term 2 FOLLOWER]: Leader election vote request: Granting yes vote for candidate 9520462e683f4479af1b132b282c2c10 in term 2.
I20260713 09:00:51.856685  6367 catalog_manager.cc:5697] T d7747a593cc64d09bf84f56a831e5a6a P 74ccec8b0cf94d67addbb669dc25a8b5 reported cstate change: term changed from 1 to 2, leader changed from 9520462e683f4479af1b132b282c2c10 (127.5.182.2) to 74ccec8b0cf94d67addbb669dc25a8b5 (127.5.182.1). New cstate: current_term: 2 leader_uuid: "74ccec8b0cf94d67addbb669dc25a8b5" committed_config { opid_index: -1 OBSOLETE_local: false peers { permanent_uuid: "74ccec8b0cf94d67addbb669dc25a8b5" member_type: VOTER last_known_addr { host: "127.5.182.1" port: 38095 } health_report { overall_health: HEALTHY } } peers { permanent_uuid: "9520462e683f4479af1b132b282c2c10" member_type: VOTER last_known_addr { host: "127.5.182.2" port: 41867 } health_report { overall_health: UNKNOWN } } peers { permanent_uuid: "b072966b8a1545e4a138a21ff24cc248" member_type: VOTER last_known_addr { host: "127.5.182.3" port: 37727 } health_report { overall_health: UNKNOWN } } }
I20260713 09:00:51.857882  6510 leader_election.cc:304] T df0bf903270a472084dba6fb148c858a P 9520462e683f4479af1b132b282c2c10 [CANDIDATE]: Term 2 election: Election decided. Result: candidate won. Election summary: received 2 responses out of 3 voters: 2 yes votes; 0 no votes. yes voters: 74ccec8b0cf94d67addbb669dc25a8b5, 9520462e683f4479af1b132b282c2c10; no voters: 
I20260713 09:00:51.858644  6670 raft_consensus.cc:2804] T df0bf903270a472084dba6fb148c858a P 9520462e683f4479af1b132b282c2c10 [term 2 FOLLOWER]: Leader election won for term 2
I20260713 09:00:51.859078  6670 raft_consensus.cc:697] T df0bf903270a472084dba6fb148c858a P 9520462e683f4479af1b132b282c2c10 [term 2 LEADER]: Becoming Leader. State: Replica: 9520462e683f4479af1b132b282c2c10, State: Running, Role: LEADER
I20260713 09:00:51.859848  6670 consensus_queue.cc:237] T df0bf903270a472084dba6fb148c858a P 9520462e683f4479af1b132b282c2c10 [LEADER]: Queue going to LEADER mode. State: All replicated index: 0, Majority replicated index: 1, Committed index: 1, Last appended: 1.1, Last appended by leader: 1, Current term: 2, Majority size: 2, State: 0, Mode: LEADER, active raft config: opid_index: -1 OBSOLETE_local: false peers { permanent_uuid: "74ccec8b0cf94d67addbb669dc25a8b5" member_type: VOTER last_known_addr { host: "127.5.182.1" port: 38095 } } peers { permanent_uuid: "9520462e683f4479af1b132b282c2c10" member_type: VOTER last_known_addr { host: "127.5.182.2" port: 41867 } } peers { permanent_uuid: "b072966b8a1545e4a138a21ff24cc248" member_type: VOTER last_known_addr { host: "127.5.182.3" port: 37727 } }
I20260713 09:00:51.863961  6618 raft_consensus.cc:2468] T df0bf903270a472084dba6fb148c858a P b072966b8a1545e4a138a21ff24cc248 [term 2 FOLLOWER]: Leader election vote request: Granting yes vote for candidate 9520462e683f4479af1b132b282c2c10 in term 2.
I20260713 09:00:51.867707  6367 catalog_manager.cc:5697] T df0bf903270a472084dba6fb148c858a P 9520462e683f4479af1b132b282c2c10 reported cstate change: term changed from 1 to 2, leader changed from b072966b8a1545e4a138a21ff24cc248 (127.5.182.3) to 9520462e683f4479af1b132b282c2c10 (127.5.182.2). New cstate: current_term: 2 leader_uuid: "9520462e683f4479af1b132b282c2c10" committed_config { opid_index: -1 OBSOLETE_local: false peers { permanent_uuid: "74ccec8b0cf94d67addbb669dc25a8b5" member_type: VOTER last_known_addr { host: "127.5.182.1" port: 38095 } health_report { overall_health: UNKNOWN } } peers { permanent_uuid: "9520462e683f4479af1b132b282c2c10" member_type: VOTER last_known_addr { host: "127.5.182.2" port: 41867 } health_report { overall_health: HEALTHY } } peers { permanent_uuid: "b072966b8a1545e4a138a21ff24cc248" member_type: VOTER last_known_addr { host: "127.5.182.3" port: 37727 } health_report { overall_health: UNKNOWN } } }
I20260713 09:00:51.957312  6471 raft_consensus.cc:1275] T f230c97e85fc4f06a37bb9c25e9cf897 P 74ccec8b0cf94d67addbb669dc25a8b5 [term 2 FOLLOWER]: Refusing update from remote peer b072966b8a1545e4a138a21ff24cc248: Log matching property violated. Preceding OpId in replica: term: 1 index: 1. Preceding OpId from leader: term: 2 index: 2. (index mismatch)
I20260713 09:00:51.958513  6750 consensus_queue.cc:1048] T f230c97e85fc4f06a37bb9c25e9cf897 P b072966b8a1545e4a138a21ff24cc248 [LEADER]: Connected to new peer: Peer: permanent_uuid: "74ccec8b0cf94d67addbb669dc25a8b5" member_type: VOTER last_known_addr { host: "127.5.182.1" port: 38095 }, Status: LMP_MISMATCH, Last received: 0.0, Next index: 2, Last known committed idx: 1, Time since last communication: 0.000s
I20260713 09:00:51.968523  6547 raft_consensus.cc:1275] T f230c97e85fc4f06a37bb9c25e9cf897 P 9520462e683f4479af1b132b282c2c10 [term 2 FOLLOWER]: Refusing update from remote peer b072966b8a1545e4a138a21ff24cc248: Log matching property violated. Preceding OpId in replica: term: 1 index: 1. Preceding OpId from leader: term: 2 index: 2. (index mismatch)
I20260713 09:00:51.970144  6753 consensus_queue.cc:1048] T f230c97e85fc4f06a37bb9c25e9cf897 P b072966b8a1545e4a138a21ff24cc248 [LEADER]: Connected to new peer: Peer: permanent_uuid: "9520462e683f4479af1b132b282c2c10" member_type: VOTER last_known_addr { host: "127.5.182.2" port: 41867 }, Status: LMP_MISMATCH, Last received: 0.0, Next index: 2, Last known committed idx: 1, Time since last communication: 0.000s
I20260713 09:00:51.971017  6618 raft_consensus.cc:1275] T 965cd9b4faf844eb9864f3e926d689e0 P b072966b8a1545e4a138a21ff24cc248 [term 2 FOLLOWER]: Refusing update from remote peer 74ccec8b0cf94d67addbb669dc25a8b5: Log matching property violated. Preceding OpId in replica: term: 1 index: 1. Preceding OpId from leader: term: 2 index: 2. (index mismatch)
I20260713 09:00:51.974895  6546 raft_consensus.cc:1275] T 9f9ca6dd1d9a4891b8d572d3451e9bd4 P 9520462e683f4479af1b132b282c2c10 [term 2 FOLLOWER]: Refusing update from remote peer 74ccec8b0cf94d67addbb669dc25a8b5: Log matching property violated. Preceding OpId in replica: term: 1 index: 1. Preceding OpId from leader: term: 2 index: 2. (index mismatch)
I20260713 09:00:51.976248  6669 consensus_queue.cc:1048] T 965cd9b4faf844eb9864f3e926d689e0 P 74ccec8b0cf94d67addbb669dc25a8b5 [LEADER]: Connected to new peer: Peer: permanent_uuid: "b072966b8a1545e4a138a21ff24cc248" member_type: VOTER last_known_addr { host: "127.5.182.3" port: 37727 }, Status: LMP_MISMATCH, Last received: 0.0, Next index: 2, Last known committed idx: 1, Time since last communication: 0.000s
I20260713 09:00:51.977519  6703 consensus_queue.cc:1048] T 9f9ca6dd1d9a4891b8d572d3451e9bd4 P 74ccec8b0cf94d67addbb669dc25a8b5 [LEADER]: Connected to new peer: Peer: permanent_uuid: "9520462e683f4479af1b132b282c2c10" member_type: VOTER last_known_addr { host: "127.5.182.2" port: 41867 }, Status: LMP_MISMATCH, Last received: 0.0, Next index: 2, Last known committed idx: 1, Time since last communication: 0.000s
I20260713 09:00:51.991394  6619 raft_consensus.cc:1275] T 9f9ca6dd1d9a4891b8d572d3451e9bd4 P b072966b8a1545e4a138a21ff24cc248 [term 2 FOLLOWER]: Refusing update from remote peer 74ccec8b0cf94d67addbb669dc25a8b5: Log matching property violated. Preceding OpId in replica: term: 1 index: 1. Preceding OpId from leader: term: 2 index: 2. (index mismatch)
I20260713 09:00:51.991479  6547 raft_consensus.cc:1275] T 965cd9b4faf844eb9864f3e926d689e0 P 9520462e683f4479af1b132b282c2c10 [term 2 FOLLOWER]: Refusing update from remote peer 74ccec8b0cf94d67addbb669dc25a8b5: Log matching property violated. Preceding OpId in replica: term: 1 index: 1. Preceding OpId from leader: term: 2 index: 2. (index mismatch)
I20260713 09:00:51.993609  6669 consensus_queue.cc:1048] T 9f9ca6dd1d9a4891b8d572d3451e9bd4 P 74ccec8b0cf94d67addbb669dc25a8b5 [LEADER]: Connected to new peer: Peer: permanent_uuid: "b072966b8a1545e4a138a21ff24cc248" member_type: VOTER last_known_addr { host: "127.5.182.3" port: 37727 }, Status: LMP_MISMATCH, Last received: 0.0, Next index: 2, Last known committed idx: 1, Time since last communication: 0.000s
I20260713 09:00:51.996711  6669 consensus_queue.cc:1048] T 965cd9b4faf844eb9864f3e926d689e0 P 74ccec8b0cf94d67addbb669dc25a8b5 [LEADER]: Connected to new peer: Peer: permanent_uuid: "9520462e683f4479af1b132b282c2c10" member_type: VOTER last_known_addr { host: "127.5.182.2" port: 41867 }, Status: LMP_MISMATCH, Last received: 0.0, Next index: 2, Last known committed idx: 1, Time since last communication: 0.000s
I20260713 09:00:52.024503  6618 raft_consensus.cc:1275] T 93a8d642cb644d95b52199c56c9ba590 P b072966b8a1545e4a138a21ff24cc248 [term 2 FOLLOWER]: Refusing update from remote peer 74ccec8b0cf94d67addbb669dc25a8b5: Log matching property violated. Preceding OpId in replica: term: 1 index: 1. Preceding OpId from leader: term: 2 index: 2. (index mismatch)
I20260713 09:00:52.025750  6756 consensus_queue.cc:1048] T 93a8d642cb644d95b52199c56c9ba590 P 74ccec8b0cf94d67addbb669dc25a8b5 [LEADER]: Connected to new peer: Peer: permanent_uuid: "b072966b8a1545e4a138a21ff24cc248" member_type: VOTER last_known_addr { host: "127.5.182.3" port: 37727 }, Status: LMP_MISMATCH, Last received: 0.0, Next index: 2, Last known committed idx: 1, Time since last communication: 0.000s
I20260713 09:00:52.032640  6547 raft_consensus.cc:1275] T 93a8d642cb644d95b52199c56c9ba590 P 9520462e683f4479af1b132b282c2c10 [term 2 FOLLOWER]: Refusing update from remote peer 74ccec8b0cf94d67addbb669dc25a8b5: Log matching property violated. Preceding OpId in replica: term: 1 index: 1. Preceding OpId from leader: term: 2 index: 2. (index mismatch)
I20260713 09:00:52.034864  6669 consensus_queue.cc:1048] T 93a8d642cb644d95b52199c56c9ba590 P 74ccec8b0cf94d67addbb669dc25a8b5 [LEADER]: Connected to new peer: Peer: permanent_uuid: "9520462e683f4479af1b132b282c2c10" member_type: VOTER last_known_addr { host: "127.5.182.2" port: 41867 }, Status: LMP_MISMATCH, Last received: 0.0, Next index: 2, Last known committed idx: 1, Time since last communication: 0.000s
I20260713 09:00:52.313081  6547 raft_consensus.cc:1275] T d7747a593cc64d09bf84f56a831e5a6a P 9520462e683f4479af1b132b282c2c10 [term 2 FOLLOWER]: Refusing update from remote peer 74ccec8b0cf94d67addbb669dc25a8b5: Log matching property violated. Preceding OpId in replica: term: 1 index: 1. Preceding OpId from leader: term: 2 index: 2. (index mismatch)
I20260713 09:00:52.314299  6669 consensus_queue.cc:1048] T d7747a593cc64d09bf84f56a831e5a6a P 74ccec8b0cf94d67addbb669dc25a8b5 [LEADER]: Connected to new peer: Peer: permanent_uuid: "9520462e683f4479af1b132b282c2c10" member_type: VOTER last_known_addr { host: "127.5.182.2" port: 41867 }, Status: LMP_MISMATCH, Last received: 0.0, Next index: 2, Last known committed idx: 1, Time since last communication: 0.000s
I20260713 09:00:52.317088  6618 raft_consensus.cc:1275] T df0bf903270a472084dba6fb148c858a P b072966b8a1545e4a138a21ff24cc248 [term 2 FOLLOWER]: Refusing update from remote peer 9520462e683f4479af1b132b282c2c10: Log matching property violated. Preceding OpId in replica: term: 1 index: 1. Preceding OpId from leader: term: 2 index: 2. (index mismatch)
I20260713 09:00:52.318404  6670 consensus_queue.cc:1048] T df0bf903270a472084dba6fb148c858a P 9520462e683f4479af1b132b282c2c10 [LEADER]: Connected to new peer: Peer: permanent_uuid: "b072966b8a1545e4a138a21ff24cc248" member_type: VOTER last_known_addr { host: "127.5.182.3" port: 37727 }, Status: LMP_MISMATCH, Last received: 0.0, Next index: 2, Last known committed idx: 1, Time since last communication: 0.000s
I20260713 09:00:52.325589  6618 raft_consensus.cc:1275] T d7747a593cc64d09bf84f56a831e5a6a P b072966b8a1545e4a138a21ff24cc248 [term 2 FOLLOWER]: Refusing update from remote peer 74ccec8b0cf94d67addbb669dc25a8b5: Log matching property violated. Preceding OpId in replica: term: 1 index: 1. Preceding OpId from leader: term: 2 index: 2. (index mismatch)
I20260713 09:00:52.331277  6754 consensus_queue.cc:1048] T d7747a593cc64d09bf84f56a831e5a6a P 74ccec8b0cf94d67addbb669dc25a8b5 [LEADER]: Connected to new peer: Peer: permanent_uuid: "b072966b8a1545e4a138a21ff24cc248" member_type: VOTER last_known_addr { host: "127.5.182.3" port: 37727 }, Status: LMP_MISMATCH, Last received: 0.0, Next index: 2, Last known committed idx: 1, Time since last communication: 0.000s
I20260713 09:00:52.332655  6471 raft_consensus.cc:1275] T df0bf903270a472084dba6fb148c858a P 74ccec8b0cf94d67addbb669dc25a8b5 [term 2 FOLLOWER]: Refusing update from remote peer 9520462e683f4479af1b132b282c2c10: Log matching property violated. Preceding OpId in replica: term: 1 index: 1. Preceding OpId from leader: term: 2 index: 2. (index mismatch)
I20260713 09:00:52.337615  6670 consensus_queue.cc:1048] T df0bf903270a472084dba6fb148c858a P 9520462e683f4479af1b132b282c2c10 [LEADER]: Connected to new peer: Peer: permanent_uuid: "74ccec8b0cf94d67addbb669dc25a8b5" member_type: VOTER last_known_addr { host: "127.5.182.1" port: 38095 }, Status: LMP_MISMATCH, Last received: 0.0, Next index: 2, Last known committed idx: 1, Time since last communication: 0.000s
I20260713 09:00:54.523557  5848 auto_leader_rebalancer-test.cc:352] The leader distribution is 
I20260713 09:00:54.524168  5848 auto_leader_rebalancer.cc:141] leader rebalance for table test-workload
I20260713 09:00:54.539638  6470 tablet_service.cc:2072] Received LeaderStepDown RPC: tablet_id: "93a8d642cb644d95b52199c56c9ba590"
dest_uuid: "74ccec8b0cf94d67addbb669dc25a8b5"
mode: GRACEFUL
new_leader_uuid: "b072966b8a1545e4a138a21ff24cc248"
 from {username='slave'} at 127.0.0.1:59692
I20260713 09:00:54.540108  6470 raft_consensus.cc:606] T 93a8d642cb644d95b52199c56c9ba590 P 74ccec8b0cf94d67addbb669dc25a8b5 [term 2 LEADER]: Received request to transfer leadership to TS b072966b8a1545e4a138a21ff24cc248
I20260713 09:00:54.542349  6470 tablet_service.cc:2072] Received LeaderStepDown RPC: tablet_id: "d7747a593cc64d09bf84f56a831e5a6a"
dest_uuid: "74ccec8b0cf94d67addbb669dc25a8b5"
mode: GRACEFUL
new_leader_uuid: "b072966b8a1545e4a138a21ff24cc248"
 from {username='slave'} at 127.0.0.1:59692
I20260713 09:00:54.542735  6470 raft_consensus.cc:606] T d7747a593cc64d09bf84f56a831e5a6a P 74ccec8b0cf94d67addbb669dc25a8b5 [term 2 LEADER]: Received request to transfer leadership to TS b072966b8a1545e4a138a21ff24cc248
I20260713 09:00:54.543596  5848 auto_leader_rebalancer.cc:479] table: test-workload, leader rebalance finish, leader transfer count: 2
I20260713 09:00:54.543957  5848 auto_leader_rebalancer.cc:554] All tables' leader rebalancing finished this round
I20260713 09:00:54.578115  6760 raft_consensus.cc:993] T 93a8d642cb644d95b52199c56c9ba590 P 74ccec8b0cf94d67addbb669dc25a8b5: : Instructing follower b072966b8a1545e4a138a21ff24cc248 to start an election
I20260713 09:00:54.578549  6760 raft_consensus.cc:1081] T 93a8d642cb644d95b52199c56c9ba590 P 74ccec8b0cf94d67addbb669dc25a8b5 [term 2 LEADER]: Signalling peer b072966b8a1545e4a138a21ff24cc248 to start an election
I20260713 09:00:54.579936  6619 tablet_service.cc:2044] Received Run Leader Election RPC: tablet_id: "93a8d642cb644d95b52199c56c9ba590"
dest_uuid: "b072966b8a1545e4a138a21ff24cc248"
 from {username='slave'} at 127.0.0.1:42436
I20260713 09:00:54.580410  6619 raft_consensus.cc:493] T 93a8d642cb644d95b52199c56c9ba590 P b072966b8a1545e4a138a21ff24cc248 [term 2 FOLLOWER]: Starting forced leader election (received explicit request)
I20260713 09:00:54.580785  6619 raft_consensus.cc:3060] T 93a8d642cb644d95b52199c56c9ba590 P b072966b8a1545e4a138a21ff24cc248 [term 2 FOLLOWER]: Advancing to term 3
I20260713 09:00:54.586540  6619 raft_consensus.cc:515] T 93a8d642cb644d95b52199c56c9ba590 P b072966b8a1545e4a138a21ff24cc248 [term 3 FOLLOWER]: Starting forced leader election with config: opid_index: -1 OBSOLETE_local: false peers { permanent_uuid: "74ccec8b0cf94d67addbb669dc25a8b5" member_type: VOTER last_known_addr { host: "127.5.182.1" port: 38095 } } peers { permanent_uuid: "9520462e683f4479af1b132b282c2c10" member_type: VOTER last_known_addr { host: "127.5.182.2" port: 41867 } } peers { permanent_uuid: "b072966b8a1545e4a138a21ff24cc248" member_type: VOTER last_known_addr { host: "127.5.182.3" port: 37727 } }
I20260713 09:00:54.587936  6619 leader_election.cc:290] T 93a8d642cb644d95b52199c56c9ba590 P b072966b8a1545e4a138a21ff24cc248 [CANDIDATE]: Term 3 election: Requested vote from peers 74ccec8b0cf94d67addbb669dc25a8b5 (127.5.182.1:38095), 9520462e683f4479af1b132b282c2c10 (127.5.182.2:41867)
I20260713 09:00:54.588905  6470 tablet_service.cc:1917] Received RequestConsensusVote() RPC: tablet_id: "93a8d642cb644d95b52199c56c9ba590" candidate_uuid: "b072966b8a1545e4a138a21ff24cc248" candidate_term: 3 candidate_status { last_received { term: 2 index: 2 } } ignore_live_leader: true dest_uuid: "74ccec8b0cf94d67addbb669dc25a8b5"
I20260713 09:00:54.589089  6547 tablet_service.cc:1917] Received RequestConsensusVote() RPC: tablet_id: "93a8d642cb644d95b52199c56c9ba590" candidate_uuid: "b072966b8a1545e4a138a21ff24cc248" candidate_term: 3 candidate_status { last_received { term: 2 index: 2 } } ignore_live_leader: true dest_uuid: "9520462e683f4479af1b132b282c2c10"
I20260713 09:00:54.589484  6470 raft_consensus.cc:3055] T 93a8d642cb644d95b52199c56c9ba590 P 74ccec8b0cf94d67addbb669dc25a8b5 [term 2 LEADER]: Stepping down as leader of term 2
I20260713 09:00:54.589598  6547 raft_consensus.cc:3060] T 93a8d642cb644d95b52199c56c9ba590 P 9520462e683f4479af1b132b282c2c10 [term 2 FOLLOWER]: Advancing to term 3
I20260713 09:00:54.589833  6470 raft_consensus.cc:740] T 93a8d642cb644d95b52199c56c9ba590 P 74ccec8b0cf94d67addbb669dc25a8b5 [term 2 LEADER]: Becoming Follower/Learner. State: Replica: 74ccec8b0cf94d67addbb669dc25a8b5, State: Running, Role: LEADER
I20260713 09:00:54.590806  6470 consensus_queue.cc:260] T 93a8d642cb644d95b52199c56c9ba590 P 74ccec8b0cf94d67addbb669dc25a8b5 [NON_LEADER]: Queue going to NON_LEADER mode. State: All replicated index: 0, Majority replicated index: 2, Committed index: 2, Last appended: 2.2, Last appended by leader: 2, Current term: 2, Majority size: -1, State: 0, Mode: NON_LEADER, active raft config: opid_index: -1 OBSOLETE_local: false peers { permanent_uuid: "74ccec8b0cf94d67addbb669dc25a8b5" member_type: VOTER last_known_addr { host: "127.5.182.1" port: 38095 } } peers { permanent_uuid: "9520462e683f4479af1b132b282c2c10" member_type: VOTER last_known_addr { host: "127.5.182.2" port: 41867 } } peers { permanent_uuid: "b072966b8a1545e4a138a21ff24cc248" member_type: VOTER last_known_addr { host: "127.5.182.3" port: 37727 } }
I20260713 09:00:54.592876  6470 raft_consensus.cc:3060] T 93a8d642cb644d95b52199c56c9ba590 P 74ccec8b0cf94d67addbb669dc25a8b5 [term 2 FOLLOWER]: Advancing to term 3
I20260713 09:00:54.594893  6547 raft_consensus.cc:2468] T 93a8d642cb644d95b52199c56c9ba590 P 9520462e683f4479af1b132b282c2c10 [term 3 FOLLOWER]: Leader election vote request: Granting yes vote for candidate b072966b8a1545e4a138a21ff24cc248 in term 3.
I20260713 09:00:54.595948  6584 leader_election.cc:304] T 93a8d642cb644d95b52199c56c9ba590 P b072966b8a1545e4a138a21ff24cc248 [CANDIDATE]: Term 3 election: Election decided. Result: candidate won. Election summary: received 2 responses out of 3 voters: 2 yes votes; 0 no votes. yes voters: 9520462e683f4479af1b132b282c2c10, b072966b8a1545e4a138a21ff24cc248; no voters: 
I20260713 09:00:54.596827  6758 raft_consensus.cc:2804] T 93a8d642cb644d95b52199c56c9ba590 P b072966b8a1545e4a138a21ff24cc248 [term 3 FOLLOWER]: Leader election won for term 3
I20260713 09:00:54.597966  6758 raft_consensus.cc:697] T 93a8d642cb644d95b52199c56c9ba590 P b072966b8a1545e4a138a21ff24cc248 [term 3 LEADER]: Becoming Leader. State: Replica: b072966b8a1545e4a138a21ff24cc248, State: Running, Role: LEADER
I20260713 09:00:54.598558  6470 raft_consensus.cc:2468] T 93a8d642cb644d95b52199c56c9ba590 P 74ccec8b0cf94d67addbb669dc25a8b5 [term 3 FOLLOWER]: Leader election vote request: Granting yes vote for candidate b072966b8a1545e4a138a21ff24cc248 in term 3.
I20260713 09:00:54.598734  6758 consensus_queue.cc:237] T 93a8d642cb644d95b52199c56c9ba590 P b072966b8a1545e4a138a21ff24cc248 [LEADER]: Queue going to LEADER mode. State: All replicated index: 0, Majority replicated index: 2, Committed index: 2, Last appended: 2.2, Last appended by leader: 2, Current term: 3, Majority size: 2, State: 0, Mode: LEADER, active raft config: opid_index: -1 OBSOLETE_local: false peers { permanent_uuid: "74ccec8b0cf94d67addbb669dc25a8b5" member_type: VOTER last_known_addr { host: "127.5.182.1" port: 38095 } } peers { permanent_uuid: "9520462e683f4479af1b132b282c2c10" member_type: VOTER last_known_addr { host: "127.5.182.2" port: 41867 } } peers { permanent_uuid: "b072966b8a1545e4a138a21ff24cc248" member_type: VOTER last_known_addr { host: "127.5.182.3" port: 37727 } }
I20260713 09:00:54.605027  6367 catalog_manager.cc:5697] T 93a8d642cb644d95b52199c56c9ba590 P b072966b8a1545e4a138a21ff24cc248 reported cstate change: term changed from 2 to 3, leader changed from 74ccec8b0cf94d67addbb669dc25a8b5 (127.5.182.1) to b072966b8a1545e4a138a21ff24cc248 (127.5.182.3). New cstate: current_term: 3 leader_uuid: "b072966b8a1545e4a138a21ff24cc248" committed_config { opid_index: -1 OBSOLETE_local: false peers { permanent_uuid: "74ccec8b0cf94d67addbb669dc25a8b5" member_type: VOTER last_known_addr { host: "127.5.182.1" port: 38095 } health_report { overall_health: UNKNOWN } } peers { permanent_uuid: "9520462e683f4479af1b132b282c2c10" member_type: VOTER last_known_addr { host: "127.5.182.2" port: 41867 } health_report { overall_health: UNKNOWN } } peers { permanent_uuid: "b072966b8a1545e4a138a21ff24cc248" member_type: VOTER last_known_addr { host: "127.5.182.3" port: 37727 } health_report { overall_health: HEALTHY } } }
I20260713 09:00:54.847010  6764 raft_consensus.cc:993] T d7747a593cc64d09bf84f56a831e5a6a P 74ccec8b0cf94d67addbb669dc25a8b5: : Instructing follower b072966b8a1545e4a138a21ff24cc248 to start an election
I20260713 09:00:54.847429  6760 raft_consensus.cc:1081] T d7747a593cc64d09bf84f56a831e5a6a P 74ccec8b0cf94d67addbb669dc25a8b5 [term 2 LEADER]: Signalling peer b072966b8a1545e4a138a21ff24cc248 to start an election
I20260713 09:00:54.848726  6619 tablet_service.cc:2044] Received Run Leader Election RPC: tablet_id: "d7747a593cc64d09bf84f56a831e5a6a"
dest_uuid: "b072966b8a1545e4a138a21ff24cc248"
 from {username='slave'} at 127.0.0.1:42436
I20260713 09:00:54.849154  6619 raft_consensus.cc:493] T d7747a593cc64d09bf84f56a831e5a6a P b072966b8a1545e4a138a21ff24cc248 [term 2 FOLLOWER]: Starting forced leader election (received explicit request)
I20260713 09:00:54.849433  6619 raft_consensus.cc:3060] T d7747a593cc64d09bf84f56a831e5a6a P b072966b8a1545e4a138a21ff24cc248 [term 2 FOLLOWER]: Advancing to term 3
I20260713 09:00:54.853682  6619 raft_consensus.cc:515] T d7747a593cc64d09bf84f56a831e5a6a P b072966b8a1545e4a138a21ff24cc248 [term 3 FOLLOWER]: Starting forced leader election with config: opid_index: -1 OBSOLETE_local: false peers { permanent_uuid: "74ccec8b0cf94d67addbb669dc25a8b5" member_type: VOTER last_known_addr { host: "127.5.182.1" port: 38095 } } peers { permanent_uuid: "9520462e683f4479af1b132b282c2c10" member_type: VOTER last_known_addr { host: "127.5.182.2" port: 41867 } } peers { permanent_uuid: "b072966b8a1545e4a138a21ff24cc248" member_type: VOTER last_known_addr { host: "127.5.182.3" port: 37727 } }
I20260713 09:00:54.855343  6619 leader_election.cc:290] T d7747a593cc64d09bf84f56a831e5a6a P b072966b8a1545e4a138a21ff24cc248 [CANDIDATE]: Term 3 election: Requested vote from peers 74ccec8b0cf94d67addbb669dc25a8b5 (127.5.182.1:38095), 9520462e683f4479af1b132b282c2c10 (127.5.182.2:41867)
I20260713 09:00:54.856101  6470 tablet_service.cc:1917] Received RequestConsensusVote() RPC: tablet_id: "d7747a593cc64d09bf84f56a831e5a6a" candidate_uuid: "b072966b8a1545e4a138a21ff24cc248" candidate_term: 3 candidate_status { last_received { term: 2 index: 2 } } ignore_live_leader: true dest_uuid: "74ccec8b0cf94d67addbb669dc25a8b5"
I20260713 09:00:54.856397  6547 tablet_service.cc:1917] Received RequestConsensusVote() RPC: tablet_id: "d7747a593cc64d09bf84f56a831e5a6a" candidate_uuid: "b072966b8a1545e4a138a21ff24cc248" candidate_term: 3 candidate_status { last_received { term: 2 index: 2 } } ignore_live_leader: true dest_uuid: "9520462e683f4479af1b132b282c2c10"
I20260713 09:00:54.856734  6470 raft_consensus.cc:3055] T d7747a593cc64d09bf84f56a831e5a6a P 74ccec8b0cf94d67addbb669dc25a8b5 [term 2 LEADER]: Stepping down as leader of term 2
I20260713 09:00:54.857005  6547 raft_consensus.cc:3060] T d7747a593cc64d09bf84f56a831e5a6a P 9520462e683f4479af1b132b282c2c10 [term 2 FOLLOWER]: Advancing to term 3
I20260713 09:00:54.857053  6470 raft_consensus.cc:740] T d7747a593cc64d09bf84f56a831e5a6a P 74ccec8b0cf94d67addbb669dc25a8b5 [term 2 LEADER]: Becoming Follower/Learner. State: Replica: 74ccec8b0cf94d67addbb669dc25a8b5, State: Running, Role: LEADER
I20260713 09:00:54.857913  6470 consensus_queue.cc:260] T d7747a593cc64d09bf84f56a831e5a6a P 74ccec8b0cf94d67addbb669dc25a8b5 [NON_LEADER]: Queue going to NON_LEADER mode. State: All replicated index: 0, Majority replicated index: 2, Committed index: 2, Last appended: 2.2, Last appended by leader: 2, Current term: 2, Majority size: -1, State: 0, Mode: NON_LEADER, active raft config: opid_index: -1 OBSOLETE_local: false peers { permanent_uuid: "74ccec8b0cf94d67addbb669dc25a8b5" member_type: VOTER last_known_addr { host: "127.5.182.1" port: 38095 } } peers { permanent_uuid: "9520462e683f4479af1b132b282c2c10" member_type: VOTER last_known_addr { host: "127.5.182.2" port: 41867 } } peers { permanent_uuid: "b072966b8a1545e4a138a21ff24cc248" member_type: VOTER last_known_addr { host: "127.5.182.3" port: 37727 } }
I20260713 09:00:54.858943  6470 raft_consensus.cc:3060] T d7747a593cc64d09bf84f56a831e5a6a P 74ccec8b0cf94d67addbb669dc25a8b5 [term 2 FOLLOWER]: Advancing to term 3
I20260713 09:00:54.861809  6547 raft_consensus.cc:2468] T d7747a593cc64d09bf84f56a831e5a6a P 9520462e683f4479af1b132b282c2c10 [term 3 FOLLOWER]: Leader election vote request: Granting yes vote for candidate b072966b8a1545e4a138a21ff24cc248 in term 3.
I20260713 09:00:54.862819  6584 leader_election.cc:304] T d7747a593cc64d09bf84f56a831e5a6a P b072966b8a1545e4a138a21ff24cc248 [CANDIDATE]: Term 3 election: Election decided. Result: candidate won. Election summary: received 2 responses out of 3 voters: 2 yes votes; 0 no votes. yes voters: 9520462e683f4479af1b132b282c2c10, b072966b8a1545e4a138a21ff24cc248; no voters: 
I20260713 09:00:54.863415  6470 raft_consensus.cc:2468] T d7747a593cc64d09bf84f56a831e5a6a P 74ccec8b0cf94d67addbb669dc25a8b5 [term 3 FOLLOWER]: Leader election vote request: Granting yes vote for candidate b072966b8a1545e4a138a21ff24cc248 in term 3.
I20260713 09:00:54.863472  6758 raft_consensus.cc:2804] T d7747a593cc64d09bf84f56a831e5a6a P b072966b8a1545e4a138a21ff24cc248 [term 3 FOLLOWER]: Leader election won for term 3
I20260713 09:00:54.864161  6758 raft_consensus.cc:697] T d7747a593cc64d09bf84f56a831e5a6a P b072966b8a1545e4a138a21ff24cc248 [term 3 LEADER]: Becoming Leader. State: Replica: b072966b8a1545e4a138a21ff24cc248, State: Running, Role: LEADER
I20260713 09:00:54.864979  6758 consensus_queue.cc:237] T d7747a593cc64d09bf84f56a831e5a6a P b072966b8a1545e4a138a21ff24cc248 [LEADER]: Queue going to LEADER mode. State: All replicated index: 0, Majority replicated index: 2, Committed index: 2, Last appended: 2.2, Last appended by leader: 2, Current term: 3, Majority size: 2, State: 0, Mode: LEADER, active raft config: opid_index: -1 OBSOLETE_local: false peers { permanent_uuid: "74ccec8b0cf94d67addbb669dc25a8b5" member_type: VOTER last_known_addr { host: "127.5.182.1" port: 38095 } } peers { permanent_uuid: "9520462e683f4479af1b132b282c2c10" member_type: VOTER last_known_addr { host: "127.5.182.2" port: 41867 } } peers { permanent_uuid: "b072966b8a1545e4a138a21ff24cc248" member_type: VOTER last_known_addr { host: "127.5.182.3" port: 37727 } }
I20260713 09:00:54.871407  6367 catalog_manager.cc:5697] T d7747a593cc64d09bf84f56a831e5a6a P b072966b8a1545e4a138a21ff24cc248 reported cstate change: term changed from 2 to 3, leader changed from 74ccec8b0cf94d67addbb669dc25a8b5 (127.5.182.1) to b072966b8a1545e4a138a21ff24cc248 (127.5.182.3). New cstate: current_term: 3 leader_uuid: "b072966b8a1545e4a138a21ff24cc248" committed_config { opid_index: -1 OBSOLETE_local: false peers { permanent_uuid: "74ccec8b0cf94d67addbb669dc25a8b5" member_type: VOTER last_known_addr { host: "127.5.182.1" port: 38095 } health_report { overall_health: UNKNOWN } } peers { permanent_uuid: "9520462e683f4479af1b132b282c2c10" member_type: VOTER last_known_addr { host: "127.5.182.2" port: 41867 } health_report { overall_health: UNKNOWN } } peers { permanent_uuid: "b072966b8a1545e4a138a21ff24cc248" member_type: VOTER last_known_addr { host: "127.5.182.3" port: 37727 } health_report { overall_health: HEALTHY } } }
I20260713 09:00:55.083137  6547 raft_consensus.cc:1275] T 93a8d642cb644d95b52199c56c9ba590 P 9520462e683f4479af1b132b282c2c10 [term 3 FOLLOWER]: Refusing update from remote peer b072966b8a1545e4a138a21ff24cc248: Log matching property violated. Preceding OpId in replica: term: 2 index: 2. Preceding OpId from leader: term: 3 index: 3. (index mismatch)
I20260713 09:00:55.084461  6758 consensus_queue.cc:1048] T 93a8d642cb644d95b52199c56c9ba590 P b072966b8a1545e4a138a21ff24cc248 [LEADER]: Connected to new peer: Peer: permanent_uuid: "9520462e683f4479af1b132b282c2c10" member_type: VOTER last_known_addr { host: "127.5.182.2" port: 41867 }, Status: LMP_MISMATCH, Last received: 0.0, Next index: 3, Last known committed idx: 2, Time since last communication: 0.000s
I20260713 09:00:55.094152  6470 raft_consensus.cc:1275] T 93a8d642cb644d95b52199c56c9ba590 P 74ccec8b0cf94d67addbb669dc25a8b5 [term 3 FOLLOWER]: Refusing update from remote peer b072966b8a1545e4a138a21ff24cc248: Log matching property violated. Preceding OpId in replica: term: 2 index: 2. Preceding OpId from leader: term: 3 index: 3. (index mismatch)
I20260713 09:00:55.095453  6765 consensus_queue.cc:1048] T 93a8d642cb644d95b52199c56c9ba590 P b072966b8a1545e4a138a21ff24cc248 [LEADER]: Connected to new peer: Peer: permanent_uuid: "74ccec8b0cf94d67addbb669dc25a8b5" member_type: VOTER last_known_addr { host: "127.5.182.1" port: 38095 }, Status: LMP_MISMATCH, Last received: 0.0, Next index: 3, Last known committed idx: 2, Time since last communication: 0.000s
I20260713 09:00:55.249667  6547 raft_consensus.cc:1275] T d7747a593cc64d09bf84f56a831e5a6a P 9520462e683f4479af1b132b282c2c10 [term 3 FOLLOWER]: Refusing update from remote peer b072966b8a1545e4a138a21ff24cc248: Log matching property violated. Preceding OpId in replica: term: 2 index: 2. Preceding OpId from leader: term: 3 index: 3. (index mismatch)
I20260713 09:00:55.250777  6774 consensus_queue.cc:1048] T d7747a593cc64d09bf84f56a831e5a6a P b072966b8a1545e4a138a21ff24cc248 [LEADER]: Connected to new peer: Peer: permanent_uuid: "9520462e683f4479af1b132b282c2c10" member_type: VOTER last_known_addr { host: "127.5.182.2" port: 41867 }, Status: LMP_MISMATCH, Last received: 0.0, Next index: 3, Last known committed idx: 2, Time since last communication: 0.000s
I20260713 09:00:55.260532  6470 raft_consensus.cc:1275] T d7747a593cc64d09bf84f56a831e5a6a P 74ccec8b0cf94d67addbb669dc25a8b5 [term 3 FOLLOWER]: Refusing update from remote peer b072966b8a1545e4a138a21ff24cc248: Log matching property violated. Preceding OpId in replica: term: 2 index: 2. Preceding OpId from leader: term: 3 index: 3. (index mismatch)
I20260713 09:00:55.261967  6779 consensus_queue.cc:1048] T d7747a593cc64d09bf84f56a831e5a6a P b072966b8a1545e4a138a21ff24cc248 [LEADER]: Connected to new peer: Peer: permanent_uuid: "74ccec8b0cf94d67addbb669dc25a8b5" member_type: VOTER last_known_addr { host: "127.5.182.1" port: 38095 }, Status: LMP_MISMATCH, Last received: 0.0, Next index: 3, Last known committed idx: 2, Time since last communication: 0.000s
I20260713 09:00:55.544692  5848 auto_leader_rebalancer.cc:141] leader rebalance for table test-workload
I20260713 09:00:55.557029  6619 tablet_service.cc:2072] Received LeaderStepDown RPC: tablet_id: "d7747a593cc64d09bf84f56a831e5a6a"
dest_uuid: "b072966b8a1545e4a138a21ff24cc248"
mode: GRACEFUL
new_leader_uuid: "74ccec8b0cf94d67addbb669dc25a8b5"
 from {username='slave'} at 127.0.0.1:42440
I20260713 09:00:55.557520  6619 raft_consensus.cc:606] T d7747a593cc64d09bf84f56a831e5a6a P b072966b8a1545e4a138a21ff24cc248 [term 3 LEADER]: Received request to transfer leadership to TS 74ccec8b0cf94d67addbb669dc25a8b5
I20260713 09:00:55.566641  6619 tablet_service.cc:2072] Received LeaderStepDown RPC: tablet_id: "93a8d642cb644d95b52199c56c9ba590"
dest_uuid: "b072966b8a1545e4a138a21ff24cc248"
mode: GRACEFUL
new_leader_uuid: "74ccec8b0cf94d67addbb669dc25a8b5"
 from {username='slave'} at 127.0.0.1:42440
I20260713 09:00:55.567070  6619 raft_consensus.cc:606] T 93a8d642cb644d95b52199c56c9ba590 P b072966b8a1545e4a138a21ff24cc248 [term 3 LEADER]: Received request to transfer leadership to TS 74ccec8b0cf94d67addbb669dc25a8b5
I20260713 09:00:55.571578  6547 tablet_service.cc:2072] Received LeaderStepDown RPC: tablet_id: "df0bf903270a472084dba6fb148c858a"
dest_uuid: "9520462e683f4479af1b132b282c2c10"
mode: GRACEFUL
new_leader_uuid: "74ccec8b0cf94d67addbb669dc25a8b5"
 from {username='slave'} at 127.0.0.1:54970
I20260713 09:00:55.572010  6547 raft_consensus.cc:606] T df0bf903270a472084dba6fb148c858a P 9520462e683f4479af1b132b282c2c10 [term 2 LEADER]: Received request to transfer leadership to TS 74ccec8b0cf94d67addbb669dc25a8b5
I20260713 09:00:55.576486  6547 tablet_service.cc:2072] Received LeaderStepDown RPC: tablet_id: "0e6d94ee39af4ae99cc168ae857827e8"
dest_uuid: "9520462e683f4479af1b132b282c2c10"
mode: GRACEFUL
new_leader_uuid: "74ccec8b0cf94d67addbb669dc25a8b5"
 from {username='slave'} at 127.0.0.1:54970
I20260713 09:00:55.576920  6547 raft_consensus.cc:606] T 0e6d94ee39af4ae99cc168ae857827e8 P 9520462e683f4479af1b132b282c2c10 [term 1 LEADER]: Received request to transfer leadership to TS 74ccec8b0cf94d67addbb669dc25a8b5
I20260713 09:00:55.581532  6547 tablet_service.cc:2072] Received LeaderStepDown RPC: tablet_id: "4b23a804dac646b1acd8691c88110ca8"
dest_uuid: "9520462e683f4479af1b132b282c2c10"
mode: GRACEFUL
new_leader_uuid: "74ccec8b0cf94d67addbb669dc25a8b5"
 from {username='slave'} at 127.0.0.1:54970
I20260713 09:00:55.582023  6547 raft_consensus.cc:606] T 4b23a804dac646b1acd8691c88110ca8 P 9520462e683f4479af1b132b282c2c10 [term 1 LEADER]: Received request to transfer leadership to TS 74ccec8b0cf94d67addbb669dc25a8b5
I20260713 09:00:55.619715  6670 raft_consensus.cc:993] T df0bf903270a472084dba6fb148c858a P 9520462e683f4479af1b132b282c2c10: : Instructing follower 74ccec8b0cf94d67addbb669dc25a8b5 to start an election
I20260713 09:00:55.620126  6781 raft_consensus.cc:1081] T df0bf903270a472084dba6fb148c858a P 9520462e683f4479af1b132b282c2c10 [term 2 LEADER]: Signalling peer 74ccec8b0cf94d67addbb669dc25a8b5 to start an election
I20260713 09:00:55.621661  6470 tablet_service.cc:2044] Received Run Leader Election RPC: tablet_id: "df0bf903270a472084dba6fb148c858a"
dest_uuid: "74ccec8b0cf94d67addbb669dc25a8b5"
 from {username='slave'} at 127.0.0.1:59680
I20260713 09:00:55.622133  6470 raft_consensus.cc:493] T df0bf903270a472084dba6fb148c858a P 74ccec8b0cf94d67addbb669dc25a8b5 [term 2 FOLLOWER]: Starting forced leader election (received explicit request)
I20260713 09:00:55.622434  6470 raft_consensus.cc:3060] T df0bf903270a472084dba6fb148c858a P 74ccec8b0cf94d67addbb669dc25a8b5 [term 2 FOLLOWER]: Advancing to term 3
I20260713 09:00:55.627019  6470 raft_consensus.cc:515] T df0bf903270a472084dba6fb148c858a P 74ccec8b0cf94d67addbb669dc25a8b5 [term 3 FOLLOWER]: Starting forced leader election with config: opid_index: -1 OBSOLETE_local: false peers { permanent_uuid: "74ccec8b0cf94d67addbb669dc25a8b5" member_type: VOTER last_known_addr { host: "127.5.182.1" port: 38095 } } peers { permanent_uuid: "9520462e683f4479af1b132b282c2c10" member_type: VOTER last_known_addr { host: "127.5.182.2" port: 41867 } } peers { permanent_uuid: "b072966b8a1545e4a138a21ff24cc248" member_type: VOTER last_known_addr { host: "127.5.182.3" port: 37727 } }
I20260713 09:00:55.628525  6470 leader_election.cc:290] T df0bf903270a472084dba6fb148c858a P 74ccec8b0cf94d67addbb669dc25a8b5 [CANDIDATE]: Term 3 election: Requested vote from peers 9520462e683f4479af1b132b282c2c10 (127.5.182.2:41867), b072966b8a1545e4a138a21ff24cc248 (127.5.182.3:37727)
I20260713 09:00:55.629422  6547 tablet_service.cc:1917] Received RequestConsensusVote() RPC: tablet_id: "df0bf903270a472084dba6fb148c858a" candidate_uuid: "74ccec8b0cf94d67addbb669dc25a8b5" candidate_term: 3 candidate_status { last_received { term: 2 index: 2 } } ignore_live_leader: true dest_uuid: "9520462e683f4479af1b132b282c2c10"
I20260713 09:00:55.629705  6619 tablet_service.cc:1917] Received RequestConsensusVote() RPC: tablet_id: "df0bf903270a472084dba6fb148c858a" candidate_uuid: "74ccec8b0cf94d67addbb669dc25a8b5" candidate_term: 3 candidate_status { last_received { term: 2 index: 2 } } ignore_live_leader: true dest_uuid: "b072966b8a1545e4a138a21ff24cc248"
I20260713 09:00:55.629992  6547 raft_consensus.cc:3055] T df0bf903270a472084dba6fb148c858a P 9520462e683f4479af1b132b282c2c10 [term 2 LEADER]: Stepping down as leader of term 2
I20260713 09:00:55.630295  6619 raft_consensus.cc:3060] T df0bf903270a472084dba6fb148c858a P b072966b8a1545e4a138a21ff24cc248 [term 2 FOLLOWER]: Advancing to term 3
I20260713 09:00:55.630321  6547 raft_consensus.cc:740] T df0bf903270a472084dba6fb148c858a P 9520462e683f4479af1b132b282c2c10 [term 2 LEADER]: Becoming Follower/Learner. State: Replica: 9520462e683f4479af1b132b282c2c10, State: Running, Role: LEADER
I20260713 09:00:55.631240  6547 consensus_queue.cc:260] T df0bf903270a472084dba6fb148c858a P 9520462e683f4479af1b132b282c2c10 [NON_LEADER]: Queue going to NON_LEADER mode. State: All replicated index: 0, Majority replicated index: 2, Committed index: 2, Last appended: 2.2, Last appended by leader: 2, Current term: 2, Majority size: -1, State: 0, Mode: NON_LEADER, active raft config: opid_index: -1 OBSOLETE_local: false peers { permanent_uuid: "74ccec8b0cf94d67addbb669dc25a8b5" member_type: VOTER last_known_addr { host: "127.5.182.1" port: 38095 } } peers { permanent_uuid: "9520462e683f4479af1b132b282c2c10" member_type: VOTER last_known_addr { host: "127.5.182.2" port: 41867 } } peers { permanent_uuid: "b072966b8a1545e4a138a21ff24cc248" member_type: VOTER last_known_addr { host: "127.5.182.3" port: 37727 } }
I20260713 09:00:55.632401  6547 raft_consensus.cc:3060] T df0bf903270a472084dba6fb148c858a P 9520462e683f4479af1b132b282c2c10 [term 2 FOLLOWER]: Advancing to term 3
I20260713 09:00:55.637059  6619 raft_consensus.cc:2468] T df0bf903270a472084dba6fb148c858a P b072966b8a1545e4a138a21ff24cc248 [term 3 FOLLOWER]: Leader election vote request: Granting yes vote for candidate 74ccec8b0cf94d67addbb669dc25a8b5 in term 3.
I20260713 09:00:55.638295  6435 leader_election.cc:304] T df0bf903270a472084dba6fb148c858a P 74ccec8b0cf94d67addbb669dc25a8b5 [CANDIDATE]: Term 3 election: Election decided. Result: candidate won. Election summary: received 2 responses out of 3 voters: 2 yes votes; 0 no votes. yes voters: 74ccec8b0cf94d67addbb669dc25a8b5, b072966b8a1545e4a138a21ff24cc248; no voters: 
I20260713 09:00:55.638664  6547 raft_consensus.cc:2468] T df0bf903270a472084dba6fb148c858a P 9520462e683f4479af1b132b282c2c10 [term 3 FOLLOWER]: Leader election vote request: Granting yes vote for candidate 74ccec8b0cf94d67addbb669dc25a8b5 in term 3.
I20260713 09:00:55.638990  6760 raft_consensus.cc:2804] T df0bf903270a472084dba6fb148c858a P 74ccec8b0cf94d67addbb669dc25a8b5 [term 3 FOLLOWER]: Leader election won for term 3
