I20260713 09:01:01.071348  7120 ts_tablet_manager.cc:1403] T a82e2a534da646adaacbb7c5b9a29715 P 52a980631b7849adaf6fb37fea92b8f8: Time spent bootstrapping tablet: real 0.023s	user 0.007s	sys 0.011s
I20260713 09:01:01.073195  7121 raft_consensus.cc:385] T 97e37471b10e4487b4813efaf75acce8 P c8c44581db5b4cae8c0e42b88a75e71e [term 0 FOLLOWER]: Consensus starting up: Expiring failure detector timer to make a prompt election more likely
I20260713 09:01:01.075546  7121 raft_consensus.cc:740] T 97e37471b10e4487b4813efaf75acce8 P c8c44581db5b4cae8c0e42b88a75e71e [term 0 FOLLOWER]: Becoming Follower/Learner. State: Replica: c8c44581db5b4cae8c0e42b88a75e71e, State: Initialized, Role: FOLLOWER
I20260713 09:01:01.074137  7120 raft_consensus.cc:359] T a82e2a534da646adaacbb7c5b9a29715 P 52a980631b7849adaf6fb37fea92b8f8 [term 0 FOLLOWER]: Replica starting. Triggering 0 pending ops. Active config: opid_index: -1 OBSOLETE_local: false peers { permanent_uuid: "c8c44581db5b4cae8c0e42b88a75e71e" member_type: VOTER last_known_addr { host: "127.5.173.193" port: 34495 } } peers { permanent_uuid: "52a980631b7849adaf6fb37fea92b8f8" member_type: VOTER last_known_addr { host: "127.5.173.194" port: 43433 } } peers { permanent_uuid: "3d77187cd6d24cd1813f173b15f03b8f" member_type: VOTER last_known_addr { host: "127.5.173.195" port: 45267 } }
I20260713 09:01:01.067444  7119 tablet_bootstrap.cc:654] T 2b75bf1b6c1b4097919962fd1f6f8dcd P 3d77187cd6d24cd1813f173b15f03b8f: Neither blocks nor log segments found. Creating new log.
I20260713 09:01:01.077224  7120 raft_consensus.cc:385] T a82e2a534da646adaacbb7c5b9a29715 P 52a980631b7849adaf6fb37fea92b8f8 [term 0 FOLLOWER]: Consensus starting up: Expiring failure detector timer to make a prompt election more likely
I20260713 09:01:01.077605  7120 raft_consensus.cc:740] T a82e2a534da646adaacbb7c5b9a29715 P 52a980631b7849adaf6fb37fea92b8f8 [term 0 FOLLOWER]: Becoming Follower/Learner. State: Replica: 52a980631b7849adaf6fb37fea92b8f8, State: Initialized, Role: FOLLOWER
I20260713 09:01:01.076397  7121 consensus_queue.cc:260] T 97e37471b10e4487b4813efaf75acce8 P c8c44581db5b4cae8c0e42b88a75e71e [NON_LEADER]: Queue going to NON_LEADER mode. State: All replicated index: 0, Majority replicated index: 0, Committed index: 0, Last appended: 0.0, Last appended by leader: 0, Current term: 0, Majority size: -1, State: 0, Mode: NON_LEADER, active raft config: opid_index: -1 OBSOLETE_local: false peers { permanent_uuid: "c8c44581db5b4cae8c0e42b88a75e71e" member_type: VOTER last_known_addr { host: "127.5.173.193" port: 34495 } } peers { permanent_uuid: "52a980631b7849adaf6fb37fea92b8f8" member_type: VOTER last_known_addr { host: "127.5.173.194" port: 43433 } } peers { permanent_uuid: "3d77187cd6d24cd1813f173b15f03b8f" member_type: VOTER last_known_addr { host: "127.5.173.195" port: 45267 } }
I20260713 09:01:01.078888  7120 consensus_queue.cc:260] T a82e2a534da646adaacbb7c5b9a29715 P 52a980631b7849adaf6fb37fea92b8f8 [NON_LEADER]: Queue going to NON_LEADER mode. State: All replicated index: 0, Majority replicated index: 0, Committed index: 0, Last appended: 0.0, Last appended by leader: 0, Current term: 0, Majority size: -1, State: 0, Mode: NON_LEADER, active raft config: opid_index: -1 OBSOLETE_local: false peers { permanent_uuid: "c8c44581db5b4cae8c0e42b88a75e71e" member_type: VOTER last_known_addr { host: "127.5.173.193" port: 34495 } } peers { permanent_uuid: "52a980631b7849adaf6fb37fea92b8f8" member_type: VOTER last_known_addr { host: "127.5.173.194" port: 43433 } } peers { permanent_uuid: "3d77187cd6d24cd1813f173b15f03b8f" member_type: VOTER last_known_addr { host: "127.5.173.195" port: 45267 } }
I20260713 09:01:01.081027  7121 ts_tablet_manager.cc:1434] T 97e37471b10e4487b4813efaf75acce8 P c8c44581db5b4cae8c0e42b88a75e71e: Time spent starting tablet: real 0.033s	user 0.004s	sys 0.001s
I20260713 09:01:01.081933  7121 tablet_bootstrap.cc:492] T 6112e50e231b47a58c43a3065de4adfb P c8c44581db5b4cae8c0e42b88a75e71e: Bootstrap starting.
I20260713 09:01:01.087409  7121 tablet_bootstrap.cc:654] T 6112e50e231b47a58c43a3065de4adfb P c8c44581db5b4cae8c0e42b88a75e71e: Neither blocks nor log segments found. Creating new log.
W20260713 09:01:01.097810  6968 consensus_peers.cc:597] T 4ac92b3bd8c6437f98e8c138bf87db04 P 52a980631b7849adaf6fb37fea92b8f8 -> Peer c8c44581db5b4cae8c0e42b88a75e71e (127.5.173.193:34495): Couldn't send request to peer c8c44581db5b4cae8c0e42b88a75e71e. Error code: TABLET_NOT_RUNNING (12). Status: Illegal state: Tablet not RUNNING: INITIALIZED. This is attempt 1: this message will repeat every 5th retry.
I20260713 09:01:01.116568  7146 raft_consensus.cc:493] T 2484cab20d4f4d9a9dd73f96a5555226 P 52a980631b7849adaf6fb37fea92b8f8 [term 0 FOLLOWER]: Starting pre-election (no leader contacted us within the election timeout)
I20260713 09:01:01.117496  7146 raft_consensus.cc:515] T 2484cab20d4f4d9a9dd73f96a5555226 P 52a980631b7849adaf6fb37fea92b8f8 [term 0 FOLLOWER]: Starting pre-election with config: opid_index: -1 OBSOLETE_local: false peers { permanent_uuid: "c8c44581db5b4cae8c0e42b88a75e71e" member_type: VOTER last_known_addr { host: "127.5.173.193" port: 34495 } } peers { permanent_uuid: "52a980631b7849adaf6fb37fea92b8f8" member_type: VOTER last_known_addr { host: "127.5.173.194" port: 43433 } } peers { permanent_uuid: "3d77187cd6d24cd1813f173b15f03b8f" member_type: VOTER last_known_addr { host: "127.5.173.195" port: 45267 } }
I20260713 09:01:01.121872  7078 tablet_service.cc:1917] Received RequestConsensusVote() RPC: tablet_id: "2484cab20d4f4d9a9dd73f96a5555226" candidate_uuid: "52a980631b7849adaf6fb37fea92b8f8" candidate_term: 1 candidate_status { last_received { term: 0 index: 0 } } ignore_live_leader: false dest_uuid: "3d77187cd6d24cd1813f173b15f03b8f" is_pre_election: true
I20260713 09:01:01.123018  7078 raft_consensus.cc:2393] T 2484cab20d4f4d9a9dd73f96a5555226 P 3d77187cd6d24cd1813f173b15f03b8f [term 1 FOLLOWER]: Leader pre-election vote request: Denying vote to candidate 52a980631b7849adaf6fb37fea92b8f8 in current term 1: Already voted for candidate c8c44581db5b4cae8c0e42b88a75e71e in this term.
I20260713 09:01:01.128983  6930 tablet_service.cc:1917] Received RequestConsensusVote() RPC: tablet_id: "2484cab20d4f4d9a9dd73f96a5555226" candidate_uuid: "52a980631b7849adaf6fb37fea92b8f8" candidate_term: 1 candidate_status { last_received { term: 0 index: 0 } } ignore_live_leader: false dest_uuid: "c8c44581db5b4cae8c0e42b88a75e71e" is_pre_election: true
I20260713 09:01:01.131129  6968 leader_election.cc:304] T 2484cab20d4f4d9a9dd73f96a5555226 P 52a980631b7849adaf6fb37fea92b8f8 [CANDIDATE]: Term 1 pre-election: Election decided. Result: candidate lost. Election summary: received 3 responses out of 3 voters: 1 yes votes; 2 no votes. yes voters: 52a980631b7849adaf6fb37fea92b8f8; no voters: 3d77187cd6d24cd1813f173b15f03b8f, c8c44581db5b4cae8c0e42b88a75e71e
I20260713 09:01:01.132283  7147 raft_consensus.cc:3060] T 2484cab20d4f4d9a9dd73f96a5555226 P 52a980631b7849adaf6fb37fea92b8f8 [term 0 FOLLOWER]: Advancing to term 1
I20260713 09:01:01.139149  7146 leader_election.cc:290] T 2484cab20d4f4d9a9dd73f96a5555226 P 52a980631b7849adaf6fb37fea92b8f8 [CANDIDATE]: Term 1 pre-election: Requested pre-vote from peers c8c44581db5b4cae8c0e42b88a75e71e (127.5.173.193:34495), 3d77187cd6d24cd1813f173b15f03b8f (127.5.173.195:45267)
I20260713 09:01:01.144338  7147 raft_consensus.cc:2749] T 2484cab20d4f4d9a9dd73f96a5555226 P 52a980631b7849adaf6fb37fea92b8f8 [term 1 FOLLOWER]: Leader pre-election lost for term 1. Reason: could not achieve majority
I20260713 09:01:01.147892  7120 ts_tablet_manager.cc:1434] T a82e2a534da646adaacbb7c5b9a29715 P 52a980631b7849adaf6fb37fea92b8f8: Time spent starting tablet: real 0.076s	user 0.025s	sys 0.042s
I20260713 09:01:01.148836  7120 tablet_bootstrap.cc:492] T 5aabdf1c60f24d738d85a05ab59b6d9b P 52a980631b7849adaf6fb37fea92b8f8: Bootstrap starting.
I20260713 09:01:01.149376  7119 tablet_bootstrap.cc:492] T 2b75bf1b6c1b4097919962fd1f6f8dcd P 3d77187cd6d24cd1813f173b15f03b8f: No bootstrap required, opened a new log
I20260713 09:01:01.149932  7119 ts_tablet_manager.cc:1403] T 2b75bf1b6c1b4097919962fd1f6f8dcd P 3d77187cd6d24cd1813f173b15f03b8f: Time spent bootstrapping tablet: real 0.096s	user 0.038s	sys 0.033s
I20260713 09:01:01.152863  7119 raft_consensus.cc:359] T 2b75bf1b6c1b4097919962fd1f6f8dcd P 3d77187cd6d24cd1813f173b15f03b8f [term 0 FOLLOWER]: Replica starting. Triggering 0 pending ops. Active config: opid_index: -1 OBSOLETE_local: false peers { permanent_uuid: "c8c44581db5b4cae8c0e42b88a75e71e" member_type: VOTER last_known_addr { host: "127.5.173.193" port: 34495 } } peers { permanent_uuid: "52a980631b7849adaf6fb37fea92b8f8" member_type: VOTER last_known_addr { host: "127.5.173.194" port: 43433 } } peers { permanent_uuid: "3d77187cd6d24cd1813f173b15f03b8f" member_type: VOTER last_known_addr { host: "127.5.173.195" port: 45267 } }
I20260713 09:01:01.153539  7119 raft_consensus.cc:385] T 2b75bf1b6c1b4097919962fd1f6f8dcd P 3d77187cd6d24cd1813f173b15f03b8f [term 0 FOLLOWER]: Consensus starting up: Expiring failure detector timer to make a prompt election more likely
I20260713 09:01:01.153803  7119 raft_consensus.cc:740] T 2b75bf1b6c1b4097919962fd1f6f8dcd P 3d77187cd6d24cd1813f173b15f03b8f [term 0 FOLLOWER]: Becoming Follower/Learner. State: Replica: 3d77187cd6d24cd1813f173b15f03b8f, State: Initialized, Role: FOLLOWER
I20260713 09:01:01.154345  7120 tablet_bootstrap.cc:654] T 5aabdf1c60f24d738d85a05ab59b6d9b P 52a980631b7849adaf6fb37fea92b8f8: Neither blocks nor log segments found. Creating new log.
I20260713 09:01:01.155371  7119 consensus_queue.cc:260] T 2b75bf1b6c1b4097919962fd1f6f8dcd P 3d77187cd6d24cd1813f173b15f03b8f [NON_LEADER]: Queue going to NON_LEADER mode. State: All replicated index: 0, Majority replicated index: 0, Committed index: 0, Last appended: 0.0, Last appended by leader: 0, Current term: 0, Majority size: -1, State: 0, Mode: NON_LEADER, active raft config: opid_index: -1 OBSOLETE_local: false peers { permanent_uuid: "c8c44581db5b4cae8c0e42b88a75e71e" member_type: VOTER last_known_addr { host: "127.5.173.193" port: 34495 } } peers { permanent_uuid: "52a980631b7849adaf6fb37fea92b8f8" member_type: VOTER last_known_addr { host: "127.5.173.194" port: 43433 } } peers { permanent_uuid: "3d77187cd6d24cd1813f173b15f03b8f" member_type: VOTER last_known_addr { host: "127.5.173.195" port: 45267 } }
I20260713 09:01:01.156857  7121 tablet_bootstrap.cc:492] T 6112e50e231b47a58c43a3065de4adfb P c8c44581db5b4cae8c0e42b88a75e71e: No bootstrap required, opened a new log
I20260713 09:01:01.157282  7121 ts_tablet_manager.cc:1403] T 6112e50e231b47a58c43a3065de4adfb P c8c44581db5b4cae8c0e42b88a75e71e: Time spent bootstrapping tablet: real 0.076s	user 0.011s	sys 0.019s
I20260713 09:01:01.157473  7119 ts_tablet_manager.cc:1434] T 2b75bf1b6c1b4097919962fd1f6f8dcd P 3d77187cd6d24cd1813f173b15f03b8f: Time spent starting tablet: real 0.007s	user 0.002s	sys 0.005s
I20260713 09:01:01.158887  7119 tablet_bootstrap.cc:492] T a6b361ac32e846089cfb5b9185a81c65 P 3d77187cd6d24cd1813f173b15f03b8f: Bootstrap starting.
I20260713 09:01:01.160027  7121 raft_consensus.cc:359] T 6112e50e231b47a58c43a3065de4adfb P c8c44581db5b4cae8c0e42b88a75e71e [term 0 FOLLOWER]: Replica starting. Triggering 0 pending ops. Active config: opid_index: -1 OBSOLETE_local: false peers { permanent_uuid: "c8c44581db5b4cae8c0e42b88a75e71e" member_type: VOTER last_known_addr { host: "127.5.173.193" port: 34495 } } peers { permanent_uuid: "52a980631b7849adaf6fb37fea92b8f8" member_type: VOTER last_known_addr { host: "127.5.173.194" port: 43433 } } peers { permanent_uuid: "3d77187cd6d24cd1813f173b15f03b8f" member_type: VOTER last_known_addr { host: "127.5.173.195" port: 45267 } }
I20260713 09:01:01.160669  7121 raft_consensus.cc:385] T 6112e50e231b47a58c43a3065de4adfb P c8c44581db5b4cae8c0e42b88a75e71e [term 0 FOLLOWER]: Consensus starting up: Expiring failure detector timer to make a prompt election more likely
I20260713 09:01:01.160909  7121 raft_consensus.cc:740] T 6112e50e231b47a58c43a3065de4adfb P c8c44581db5b4cae8c0e42b88a75e71e [term 0 FOLLOWER]: Becoming Follower/Learner. State: Replica: c8c44581db5b4cae8c0e42b88a75e71e, State: Initialized, Role: FOLLOWER
I20260713 09:01:01.161666  7121 consensus_queue.cc:260] T 6112e50e231b47a58c43a3065de4adfb P c8c44581db5b4cae8c0e42b88a75e71e [NON_LEADER]: Queue going to NON_LEADER mode. State: All replicated index: 0, Majority replicated index: 0, Committed index: 0, Last appended: 0.0, Last appended by leader: 0, Current term: 0, Majority size: -1, State: 0, Mode: NON_LEADER, active raft config: opid_index: -1 OBSOLETE_local: false peers { permanent_uuid: "c8c44581db5b4cae8c0e42b88a75e71e" member_type: VOTER last_known_addr { host: "127.5.173.193" port: 34495 } } peers { permanent_uuid: "52a980631b7849adaf6fb37fea92b8f8" member_type: VOTER last_known_addr { host: "127.5.173.194" port: 43433 } } peers { permanent_uuid: "3d77187cd6d24cd1813f173b15f03b8f" member_type: VOTER last_known_addr { host: "127.5.173.195" port: 45267 } }
I20260713 09:01:01.165220  7119 tablet_bootstrap.cc:654] T a6b361ac32e846089cfb5b9185a81c65 P 3d77187cd6d24cd1813f173b15f03b8f: Neither blocks nor log segments found. Creating new log.
I20260713 09:01:01.165961  7120 tablet_bootstrap.cc:492] T 5aabdf1c60f24d738d85a05ab59b6d9b P 52a980631b7849adaf6fb37fea92b8f8: No bootstrap required, opened a new log
I20260713 09:01:01.166497  7120 ts_tablet_manager.cc:1403] T 5aabdf1c60f24d738d85a05ab59b6d9b P 52a980631b7849adaf6fb37fea92b8f8: Time spent bootstrapping tablet: real 0.018s	user 0.013s	sys 0.003s
I20260713 09:01:01.167212  7121 ts_tablet_manager.cc:1434] T 6112e50e231b47a58c43a3065de4adfb P c8c44581db5b4cae8c0e42b88a75e71e: Time spent starting tablet: real 0.010s	user 0.007s	sys 0.001s
I20260713 09:01:01.168200  7121 tablet_bootstrap.cc:492] T 4ac92b3bd8c6437f98e8c138bf87db04 P c8c44581db5b4cae8c0e42b88a75e71e: Bootstrap starting.
I20260713 09:01:01.169458  7120 raft_consensus.cc:359] T 5aabdf1c60f24d738d85a05ab59b6d9b P 52a980631b7849adaf6fb37fea92b8f8 [term 0 FOLLOWER]: Replica starting. Triggering 0 pending ops. Active config: opid_index: -1 OBSOLETE_local: false peers { permanent_uuid: "c8c44581db5b4cae8c0e42b88a75e71e" member_type: VOTER last_known_addr { host: "127.5.173.193" port: 34495 } } peers { permanent_uuid: "52a980631b7849adaf6fb37fea92b8f8" member_type: VOTER last_known_addr { host: "127.5.173.194" port: 43433 } } peers { permanent_uuid: "3d77187cd6d24cd1813f173b15f03b8f" member_type: VOTER last_known_addr { host: "127.5.173.195" port: 45267 } }
I20260713 09:01:01.170141  7120 raft_consensus.cc:385] T 5aabdf1c60f24d738d85a05ab59b6d9b P 52a980631b7849adaf6fb37fea92b8f8 [term 0 FOLLOWER]: Consensus starting up: Expiring failure detector timer to make a prompt election more likely
I20260713 09:01:01.170404  7120 raft_consensus.cc:740] T 5aabdf1c60f24d738d85a05ab59b6d9b P 52a980631b7849adaf6fb37fea92b8f8 [term 0 FOLLOWER]: Becoming Follower/Learner. State: Replica: 52a980631b7849adaf6fb37fea92b8f8, State: Initialized, Role: FOLLOWER
I20260713 09:01:01.171309  7120 consensus_queue.cc:260] T 5aabdf1c60f24d738d85a05ab59b6d9b P 52a980631b7849adaf6fb37fea92b8f8 [NON_LEADER]: Queue going to NON_LEADER mode. State: All replicated index: 0, Majority replicated index: 0, Committed index: 0, Last appended: 0.0, Last appended by leader: 0, Current term: 0, Majority size: -1, State: 0, Mode: NON_LEADER, active raft config: opid_index: -1 OBSOLETE_local: false peers { permanent_uuid: "c8c44581db5b4cae8c0e42b88a75e71e" member_type: VOTER last_known_addr { host: "127.5.173.193" port: 34495 } } peers { permanent_uuid: "52a980631b7849adaf6fb37fea92b8f8" member_type: VOTER last_known_addr { host: "127.5.173.194" port: 43433 } } peers { permanent_uuid: "3d77187cd6d24cd1813f173b15f03b8f" member_type: VOTER last_known_addr { host: "127.5.173.195" port: 45267 } }
I20260713 09:01:01.173593  7120 ts_tablet_manager.cc:1434] T 5aabdf1c60f24d738d85a05ab59b6d9b P 52a980631b7849adaf6fb37fea92b8f8: Time spent starting tablet: real 0.007s	user 0.004s	sys 0.000s
I20260713 09:01:01.177500  7120 tablet_bootstrap.cc:492] T c1ff23810469477dbb65b3531181042e P 52a980631b7849adaf6fb37fea92b8f8: Bootstrap starting.
I20260713 09:01:01.183022  7120 tablet_bootstrap.cc:654] T c1ff23810469477dbb65b3531181042e P 52a980631b7849adaf6fb37fea92b8f8: Neither blocks nor log segments found. Creating new log.
I20260713 09:01:01.190372  7121 tablet_bootstrap.cc:654] T 4ac92b3bd8c6437f98e8c138bf87db04 P c8c44581db5b4cae8c0e42b88a75e71e: Neither blocks nor log segments found. Creating new log.
I20260713 09:01:01.199002  7119 tablet_bootstrap.cc:492] T a6b361ac32e846089cfb5b9185a81c65 P 3d77187cd6d24cd1813f173b15f03b8f: No bootstrap required, opened a new log
I20260713 09:01:01.199182  7195 raft_consensus.cc:493] T 7c27ca05f7cd45c5b83efd9db4d5613f P 52a980631b7849adaf6fb37fea92b8f8 [term 0 FOLLOWER]: Starting pre-election (no leader contacted us within the election timeout)
I20260713 09:01:01.199522  7119 ts_tablet_manager.cc:1403] T a6b361ac32e846089cfb5b9185a81c65 P 3d77187cd6d24cd1813f173b15f03b8f: Time spent bootstrapping tablet: real 0.041s	user 0.020s	sys 0.015s
I20260713 09:01:01.199616  7120 tablet_bootstrap.cc:492] T c1ff23810469477dbb65b3531181042e P 52a980631b7849adaf6fb37fea92b8f8: No bootstrap required, opened a new log
I20260713 09:01:01.199621  7195 raft_consensus.cc:515] T 7c27ca05f7cd45c5b83efd9db4d5613f P 52a980631b7849adaf6fb37fea92b8f8 [term 0 FOLLOWER]: Starting pre-election with config: opid_index: -1 OBSOLETE_local: false peers { permanent_uuid: "c8c44581db5b4cae8c0e42b88a75e71e" member_type: VOTER last_known_addr { host: "127.5.173.193" port: 34495 } } peers { permanent_uuid: "52a980631b7849adaf6fb37fea92b8f8" member_type: VOTER last_known_addr { host: "127.5.173.194" port: 43433 } } peers { permanent_uuid: "3d77187cd6d24cd1813f173b15f03b8f" member_type: VOTER last_known_addr { host: "127.5.173.195" port: 45267 } }
I20260713 09:01:01.200253  7120 ts_tablet_manager.cc:1403] T c1ff23810469477dbb65b3531181042e P 52a980631b7849adaf6fb37fea92b8f8: Time spent bootstrapping tablet: real 0.023s	user 0.021s	sys 0.000s
I20260713 09:01:01.201817  7195 leader_election.cc:290] T 7c27ca05f7cd45c5b83efd9db4d5613f P 52a980631b7849adaf6fb37fea92b8f8 [CANDIDATE]: Term 1 pre-election: Requested pre-vote from peers c8c44581db5b4cae8c0e42b88a75e71e (127.5.173.193:34495), 3d77187cd6d24cd1813f173b15f03b8f (127.5.173.195:45267)
I20260713 09:01:01.202260  7119 raft_consensus.cc:359] T a6b361ac32e846089cfb5b9185a81c65 P 3d77187cd6d24cd1813f173b15f03b8f [term 0 FOLLOWER]: Replica starting. Triggering 0 pending ops. Active config: opid_index: -1 OBSOLETE_local: false peers { permanent_uuid: "c8c44581db5b4cae8c0e42b88a75e71e" member_type: VOTER last_known_addr { host: "127.5.173.193" port: 34495 } } peers { permanent_uuid: "52a980631b7849adaf6fb37fea92b8f8" member_type: VOTER last_known_addr { host: "127.5.173.194" port: 43433 } } peers { permanent_uuid: "3d77187cd6d24cd1813f173b15f03b8f" member_type: VOTER last_known_addr { host: "127.5.173.195" port: 45267 } }
I20260713 09:01:01.202950  7119 raft_consensus.cc:385] T a6b361ac32e846089cfb5b9185a81c65 P 3d77187cd6d24cd1813f173b15f03b8f [term 0 FOLLOWER]: Consensus starting up: Expiring failure detector timer to make a prompt election more likely
I20260713 09:01:01.202850  7120 raft_consensus.cc:359] T c1ff23810469477dbb65b3531181042e P 52a980631b7849adaf6fb37fea92b8f8 [term 0 FOLLOWER]: Replica starting. Triggering 0 pending ops. Active config: opid_index: -1 OBSOLETE_local: false peers { permanent_uuid: "c8c44581db5b4cae8c0e42b88a75e71e" member_type: VOTER last_known_addr { host: "127.5.173.193" port: 34495 } } peers { permanent_uuid: "52a980631b7849adaf6fb37fea92b8f8" member_type: VOTER last_known_addr { host: "127.5.173.194" port: 43433 } } peers { permanent_uuid: "3d77187cd6d24cd1813f173b15f03b8f" member_type: VOTER last_known_addr { host: "127.5.173.195" port: 45267 } }
I20260713 09:01:01.203297  7119 raft_consensus.cc:740] T a6b361ac32e846089cfb5b9185a81c65 P 3d77187cd6d24cd1813f173b15f03b8f [term 0 FOLLOWER]: Becoming Follower/Learner. State: Replica: 3d77187cd6d24cd1813f173b15f03b8f, State: Initialized, Role: FOLLOWER
I20260713 09:01:01.203594  7120 raft_consensus.cc:385] T c1ff23810469477dbb65b3531181042e P 52a980631b7849adaf6fb37fea92b8f8 [term 0 FOLLOWER]: Consensus starting up: Expiring failure detector timer to make a prompt election more likely
I20260713 09:01:01.203481  6930 tablet_service.cc:1917] Received RequestConsensusVote() RPC: tablet_id: "7c27ca05f7cd45c5b83efd9db4d5613f" candidate_uuid: "52a980631b7849adaf6fb37fea92b8f8" candidate_term: 1 candidate_status { last_received { term: 0 index: 0 } } ignore_live_leader: false dest_uuid: "c8c44581db5b4cae8c0e42b88a75e71e" is_pre_election: true
I20260713 09:01:01.199570  7121 tablet_bootstrap.cc:492] T 4ac92b3bd8c6437f98e8c138bf87db04 P c8c44581db5b4cae8c0e42b88a75e71e: No bootstrap required, opened a new log
I20260713 09:01:01.204380  6930 raft_consensus.cc:2393] T 7c27ca05f7cd45c5b83efd9db4d5613f P c8c44581db5b4cae8c0e42b88a75e71e [term 1 FOLLOWER]: Leader pre-election vote request: Denying vote to candidate 52a980631b7849adaf6fb37fea92b8f8 in current term 1: Already voted for candidate 3d77187cd6d24cd1813f173b15f03b8f in this term.
I20260713 09:01:01.204249  7077 tablet_service.cc:1917] Received RequestConsensusVote() RPC: tablet_id: "7c27ca05f7cd45c5b83efd9db4d5613f" candidate_uuid: "52a980631b7849adaf6fb37fea92b8f8" candidate_term: 1 candidate_status { last_received { term: 0 index: 0 } } ignore_live_leader: false dest_uuid: "3d77187cd6d24cd1813f173b15f03b8f" is_pre_election: true
I20260713 09:01:01.204561  7121 ts_tablet_manager.cc:1403] T 4ac92b3bd8c6437f98e8c138bf87db04 P c8c44581db5b4cae8c0e42b88a75e71e: Time spent bootstrapping tablet: real 0.037s	user 0.012s	sys 0.004s
I20260713 09:01:01.203970  7120 raft_consensus.cc:740] T c1ff23810469477dbb65b3531181042e P 52a980631b7849adaf6fb37fea92b8f8 [term 0 FOLLOWER]: Becoming Follower/Learner. State: Replica: 52a980631b7849adaf6fb37fea92b8f8, State: Initialized, Role: FOLLOWER
I20260713 09:01:01.205410  7120 consensus_queue.cc:260] T c1ff23810469477dbb65b3531181042e P 52a980631b7849adaf6fb37fea92b8f8 [NON_LEADER]: Queue going to NON_LEADER mode. State: All replicated index: 0, Majority replicated index: 0, Committed index: 0, Last appended: 0.0, Last appended by leader: 0, Current term: 0, Majority size: -1, State: 0, Mode: NON_LEADER, active raft config: opid_index: -1 OBSOLETE_local: false peers { permanent_uuid: "c8c44581db5b4cae8c0e42b88a75e71e" member_type: VOTER last_known_addr { host: "127.5.173.193" port: 34495 } } peers { permanent_uuid: "52a980631b7849adaf6fb37fea92b8f8" member_type: VOTER last_known_addr { host: "127.5.173.194" port: 43433 } } peers { permanent_uuid: "3d77187cd6d24cd1813f173b15f03b8f" member_type: VOTER last_known_addr { host: "127.5.173.195" port: 45267 } }
I20260713 09:01:01.203958  7119 consensus_queue.cc:260] T a6b361ac32e846089cfb5b9185a81c65 P 3d77187cd6d24cd1813f173b15f03b8f [NON_LEADER]: Queue going to NON_LEADER mode. State: All replicated index: 0, Majority replicated index: 0, Committed index: 0, Last appended: 0.0, Last appended by leader: 0, Current term: 0, Majority size: -1, State: 0, Mode: NON_LEADER, active raft config: opid_index: -1 OBSOLETE_local: false peers { permanent_uuid: "c8c44581db5b4cae8c0e42b88a75e71e" member_type: VOTER last_known_addr { host: "127.5.173.193" port: 34495 } } peers { permanent_uuid: "52a980631b7849adaf6fb37fea92b8f8" member_type: VOTER last_known_addr { host: "127.5.173.194" port: 43433 } } peers { permanent_uuid: "3d77187cd6d24cd1813f173b15f03b8f" member_type: VOTER last_known_addr { host: "127.5.173.195" port: 45267 } }
I20260713 09:01:01.206377  6970 leader_election.cc:304] T 7c27ca05f7cd45c5b83efd9db4d5613f P 52a980631b7849adaf6fb37fea92b8f8 [CANDIDATE]: Term 1 pre-election: Election decided. Result: candidate lost. Election summary: received 3 responses out of 3 voters: 1 yes votes; 2 no votes. yes voters: 52a980631b7849adaf6fb37fea92b8f8; no voters: 3d77187cd6d24cd1813f173b15f03b8f, c8c44581db5b4cae8c0e42b88a75e71e
I20260713 09:01:01.207616  7120 ts_tablet_manager.cc:1434] T c1ff23810469477dbb65b3531181042e P 52a980631b7849adaf6fb37fea92b8f8: Time spent starting tablet: real 0.007s	user 0.006s	sys 0.000s
I20260713 09:01:01.207536  7121 raft_consensus.cc:359] T 4ac92b3bd8c6437f98e8c138bf87db04 P c8c44581db5b4cae8c0e42b88a75e71e [term 0 FOLLOWER]: Replica starting. Triggering 0 pending ops. Active config: opid_index: -1 OBSOLETE_local: false peers { permanent_uuid: "c8c44581db5b4cae8c0e42b88a75e71e" member_type: VOTER last_known_addr { host: "127.5.173.193" port: 34495 } } peers { permanent_uuid: "52a980631b7849adaf6fb37fea92b8f8" member_type: VOTER last_known_addr { host: "127.5.173.194" port: 43433 } } peers { permanent_uuid: "3d77187cd6d24cd1813f173b15f03b8f" member_type: VOTER last_known_addr { host: "127.5.173.195" port: 45267 } }
I20260713 09:01:01.208356  7121 raft_consensus.cc:385] T 4ac92b3bd8c6437f98e8c138bf87db04 P c8c44581db5b4cae8c0e42b88a75e71e [term 0 FOLLOWER]: Consensus starting up: Expiring failure detector timer to make a prompt election more likely
I20260713 09:01:01.208731  7120 tablet_bootstrap.cc:492] T 50c8e4316a1f479f9ae23e99fdd7c91b P 52a980631b7849adaf6fb37fea92b8f8: Bootstrap starting.
I20260713 09:01:01.209898  7119 ts_tablet_manager.cc:1434] T a6b361ac32e846089cfb5b9185a81c65 P 3d77187cd6d24cd1813f173b15f03b8f: Time spent starting tablet: real 0.010s	user 0.006s	sys 0.000s
I20260713 09:01:01.210841  7119 tablet_bootstrap.cc:492] T 19daab0238e540a987b8f67eade979bb P 3d77187cd6d24cd1813f173b15f03b8f: Bootstrap starting.
I20260713 09:01:01.210894  7147 raft_consensus.cc:3060] T 7c27ca05f7cd45c5b83efd9db4d5613f P 52a980631b7849adaf6fb37fea92b8f8 [term 0 FOLLOWER]: Advancing to term 1
I20260713 09:01:01.208702  7121 raft_consensus.cc:740] T 4ac92b3bd8c6437f98e8c138bf87db04 P c8c44581db5b4cae8c0e42b88a75e71e [term 0 FOLLOWER]: Becoming Follower/Learner. State: Replica: c8c44581db5b4cae8c0e42b88a75e71e, State: Initialized, Role: FOLLOWER
I20260713 09:01:01.215082  7121 consensus_queue.cc:260] T 4ac92b3bd8c6437f98e8c138bf87db04 P c8c44581db5b4cae8c0e42b88a75e71e [NON_LEADER]: Queue going to NON_LEADER mode. State: All replicated index: 0, Majority replicated index: 0, Committed index: 0, Last appended: 0.0, Last appended by leader: 0, Current term: 0, Majority size: -1, State: 0, Mode: NON_LEADER, active raft config: opid_index: -1 OBSOLETE_local: false peers { permanent_uuid: "c8c44581db5b4cae8c0e42b88a75e71e" member_type: VOTER last_known_addr { host: "127.5.173.193" port: 34495 } } peers { permanent_uuid: "52a980631b7849adaf6fb37fea92b8f8" member_type: VOTER last_known_addr { host: "127.5.173.194" port: 43433 } } peers { permanent_uuid: "3d77187cd6d24cd1813f173b15f03b8f" member_type: VOTER last_known_addr { host: "127.5.173.195" port: 45267 } }
I20260713 09:01:01.216022  7120 tablet_bootstrap.cc:654] T 50c8e4316a1f479f9ae23e99fdd7c91b P 52a980631b7849adaf6fb37fea92b8f8: Neither blocks nor log segments found. Creating new log.
I20260713 09:01:01.215581  7119 tablet_bootstrap.cc:654] T 19daab0238e540a987b8f67eade979bb P 3d77187cd6d24cd1813f173b15f03b8f: Neither blocks nor log segments found. Creating new log.
I20260713 09:01:01.217450  7125 consensus_queue.cc:1048] T 0ce71bb0666c47f6a63cff0352675e10 P 3d77187cd6d24cd1813f173b15f03b8f [LEADER]: Connected to new peer: Peer: permanent_uuid: "c8c44581db5b4cae8c0e42b88a75e71e" member_type: VOTER last_known_addr { host: "127.5.173.193" port: 34495 }, Status: LMP_MISMATCH, Last received: 0.0, Next index: 1, Last known committed idx: 0, Time since last communication: 0.000s
I20260713 09:01:01.218102  7121 ts_tablet_manager.cc:1434] T 4ac92b3bd8c6437f98e8c138bf87db04 P c8c44581db5b4cae8c0e42b88a75e71e: Time spent starting tablet: real 0.013s	user 0.006s	sys 0.000s
I20260713 09:01:01.219168  7121 tablet_bootstrap.cc:492] T 720ed8a039924bf086338f3938fd3dea P c8c44581db5b4cae8c0e42b88a75e71e: Bootstrap starting.
I20260713 09:01:01.227859  7175 raft_consensus.cc:493] T 50c8e4316a1f479f9ae23e99fdd7c91b P c8c44581db5b4cae8c0e42b88a75e71e [term 0 FOLLOWER]: Starting pre-election (no leader contacted us within the election timeout)
I20260713 09:01:01.230890  7121 tablet_bootstrap.cc:654] T 720ed8a039924bf086338f3938fd3dea P c8c44581db5b4cae8c0e42b88a75e71e: Neither blocks nor log segments found. Creating new log.
I20260713 09:01:01.228598  7175 raft_consensus.cc:515] T 50c8e4316a1f479f9ae23e99fdd7c91b P c8c44581db5b4cae8c0e42b88a75e71e [term 0 FOLLOWER]: Starting pre-election with config: opid_index: -1 OBSOLETE_local: false peers { permanent_uuid: "c8c44581db5b4cae8c0e42b88a75e71e" member_type: VOTER last_known_addr { host: "127.5.173.193" port: 34495 } } peers { permanent_uuid: "52a980631b7849adaf6fb37fea92b8f8" member_type: VOTER last_known_addr { host: "127.5.173.194" port: 43433 } } peers { permanent_uuid: "3d77187cd6d24cd1813f173b15f03b8f" member_type: VOTER last_known_addr { host: "127.5.173.195" port: 45267 } }
I20260713 09:01:01.233556  7147 raft_consensus.cc:2749] T 7c27ca05f7cd45c5b83efd9db4d5613f P 52a980631b7849adaf6fb37fea92b8f8 [term 1 FOLLOWER]: Leader pre-election lost for term 1. Reason: could not achieve majority
I20260713 09:01:01.234670  7195 raft_consensus.cc:493] T 36a5c563f7014beb87e41ced2e8afcaa P 52a980631b7849adaf6fb37fea92b8f8 [term 0 FOLLOWER]: Starting pre-election (no leader contacted us within the election timeout)
I20260713 09:01:01.235335  7195 raft_consensus.cc:515] T 36a5c563f7014beb87e41ced2e8afcaa P 52a980631b7849adaf6fb37fea92b8f8 [term 0 FOLLOWER]: Starting pre-election with config: opid_index: -1 OBSOLETE_local: false peers { permanent_uuid: "c8c44581db5b4cae8c0e42b88a75e71e" member_type: VOTER last_known_addr { host: "127.5.173.193" port: 34495 } } peers { permanent_uuid: "52a980631b7849adaf6fb37fea92b8f8" member_type: VOTER last_known_addr { host: "127.5.173.194" port: 43433 } } peers { permanent_uuid: "3d77187cd6d24cd1813f173b15f03b8f" member_type: VOTER last_known_addr { host: "127.5.173.195" port: 45267 } }
I20260713 09:01:01.239902  6929 tablet_service.cc:1917] Received RequestConsensusVote() RPC: tablet_id: "36a5c563f7014beb87e41ced2e8afcaa" candidate_uuid: "52a980631b7849adaf6fb37fea92b8f8" candidate_term: 1 candidate_status { last_received { term: 0 index: 0 } } ignore_live_leader: false dest_uuid: "c8c44581db5b4cae8c0e42b88a75e71e" is_pre_election: true
I20260713 09:01:01.242184  7147 raft_consensus.cc:493] T a82e2a534da646adaacbb7c5b9a29715 P 52a980631b7849adaf6fb37fea92b8f8 [term 0 FOLLOWER]: Starting pre-election (no leader contacted us within the election timeout)
I20260713 09:01:01.242792  7147 raft_consensus.cc:515] T a82e2a534da646adaacbb7c5b9a29715 P 52a980631b7849adaf6fb37fea92b8f8 [term 0 FOLLOWER]: Starting pre-election with config: opid_index: -1 OBSOLETE_local: false peers { permanent_uuid: "c8c44581db5b4cae8c0e42b88a75e71e" member_type: VOTER last_known_addr { host: "127.5.173.193" port: 34495 } } peers { permanent_uuid: "52a980631b7849adaf6fb37fea92b8f8" member_type: VOTER last_known_addr { host: "127.5.173.194" port: 43433 } } peers { permanent_uuid: "3d77187cd6d24cd1813f173b15f03b8f" member_type: VOTER last_known_addr { host: "127.5.173.195" port: 45267 } }
I20260713 09:01:01.243896  7004 tablet_service.cc:1917] Received RequestConsensusVote() RPC: tablet_id: "50c8e4316a1f479f9ae23e99fdd7c91b" candidate_uuid: "c8c44581db5b4cae8c0e42b88a75e71e" candidate_term: 1 candidate_status { last_received { term: 0 index: 0 } } ignore_live_leader: false dest_uuid: "52a980631b7849adaf6fb37fea92b8f8" is_pre_election: true
I20260713 09:01:01.243896  7077 tablet_service.cc:1917] Received RequestConsensusVote() RPC: tablet_id: "50c8e4316a1f479f9ae23e99fdd7c91b" candidate_uuid: "c8c44581db5b4cae8c0e42b88a75e71e" candidate_term: 1 candidate_status { last_received { term: 0 index: 0 } } ignore_live_leader: false dest_uuid: "3d77187cd6d24cd1813f173b15f03b8f" is_pre_election: true
I20260713 09:01:01.245900  7078 tablet_service.cc:1917] Received RequestConsensusVote() RPC: tablet_id: "36a5c563f7014beb87e41ced2e8afcaa" candidate_uuid: "52a980631b7849adaf6fb37fea92b8f8" candidate_term: 1 candidate_status { last_received { term: 0 index: 0 } } ignore_live_leader: false dest_uuid: "3d77187cd6d24cd1813f173b15f03b8f" is_pre_election: true
I20260713 09:01:01.246692  7078 raft_consensus.cc:2393] T 36a5c563f7014beb87e41ced2e8afcaa P 3d77187cd6d24cd1813f173b15f03b8f [term 1 FOLLOWER]: Leader pre-election vote request: Denying vote to candidate 52a980631b7849adaf6fb37fea92b8f8 in current term 1: Already voted for candidate c8c44581db5b4cae8c0e42b88a75e71e in this term.
I20260713 09:01:01.247578  7120 tablet_bootstrap.cc:492] T 50c8e4316a1f479f9ae23e99fdd7c91b P 52a980631b7849adaf6fb37fea92b8f8: No bootstrap required, opened a new log
W20260713 09:01:01.247656  6896 leader_election.cc:343] T 50c8e4316a1f479f9ae23e99fdd7c91b P c8c44581db5b4cae8c0e42b88a75e71e [CANDIDATE]: Term 1 pre-election: Tablet error from VoteRequest() call to peer 52a980631b7849adaf6fb37fea92b8f8 (127.5.173.194:43433): Illegal state: must be running to vote when last-logged opid is not known
I20260713 09:01:01.248286  7120 ts_tablet_manager.cc:1403] T 50c8e4316a1f479f9ae23e99fdd7c91b P 52a980631b7849adaf6fb37fea92b8f8: Time spent bootstrapping tablet: real 0.040s	user 0.012s	sys 0.013s
W20260713 09:01:01.249079  6895 leader_election.cc:343] T 50c8e4316a1f479f9ae23e99fdd7c91b P c8c44581db5b4cae8c0e42b88a75e71e [CANDIDATE]: Term 1 pre-election: Tablet error from VoteRequest() call to peer 3d77187cd6d24cd1813f173b15f03b8f (127.5.173.195:45267): Illegal state: must be running to vote when last-logged opid is not known
I20260713 09:01:01.249513  6895 leader_election.cc:304] T 50c8e4316a1f479f9ae23e99fdd7c91b P c8c44581db5b4cae8c0e42b88a75e71e [CANDIDATE]: Term 1 pre-election: Election decided. Result: candidate lost. Election summary: received 3 responses out of 3 voters: 1 yes votes; 2 no votes. yes voters: c8c44581db5b4cae8c0e42b88a75e71e; no voters: 3d77187cd6d24cd1813f173b15f03b8f, 52a980631b7849adaf6fb37fea92b8f8
I20260713 09:01:01.250283  7171 raft_consensus.cc:2749] T 50c8e4316a1f479f9ae23e99fdd7c91b P c8c44581db5b4cae8c0e42b88a75e71e [term 0 FOLLOWER]: Leader pre-election lost for term 1. Reason: could not achieve majority
I20260713 09:01:01.251202  6929 tablet_service.cc:1917] Received RequestConsensusVote() RPC: tablet_id: "a82e2a534da646adaacbb7c5b9a29715" candidate_uuid: "52a980631b7849adaf6fb37fea92b8f8" candidate_term: 1 candidate_status { last_received { term: 0 index: 0 } } ignore_live_leader: false dest_uuid: "c8c44581db5b4cae8c0e42b88a75e71e" is_pre_election: true
I20260713 09:01:01.250988  7120 raft_consensus.cc:359] T 50c8e4316a1f479f9ae23e99fdd7c91b P 52a980631b7849adaf6fb37fea92b8f8 [term 0 FOLLOWER]: Replica starting. Triggering 0 pending ops. Active config: opid_index: -1 OBSOLETE_local: false peers { permanent_uuid: "c8c44581db5b4cae8c0e42b88a75e71e" member_type: VOTER last_known_addr { host: "127.5.173.193" port: 34495 } } peers { permanent_uuid: "52a980631b7849adaf6fb37fea92b8f8" member_type: VOTER last_known_addr { host: "127.5.173.194" port: 43433 } } peers { permanent_uuid: "3d77187cd6d24cd1813f173b15f03b8f" member_type: VOTER last_known_addr { host: "127.5.173.195" port: 45267 } }
I20260713 09:01:01.252071  7120 raft_consensus.cc:385] T 50c8e4316a1f479f9ae23e99fdd7c91b P 52a980631b7849adaf6fb37fea92b8f8 [term 0 FOLLOWER]: Consensus starting up: Expiring failure detector timer to make a prompt election more likely
I20260713 09:01:01.252508  7120 raft_consensus.cc:740] T 50c8e4316a1f479f9ae23e99fdd7c91b P 52a980631b7849adaf6fb37fea92b8f8 [term 0 FOLLOWER]: Becoming Follower/Learner. State: Replica: 52a980631b7849adaf6fb37fea92b8f8, State: Initialized, Role: FOLLOWER
I20260713 09:01:01.253093  7147 leader_election.cc:290] T a82e2a534da646adaacbb7c5b9a29715 P 52a980631b7849adaf6fb37fea92b8f8 [CANDIDATE]: Term 1 pre-election: Requested pre-vote from peers c8c44581db5b4cae8c0e42b88a75e71e (127.5.173.193:34495), 3d77187cd6d24cd1813f173b15f03b8f (127.5.173.195:45267)
I20260713 09:01:01.253242  7120 consensus_queue.cc:260] T 50c8e4316a1f479f9ae23e99fdd7c91b P 52a980631b7849adaf6fb37fea92b8f8 [NON_LEADER]: Queue going to NON_LEADER mode. State: All replicated index: 0, Majority replicated index: 0, Committed index: 0, Last appended: 0.0, Last appended by leader: 0, Current term: 0, Majority size: -1, State: 0, Mode: NON_LEADER, active raft config: opid_index: -1 OBSOLETE_local: false peers { permanent_uuid: "c8c44581db5b4cae8c0e42b88a75e71e" member_type: VOTER last_known_addr { host: "127.5.173.193" port: 34495 } } peers { permanent_uuid: "52a980631b7849adaf6fb37fea92b8f8" member_type: VOTER last_known_addr { host: "127.5.173.194" port: 43433 } } peers { permanent_uuid: "3d77187cd6d24cd1813f173b15f03b8f" member_type: VOTER last_known_addr { host: "127.5.173.195" port: 45267 } }
I20260713 09:01:01.253990  7078 tablet_service.cc:1917] Received RequestConsensusVote() RPC: tablet_id: "a82e2a534da646adaacbb7c5b9a29715" candidate_uuid: "52a980631b7849adaf6fb37fea92b8f8" candidate_term: 1 candidate_status { last_received { term: 0 index: 0 } } ignore_live_leader: false dest_uuid: "3d77187cd6d24cd1813f173b15f03b8f" is_pre_election: true
I20260713 09:01:01.255707  7120 ts_tablet_manager.cc:1434] T 50c8e4316a1f479f9ae23e99fdd7c91b P 52a980631b7849adaf6fb37fea92b8f8: Time spent starting tablet: real 0.007s	user 0.008s	sys 0.000s
W20260713 09:01:01.255686  6968 leader_election.cc:343] T a82e2a534da646adaacbb7c5b9a29715 P 52a980631b7849adaf6fb37fea92b8f8 [CANDIDATE]: Term 1 pre-election: Tablet error from VoteRequest() call to peer c8c44581db5b4cae8c0e42b88a75e71e (127.5.173.193:34495): Illegal state: must be running to vote when last-logged opid is not known
I20260713 09:01:01.256788  7120 tablet_bootstrap.cc:492] T 6112e50e231b47a58c43a3065de4adfb P 52a980631b7849adaf6fb37fea92b8f8: Bootstrap starting.
I20260713 09:01:01.257324  6970 leader_election.cc:304] T 36a5c563f7014beb87e41ced2e8afcaa P 52a980631b7849adaf6fb37fea92b8f8 [CANDIDATE]: Term 1 pre-election: Election decided. Result: candidate lost. Election summary: received 3 responses out of 3 voters: 1 yes votes; 2 no votes. yes voters: 52a980631b7849adaf6fb37fea92b8f8; no voters: 3d77187cd6d24cd1813f173b15f03b8f, c8c44581db5b4cae8c0e42b88a75e71e
I20260713 09:01:01.258119  7146 raft_consensus.cc:3060] T 36a5c563f7014beb87e41ced2e8afcaa P 52a980631b7849adaf6fb37fea92b8f8 [term 0 FOLLOWER]: Advancing to term 1
W20260713 09:01:01.258261  6970 leader_election.cc:343] T a82e2a534da646adaacbb7c5b9a29715 P 52a980631b7849adaf6fb37fea92b8f8 [CANDIDATE]: Term 1 pre-election: Tablet error from VoteRequest() call to peer 3d77187cd6d24cd1813f173b15f03b8f (127.5.173.195:45267): Illegal state: must be running to vote when last-logged opid is not known
I20260713 09:01:01.258757  6970 leader_election.cc:304] T a82e2a534da646adaacbb7c5b9a29715 P 52a980631b7849adaf6fb37fea92b8f8 [CANDIDATE]: Term 1 pre-election: Election decided. Result: candidate lost. Election summary: received 3 responses out of 3 voters: 1 yes votes; 2 no votes. yes voters: 52a980631b7849adaf6fb37fea92b8f8; no voters: 3d77187cd6d24cd1813f173b15f03b8f, c8c44581db5b4cae8c0e42b88a75e71e
I20260713 09:01:01.259608  7147 raft_consensus.cc:2749] T a82e2a534da646adaacbb7c5b9a29715 P 52a980631b7849adaf6fb37fea92b8f8 [term 0 FOLLOWER]: Leader pre-election lost for term 1. Reason: could not achieve majority
I20260713 09:01:01.259776  7175 leader_election.cc:290] T 50c8e4316a1f479f9ae23e99fdd7c91b P c8c44581db5b4cae8c0e42b88a75e71e [CANDIDATE]: Term 1 pre-election: Requested pre-vote from peers 52a980631b7849adaf6fb37fea92b8f8 (127.5.173.194:43433), 3d77187cd6d24cd1813f173b15f03b8f (127.5.173.195:45267)
I20260713 09:01:01.244726  7195 leader_election.cc:290] T 36a5c563f7014beb87e41ced2e8afcaa P 52a980631b7849adaf6fb37fea92b8f8 [CANDIDATE]: Term 1 pre-election: Requested pre-vote from peers c8c44581db5b4cae8c0e42b88a75e71e (127.5.173.193:34495), 3d77187cd6d24cd1813f173b15f03b8f (127.5.173.195:45267)
I20260713 09:01:01.262899  7120 tablet_bootstrap.cc:654] T 6112e50e231b47a58c43a3065de4adfb P 52a980631b7849adaf6fb37fea92b8f8: Neither blocks nor log segments found. Creating new log.
I20260713 09:01:01.273226  7146 raft_consensus.cc:2749] T 36a5c563f7014beb87e41ced2e8afcaa P 52a980631b7849adaf6fb37fea92b8f8 [term 1 FOLLOWER]: Leader pre-election lost for term 1. Reason: could not achieve majority
I20260713 09:01:01.273416  7125 raft_consensus.cc:493] T a6b361ac32e846089cfb5b9185a81c65 P 3d77187cd6d24cd1813f173b15f03b8f [term 0 FOLLOWER]: Starting pre-election (no leader contacted us within the election timeout)
I20260713 09:01:01.280031  7125 raft_consensus.cc:515] T a6b361ac32e846089cfb5b9185a81c65 P 3d77187cd6d24cd1813f173b15f03b8f [term 0 FOLLOWER]: Starting pre-election with config: opid_index: -1 OBSOLETE_local: false peers { permanent_uuid: "c8c44581db5b4cae8c0e42b88a75e71e" member_type: VOTER last_known_addr { host: "127.5.173.193" port: 34495 } } peers { permanent_uuid: "52a980631b7849adaf6fb37fea92b8f8" member_type: VOTER last_known_addr { host: "127.5.173.194" port: 43433 } } peers { permanent_uuid: "3d77187cd6d24cd1813f173b15f03b8f" member_type: VOTER last_known_addr { host: "127.5.173.195" port: 45267 } }
I20260713 09:01:01.282150  7125 leader_election.cc:290] T a6b361ac32e846089cfb5b9185a81c65 P 3d77187cd6d24cd1813f173b15f03b8f [CANDIDATE]: Term 1 pre-election: Requested pre-vote from peers c8c44581db5b4cae8c0e42b88a75e71e (127.5.173.193:34495), 52a980631b7849adaf6fb37fea92b8f8 (127.5.173.194:43433)
I20260713 09:01:01.289806  6930 tablet_service.cc:1917] Received RequestConsensusVote() RPC: tablet_id: "a6b361ac32e846089cfb5b9185a81c65" candidate_uuid: "3d77187cd6d24cd1813f173b15f03b8f" candidate_term: 1 candidate_status { last_received { term: 0 index: 0 } } ignore_live_leader: false dest_uuid: "c8c44581db5b4cae8c0e42b88a75e71e" is_pre_election: true
I20260713 09:01:01.290225  7121 tablet_bootstrap.cc:492] T 720ed8a039924bf086338f3938fd3dea P c8c44581db5b4cae8c0e42b88a75e71e: No bootstrap required, opened a new log
I20260713 09:01:01.290262  7167 consensus_queue.cc:1048] T 0ce71bb0666c47f6a63cff0352675e10 P 3d77187cd6d24cd1813f173b15f03b8f [LEADER]: Connected to new peer: Peer: permanent_uuid: "52a980631b7849adaf6fb37fea92b8f8" member_type: VOTER last_known_addr { host: "127.5.173.194" port: 43433 }, Status: LMP_MISMATCH, Last received: 0.0, Next index: 1, Last known committed idx: 0, Time since last communication: 0.001s
I20260713 09:01:01.290985  7121 ts_tablet_manager.cc:1403] T 720ed8a039924bf086338f3938fd3dea P c8c44581db5b4cae8c0e42b88a75e71e: Time spent bootstrapping tablet: real 0.072s	user 0.012s	sys 0.014s
W20260713 09:01:01.291797  7042 leader_election.cc:343] T a6b361ac32e846089cfb5b9185a81c65 P 3d77187cd6d24cd1813f173b15f03b8f [CANDIDATE]: Term 1 pre-election: Tablet error from VoteRequest() call to peer c8c44581db5b4cae8c0e42b88a75e71e (127.5.173.193:34495): Illegal state: must be running to vote when last-logged opid is not known
I20260713 09:01:01.278558  7119 tablet_bootstrap.cc:492] T 19daab0238e540a987b8f67eade979bb P 3d77187cd6d24cd1813f173b15f03b8f: No bootstrap required, opened a new log
I20260713 09:01:01.287418  7005 tablet_service.cc:1917] Received RequestConsensusVote() RPC: tablet_id: "a6b361ac32e846089cfb5b9185a81c65" candidate_uuid: "3d77187cd6d24cd1813f173b15f03b8f" candidate_term: 1 candidate_status { last_received { term: 0 index: 0 } } ignore_live_leader: false dest_uuid: "52a980631b7849adaf6fb37fea92b8f8" is_pre_election: true
I20260713 09:01:01.288113  7120 tablet_bootstrap.cc:492] T 6112e50e231b47a58c43a3065de4adfb P 52a980631b7849adaf6fb37fea92b8f8: No bootstrap required, opened a new log
I20260713 09:01:01.275202  7175 raft_consensus.cc:493] T 6112e50e231b47a58c43a3065de4adfb P c8c44581db5b4cae8c0e42b88a75e71e [term 0 FOLLOWER]: Starting pre-election (no leader contacted us within the election timeout)
I20260713 09:01:01.293622  7121 raft_consensus.cc:359] T 720ed8a039924bf086338f3938fd3dea P c8c44581db5b4cae8c0e42b88a75e71e [term 0 FOLLOWER]: Replica starting. Triggering 0 pending ops. Active config: opid_index: -1 OBSOLETE_local: false peers { permanent_uuid: "c8c44581db5b4cae8c0e42b88a75e71e" member_type: VOTER last_known_addr { host: "127.5.173.193" port: 34495 } } peers { permanent_uuid: "52a980631b7849adaf6fb37fea92b8f8" member_type: VOTER last_known_addr { host: "127.5.173.194" port: 43433 } } peers { permanent_uuid: "3d77187cd6d24cd1813f173b15f03b8f" member_type: VOTER last_known_addr { host: "127.5.173.195" port: 45267 } }
I20260713 09:01:01.294507  7121 raft_consensus.cc:385] T 720ed8a039924bf086338f3938fd3dea P c8c44581db5b4cae8c0e42b88a75e71e [term 0 FOLLOWER]: Consensus starting up: Expiring failure detector timer to make a prompt election more likely
W20260713 09:01:01.294353  7045 leader_election.cc:343] T a6b361ac32e846089cfb5b9185a81c65 P 3d77187cd6d24cd1813f173b15f03b8f [CANDIDATE]: Term 1 pre-election: Tablet error from VoteRequest() call to peer 52a980631b7849adaf6fb37fea92b8f8 (127.5.173.194:43433): Illegal state: must be running to vote when last-logged opid is not known
I20260713 09:01:01.294044  7175 raft_consensus.cc:515] T 6112e50e231b47a58c43a3065de4adfb P c8c44581db5b4cae8c0e42b88a75e71e [term 0 FOLLOWER]: Starting pre-election with config: opid_index: -1 OBSOLETE_local: false peers { permanent_uuid: "c8c44581db5b4cae8c0e42b88a75e71e" member_type: VOTER last_known_addr { host: "127.5.173.193" port: 34495 } } peers { permanent_uuid: "52a980631b7849adaf6fb37fea92b8f8" member_type: VOTER last_known_addr { host: "127.5.173.194" port: 43433 } } peers { permanent_uuid: "3d77187cd6d24cd1813f173b15f03b8f" member_type: VOTER last_known_addr { host: "127.5.173.195" port: 45267 } }
I20260713 09:01:01.294868  7121 raft_consensus.cc:740] T 720ed8a039924bf086338f3938fd3dea P c8c44581db5b4cae8c0e42b88a75e71e [term 0 FOLLOWER]: Becoming Follower/Learner. State: Replica: c8c44581db5b4cae8c0e42b88a75e71e, State: Initialized, Role: FOLLOWER
I20260713 09:01:01.294992  7045 leader_election.cc:304] T a6b361ac32e846089cfb5b9185a81c65 P 3d77187cd6d24cd1813f173b15f03b8f [CANDIDATE]: Term 1 pre-election: Election decided. Result: candidate lost. Election summary: received 3 responses out of 3 voters: 1 yes votes; 2 no votes. yes voters: 3d77187cd6d24cd1813f173b15f03b8f; no voters: 52a980631b7849adaf6fb37fea92b8f8, c8c44581db5b4cae8c0e42b88a75e71e
I20260713 09:01:01.295758  7121 consensus_queue.cc:260] T 720ed8a039924bf086338f3938fd3dea P c8c44581db5b4cae8c0e42b88a75e71e [NON_LEADER]: Queue going to NON_LEADER mode. State: All replicated index: 0, Majority replicated index: 0, Committed index: 0, Last appended: 0.0, Last appended by leader: 0, Current term: 0, Majority size: -1, State: 0, Mode: NON_LEADER, active raft config: opid_index: -1 OBSOLETE_local: false peers { permanent_uuid: "c8c44581db5b4cae8c0e42b88a75e71e" member_type: VOTER last_known_addr { host: "127.5.173.193" port: 34495 } } peers { permanent_uuid: "52a980631b7849adaf6fb37fea92b8f8" member_type: VOTER last_known_addr { host: "127.5.173.194" port: 43433 } } peers { permanent_uuid: "3d77187cd6d24cd1813f173b15f03b8f" member_type: VOTER last_known_addr { host: "127.5.173.195" port: 45267 } }
I20260713 09:01:01.296228  7125 raft_consensus.cc:2749] T a6b361ac32e846089cfb5b9185a81c65 P 3d77187cd6d24cd1813f173b15f03b8f [term 0 FOLLOWER]: Leader pre-election lost for term 1. Reason: could not achieve majority
I20260713 09:01:01.296880  7175 leader_election.cc:290] T 6112e50e231b47a58c43a3065de4adfb P c8c44581db5b4cae8c0e42b88a75e71e [CANDIDATE]: Term 1 pre-election: Requested pre-vote from peers 52a980631b7849adaf6fb37fea92b8f8 (127.5.173.194:43433), 3d77187cd6d24cd1813f173b15f03b8f (127.5.173.195:45267)
I20260713 09:01:01.293658  7119 ts_tablet_manager.cc:1403] T 19daab0238e540a987b8f67eade979bb P 3d77187cd6d24cd1813f173b15f03b8f: Time spent bootstrapping tablet: real 0.083s	user 0.016s	sys 0.004s
I20260713 09:01:01.298895  7004 tablet_service.cc:1917] Received RequestConsensusVote() RPC: tablet_id: "6112e50e231b47a58c43a3065de4adfb" candidate_uuid: "c8c44581db5b4cae8c0e42b88a75e71e" candidate_term: 1 candidate_status { last_received { term: 0 index: 0 } } ignore_live_leader: false dest_uuid: "52a980631b7849adaf6fb37fea92b8f8" is_pre_election: true
I20260713 09:01:01.299180  7078 tablet_service.cc:1917] Received RequestConsensusVote() RPC: tablet_id: "6112e50e231b47a58c43a3065de4adfb" candidate_uuid: "c8c44581db5b4cae8c0e42b88a75e71e" candidate_term: 1 candidate_status { last_received { term: 0 index: 0 } } ignore_live_leader: false dest_uuid: "3d77187cd6d24cd1813f173b15f03b8f" is_pre_election: true
W20260713 09:01:01.300585  6896 leader_election.cc:343] T 6112e50e231b47a58c43a3065de4adfb P c8c44581db5b4cae8c0e42b88a75e71e [CANDIDATE]: Term 1 pre-election: Tablet error from VoteRequest() call to peer 52a980631b7849adaf6fb37fea92b8f8 (127.5.173.194:43433): Illegal state: must be running to vote when last-logged opid is not known
I20260713 09:01:01.300756  7119 raft_consensus.cc:359] T 19daab0238e540a987b8f67eade979bb P 3d77187cd6d24cd1813f173b15f03b8f [term 0 FOLLOWER]: Replica starting. Triggering 0 pending ops. Active config: opid_index: -1 OBSOLETE_local: false peers { permanent_uuid: "c8c44581db5b4cae8c0e42b88a75e71e" member_type: VOTER last_known_addr { host: "127.5.173.193" port: 34495 } } peers { permanent_uuid: "52a980631b7849adaf6fb37fea92b8f8" member_type: VOTER last_known_addr { host: "127.5.173.194" port: 43433 } } peers { permanent_uuid: "3d77187cd6d24cd1813f173b15f03b8f" member_type: VOTER last_known_addr { host: "127.5.173.195" port: 45267 } }
