I20260713 09:00:55.999687  7156 raft_consensus.cc:3060] T 2f23b33da0e9400586b03ad9e5fc6bc7 P 83f36306cd964a44919a867a11d8c67d [term 0 FOLLOWER]: Advancing to term 1
I20260713 09:00:55.999866  7123 consensus_queue.cc:1048] T b2891c7309ce4b3289e8ba59644b1ed3 P 83f36306cd964a44919a867a11d8c67d [LEADER]: Connected to new peer: Peer: permanent_uuid: "53dfdfbfb0324780a2ce2db0e641626b" member_type: VOTER last_known_addr { host: "127.5.167.65" port: 39809 }, Status: LMP_MISMATCH, Last received: 0.0, Next index: 1, Last known committed idx: 0, Time since last communication: 0.000s
I20260713 09:00:55.997189  7168 raft_consensus.cc:515] T 54f21244cbfe4b9fab38cd9c93f7c5c2 P ffb0bed8246e466d883c2552290f2c70 [term 1 FOLLOWER]: Starting leader election with config: opid_index: -1 OBSOLETE_local: false peers { permanent_uuid: "53dfdfbfb0324780a2ce2db0e641626b" member_type: VOTER last_known_addr { host: "127.5.167.65" port: 39809 } } peers { permanent_uuid: "ffb0bed8246e466d883c2552290f2c70" member_type: VOTER last_known_addr { host: "127.5.167.66" port: 41213 } } peers { permanent_uuid: "83f36306cd964a44919a867a11d8c67d" member_type: VOTER last_known_addr { host: "127.5.167.67" port: 34603 } }
I20260713 09:00:56.003348  7168 leader_election.cc:290] T 54f21244cbfe4b9fab38cd9c93f7c5c2 P ffb0bed8246e466d883c2552290f2c70 [CANDIDATE]: Term 1 election: Requested vote from peers 53dfdfbfb0324780a2ce2db0e641626b (127.5.167.65:39809), 83f36306cd964a44919a867a11d8c67d (127.5.167.67:34603)
I20260713 09:00:56.004946  6892 tablet_service.cc:1917] Received RequestConsensusVote() RPC: tablet_id: "54f21244cbfe4b9fab38cd9c93f7c5c2" candidate_uuid: "ffb0bed8246e466d883c2552290f2c70" candidate_term: 1 candidate_status { last_received { term: 0 index: 0 } } ignore_live_leader: false dest_uuid: "53dfdfbfb0324780a2ce2db0e641626b"
I20260713 09:00:56.006062  7043 tablet_service.cc:1917] Received RequestConsensusVote() RPC: tablet_id: "54f21244cbfe4b9fab38cd9c93f7c5c2" candidate_uuid: "ffb0bed8246e466d883c2552290f2c70" candidate_term: 1 candidate_status { last_received { term: 0 index: 0 } } ignore_live_leader: false dest_uuid: "83f36306cd964a44919a867a11d8c67d"
I20260713 09:00:56.006207  6895 raft_consensus.cc:2468] T c5c99a018a664c6fad32675cb1e0ecfc P 53dfdfbfb0324780a2ce2db0e641626b [term 1 FOLLOWER]: Leader election vote request: Granting yes vote for candidate ffb0bed8246e466d883c2552290f2c70 in term 1.
I20260713 09:00:56.006637  7043 raft_consensus.cc:3060] T 54f21244cbfe4b9fab38cd9c93f7c5c2 P 83f36306cd964a44919a867a11d8c67d [term 0 FOLLOWER]: Advancing to term 1
W20260713 09:00:56.007332  6935 leader_election.cc:343] T 54f21244cbfe4b9fab38cd9c93f7c5c2 P ffb0bed8246e466d883c2552290f2c70 [CANDIDATE]: Term 1 pre-election: Tablet error from VoteRequest() call to peer 53dfdfbfb0324780a2ce2db0e641626b (127.5.167.65:39809): Illegal state: must be running to vote when last-logged opid is not known
W20260713 09:00:56.008694  6935 leader_election.cc:343] T 54f21244cbfe4b9fab38cd9c93f7c5c2 P ffb0bed8246e466d883c2552290f2c70 [CANDIDATE]: Term 1 election: Tablet error from VoteRequest() call to peer 53dfdfbfb0324780a2ce2db0e641626b (127.5.167.65:39809): Illegal state: must be running to vote when last-logged opid is not known
I20260713 09:00:56.009589  6935 leader_election.cc:304] T c5c99a018a664c6fad32675cb1e0ecfc P ffb0bed8246e466d883c2552290f2c70 [CANDIDATE]: Term 1 election: Election decided. Result: candidate won. Election summary: received 3 responses out of 3 voters: 2 yes votes; 1 no votes. yes voters: 53dfdfbfb0324780a2ce2db0e641626b, ffb0bed8246e466d883c2552290f2c70; no voters: 83f36306cd964a44919a867a11d8c67d
I20260713 09:00:56.007293  7084 raft_consensus.cc:359] T c5c99a018a664c6fad32675cb1e0ecfc P 83f36306cd964a44919a867a11d8c67d [term 0 FOLLOWER]: Replica starting. Triggering 0 pending ops. Active config: opid_index: -1 OBSOLETE_local: false peers { permanent_uuid: "53dfdfbfb0324780a2ce2db0e641626b" member_type: VOTER last_known_addr { host: "127.5.167.65" port: 39809 } } peers { permanent_uuid: "ffb0bed8246e466d883c2552290f2c70" member_type: VOTER last_known_addr { host: "127.5.167.66" port: 41213 } } peers { permanent_uuid: "83f36306cd964a44919a867a11d8c67d" member_type: VOTER last_known_addr { host: "127.5.167.67" port: 34603 } }
I20260713 09:00:56.011040  7084 raft_consensus.cc:385] T c5c99a018a664c6fad32675cb1e0ecfc P 83f36306cd964a44919a867a11d8c67d [term 0 FOLLOWER]: Consensus starting up: Expiring failure detector timer to make a prompt election more likely
I20260713 09:00:56.017220  7175 raft_consensus.cc:2804] T c5c99a018a664c6fad32675cb1e0ecfc P ffb0bed8246e466d883c2552290f2c70 [term 1 FOLLOWER]: Leader election won for term 1
I20260713 09:00:56.017155  7119 consensus_queue.cc:1048] T 2f23b33da0e9400586b03ad9e5fc6bc7 P 53dfdfbfb0324780a2ce2db0e641626b [LEADER]: Connected to new peer: Peer: permanent_uuid: "ffb0bed8246e466d883c2552290f2c70" member_type: VOTER last_known_addr { host: "127.5.167.66" port: 41213 }, Status: LMP_MISMATCH, Last received: 0.0, Next index: 1, Last known committed idx: 0, Time since last communication: 0.001s
I20260713 09:00:56.018528  7175 raft_consensus.cc:697] T c5c99a018a664c6fad32675cb1e0ecfc P ffb0bed8246e466d883c2552290f2c70 [term 1 LEADER]: Becoming Leader. State: Replica: ffb0bed8246e466d883c2552290f2c70, State: Running, Role: LEADER
I20260713 09:00:56.020092  7085 raft_consensus.cc:359] T 20e625535d1d4152957ce40628d58747 P ffb0bed8246e466d883c2552290f2c70 [term 0 FOLLOWER]: Replica starting. Triggering 0 pending ops. Active config: opid_index: -1 OBSOLETE_local: false peers { permanent_uuid: "53dfdfbfb0324780a2ce2db0e641626b" member_type: VOTER last_known_addr { host: "127.5.167.65" port: 39809 } } peers { permanent_uuid: "ffb0bed8246e466d883c2552290f2c70" member_type: VOTER last_known_addr { host: "127.5.167.66" port: 41213 } } peers { permanent_uuid: "83f36306cd964a44919a867a11d8c67d" member_type: VOTER last_known_addr { host: "127.5.167.67" port: 34603 } }
I20260713 09:00:56.020869  7085 raft_consensus.cc:385] T 20e625535d1d4152957ce40628d58747 P ffb0bed8246e466d883c2552290f2c70 [term 0 FOLLOWER]: Consensus starting up: Expiring failure detector timer to make a prompt election more likely
I20260713 09:00:56.021142  7085 raft_consensus.cc:740] T 20e625535d1d4152957ce40628d58747 P ffb0bed8246e466d883c2552290f2c70 [term 0 FOLLOWER]: Becoming Follower/Learner. State: Replica: ffb0bed8246e466d883c2552290f2c70, State: Initialized, Role: FOLLOWER
I20260713 09:00:56.022118  7043 raft_consensus.cc:2468] T 54f21244cbfe4b9fab38cd9c93f7c5c2 P 83f36306cd964a44919a867a11d8c67d [term 1 FOLLOWER]: Leader election vote request: Granting yes vote for candidate ffb0bed8246e466d883c2552290f2c70 in term 1.
I20260713 09:00:56.025545  6895 tablet_service.cc:1917] Received RequestConsensusVote() RPC: tablet_id: "083e60f216674d95b7dd0fe6e05c6285" candidate_uuid: "83f36306cd964a44919a867a11d8c67d" candidate_term: 1 candidate_status { last_received { term: 0 index: 0 } } ignore_live_leader: false dest_uuid: "53dfdfbfb0324780a2ce2db0e641626b"
I20260713 09:00:56.025657  6936 leader_election.cc:304] T 54f21244cbfe4b9fab38cd9c93f7c5c2 P ffb0bed8246e466d883c2552290f2c70 [CANDIDATE]: Term 1 election: Election decided. Result: candidate won. Election summary: received 3 responses out of 3 voters: 2 yes votes; 1 no votes. yes voters: 83f36306cd964a44919a867a11d8c67d, ffb0bed8246e466d883c2552290f2c70; no voters: 53dfdfbfb0324780a2ce2db0e641626b
I20260713 09:00:56.021937  6793 catalog_manager.cc:5697] T f88de8a7ee784153aba4f98acb93ee08 P ffb0bed8246e466d883c2552290f2c70 reported cstate change: term changed from 0 to 1, leader changed from <none> to ffb0bed8246e466d883c2552290f2c70 (127.5.167.66). New cstate: current_term: 1 leader_uuid: "ffb0bed8246e466d883c2552290f2c70" committed_config { opid_index: -1 OBSOLETE_local: false peers { permanent_uuid: "53dfdfbfb0324780a2ce2db0e641626b" member_type: VOTER last_known_addr { host: "127.5.167.65" port: 39809 } health_report { overall_health: UNKNOWN } } peers { permanent_uuid: "ffb0bed8246e466d883c2552290f2c70" member_type: VOTER last_known_addr { host: "127.5.167.66" port: 41213 } health_report { overall_health: HEALTHY } } peers { permanent_uuid: "83f36306cd964a44919a867a11d8c67d" member_type: VOTER last_known_addr { host: "127.5.167.67" port: 34603 } health_report { overall_health: UNKNOWN } } }
I20260713 09:00:56.026604  6970 tablet_service.cc:1917] Received RequestConsensusVote() RPC: tablet_id: "083e60f216674d95b7dd0fe6e05c6285" candidate_uuid: "83f36306cd964a44919a867a11d8c67d" candidate_term: 1 candidate_status { last_received { term: 0 index: 0 } } ignore_live_leader: false dest_uuid: "ffb0bed8246e466d883c2552290f2c70"
I20260713 09:00:56.027153  6970 raft_consensus.cc:3060] T 083e60f216674d95b7dd0fe6e05c6285 P ffb0bed8246e466d883c2552290f2c70 [term 0 FOLLOWER]: Advancing to term 1
I20260713 09:00:56.028090  7168 raft_consensus.cc:2804] T 54f21244cbfe4b9fab38cd9c93f7c5c2 P ffb0bed8246e466d883c2552290f2c70 [term 1 FOLLOWER]: Leader election won for term 1
I20260713 09:00:56.028564  7168 raft_consensus.cc:697] T 54f21244cbfe4b9fab38cd9c93f7c5c2 P ffb0bed8246e466d883c2552290f2c70 [term 1 LEADER]: Becoming Leader. State: Replica: ffb0bed8246e466d883c2552290f2c70, State: Running, Role: LEADER
I20260713 09:00:56.022882  7084 raft_consensus.cc:740] T c5c99a018a664c6fad32675cb1e0ecfc P 83f36306cd964a44919a867a11d8c67d [term 0 FOLLOWER]: Becoming Follower/Learner. State: Replica: 83f36306cd964a44919a867a11d8c67d, State: Initialized, Role: FOLLOWER
I20260713 09:00:56.019963  7175 consensus_queue.cc:237] T c5c99a018a664c6fad32675cb1e0ecfc P ffb0bed8246e466d883c2552290f2c70 [LEADER]: Queue going to LEADER mode. State: All replicated index: 0, Majority replicated index: 0, Committed index: 0, Last appended: 0.0, Last appended by leader: 0, Current term: 1, Majority size: 2, State: 0, Mode: LEADER, active raft config: opid_index: -1 OBSOLETE_local: false peers { permanent_uuid: "53dfdfbfb0324780a2ce2db0e641626b" member_type: VOTER last_known_addr { host: "127.5.167.65" port: 39809 } } peers { permanent_uuid: "ffb0bed8246e466d883c2552290f2c70" member_type: VOTER last_known_addr { host: "127.5.167.66" port: 41213 } } peers { permanent_uuid: "83f36306cd964a44919a867a11d8c67d" member_type: VOTER last_known_addr { host: "127.5.167.67" port: 34603 } }
I20260713 09:00:56.024076  7085 consensus_queue.cc:260] T 20e625535d1d4152957ce40628d58747 P ffb0bed8246e466d883c2552290f2c70 [NON_LEADER]: Queue going to NON_LEADER mode. State: All replicated index: 0, Majority replicated index: 0, Committed index: 0, Last appended: 0.0, Last appended by leader: 0, Current term: 0, Majority size: -1, State: 0, Mode: NON_LEADER, active raft config: opid_index: -1 OBSOLETE_local: false peers { permanent_uuid: "53dfdfbfb0324780a2ce2db0e641626b" member_type: VOTER last_known_addr { host: "127.5.167.65" port: 39809 } } peers { permanent_uuid: "ffb0bed8246e466d883c2552290f2c70" member_type: VOTER last_known_addr { host: "127.5.167.66" port: 41213 } } peers { permanent_uuid: "83f36306cd964a44919a867a11d8c67d" member_type: VOTER last_known_addr { host: "127.5.167.67" port: 34603 } }
I20260713 09:00:56.024369  7156 raft_consensus.cc:2749] T 2f23b33da0e9400586b03ad9e5fc6bc7 P 83f36306cd964a44919a867a11d8c67d [term 1 FOLLOWER]: Leader pre-election lost for term 1. Reason: could not achieve majority
I20260713 09:00:56.029361  7168 consensus_queue.cc:237] T 54f21244cbfe4b9fab38cd9c93f7c5c2 P ffb0bed8246e466d883c2552290f2c70 [LEADER]: Queue going to LEADER mode. State: All replicated index: 0, Majority replicated index: 0, Committed index: 0, Last appended: 0.0, Last appended by leader: 0, Current term: 1, Majority size: 2, State: 0, Mode: LEADER, active raft config: opid_index: -1 OBSOLETE_local: false peers { permanent_uuid: "53dfdfbfb0324780a2ce2db0e641626b" member_type: VOTER last_known_addr { host: "127.5.167.65" port: 39809 } } peers { permanent_uuid: "ffb0bed8246e466d883c2552290f2c70" member_type: VOTER last_known_addr { host: "127.5.167.66" port: 41213 } } peers { permanent_uuid: "83f36306cd964a44919a867a11d8c67d" member_type: VOTER last_known_addr { host: "127.5.167.67" port: 34603 } }
I20260713 09:00:56.040124  7085 ts_tablet_manager.cc:1434] T 20e625535d1d4152957ce40628d58747 P ffb0bed8246e466d883c2552290f2c70: Time spent starting tablet: real 0.060s	user 0.008s	sys 0.000s
I20260713 09:00:56.041378  7085 tablet_bootstrap.cc:492] T ad2d755b86964427b7139a19fd6f947e P ffb0bed8246e466d883c2552290f2c70: Bootstrap starting.
I20260713 09:00:56.043843  7084 consensus_queue.cc:260] T c5c99a018a664c6fad32675cb1e0ecfc P 83f36306cd964a44919a867a11d8c67d [NON_LEADER]: Queue going to NON_LEADER mode. State: All replicated index: 0, Majority replicated index: 0, Committed index: 0, Last appended: 0.0, Last appended by leader: 0, Current term: 0, Majority size: -1, State: 0, Mode: NON_LEADER, active raft config: opid_index: -1 OBSOLETE_local: false peers { permanent_uuid: "53dfdfbfb0324780a2ce2db0e641626b" member_type: VOTER last_known_addr { host: "127.5.167.65" port: 39809 } } peers { permanent_uuid: "ffb0bed8246e466d883c2552290f2c70" member_type: VOTER last_known_addr { host: "127.5.167.66" port: 41213 } } peers { permanent_uuid: "83f36306cd964a44919a867a11d8c67d" member_type: VOTER last_known_addr { host: "127.5.167.67" port: 34603 } }
I20260713 09:00:56.047075  7090 consensus_queue.cc:1048] T f88de8a7ee784153aba4f98acb93ee08 P ffb0bed8246e466d883c2552290f2c70 [LEADER]: Connected to new peer: Peer: permanent_uuid: "53dfdfbfb0324780a2ce2db0e641626b" member_type: VOTER last_known_addr { host: "127.5.167.65" port: 39809 }, Status: LMP_MISMATCH, Last received: 0.0, Next index: 1, Last known committed idx: 0, Time since last communication: 0.009s
I20260713 09:00:56.058171  7143 consensus_queue.cc:1048] T 0835dcdfcd4341679ecd3babdb497130 P 83f36306cd964a44919a867a11d8c67d [LEADER]: Connected to new peer: Peer: permanent_uuid: "ffb0bed8246e466d883c2552290f2c70" member_type: VOTER last_known_addr { host: "127.5.167.66" port: 41213 }, Status: LMP_MISMATCH, Last received: 0.0, Next index: 1, Last known committed idx: 0, Time since last communication: 0.000s
I20260713 09:00:56.043660  6970 raft_consensus.cc:2468] T 083e60f216674d95b7dd0fe6e05c6285 P ffb0bed8246e466d883c2552290f2c70 [term 1 FOLLOWER]: Leader election vote request: Granting yes vote for candidate 83f36306cd964a44919a867a11d8c67d in term 1.
I20260713 09:00:56.063241  7084 ts_tablet_manager.cc:1434] T c5c99a018a664c6fad32675cb1e0ecfc P 83f36306cd964a44919a867a11d8c67d: Time spent starting tablet: real 0.064s	user 0.002s	sys 0.005s
I20260713 09:00:56.065826  7084 tablet_bootstrap.cc:492] T 35b5c5c464514ce8bb0c596cc52a52b4 P 83f36306cd964a44919a867a11d8c67d: Bootstrap starting.
I20260713 09:00:56.073014  7086 tablet_bootstrap.cc:492] T b5c0aaf91b1e4b1397fe6dc60725415d P 53dfdfbfb0324780a2ce2db0e641626b: No bootstrap required, opened a new log
I20260713 09:00:56.073479  7086 ts_tablet_manager.cc:1403] T b5c0aaf91b1e4b1397fe6dc60725415d P 53dfdfbfb0324780a2ce2db0e641626b: Time spent bootstrapping tablet: real 0.139s	user 0.008s	sys 0.006s
I20260713 09:00:56.064672  7143 consensus_queue.cc:1048] T b2891c7309ce4b3289e8ba59644b1ed3 P 83f36306cd964a44919a867a11d8c67d [LEADER]: Connected to new peer: Peer: permanent_uuid: "ffb0bed8246e466d883c2552290f2c70" member_type: VOTER last_known_addr { host: "127.5.167.66" port: 41213 }, Status: LMP_MISMATCH, Last received: 0.0, Next index: 1, Last known committed idx: 0, Time since last communication: 0.008s
I20260713 09:00:56.079965  7086 raft_consensus.cc:359] T b5c0aaf91b1e4b1397fe6dc60725415d P 53dfdfbfb0324780a2ce2db0e641626b [term 0 FOLLOWER]: Replica starting. Triggering 0 pending ops. Active config: opid_index: -1 OBSOLETE_local: false peers { permanent_uuid: "53dfdfbfb0324780a2ce2db0e641626b" member_type: VOTER last_known_addr { host: "127.5.167.65" port: 39809 } } peers { permanent_uuid: "ffb0bed8246e466d883c2552290f2c70" member_type: VOTER last_known_addr { host: "127.5.167.66" port: 41213 } } peers { permanent_uuid: "83f36306cd964a44919a867a11d8c67d" member_type: VOTER last_known_addr { host: "127.5.167.67" port: 34603 } }
I20260713 09:00:56.081226  7086 raft_consensus.cc:385] T b5c0aaf91b1e4b1397fe6dc60725415d P 53dfdfbfb0324780a2ce2db0e641626b [term 0 FOLLOWER]: Consensus starting up: Expiring failure detector timer to make a prompt election more likely
I20260713 09:00:56.081528  7086 raft_consensus.cc:740] T b5c0aaf91b1e4b1397fe6dc60725415d P 53dfdfbfb0324780a2ce2db0e641626b [term 0 FOLLOWER]: Becoming Follower/Learner. State: Replica: 53dfdfbfb0324780a2ce2db0e641626b, State: Initialized, Role: FOLLOWER
I20260713 09:00:56.091091  7086 consensus_queue.cc:260] T b5c0aaf91b1e4b1397fe6dc60725415d P 53dfdfbfb0324780a2ce2db0e641626b [NON_LEADER]: Queue going to NON_LEADER mode. State: All replicated index: 0, Majority replicated index: 0, Committed index: 0, Last appended: 0.0, Last appended by leader: 0, Current term: 0, Majority size: -1, State: 0, Mode: NON_LEADER, active raft config: opid_index: -1 OBSOLETE_local: false peers { permanent_uuid: "53dfdfbfb0324780a2ce2db0e641626b" member_type: VOTER last_known_addr { host: "127.5.167.65" port: 39809 } } peers { permanent_uuid: "ffb0bed8246e466d883c2552290f2c70" member_type: VOTER last_known_addr { host: "127.5.167.66" port: 41213 } } peers { permanent_uuid: "83f36306cd964a44919a867a11d8c67d" member_type: VOTER last_known_addr { host: "127.5.167.67" port: 34603 } }
I20260713 09:00:56.096364  7085 tablet_bootstrap.cc:654] T ad2d755b86964427b7139a19fd6f947e P ffb0bed8246e466d883c2552290f2c70: Neither blocks nor log segments found. Creating new log.
W20260713 09:00:56.090332  7009 leader_election.cc:343] T 083e60f216674d95b7dd0fe6e05c6285 P 83f36306cd964a44919a867a11d8c67d [CANDIDATE]: Term 1 election: Tablet error from VoteRequest() call to peer 53dfdfbfb0324780a2ce2db0e641626b (127.5.167.65:39809): Illegal state: must be running to vote when last-logged opid is not known
I20260713 09:00:56.110379  7009 leader_election.cc:304] T 083e60f216674d95b7dd0fe6e05c6285 P 83f36306cd964a44919a867a11d8c67d [CANDIDATE]: Term 1 election: Election decided. Result: candidate won. Election summary: received 3 responses out of 3 voters: 2 yes votes; 1 no votes. yes voters: 83f36306cd964a44919a867a11d8c67d, ffb0bed8246e466d883c2552290f2c70; no voters: 53dfdfbfb0324780a2ce2db0e641626b
I20260713 09:00:56.119096  7086 ts_tablet_manager.cc:1434] T b5c0aaf91b1e4b1397fe6dc60725415d P 53dfdfbfb0324780a2ce2db0e641626b: Time spent starting tablet: real 0.045s	user 0.005s	sys 0.003s
I20260713 09:00:56.120347  7086 tablet_bootstrap.cc:492] T 083e60f216674d95b7dd0fe6e05c6285 P 53dfdfbfb0324780a2ce2db0e641626b: Bootstrap starting.
I20260713 09:00:56.123194  7157 raft_consensus.cc:2804] T 083e60f216674d95b7dd0fe6e05c6285 P 83f36306cd964a44919a867a11d8c67d [term 1 FOLLOWER]: Leader election won for term 1
I20260713 09:00:56.129539  7157 raft_consensus.cc:697] T 083e60f216674d95b7dd0fe6e05c6285 P 83f36306cd964a44919a867a11d8c67d [term 1 LEADER]: Becoming Leader. State: Replica: 83f36306cd964a44919a867a11d8c67d, State: Running, Role: LEADER
I20260713 09:00:56.130558  7157 consensus_queue.cc:237] T 083e60f216674d95b7dd0fe6e05c6285 P 83f36306cd964a44919a867a11d8c67d [LEADER]: Queue going to LEADER mode. State: All replicated index: 0, Majority replicated index: 0, Committed index: 0, Last appended: 0.0, Last appended by leader: 0, Current term: 1, Majority size: 2, State: 0, Mode: LEADER, active raft config: opid_index: -1 OBSOLETE_local: false peers { permanent_uuid: "53dfdfbfb0324780a2ce2db0e641626b" member_type: VOTER last_known_addr { host: "127.5.167.65" port: 39809 } } peers { permanent_uuid: "ffb0bed8246e466d883c2552290f2c70" member_type: VOTER last_known_addr { host: "127.5.167.66" port: 41213 } } peers { permanent_uuid: "83f36306cd964a44919a867a11d8c67d" member_type: VOTER last_known_addr { host: "127.5.167.67" port: 34603 } }
I20260713 09:00:56.145623  7123 consensus_queue.cc:1048] T 0835dcdfcd4341679ecd3babdb497130 P 83f36306cd964a44919a867a11d8c67d [LEADER]: Connected to new peer: Peer: permanent_uuid: "53dfdfbfb0324780a2ce2db0e641626b" member_type: VOTER last_known_addr { host: "127.5.167.65" port: 39809 }, Status: LMP_MISMATCH, Last received: 0.0, Next index: 1, Last known committed idx: 0, Time since last communication: 0.001s
I20260713 09:00:56.148180  7093 consensus_queue.cc:1048] T 2f23b33da0e9400586b03ad9e5fc6bc7 P 53dfdfbfb0324780a2ce2db0e641626b [LEADER]: Connected to new peer: Peer: permanent_uuid: "83f36306cd964a44919a867a11d8c67d" member_type: VOTER last_known_addr { host: "127.5.167.67" port: 34603 }, Status: LMP_MISMATCH, Last received: 0.0, Next index: 1, Last known committed idx: 0, Time since last communication: 0.000s
I20260713 09:00:56.147737  7168 consensus_queue.cc:1048] T f88de8a7ee784153aba4f98acb93ee08 P ffb0bed8246e466d883c2552290f2c70 [LEADER]: Connected to new peer: Peer: permanent_uuid: "83f36306cd964a44919a867a11d8c67d" member_type: VOTER last_known_addr { host: "127.5.167.67" port: 34603 }, Status: LMP_MISMATCH, Last received: 0.0, Next index: 1, Last known committed idx: 0, Time since last communication: 0.007s
I20260713 09:00:56.188090  7086 tablet_bootstrap.cc:654] T 083e60f216674d95b7dd0fe6e05c6285 P 53dfdfbfb0324780a2ce2db0e641626b: Neither blocks nor log segments found. Creating new log.
I20260713 09:00:56.197284  7085 tablet_bootstrap.cc:492] T ad2d755b86964427b7139a19fd6f947e P ffb0bed8246e466d883c2552290f2c70: No bootstrap required, opened a new log
I20260713 09:00:56.197948  7085 ts_tablet_manager.cc:1403] T ad2d755b86964427b7139a19fd6f947e P ffb0bed8246e466d883c2552290f2c70: Time spent bootstrapping tablet: real 0.157s	user 0.014s	sys 0.006s
I20260713 09:00:56.205608  7085 raft_consensus.cc:359] T ad2d755b86964427b7139a19fd6f947e P ffb0bed8246e466d883c2552290f2c70 [term 0 FOLLOWER]: Replica starting. Triggering 0 pending ops. Active config: opid_index: -1 OBSOLETE_local: false peers { permanent_uuid: "53dfdfbfb0324780a2ce2db0e641626b" member_type: VOTER last_known_addr { host: "127.5.167.65" port: 39809 } } peers { permanent_uuid: "ffb0bed8246e466d883c2552290f2c70" member_type: VOTER last_known_addr { host: "127.5.167.66" port: 41213 } } peers { permanent_uuid: "83f36306cd964a44919a867a11d8c67d" member_type: VOTER last_known_addr { host: "127.5.167.67" port: 34603 } }
I20260713 09:00:56.206313  7085 raft_consensus.cc:385] T ad2d755b86964427b7139a19fd6f947e P ffb0bed8246e466d883c2552290f2c70 [term 0 FOLLOWER]: Consensus starting up: Expiring failure detector timer to make a prompt election more likely
I20260713 09:00:56.206581  7085 raft_consensus.cc:740] T ad2d755b86964427b7139a19fd6f947e P ffb0bed8246e466d883c2552290f2c70 [term 0 FOLLOWER]: Becoming Follower/Learner. State: Replica: ffb0bed8246e466d883c2552290f2c70, State: Initialized, Role: FOLLOWER
I20260713 09:00:56.208052  7085 consensus_queue.cc:260] T ad2d755b86964427b7139a19fd6f947e P ffb0bed8246e466d883c2552290f2c70 [NON_LEADER]: Queue going to NON_LEADER mode. State: All replicated index: 0, Majority replicated index: 0, Committed index: 0, Last appended: 0.0, Last appended by leader: 0, Current term: 0, Majority size: -1, State: 0, Mode: NON_LEADER, active raft config: opid_index: -1 OBSOLETE_local: false peers { permanent_uuid: "53dfdfbfb0324780a2ce2db0e641626b" member_type: VOTER last_known_addr { host: "127.5.167.65" port: 39809 } } peers { permanent_uuid: "ffb0bed8246e466d883c2552290f2c70" member_type: VOTER last_known_addr { host: "127.5.167.66" port: 41213 } } peers { permanent_uuid: "83f36306cd964a44919a867a11d8c67d" member_type: VOTER last_known_addr { host: "127.5.167.67" port: 34603 } }
I20260713 09:00:56.209975  7085 ts_tablet_manager.cc:1434] T ad2d755b86964427b7139a19fd6f947e P ffb0bed8246e466d883c2552290f2c70: Time spent starting tablet: real 0.012s	user 0.007s	sys 0.000s
I20260713 09:00:56.221150  7084 tablet_bootstrap.cc:654] T 35b5c5c464514ce8bb0c596cc52a52b4 P 83f36306cd964a44919a867a11d8c67d: Neither blocks nor log segments found. Creating new log.
I20260713 09:00:56.224119  7085 tablet_bootstrap.cc:492] T 997b1aeb3ebb4720a3ebb8bfb52ec6d9 P ffb0bed8246e466d883c2552290f2c70: Bootstrap starting.
I20260713 09:00:56.229727  6793 catalog_manager.cc:5697] T 54f21244cbfe4b9fab38cd9c93f7c5c2 P ffb0bed8246e466d883c2552290f2c70 reported cstate change: term changed from 0 to 1, leader changed from <none> to ffb0bed8246e466d883c2552290f2c70 (127.5.167.66). New cstate: current_term: 1 leader_uuid: "ffb0bed8246e466d883c2552290f2c70" committed_config { opid_index: -1 OBSOLETE_local: false peers { permanent_uuid: "53dfdfbfb0324780a2ce2db0e641626b" member_type: VOTER last_known_addr { host: "127.5.167.65" port: 39809 } health_report { overall_health: UNKNOWN } } peers { permanent_uuid: "ffb0bed8246e466d883c2552290f2c70" member_type: VOTER last_known_addr { host: "127.5.167.66" port: 41213 } health_report { overall_health: HEALTHY } } peers { permanent_uuid: "83f36306cd964a44919a867a11d8c67d" member_type: VOTER last_known_addr { host: "127.5.167.67" port: 34603 } health_report { overall_health: UNKNOWN } } }
I20260713 09:00:56.231591  6793 catalog_manager.cc:5697] T c5c99a018a664c6fad32675cb1e0ecfc P ffb0bed8246e466d883c2552290f2c70 reported cstate change: term changed from 0 to 1, leader changed from <none> to ffb0bed8246e466d883c2552290f2c70 (127.5.167.66). New cstate: current_term: 1 leader_uuid: "ffb0bed8246e466d883c2552290f2c70" committed_config { opid_index: -1 OBSOLETE_local: false peers { permanent_uuid: "53dfdfbfb0324780a2ce2db0e641626b" member_type: VOTER last_known_addr { host: "127.5.167.65" port: 39809 } health_report { overall_health: UNKNOWN } } peers { permanent_uuid: "ffb0bed8246e466d883c2552290f2c70" member_type: VOTER last_known_addr { host: "127.5.167.66" port: 41213 } health_report { overall_health: HEALTHY } } peers { permanent_uuid: "83f36306cd964a44919a867a11d8c67d" member_type: VOTER last_known_addr { host: "127.5.167.67" port: 34603 } health_report { overall_health: UNKNOWN } } }
I20260713 09:00:56.264659  7084 tablet_bootstrap.cc:492] T 35b5c5c464514ce8bb0c596cc52a52b4 P 83f36306cd964a44919a867a11d8c67d: No bootstrap required, opened a new log
I20260713 09:00:56.265223  7084 ts_tablet_manager.cc:1403] T 35b5c5c464514ce8bb0c596cc52a52b4 P 83f36306cd964a44919a867a11d8c67d: Time spent bootstrapping tablet: real 0.200s	user 0.016s	sys 0.011s
I20260713 09:00:56.267207  7085 tablet_bootstrap.cc:654] T 997b1aeb3ebb4720a3ebb8bfb52ec6d9 P ffb0bed8246e466d883c2552290f2c70: Neither blocks nor log segments found. Creating new log.
I20260713 09:00:56.269196  7084 raft_consensus.cc:359] T 35b5c5c464514ce8bb0c596cc52a52b4 P 83f36306cd964a44919a867a11d8c67d [term 0 FOLLOWER]: Replica starting. Triggering 0 pending ops. Active config: opid_index: -1 OBSOLETE_local: false peers { permanent_uuid: "53dfdfbfb0324780a2ce2db0e641626b" member_type: VOTER last_known_addr { host: "127.5.167.65" port: 39809 } } peers { permanent_uuid: "ffb0bed8246e466d883c2552290f2c70" member_type: VOTER last_known_addr { host: "127.5.167.66" port: 41213 } } peers { permanent_uuid: "83f36306cd964a44919a867a11d8c67d" member_type: VOTER last_known_addr { host: "127.5.167.67" port: 34603 } }
I20260713 09:00:56.269893  7084 raft_consensus.cc:385] T 35b5c5c464514ce8bb0c596cc52a52b4 P 83f36306cd964a44919a867a11d8c67d [term 0 FOLLOWER]: Consensus starting up: Expiring failure detector timer to make a prompt election more likely
I20260713 09:00:56.270159  7084 raft_consensus.cc:740] T 35b5c5c464514ce8bb0c596cc52a52b4 P 83f36306cd964a44919a867a11d8c67d [term 0 FOLLOWER]: Becoming Follower/Learner. State: Replica: 83f36306cd964a44919a867a11d8c67d, State: Initialized, Role: FOLLOWER
I20260713 09:00:56.270833  7084 consensus_queue.cc:260] T 35b5c5c464514ce8bb0c596cc52a52b4 P 83f36306cd964a44919a867a11d8c67d [NON_LEADER]: Queue going to NON_LEADER mode. State: All replicated index: 0, Majority replicated index: 0, Committed index: 0, Last appended: 0.0, Last appended by leader: 0, Current term: 0, Majority size: -1, State: 0, Mode: NON_LEADER, active raft config: opid_index: -1 OBSOLETE_local: false peers { permanent_uuid: "53dfdfbfb0324780a2ce2db0e641626b" member_type: VOTER last_known_addr { host: "127.5.167.65" port: 39809 } } peers { permanent_uuid: "ffb0bed8246e466d883c2552290f2c70" member_type: VOTER last_known_addr { host: "127.5.167.66" port: 41213 } } peers { permanent_uuid: "83f36306cd964a44919a867a11d8c67d" member_type: VOTER last_known_addr { host: "127.5.167.67" port: 34603 } }
I20260713 09:00:56.272038  7086 tablet_bootstrap.cc:492] T 083e60f216674d95b7dd0fe6e05c6285 P 53dfdfbfb0324780a2ce2db0e641626b: No bootstrap required, opened a new log
I20260713 09:00:56.272554  7086 ts_tablet_manager.cc:1403] T 083e60f216674d95b7dd0fe6e05c6285 P 53dfdfbfb0324780a2ce2db0e641626b: Time spent bootstrapping tablet: real 0.152s	user 0.011s	sys 0.004s
I20260713 09:00:56.273114  7084 ts_tablet_manager.cc:1434] T 35b5c5c464514ce8bb0c596cc52a52b4 P 83f36306cd964a44919a867a11d8c67d: Time spent starting tablet: real 0.008s	user 0.005s	sys 0.001s
I20260713 09:00:56.273983  7084 tablet_bootstrap.cc:492] T b5c0aaf91b1e4b1397fe6dc60725415d P 83f36306cd964a44919a867a11d8c67d: Bootstrap starting.
I20260713 09:00:56.285862  7086 raft_consensus.cc:359] T 083e60f216674d95b7dd0fe6e05c6285 P 53dfdfbfb0324780a2ce2db0e641626b [term 0 FOLLOWER]: Replica starting. Triggering 0 pending ops. Active config: opid_index: -1 OBSOLETE_local: false peers { permanent_uuid: "53dfdfbfb0324780a2ce2db0e641626b" member_type: VOTER last_known_addr { host: "127.5.167.65" port: 39809 } } peers { permanent_uuid: "ffb0bed8246e466d883c2552290f2c70" member_type: VOTER last_known_addr { host: "127.5.167.66" port: 41213 } } peers { permanent_uuid: "83f36306cd964a44919a867a11d8c67d" member_type: VOTER last_known_addr { host: "127.5.167.67" port: 34603 } }
I20260713 09:00:56.286635  7086 raft_consensus.cc:385] T 083e60f216674d95b7dd0fe6e05c6285 P 53dfdfbfb0324780a2ce2db0e641626b [term 0 FOLLOWER]: Consensus starting up: Expiring failure detector timer to make a prompt election more likely
I20260713 09:00:56.286989  7086 raft_consensus.cc:740] T 083e60f216674d95b7dd0fe6e05c6285 P 53dfdfbfb0324780a2ce2db0e641626b [term 0 FOLLOWER]: Becoming Follower/Learner. State: Replica: 53dfdfbfb0324780a2ce2db0e641626b, State: Initialized, Role: FOLLOWER
I20260713 09:00:56.287811  7086 consensus_queue.cc:260] T 083e60f216674d95b7dd0fe6e05c6285 P 53dfdfbfb0324780a2ce2db0e641626b [NON_LEADER]: Queue going to NON_LEADER mode. State: All replicated index: 0, Majority replicated index: 0, Committed index: 0, Last appended: 0.0, Last appended by leader: 0, Current term: 0, Majority size: -1, State: 0, Mode: NON_LEADER, active raft config: opid_index: -1 OBSOLETE_local: false peers { permanent_uuid: "53dfdfbfb0324780a2ce2db0e641626b" member_type: VOTER last_known_addr { host: "127.5.167.65" port: 39809 } } peers { permanent_uuid: "ffb0bed8246e466d883c2552290f2c70" member_type: VOTER last_known_addr { host: "127.5.167.66" port: 41213 } } peers { permanent_uuid: "83f36306cd964a44919a867a11d8c67d" member_type: VOTER last_known_addr { host: "127.5.167.67" port: 34603 } }
I20260713 09:00:56.290028  7093 raft_consensus.cc:493] T 083e60f216674d95b7dd0fe6e05c6285 P 53dfdfbfb0324780a2ce2db0e641626b [term 0 FOLLOWER]: Starting pre-election (no leader contacted us within the election timeout)
I20260713 09:00:56.290473  7093 raft_consensus.cc:515] T 083e60f216674d95b7dd0fe6e05c6285 P 53dfdfbfb0324780a2ce2db0e641626b [term 0 FOLLOWER]: Starting pre-election with config: opid_index: -1 OBSOLETE_local: false peers { permanent_uuid: "53dfdfbfb0324780a2ce2db0e641626b" member_type: VOTER last_known_addr { host: "127.5.167.65" port: 39809 } } peers { permanent_uuid: "ffb0bed8246e466d883c2552290f2c70" member_type: VOTER last_known_addr { host: "127.5.167.66" port: 41213 } } peers { permanent_uuid: "83f36306cd964a44919a867a11d8c67d" member_type: VOTER last_known_addr { host: "127.5.167.67" port: 34603 } }
I20260713 09:00:56.293570  6969 tablet_service.cc:1917] Received RequestConsensusVote() RPC: tablet_id: "083e60f216674d95b7dd0fe6e05c6285" candidate_uuid: "53dfdfbfb0324780a2ce2db0e641626b" candidate_term: 1 candidate_status { last_received { term: 0 index: 0 } } ignore_live_leader: false dest_uuid: "ffb0bed8246e466d883c2552290f2c70" is_pre_election: true
I20260713 09:00:56.294329  6969 raft_consensus.cc:2393] T 083e60f216674d95b7dd0fe6e05c6285 P ffb0bed8246e466d883c2552290f2c70 [term 1 FOLLOWER]: Leader pre-election vote request: Denying vote to candidate 53dfdfbfb0324780a2ce2db0e641626b in current term 1: Already voted for candidate 83f36306cd964a44919a867a11d8c67d in this term.
I20260713 09:00:56.294276  6791 catalog_manager.cc:5697] T 083e60f216674d95b7dd0fe6e05c6285 P 83f36306cd964a44919a867a11d8c67d reported cstate change: term changed from 0 to 1, leader changed from <none> to 83f36306cd964a44919a867a11d8c67d (127.5.167.67). New cstate: current_term: 1 leader_uuid: "83f36306cd964a44919a867a11d8c67d" committed_config { opid_index: -1 OBSOLETE_local: false peers { permanent_uuid: "53dfdfbfb0324780a2ce2db0e641626b" member_type: VOTER last_known_addr { host: "127.5.167.65" port: 39809 } health_report { overall_health: UNKNOWN } } peers { permanent_uuid: "ffb0bed8246e466d883c2552290f2c70" member_type: VOTER last_known_addr { host: "127.5.167.66" port: 41213 } health_report { overall_health: UNKNOWN } } peers { permanent_uuid: "83f36306cd964a44919a867a11d8c67d" member_type: VOTER last_known_addr { host: "127.5.167.67" port: 34603 } health_report { overall_health: HEALTHY } } }
I20260713 09:00:56.296197  7093 leader_election.cc:290] T 083e60f216674d95b7dd0fe6e05c6285 P 53dfdfbfb0324780a2ce2db0e641626b [CANDIDATE]: Term 1 pre-election: Requested pre-vote from peers ffb0bed8246e466d883c2552290f2c70 (127.5.167.66:41213), 83f36306cd964a44919a867a11d8c67d (127.5.167.67:34603)
I20260713 09:00:56.298187  7042 tablet_service.cc:1917] Received RequestConsensusVote() RPC: tablet_id: "083e60f216674d95b7dd0fe6e05c6285" candidate_uuid: "53dfdfbfb0324780a2ce2db0e641626b" candidate_term: 1 candidate_status { last_received { term: 0 index: 0 } } ignore_live_leader: false dest_uuid: "83f36306cd964a44919a867a11d8c67d" is_pre_election: true
I20260713 09:00:56.299623  7086 ts_tablet_manager.cc:1434] T 083e60f216674d95b7dd0fe6e05c6285 P 53dfdfbfb0324780a2ce2db0e641626b: Time spent starting tablet: real 0.027s	user 0.001s	sys 0.005s
I20260713 09:00:56.300601  7084 tablet_bootstrap.cc:654] T b5c0aaf91b1e4b1397fe6dc60725415d P 83f36306cd964a44919a867a11d8c67d: Neither blocks nor log segments found. Creating new log.
I20260713 09:00:56.301503  6861 leader_election.cc:304] T 083e60f216674d95b7dd0fe6e05c6285 P 53dfdfbfb0324780a2ce2db0e641626b [CANDIDATE]: Term 1 pre-election: Election decided. Result: candidate lost. Election summary: received 3 responses out of 3 voters: 1 yes votes; 2 no votes. yes voters: 53dfdfbfb0324780a2ce2db0e641626b; no voters: 83f36306cd964a44919a867a11d8c67d, ffb0bed8246e466d883c2552290f2c70
I20260713 09:00:56.301743  7086 tablet_bootstrap.cc:492] T 997b1aeb3ebb4720a3ebb8bfb52ec6d9 P 53dfdfbfb0324780a2ce2db0e641626b: Bootstrap starting.
I20260713 09:00:56.302454  7093 raft_consensus.cc:3060] T 083e60f216674d95b7dd0fe6e05c6285 P 53dfdfbfb0324780a2ce2db0e641626b [term 0 FOLLOWER]: Advancing to term 1
I20260713 09:00:56.310652  7086 tablet_bootstrap.cc:654] T 997b1aeb3ebb4720a3ebb8bfb52ec6d9 P 53dfdfbfb0324780a2ce2db0e641626b: Neither blocks nor log segments found. Creating new log.
I20260713 09:00:56.316681  7085 tablet_bootstrap.cc:492] T 997b1aeb3ebb4720a3ebb8bfb52ec6d9 P ffb0bed8246e466d883c2552290f2c70: No bootstrap required, opened a new log
I20260713 09:00:56.317134  7085 ts_tablet_manager.cc:1403] T 997b1aeb3ebb4720a3ebb8bfb52ec6d9 P ffb0bed8246e466d883c2552290f2c70: Time spent bootstrapping tablet: real 0.093s	user 0.008s	sys 0.021s
I20260713 09:00:56.314921  7093 raft_consensus.cc:2749] T 083e60f216674d95b7dd0fe6e05c6285 P 53dfdfbfb0324780a2ce2db0e641626b [term 1 FOLLOWER]: Leader pre-election lost for term 1. Reason: could not achieve majority
I20260713 09:00:56.320852  7085 raft_consensus.cc:359] T 997b1aeb3ebb4720a3ebb8bfb52ec6d9 P ffb0bed8246e466d883c2552290f2c70 [term 0 FOLLOWER]: Replica starting. Triggering 0 pending ops. Active config: opid_index: -1 OBSOLETE_local: false peers { permanent_uuid: "53dfdfbfb0324780a2ce2db0e641626b" member_type: VOTER last_known_addr { host: "127.5.167.65" port: 39809 } } peers { permanent_uuid: "ffb0bed8246e466d883c2552290f2c70" member_type: VOTER last_known_addr { host: "127.5.167.66" port: 41213 } } peers { permanent_uuid: "83f36306cd964a44919a867a11d8c67d" member_type: VOTER last_known_addr { host: "127.5.167.67" port: 34603 } }
I20260713 09:00:56.321576  7085 raft_consensus.cc:385] T 997b1aeb3ebb4720a3ebb8bfb52ec6d9 P ffb0bed8246e466d883c2552290f2c70 [term 0 FOLLOWER]: Consensus starting up: Expiring failure detector timer to make a prompt election more likely
I20260713 09:00:56.321852  7085 raft_consensus.cc:740] T 997b1aeb3ebb4720a3ebb8bfb52ec6d9 P ffb0bed8246e466d883c2552290f2c70 [term 0 FOLLOWER]: Becoming Follower/Learner. State: Replica: ffb0bed8246e466d883c2552290f2c70, State: Initialized, Role: FOLLOWER
I20260713 09:00:56.322724  7085 consensus_queue.cc:260] T 997b1aeb3ebb4720a3ebb8bfb52ec6d9 P ffb0bed8246e466d883c2552290f2c70 [NON_LEADER]: Queue going to NON_LEADER mode. State: All replicated index: 0, Majority replicated index: 0, Committed index: 0, Last appended: 0.0, Last appended by leader: 0, Current term: 0, Majority size: -1, State: 0, Mode: NON_LEADER, active raft config: opid_index: -1 OBSOLETE_local: false peers { permanent_uuid: "53dfdfbfb0324780a2ce2db0e641626b" member_type: VOTER last_known_addr { host: "127.5.167.65" port: 39809 } } peers { permanent_uuid: "ffb0bed8246e466d883c2552290f2c70" member_type: VOTER last_known_addr { host: "127.5.167.66" port: 41213 } } peers { permanent_uuid: "83f36306cd964a44919a867a11d8c67d" member_type: VOTER last_known_addr { host: "127.5.167.67" port: 34603 } }
I20260713 09:00:56.324735  7085 ts_tablet_manager.cc:1434] T 997b1aeb3ebb4720a3ebb8bfb52ec6d9 P ffb0bed8246e466d883c2552290f2c70: Time spent starting tablet: real 0.007s	user 0.007s	sys 0.000s
I20260713 09:00:56.325706  7085 tablet_bootstrap.cc:492] T a71af0f580be414eb08dab2efd09f680 P ffb0bed8246e466d883c2552290f2c70: Bootstrap starting.
I20260713 09:00:56.331184  7085 tablet_bootstrap.cc:654] T a71af0f580be414eb08dab2efd09f680 P ffb0bed8246e466d883c2552290f2c70: Neither blocks nor log segments found. Creating new log.
I20260713 09:00:56.339848  7084 tablet_bootstrap.cc:492] T b5c0aaf91b1e4b1397fe6dc60725415d P 83f36306cd964a44919a867a11d8c67d: No bootstrap required, opened a new log
I20260713 09:00:56.340132  7085 tablet_bootstrap.cc:492] T a71af0f580be414eb08dab2efd09f680 P ffb0bed8246e466d883c2552290f2c70: No bootstrap required, opened a new log
I20260713 09:00:56.340279  7084 ts_tablet_manager.cc:1403] T b5c0aaf91b1e4b1397fe6dc60725415d P 83f36306cd964a44919a867a11d8c67d: Time spent bootstrapping tablet: real 0.066s	user 0.013s	sys 0.023s
I20260713 09:00:56.340622  7085 ts_tablet_manager.cc:1403] T a71af0f580be414eb08dab2efd09f680 P ffb0bed8246e466d883c2552290f2c70: Time spent bootstrapping tablet: real 0.015s	user 0.009s	sys 0.002s
I20260713 09:00:56.342460  7086 tablet_bootstrap.cc:492] T 997b1aeb3ebb4720a3ebb8bfb52ec6d9 P 53dfdfbfb0324780a2ce2db0e641626b: No bootstrap required, opened a new log
I20260713 09:00:56.342955  7086 ts_tablet_manager.cc:1403] T 997b1aeb3ebb4720a3ebb8bfb52ec6d9 P 53dfdfbfb0324780a2ce2db0e641626b: Time spent bootstrapping tablet: real 0.041s	user 0.009s	sys 0.006s
I20260713 09:00:56.343071  7084 raft_consensus.cc:359] T b5c0aaf91b1e4b1397fe6dc60725415d P 83f36306cd964a44919a867a11d8c67d [term 0 FOLLOWER]: Replica starting. Triggering 0 pending ops. Active config: opid_index: -1 OBSOLETE_local: false peers { permanent_uuid: "53dfdfbfb0324780a2ce2db0e641626b" member_type: VOTER last_known_addr { host: "127.5.167.65" port: 39809 } } peers { permanent_uuid: "ffb0bed8246e466d883c2552290f2c70" member_type: VOTER last_known_addr { host: "127.5.167.66" port: 41213 } } peers { permanent_uuid: "83f36306cd964a44919a867a11d8c67d" member_type: VOTER last_known_addr { host: "127.5.167.67" port: 34603 } }
I20260713 09:00:56.343261  7085 raft_consensus.cc:359] T a71af0f580be414eb08dab2efd09f680 P ffb0bed8246e466d883c2552290f2c70 [term 0 FOLLOWER]: Replica starting. Triggering 0 pending ops. Active config: opid_index: -1 OBSOLETE_local: false peers { permanent_uuid: "53dfdfbfb0324780a2ce2db0e641626b" member_type: VOTER last_known_addr { host: "127.5.167.65" port: 39809 } } peers { permanent_uuid: "ffb0bed8246e466d883c2552290f2c70" member_type: VOTER last_known_addr { host: "127.5.167.66" port: 41213 } } peers { permanent_uuid: "83f36306cd964a44919a867a11d8c67d" member_type: VOTER last_known_addr { host: "127.5.167.67" port: 34603 } }
I20260713 09:00:56.343880  7084 raft_consensus.cc:385] T b5c0aaf91b1e4b1397fe6dc60725415d P 83f36306cd964a44919a867a11d8c67d [term 0 FOLLOWER]: Consensus starting up: Expiring failure detector timer to make a prompt election more likely
I20260713 09:00:56.343990  7085 raft_consensus.cc:385] T a71af0f580be414eb08dab2efd09f680 P ffb0bed8246e466d883c2552290f2c70 [term 0 FOLLOWER]: Consensus starting up: Expiring failure detector timer to make a prompt election more likely
I20260713 09:00:56.344341  7085 raft_consensus.cc:740] T a71af0f580be414eb08dab2efd09f680 P ffb0bed8246e466d883c2552290f2c70 [term 0 FOLLOWER]: Becoming Follower/Learner. State: Replica: ffb0bed8246e466d883c2552290f2c70, State: Initialized, Role: FOLLOWER
I20260713 09:00:56.345178  7085 consensus_queue.cc:260] T a71af0f580be414eb08dab2efd09f680 P ffb0bed8246e466d883c2552290f2c70 [NON_LEADER]: Queue going to NON_LEADER mode. State: All replicated index: 0, Majority replicated index: 0, Committed index: 0, Last appended: 0.0, Last appended by leader: 0, Current term: 0, Majority size: -1, State: 0, Mode: NON_LEADER, active raft config: opid_index: -1 OBSOLETE_local: false peers { permanent_uuid: "53dfdfbfb0324780a2ce2db0e641626b" member_type: VOTER last_known_addr { host: "127.5.167.65" port: 39809 } } peers { permanent_uuid: "ffb0bed8246e466d883c2552290f2c70" member_type: VOTER last_known_addr { host: "127.5.167.66" port: 41213 } } peers { permanent_uuid: "83f36306cd964a44919a867a11d8c67d" member_type: VOTER last_known_addr { host: "127.5.167.67" port: 34603 } }
I20260713 09:00:56.345865  7086 raft_consensus.cc:359] T 997b1aeb3ebb4720a3ebb8bfb52ec6d9 P 53dfdfbfb0324780a2ce2db0e641626b [term 0 FOLLOWER]: Replica starting. Triggering 0 pending ops. Active config: opid_index: -1 OBSOLETE_local: false peers { permanent_uuid: "53dfdfbfb0324780a2ce2db0e641626b" member_type: VOTER last_known_addr { host: "127.5.167.65" port: 39809 } } peers { permanent_uuid: "ffb0bed8246e466d883c2552290f2c70" member_type: VOTER last_known_addr { host: "127.5.167.66" port: 41213 } } peers { permanent_uuid: "83f36306cd964a44919a867a11d8c67d" member_type: VOTER last_known_addr { host: "127.5.167.67" port: 34603 } }
I20260713 09:00:56.346583  7086 raft_consensus.cc:385] T 997b1aeb3ebb4720a3ebb8bfb52ec6d9 P 53dfdfbfb0324780a2ce2db0e641626b [term 0 FOLLOWER]: Consensus starting up: Expiring failure detector timer to make a prompt election more likely
I20260713 09:00:56.346897  7086 raft_consensus.cc:740] T 997b1aeb3ebb4720a3ebb8bfb52ec6d9 P 53dfdfbfb0324780a2ce2db0e641626b [term 0 FOLLOWER]: Becoming Follower/Learner. State: Replica: 53dfdfbfb0324780a2ce2db0e641626b, State: Initialized, Role: FOLLOWER
I20260713 09:00:56.344223  7084 raft_consensus.cc:740] T b5c0aaf91b1e4b1397fe6dc60725415d P 83f36306cd964a44919a867a11d8c67d [term 0 FOLLOWER]: Becoming Follower/Learner. State: Replica: 83f36306cd964a44919a867a11d8c67d, State: Initialized, Role: FOLLOWER
I20260713 09:00:56.347747  7086 consensus_queue.cc:260] T 997b1aeb3ebb4720a3ebb8bfb52ec6d9 P 53dfdfbfb0324780a2ce2db0e641626b [NON_LEADER]: Queue going to NON_LEADER mode. State: All replicated index: 0, Majority replicated index: 0, Committed index: 0, Last appended: 0.0, Last appended by leader: 0, Current term: 0, Majority size: -1, State: 0, Mode: NON_LEADER, active raft config: opid_index: -1 OBSOLETE_local: false peers { permanent_uuid: "53dfdfbfb0324780a2ce2db0e641626b" member_type: VOTER last_known_addr { host: "127.5.167.65" port: 39809 } } peers { permanent_uuid: "ffb0bed8246e466d883c2552290f2c70" member_type: VOTER last_known_addr { host: "127.5.167.66" port: 41213 } } peers { permanent_uuid: "83f36306cd964a44919a867a11d8c67d" member_type: VOTER last_known_addr { host: "127.5.167.67" port: 34603 } }
I20260713 09:00:56.348044  7084 consensus_queue.cc:260] T b5c0aaf91b1e4b1397fe6dc60725415d P 83f36306cd964a44919a867a11d8c67d [NON_LEADER]: Queue going to NON_LEADER mode. State: All replicated index: 0, Majority replicated index: 0, Committed index: 0, Last appended: 0.0, Last appended by leader: 0, Current term: 0, Majority size: -1, State: 0, Mode: NON_LEADER, active raft config: opid_index: -1 OBSOLETE_local: false peers { permanent_uuid: "53dfdfbfb0324780a2ce2db0e641626b" member_type: VOTER last_known_addr { host: "127.5.167.65" port: 39809 } } peers { permanent_uuid: "ffb0bed8246e466d883c2552290f2c70" member_type: VOTER last_known_addr { host: "127.5.167.66" port: 41213 } } peers { permanent_uuid: "83f36306cd964a44919a867a11d8c67d" member_type: VOTER last_known_addr { host: "127.5.167.67" port: 34603 } }
I20260713 09:00:56.350924  7084 ts_tablet_manager.cc:1434] T b5c0aaf91b1e4b1397fe6dc60725415d P 83f36306cd964a44919a867a11d8c67d: Time spent starting tablet: real 0.010s	user 0.006s	sys 0.000s
I20260713 09:00:56.351902  7084 tablet_bootstrap.cc:492] T 1dd4e6cb074541ccb2b62a25dbd00be8 P 83f36306cd964a44919a867a11d8c67d: Bootstrap starting.
I20260713 09:00:56.353566  7085 ts_tablet_manager.cc:1434] T a71af0f580be414eb08dab2efd09f680 P ffb0bed8246e466d883c2552290f2c70: Time spent starting tablet: real 0.013s	user 0.006s	sys 0.000s
I20260713 09:00:56.354461  7085 tablet_bootstrap.cc:492] T b5c0aaf91b1e4b1397fe6dc60725415d P ffb0bed8246e466d883c2552290f2c70: Bootstrap starting.
I20260713 09:00:56.355166  7093 raft_consensus.cc:493] T 3052edbbfd3542778b90a90aae1fb0b0 P 53dfdfbfb0324780a2ce2db0e641626b [term 0 FOLLOWER]: Starting pre-election (no leader contacted us within the election timeout)
I20260713 09:00:56.355616  7093 raft_consensus.cc:515] T 3052edbbfd3542778b90a90aae1fb0b0 P 53dfdfbfb0324780a2ce2db0e641626b [term 0 FOLLOWER]: Starting pre-election with config: opid_index: -1 OBSOLETE_local: false peers { permanent_uuid: "53dfdfbfb0324780a2ce2db0e641626b" member_type: VOTER last_known_addr { host: "127.5.167.65" port: 39809 } } peers { permanent_uuid: "ffb0bed8246e466d883c2552290f2c70" member_type: VOTER last_known_addr { host: "127.5.167.66" port: 41213 } } peers { permanent_uuid: "83f36306cd964a44919a867a11d8c67d" member_type: VOTER last_known_addr { host: "127.5.167.67" port: 34603 } }
I20260713 09:00:56.357669  7093 leader_election.cc:290] T 3052edbbfd3542778b90a90aae1fb0b0 P 53dfdfbfb0324780a2ce2db0e641626b [CANDIDATE]: Term 1 pre-election: Requested pre-vote from peers ffb0bed8246e466d883c2552290f2c70 (127.5.167.66:41213), 83f36306cd964a44919a867a11d8c67d (127.5.167.67:34603)
I20260713 09:00:56.358152  7084 tablet_bootstrap.cc:654] T 1dd4e6cb074541ccb2b62a25dbd00be8 P 83f36306cd964a44919a867a11d8c67d: Neither blocks nor log segments found. Creating new log.
I20260713 09:00:56.358959  7042 tablet_service.cc:1917] Received RequestConsensusVote() RPC: tablet_id: "3052edbbfd3542778b90a90aae1fb0b0" candidate_uuid: "53dfdfbfb0324780a2ce2db0e641626b" candidate_term: 1 candidate_status { last_received { term: 0 index: 0 } } ignore_live_leader: false dest_uuid: "83f36306cd964a44919a867a11d8c67d" is_pre_election: true
I20260713 09:00:56.359944  7085 tablet_bootstrap.cc:654] T b5c0aaf91b1e4b1397fe6dc60725415d P ffb0bed8246e466d883c2552290f2c70: Neither blocks nor log segments found. Creating new log.
I20260713 09:00:56.360142  6969 tablet_service.cc:1917] Received RequestConsensusVote() RPC: tablet_id: "3052edbbfd3542778b90a90aae1fb0b0" candidate_uuid: "53dfdfbfb0324780a2ce2db0e641626b" candidate_term: 1 candidate_status { last_received { term: 0 index: 0 } } ignore_live_leader: false dest_uuid: "ffb0bed8246e466d883c2552290f2c70" is_pre_election: true
W20260713 09:00:56.361495  6860 leader_election.cc:343] T 3052edbbfd3542778b90a90aae1fb0b0 P 53dfdfbfb0324780a2ce2db0e641626b [CANDIDATE]: Term 1 pre-election: Tablet error from VoteRequest() call to peer ffb0bed8246e466d883c2552290f2c70 (127.5.167.66:41213): Illegal state: must be running to vote when last-logged opid is not known
W20260713 09:00:56.362545  6861 leader_election.cc:343] T 3052edbbfd3542778b90a90aae1fb0b0 P 53dfdfbfb0324780a2ce2db0e641626b [CANDIDATE]: Term 1 pre-election: Tablet error from VoteRequest() call to peer 83f36306cd964a44919a867a11d8c67d (127.5.167.67:34603): Illegal state: must be running to vote when last-logged opid is not known
I20260713 09:00:56.362994  6861 leader_election.cc:304] T 3052edbbfd3542778b90a90aae1fb0b0 P 53dfdfbfb0324780a2ce2db0e641626b [CANDIDATE]: Term 1 pre-election: Election decided. Result: candidate lost. Election summary: received 3 responses out of 3 voters: 1 yes votes; 2 no votes. yes voters: 53dfdfbfb0324780a2ce2db0e641626b; no voters: 83f36306cd964a44919a867a11d8c67d, ffb0bed8246e466d883c2552290f2c70
I20260713 09:00:56.364383  7093 raft_consensus.cc:2749] T 3052edbbfd3542778b90a90aae1fb0b0 P 53dfdfbfb0324780a2ce2db0e641626b [term 0 FOLLOWER]: Leader pre-election lost for term 1. Reason: could not achieve majority
