I20260713 09:01:17.025524  7558 consensus_queue.cc:237] T ed5777ea03764157bba75dd5831ee83b P 1edcab33b6f143b69550bc3a351babde [LEADER]: Queue going to LEADER mode. State: All replicated index: 0, Majority replicated index: 4, Committed index: 4, Last appended: 1.4, Last appended by leader: 4, Current term: 2, Majority size: 2, State: 0, Mode: LEADER, active raft config: opid_index: 4 OBSOLETE_local: false peers { permanent_uuid: "51189711d2b5477b933be640e670abd3" member_type: VOTER last_known_addr { host: "127.5.145.66" port: 40955 } } peers { permanent_uuid: "196ed3221107460fb0ff3a95a65ca0b7" member_type: VOTER last_known_addr { host: "127.5.145.67" port: 45023 } } peers { permanent_uuid: "1edcab33b6f143b69550bc3a351babde" member_type: VOTER last_known_addr { host: "127.5.145.68" port: 39169 } attrs { promote: false } }
I20260713 09:01:17.026945  6874 raft_consensus.cc:2468] T ed5777ea03764157bba75dd5831ee83b P 51189711d2b5477b933be640e670abd3 [term 2 FOLLOWER]: Leader election vote request: Granting yes vote for candidate 1edcab33b6f143b69550bc3a351babde in term 2.
I20260713 09:01:17.037875  6697 catalog_manager.cc:5697] T ed5777ea03764157bba75dd5831ee83b P 1edcab33b6f143b69550bc3a351babde reported cstate change: term changed from 1 to 2, leader changed from 51189711d2b5477b933be640e670abd3 (127.5.145.66) to 1edcab33b6f143b69550bc3a351babde (127.5.145.68). New cstate: current_term: 2 leader_uuid: "1edcab33b6f143b69550bc3a351babde" committed_config { opid_index: 4 OBSOLETE_local: false peers { permanent_uuid: "51189711d2b5477b933be640e670abd3" member_type: VOTER last_known_addr { host: "127.5.145.66" port: 40955 } health_report { overall_health: UNKNOWN } } peers { permanent_uuid: "196ed3221107460fb0ff3a95a65ca0b7" member_type: VOTER last_known_addr { host: "127.5.145.67" port: 45023 } health_report { overall_health: UNKNOWN } } peers { permanent_uuid: "1edcab33b6f143b69550bc3a351babde" member_type: VOTER last_known_addr { host: "127.5.145.68" port: 39169 } attrs { promote: false } health_report { overall_health: HEALTHY } } }
I20260713 09:01:17.391014  6874 raft_consensus.cc:1275] T b369fd563756499c81701efa05b43da6 P 51189711d2b5477b933be640e670abd3 [term 2 FOLLOWER]: Refusing update from remote peer 1edcab33b6f143b69550bc3a351babde: Log matching property violated. Preceding OpId in replica: term: 1 index: 4. Preceding OpId from leader: term: 2 index: 5. (index mismatch)
I20260713 09:01:17.392264  6946 raft_consensus.cc:1275] T 10c3848fbab64382acf171e6e6de8a7a P 196ed3221107460fb0ff3a95a65ca0b7 [term 2 FOLLOWER]: Refusing update from remote peer 1edcab33b6f143b69550bc3a351babde: Log matching property violated. Preceding OpId in replica: term: 1 index: 4. Preceding OpId from leader: term: 2 index: 5. (index mismatch)
I20260713 09:01:17.393222  7558 consensus_queue.cc:1048] T b369fd563756499c81701efa05b43da6 P 1edcab33b6f143b69550bc3a351babde [LEADER]: Connected to new peer: Peer: permanent_uuid: "51189711d2b5477b933be640e670abd3" member_type: VOTER last_known_addr { host: "127.5.145.66" port: 40955 }, Status: LMP_MISMATCH, Last received: 0.0, Next index: 5, Last known committed idx: 4, Time since last communication: 0.000s
I20260713 09:01:17.394377  7559 consensus_queue.cc:1048] T 10c3848fbab64382acf171e6e6de8a7a P 1edcab33b6f143b69550bc3a351babde [LEADER]: Connected to new peer: Peer: permanent_uuid: "196ed3221107460fb0ff3a95a65ca0b7" member_type: VOTER last_known_addr { host: "127.5.145.67" port: 45023 }, Status: LMP_MISMATCH, Last received: 0.0, Next index: 5, Last known committed idx: 4, Time since last communication: 0.000s
I20260713 09:01:17.410965  6946 raft_consensus.cc:1275] T b369fd563756499c81701efa05b43da6 P 196ed3221107460fb0ff3a95a65ca0b7 [term 2 FOLLOWER]: Refusing update from remote peer 1edcab33b6f143b69550bc3a351babde: Log matching property violated. Preceding OpId in replica: term: 1 index: 4. Preceding OpId from leader: term: 2 index: 5. (index mismatch)
I20260713 09:01:17.412988  7558 consensus_queue.cc:1048] T b369fd563756499c81701efa05b43da6 P 1edcab33b6f143b69550bc3a351babde [LEADER]: Connected to new peer: Peer: permanent_uuid: "196ed3221107460fb0ff3a95a65ca0b7" member_type: VOTER last_known_addr { host: "127.5.145.67" port: 45023 }, Status: LMP_MISMATCH, Last received: 0.0, Next index: 5, Last known committed idx: 4, Time since last communication: 0.001s
I20260713 09:01:17.458043  6874 raft_consensus.cc:1275] T ed5777ea03764157bba75dd5831ee83b P 51189711d2b5477b933be640e670abd3 [term 2 FOLLOWER]: Refusing update from remote peer 1edcab33b6f143b69550bc3a351babde: Log matching property violated. Preceding OpId in replica: term: 1 index: 4. Preceding OpId from leader: term: 2 index: 5. (index mismatch)
I20260713 09:01:17.459530  7558 consensus_queue.cc:1048] T ed5777ea03764157bba75dd5831ee83b P 1edcab33b6f143b69550bc3a351babde [LEADER]: Connected to new peer: Peer: permanent_uuid: "51189711d2b5477b933be640e670abd3" member_type: VOTER last_known_addr { host: "127.5.145.66" port: 40955 }, Status: LMP_MISMATCH, Last received: 0.0, Next index: 5, Last known committed idx: 4, Time since last communication: 0.000s
I20260713 09:01:17.566670  6945 raft_consensus.cc:1275] T 898f65f51399459d9e87c130540c6c0b P 196ed3221107460fb0ff3a95a65ca0b7 [term 2 FOLLOWER]: Refusing update from remote peer db67c807d21d4bb0b5524e694ce22117: Log matching property violated. Preceding OpId in replica: term: 1 index: 1. Preceding OpId from leader: term: 2 index: 2. (index mismatch)
I20260713 09:01:17.569710  6874 raft_consensus.cc:1275] T 898f65f51399459d9e87c130540c6c0b P 51189711d2b5477b933be640e670abd3 [term 2 FOLLOWER]: Refusing update from remote peer db67c807d21d4bb0b5524e694ce22117: Log matching property violated. Preceding OpId in replica: term: 1 index: 1. Preceding OpId from leader: term: 2 index: 2. (index mismatch)
I20260713 09:01:17.572322  6796 raft_consensus.cc:1275] T 10c3848fbab64382acf171e6e6de8a7a P db67c807d21d4bb0b5524e694ce22117 [term 2 FOLLOWER]: Refusing update from remote peer 1edcab33b6f143b69550bc3a351babde: Log matching property violated. Preceding OpId in replica: term: 1 index: 4. Preceding OpId from leader: term: 2 index: 5. (index mismatch)
I20260713 09:01:17.573956  6796 raft_consensus.cc:1275] T 3f2bf1cebb504b6f8e01b1b10a784c2f P db67c807d21d4bb0b5524e694ce22117 [term 2 FOLLOWER]: Refusing update from remote peer 1edcab33b6f143b69550bc3a351babde: Log matching property violated. Preceding OpId in replica: term: 1 index: 4. Preceding OpId from leader: term: 2 index: 5. (index mismatch)
I20260713 09:01:17.574751  7553 consensus_queue.cc:1048] T 898f65f51399459d9e87c130540c6c0b P db67c807d21d4bb0b5524e694ce22117 [LEADER]: Connected to new peer: Peer: permanent_uuid: "196ed3221107460fb0ff3a95a65ca0b7" member_type: VOTER last_known_addr { host: "127.5.145.67" port: 45023 }, Status: LMP_MISMATCH, Last received: 0.0, Next index: 2, Last known committed idx: 1, Time since last communication: 0.000s
I20260713 09:01:17.578999  7558 consensus_queue.cc:1048] T 10c3848fbab64382acf171e6e6de8a7a P 1edcab33b6f143b69550bc3a351babde [LEADER]: Connected to new peer: Peer: permanent_uuid: "db67c807d21d4bb0b5524e694ce22117" member_type: VOTER last_known_addr { host: "127.5.145.65" port: 38263 }, Status: LMP_MISMATCH, Last received: 0.0, Next index: 5, Last known committed idx: 4, Time since last communication: 0.000s
I20260713 09:01:17.578660  7581 consensus_queue.cc:1048] T 898f65f51399459d9e87c130540c6c0b P db67c807d21d4bb0b5524e694ce22117 [LEADER]: Connected to new peer: Peer: permanent_uuid: "51189711d2b5477b933be640e670abd3" member_type: VOTER last_known_addr { host: "127.5.145.66" port: 40955 }, Status: LMP_MISMATCH, Last received: 0.0, Next index: 2, Last known committed idx: 1, Time since last communication: 0.001s
I20260713 09:01:17.580298  7558 consensus_queue.cc:1048] T 3f2bf1cebb504b6f8e01b1b10a784c2f P 1edcab33b6f143b69550bc3a351babde [LEADER]: Connected to new peer: Peer: permanent_uuid: "db67c807d21d4bb0b5524e694ce22117" member_type: VOTER last_known_addr { host: "127.5.145.65" port: 38263 }, Status: LMP_MISMATCH, Last received: 0.0, Next index: 5, Last known committed idx: 4, Time since last communication: 0.000s
I20260713 09:01:17.624514  6949 raft_consensus.cc:1275] T ed5777ea03764157bba75dd5831ee83b P 196ed3221107460fb0ff3a95a65ca0b7 [term 2 FOLLOWER]: Refusing update from remote peer 1edcab33b6f143b69550bc3a351babde: Log matching property violated. Preceding OpId in replica: term: 1 index: 4. Preceding OpId from leader: term: 2 index: 5. (index mismatch)
I20260713 09:01:17.626008  6946 raft_consensus.cc:1275] T 3f2bf1cebb504b6f8e01b1b10a784c2f P 196ed3221107460fb0ff3a95a65ca0b7 [term 2 FOLLOWER]: Refusing update from remote peer 1edcab33b6f143b69550bc3a351babde: Log matching property violated. Preceding OpId in replica: term: 1 index: 4. Preceding OpId from leader: term: 2 index: 5. (index mismatch)
I20260713 09:01:17.626315  7588 consensus_queue.cc:1048] T ed5777ea03764157bba75dd5831ee83b P 1edcab33b6f143b69550bc3a351babde [LEADER]: Connected to new peer: Peer: permanent_uuid: "196ed3221107460fb0ff3a95a65ca0b7" member_type: VOTER last_known_addr { host: "127.5.145.67" port: 45023 }, Status: LMP_MISMATCH, Last received: 0.0, Next index: 5, Last known committed idx: 4, Time since last communication: 0.001s
I20260713 09:01:17.650513  7588 consensus_queue.cc:1048] T 3f2bf1cebb504b6f8e01b1b10a784c2f P 1edcab33b6f143b69550bc3a351babde [LEADER]: Connected to new peer: Peer: permanent_uuid: "196ed3221107460fb0ff3a95a65ca0b7" member_type: VOTER last_known_addr { host: "127.5.145.67" port: 45023 }, Status: LMP_MISMATCH, Last received: 0.0, Next index: 5, Last known committed idx: 4, Time since last communication: 0.001s
W20260713 09:01:17.683601  7178 outbound_call.cc:321] RPC callback for RPC call kudu.consensus.ConsensusService.UpdateConsensus -> {remote=127.5.145.65:38263, user_credentials={real_user=slave}} blocked reactor thread for 56579us
I20260713 09:01:17.878993  5701 auto_leader_rebalancer.cc:141] leader rebalance for table test-workload
I20260713 09:01:17.898567  5701 auto_leader_rebalancer.cc:141] leader rebalance for table test-workload
I20260713 09:01:17.914258  6872 tablet_service.cc:2072] Received LeaderStepDown RPC: tablet_id: "9cecc9b850494dcc90144591ba063948"
dest_uuid: "51189711d2b5477b933be640e670abd3"
mode: GRACEFUL
new_leader_uuid: "1edcab33b6f143b69550bc3a351babde"
 from {username='slave'} at 127.0.0.1:35354
I20260713 09:01:17.914845  6872 raft_consensus.cc:606] T 9cecc9b850494dcc90144591ba063948 P 51189711d2b5477b933be640e670abd3 [term 1 LEADER]: Received request to transfer leadership to TS 1edcab33b6f143b69550bc3a351babde
I20260713 09:01:17.917039  6872 tablet_service.cc:2072] Received LeaderStepDown RPC: tablet_id: "aff438ab043d44b982cbafdc95f6ff59"
dest_uuid: "51189711d2b5477b933be640e670abd3"
mode: GRACEFUL
new_leader_uuid: "1edcab33b6f143b69550bc3a351babde"
 from {username='slave'} at 127.0.0.1:35354
I20260713 09:01:17.917543  6872 raft_consensus.cc:606] T aff438ab043d44b982cbafdc95f6ff59 P 51189711d2b5477b933be640e670abd3 [term 1 LEADER]: Received request to transfer leadership to TS 1edcab33b6f143b69550bc3a351babde
I20260713 09:01:17.918546  5701 auto_leader_rebalancer.cc:479] table: test-workload, leader rebalance finish, leader transfer count: 2
I20260713 09:01:17.919379  5701 auto_leader_rebalancer.cc:554] All tables' leader rebalancing finished this round
I20260713 09:01:18.022230  7589 raft_consensus.cc:993] T aff438ab043d44b982cbafdc95f6ff59 P 51189711d2b5477b933be640e670abd3: : Instructing follower 1edcab33b6f143b69550bc3a351babde to start an election
I20260713 09:01:18.022812  7580 raft_consensus.cc:1081] T aff438ab043d44b982cbafdc95f6ff59 P 51189711d2b5477b933be640e670abd3 [term 1 LEADER]: Signalling peer 1edcab33b6f143b69550bc3a351babde to start an election
I20260713 09:01:18.024194  7214 tablet_service.cc:2044] Received Run Leader Election RPC: tablet_id: "aff438ab043d44b982cbafdc95f6ff59"
dest_uuid: "1edcab33b6f143b69550bc3a351babde"
 from {username='slave'} at 127.0.0.1:43652
I20260713 09:01:18.024641  7214 raft_consensus.cc:493] T aff438ab043d44b982cbafdc95f6ff59 P 1edcab33b6f143b69550bc3a351babde [term 1 FOLLOWER]: Starting forced leader election (received explicit request)
I20260713 09:01:18.024868  7214 raft_consensus.cc:3060] T aff438ab043d44b982cbafdc95f6ff59 P 1edcab33b6f143b69550bc3a351babde [term 1 FOLLOWER]: Advancing to term 2
I20260713 09:01:18.028936  7214 raft_consensus.cc:515] T aff438ab043d44b982cbafdc95f6ff59 P 1edcab33b6f143b69550bc3a351babde [term 2 FOLLOWER]: Starting forced leader election with config: opid_index: 4 OBSOLETE_local: false peers { permanent_uuid: "51189711d2b5477b933be640e670abd3" member_type: VOTER last_known_addr { host: "127.5.145.66" port: 40955 } } peers { permanent_uuid: "196ed3221107460fb0ff3a95a65ca0b7" member_type: VOTER last_known_addr { host: "127.5.145.67" port: 45023 } } peers { permanent_uuid: "1edcab33b6f143b69550bc3a351babde" member_type: VOTER last_known_addr { host: "127.5.145.68" port: 39169 } attrs { promote: false } }
I20260713 09:01:18.030646  7214 leader_election.cc:290] T aff438ab043d44b982cbafdc95f6ff59 P 1edcab33b6f143b69550bc3a351babde [CANDIDATE]: Term 2 election: Requested vote from peers 51189711d2b5477b933be640e670abd3 (127.5.145.66:40955), 196ed3221107460fb0ff3a95a65ca0b7 (127.5.145.67:45023)
I20260713 09:01:18.031695  6946 tablet_service.cc:1917] Received RequestConsensusVote() RPC: tablet_id: "aff438ab043d44b982cbafdc95f6ff59" candidate_uuid: "1edcab33b6f143b69550bc3a351babde" candidate_term: 2 candidate_status { last_received { term: 1 index: 4 } } ignore_live_leader: true dest_uuid: "196ed3221107460fb0ff3a95a65ca0b7"
I20260713 09:01:18.031853  6872 tablet_service.cc:1917] Received RequestConsensusVote() RPC: tablet_id: "aff438ab043d44b982cbafdc95f6ff59" candidate_uuid: "1edcab33b6f143b69550bc3a351babde" candidate_term: 2 candidate_status { last_received { term: 1 index: 4 } } ignore_live_leader: true dest_uuid: "51189711d2b5477b933be640e670abd3"
I20260713 09:01:18.032269  6946 raft_consensus.cc:3060] T aff438ab043d44b982cbafdc95f6ff59 P 196ed3221107460fb0ff3a95a65ca0b7 [term 1 FOLLOWER]: Advancing to term 2
I20260713 09:01:18.032399  6872 raft_consensus.cc:3055] T aff438ab043d44b982cbafdc95f6ff59 P 51189711d2b5477b933be640e670abd3 [term 1 LEADER]: Stepping down as leader of term 1
I20260713 09:01:18.032757  6872 raft_consensus.cc:740] T aff438ab043d44b982cbafdc95f6ff59 P 51189711d2b5477b933be640e670abd3 [term 1 LEADER]: Becoming Follower/Learner. State: Replica: 51189711d2b5477b933be640e670abd3, State: Running, Role: LEADER
I20260713 09:01:18.033627  6872 consensus_queue.cc:260] T aff438ab043d44b982cbafdc95f6ff59 P 51189711d2b5477b933be640e670abd3 [NON_LEADER]: Queue going to NON_LEADER mode. State: All replicated index: 0, Majority replicated index: 4, Committed index: 4, Last appended: 1.4, Last appended by leader: 4, Current term: 1, Majority size: -1, State: 0, Mode: NON_LEADER, active raft config: opid_index: 4 OBSOLETE_local: false peers { permanent_uuid: "51189711d2b5477b933be640e670abd3" member_type: VOTER last_known_addr { host: "127.5.145.66" port: 40955 } } peers { permanent_uuid: "196ed3221107460fb0ff3a95a65ca0b7" member_type: VOTER last_known_addr { host: "127.5.145.67" port: 45023 } } peers { permanent_uuid: "1edcab33b6f143b69550bc3a351babde" member_type: VOTER last_known_addr { host: "127.5.145.68" port: 39169 } attrs { promote: false } }
I20260713 09:01:18.034844  6872 raft_consensus.cc:3060] T aff438ab043d44b982cbafdc95f6ff59 P 51189711d2b5477b933be640e670abd3 [term 1 FOLLOWER]: Advancing to term 2
I20260713 09:01:18.038654  6946 raft_consensus.cc:2468] T aff438ab043d44b982cbafdc95f6ff59 P 196ed3221107460fb0ff3a95a65ca0b7 [term 2 FOLLOWER]: Leader election vote request: Granting yes vote for candidate 1edcab33b6f143b69550bc3a351babde in term 2.
I20260713 09:01:18.039821  7179 leader_election.cc:304] T aff438ab043d44b982cbafdc95f6ff59 P 1edcab33b6f143b69550bc3a351babde [CANDIDATE]: Term 2 election: Election decided. Result: candidate won. Election summary: received 2 responses out of 3 voters: 2 yes votes; 0 no votes. yes voters: 196ed3221107460fb0ff3a95a65ca0b7, 1edcab33b6f143b69550bc3a351babde; no voters: 
I20260713 09:01:18.040661  7592 raft_consensus.cc:2804] T aff438ab043d44b982cbafdc95f6ff59 P 1edcab33b6f143b69550bc3a351babde [term 2 FOLLOWER]: Leader election won for term 2
I20260713 09:01:18.041045  7592 raft_consensus.cc:697] T aff438ab043d44b982cbafdc95f6ff59 P 1edcab33b6f143b69550bc3a351babde [term 2 LEADER]: Becoming Leader. State: Replica: 1edcab33b6f143b69550bc3a351babde, State: Running, Role: LEADER
I20260713 09:01:18.041493  6872 raft_consensus.cc:2468] T aff438ab043d44b982cbafdc95f6ff59 P 51189711d2b5477b933be640e670abd3 [term 2 FOLLOWER]: Leader election vote request: Granting yes vote for candidate 1edcab33b6f143b69550bc3a351babde in term 2.
I20260713 09:01:18.042341  7592 consensus_queue.cc:237] T aff438ab043d44b982cbafdc95f6ff59 P 1edcab33b6f143b69550bc3a351babde [LEADER]: Queue going to LEADER mode. State: All replicated index: 0, Majority replicated index: 4, Committed index: 4, Last appended: 1.4, Last appended by leader: 4, Current term: 2, Majority size: 2, State: 0, Mode: LEADER, active raft config: opid_index: 4 OBSOLETE_local: false peers { permanent_uuid: "51189711d2b5477b933be640e670abd3" member_type: VOTER last_known_addr { host: "127.5.145.66" port: 40955 } } peers { permanent_uuid: "196ed3221107460fb0ff3a95a65ca0b7" member_type: VOTER last_known_addr { host: "127.5.145.67" port: 45023 } } peers { permanent_uuid: "1edcab33b6f143b69550bc3a351babde" member_type: VOTER last_known_addr { host: "127.5.145.68" port: 39169 } attrs { promote: false } }
I20260713 09:01:18.050479  6694 catalog_manager.cc:5697] T aff438ab043d44b982cbafdc95f6ff59 P 1edcab33b6f143b69550bc3a351babde reported cstate change: term changed from 1 to 2, leader changed from 51189711d2b5477b933be640e670abd3 (127.5.145.66) to 1edcab33b6f143b69550bc3a351babde (127.5.145.68). New cstate: current_term: 2 leader_uuid: "1edcab33b6f143b69550bc3a351babde" committed_config { opid_index: 4 OBSOLETE_local: false peers { permanent_uuid: "51189711d2b5477b933be640e670abd3" member_type: VOTER last_known_addr { host: "127.5.145.66" port: 40955 } health_report { overall_health: UNKNOWN } } peers { permanent_uuid: "196ed3221107460fb0ff3a95a65ca0b7" member_type: VOTER last_known_addr { host: "127.5.145.67" port: 45023 } health_report { overall_health: UNKNOWN } } peers { permanent_uuid: "1edcab33b6f143b69550bc3a351babde" member_type: VOTER last_known_addr { host: "127.5.145.68" port: 39169 } attrs { promote: false } health_report { overall_health: HEALTHY } } }
I20260713 09:01:18.186307  7589 raft_consensus.cc:993] T 9cecc9b850494dcc90144591ba063948 P 51189711d2b5477b933be640e670abd3: : Instructing follower 1edcab33b6f143b69550bc3a351babde to start an election
I20260713 09:01:18.186826  7580 raft_consensus.cc:1081] T 9cecc9b850494dcc90144591ba063948 P 51189711d2b5477b933be640e670abd3 [term 1 LEADER]: Signalling peer 1edcab33b6f143b69550bc3a351babde to start an election
I20260713 09:01:18.188321  7214 tablet_service.cc:2044] Received Run Leader Election RPC: tablet_id: "9cecc9b850494dcc90144591ba063948"
dest_uuid: "1edcab33b6f143b69550bc3a351babde"
 from {username='slave'} at 127.0.0.1:43652
I20260713 09:01:18.188822  7214 raft_consensus.cc:493] T 9cecc9b850494dcc90144591ba063948 P 1edcab33b6f143b69550bc3a351babde [term 1 FOLLOWER]: Starting forced leader election (received explicit request)
I20260713 09:01:18.189103  7214 raft_consensus.cc:3060] T 9cecc9b850494dcc90144591ba063948 P 1edcab33b6f143b69550bc3a351babde [term 1 FOLLOWER]: Advancing to term 2
I20260713 09:01:18.193251  7214 raft_consensus.cc:515] T 9cecc9b850494dcc90144591ba063948 P 1edcab33b6f143b69550bc3a351babde [term 2 FOLLOWER]: Starting forced leader election with config: opid_index: 4 OBSOLETE_local: false peers { permanent_uuid: "db67c807d21d4bb0b5524e694ce22117" member_type: VOTER last_known_addr { host: "127.5.145.65" port: 38263 } } peers { permanent_uuid: "51189711d2b5477b933be640e670abd3" member_type: VOTER last_known_addr { host: "127.5.145.66" port: 40955 } } peers { permanent_uuid: "1edcab33b6f143b69550bc3a351babde" member_type: VOTER last_known_addr { host: "127.5.145.68" port: 39169 } attrs { promote: false } }
I20260713 09:01:18.194707  7214 leader_election.cc:290] T 9cecc9b850494dcc90144591ba063948 P 1edcab33b6f143b69550bc3a351babde [CANDIDATE]: Term 2 election: Requested vote from peers db67c807d21d4bb0b5524e694ce22117 (127.5.145.65:38263), 51189711d2b5477b933be640e670abd3 (127.5.145.66:40955)
I20260713 09:01:18.195459  6796 tablet_service.cc:1917] Received RequestConsensusVote() RPC: tablet_id: "9cecc9b850494dcc90144591ba063948" candidate_uuid: "1edcab33b6f143b69550bc3a351babde" candidate_term: 2 candidate_status { last_received { term: 1 index: 4 } } ignore_live_leader: true dest_uuid: "db67c807d21d4bb0b5524e694ce22117"
I20260713 09:01:18.195637  6872 tablet_service.cc:1917] Received RequestConsensusVote() RPC: tablet_id: "9cecc9b850494dcc90144591ba063948" candidate_uuid: "1edcab33b6f143b69550bc3a351babde" candidate_term: 2 candidate_status { last_received { term: 1 index: 4 } } ignore_live_leader: true dest_uuid: "51189711d2b5477b933be640e670abd3"
I20260713 09:01:18.196013  6796 raft_consensus.cc:3060] T 9cecc9b850494dcc90144591ba063948 P db67c807d21d4bb0b5524e694ce22117 [term 1 FOLLOWER]: Advancing to term 2
I20260713 09:01:18.196189  6872 raft_consensus.cc:3055] T 9cecc9b850494dcc90144591ba063948 P 51189711d2b5477b933be640e670abd3 [term 1 LEADER]: Stepping down as leader of term 1
I20260713 09:01:18.196532  6872 raft_consensus.cc:740] T 9cecc9b850494dcc90144591ba063948 P 51189711d2b5477b933be640e670abd3 [term 1 LEADER]: Becoming Follower/Learner. State: Replica: 51189711d2b5477b933be640e670abd3, State: Running, Role: LEADER
I20260713 09:01:18.197212  6872 consensus_queue.cc:260] T 9cecc9b850494dcc90144591ba063948 P 51189711d2b5477b933be640e670abd3 [NON_LEADER]: Queue going to NON_LEADER mode. State: All replicated index: 0, Majority replicated index: 4, Committed index: 4, Last appended: 1.4, Last appended by leader: 4, Current term: 1, Majority size: -1, State: 0, Mode: NON_LEADER, active raft config: opid_index: 4 OBSOLETE_local: false peers { permanent_uuid: "db67c807d21d4bb0b5524e694ce22117" member_type: VOTER last_known_addr { host: "127.5.145.65" port: 38263 } } peers { permanent_uuid: "51189711d2b5477b933be640e670abd3" member_type: VOTER last_known_addr { host: "127.5.145.66" port: 40955 } } peers { permanent_uuid: "1edcab33b6f143b69550bc3a351babde" member_type: VOTER last_known_addr { host: "127.5.145.68" port: 39169 } attrs { promote: false } }
I20260713 09:01:18.198098  6872 raft_consensus.cc:3060] T 9cecc9b850494dcc90144591ba063948 P 51189711d2b5477b933be640e670abd3 [term 1 FOLLOWER]: Advancing to term 2
I20260713 09:01:18.200354  6796 raft_consensus.cc:2468] T 9cecc9b850494dcc90144591ba063948 P db67c807d21d4bb0b5524e694ce22117 [term 2 FOLLOWER]: Leader election vote request: Granting yes vote for candidate 1edcab33b6f143b69550bc3a351babde in term 2.
I20260713 09:01:18.201493  7178 leader_election.cc:304] T 9cecc9b850494dcc90144591ba063948 P 1edcab33b6f143b69550bc3a351babde [CANDIDATE]: Term 2 election: Election decided. Result: candidate won. Election summary: received 2 responses out of 3 voters: 2 yes votes; 0 no votes. yes voters: 1edcab33b6f143b69550bc3a351babde, db67c807d21d4bb0b5524e694ce22117; no voters: 
I20260713 09:01:18.202198  7592 raft_consensus.cc:2804] T 9cecc9b850494dcc90144591ba063948 P 1edcab33b6f143b69550bc3a351babde [term 2 FOLLOWER]: Leader election won for term 2
I20260713 09:01:18.202638  7592 raft_consensus.cc:697] T 9cecc9b850494dcc90144591ba063948 P 1edcab33b6f143b69550bc3a351babde [term 2 LEADER]: Becoming Leader. State: Replica: 1edcab33b6f143b69550bc3a351babde, State: Running, Role: LEADER
I20260713 09:01:18.203364  6872 raft_consensus.cc:2468] T 9cecc9b850494dcc90144591ba063948 P 51189711d2b5477b933be640e670abd3 [term 2 FOLLOWER]: Leader election vote request: Granting yes vote for candidate 1edcab33b6f143b69550bc3a351babde in term 2.
I20260713 09:01:18.203511  7592 consensus_queue.cc:237] T 9cecc9b850494dcc90144591ba063948 P 1edcab33b6f143b69550bc3a351babde [LEADER]: Queue going to LEADER mode. State: All replicated index: 0, Majority replicated index: 4, Committed index: 4, Last appended: 1.4, Last appended by leader: 4, Current term: 2, Majority size: 2, State: 0, Mode: LEADER, active raft config: opid_index: 4 OBSOLETE_local: false peers { permanent_uuid: "db67c807d21d4bb0b5524e694ce22117" member_type: VOTER last_known_addr { host: "127.5.145.65" port: 38263 } } peers { permanent_uuid: "51189711d2b5477b933be640e670abd3" member_type: VOTER last_known_addr { host: "127.5.145.66" port: 40955 } } peers { permanent_uuid: "1edcab33b6f143b69550bc3a351babde" member_type: VOTER last_known_addr { host: "127.5.145.68" port: 39169 } attrs { promote: false } }
I20260713 09:01:18.211335  6694 catalog_manager.cc:5697] T 9cecc9b850494dcc90144591ba063948 P 1edcab33b6f143b69550bc3a351babde reported cstate change: term changed from 1 to 2, leader changed from 51189711d2b5477b933be640e670abd3 (127.5.145.66) to 1edcab33b6f143b69550bc3a351babde (127.5.145.68). New cstate: current_term: 2 leader_uuid: "1edcab33b6f143b69550bc3a351babde" committed_config { opid_index: 4 OBSOLETE_local: false peers { permanent_uuid: "db67c807d21d4bb0b5524e694ce22117" member_type: VOTER last_known_addr { host: "127.5.145.65" port: 38263 } health_report { overall_health: UNKNOWN } } peers { permanent_uuid: "51189711d2b5477b933be640e670abd3" member_type: VOTER last_known_addr { host: "127.5.145.66" port: 40955 } health_report { overall_health: UNKNOWN } } peers { permanent_uuid: "1edcab33b6f143b69550bc3a351babde" member_type: VOTER last_known_addr { host: "127.5.145.68" port: 39169 } attrs { promote: false } health_report { overall_health: HEALTHY } } }
W20260713 09:01:18.499341  6896 debug-util.cc:398] Leaking SignalData structure 0x7b08001e33e0 after lost signal to thread 5704
W20260713 09:01:18.500245  6896 debug-util.cc:398] Leaking SignalData structure 0x7b080004ece0 after lost signal to thread 6732
W20260713 09:01:18.501106  6896 debug-util.cc:398] Leaking SignalData structure 0x7b080027e020 after lost signal to thread 6824
W20260713 09:01:18.502014  6896 debug-util.cc:398] Leaking SignalData structure 0x7b08002924e0 after lost signal to thread 6899
W20260713 09:01:18.502792  6896 debug-util.cc:398] Leaking SignalData structure 0x7b080028d7a0 after lost signal to thread 6973
W20260713 09:01:18.503585  6896 debug-util.cc:398] Leaking SignalData structure 0x7b08000d3380 after lost signal to thread 7239
I20260713 09:01:18.611657  6872 raft_consensus.cc:1275] T aff438ab043d44b982cbafdc95f6ff59 P 51189711d2b5477b933be640e670abd3 [term 2 FOLLOWER]: Refusing update from remote peer 1edcab33b6f143b69550bc3a351babde: Log matching property violated. Preceding OpId in replica: term: 1 index: 4. Preceding OpId from leader: term: 2 index: 5. (index mismatch)
I20260713 09:01:18.613040  7591 consensus_queue.cc:1048] T aff438ab043d44b982cbafdc95f6ff59 P 1edcab33b6f143b69550bc3a351babde [LEADER]: Connected to new peer: Peer: permanent_uuid: "51189711d2b5477b933be640e670abd3" member_type: VOTER last_known_addr { host: "127.5.145.66" port: 40955 }, Status: LMP_MISMATCH, Last received: 0.0, Next index: 5, Last known committed idx: 4, Time since last communication: 0.000s
I20260713 09:01:18.627661  6946 raft_consensus.cc:1275] T aff438ab043d44b982cbafdc95f6ff59 P 196ed3221107460fb0ff3a95a65ca0b7 [term 2 FOLLOWER]: Refusing update from remote peer 1edcab33b6f143b69550bc3a351babde: Log matching property violated. Preceding OpId in replica: term: 1 index: 4. Preceding OpId from leader: term: 2 index: 5. (index mismatch)
I20260713 09:01:18.629793  7595 consensus_queue.cc:1048] T aff438ab043d44b982cbafdc95f6ff59 P 1edcab33b6f143b69550bc3a351babde [LEADER]: Connected to new peer: Peer: permanent_uuid: "196ed3221107460fb0ff3a95a65ca0b7" member_type: VOTER last_known_addr { host: "127.5.145.67" port: 45023 }, Status: LMP_MISMATCH, Last received: 0.0, Next index: 5, Last known committed idx: 4, Time since last communication: 0.000s
I20260713 09:01:18.654556  6872 raft_consensus.cc:1275] T 9cecc9b850494dcc90144591ba063948 P 51189711d2b5477b933be640e670abd3 [term 2 FOLLOWER]: Refusing update from remote peer 1edcab33b6f143b69550bc3a351babde: Log matching property violated. Preceding OpId in replica: term: 1 index: 4. Preceding OpId from leader: term: 2 index: 5. (index mismatch)
I20260713 09:01:18.656057  7592 consensus_queue.cc:1048] T 9cecc9b850494dcc90144591ba063948 P 1edcab33b6f143b69550bc3a351babde [LEADER]: Connected to new peer: Peer: permanent_uuid: "51189711d2b5477b933be640e670abd3" member_type: VOTER last_known_addr { host: "127.5.145.66" port: 40955 }, Status: LMP_MISMATCH, Last received: 0.0, Next index: 5, Last known committed idx: 4, Time since last communication: 0.000s
I20260713 09:01:18.671468  6796 raft_consensus.cc:1275] T 9cecc9b850494dcc90144591ba063948 P db67c807d21d4bb0b5524e694ce22117 [term 2 FOLLOWER]: Refusing update from remote peer 1edcab33b6f143b69550bc3a351babde: Log matching property violated. Preceding OpId in replica: term: 1 index: 4. Preceding OpId from leader: term: 2 index: 5. (index mismatch)
I20260713 09:01:18.673863  7592 consensus_queue.cc:1048] T 9cecc9b850494dcc90144591ba063948 P 1edcab33b6f143b69550bc3a351babde [LEADER]: Connected to new peer: Peer: permanent_uuid: "db67c807d21d4bb0b5524e694ce22117" member_type: VOTER last_known_addr { host: "127.5.145.65" port: 38263 }, Status: LMP_MISMATCH, Last received: 0.0, Next index: 5, Last known committed idx: 4, Time since last communication: 0.000s
I20260713 09:01:18.920186  5701 auto_leader_rebalancer.cc:141] leader rebalance for table test-workload
I20260713 09:01:18.934247  5701 tablet_server.cc:179] TabletServer@127.5.145.65:0 shutting down...
W20260713 09:01:18.940199  6838 proxy.cc:239] Call had error, refreshing address and retrying: Remote error: Service unavailable: service kudu.consensus.ConsensusService not registered on TabletServer [suppressed 3 similar messages]
W20260713 09:01:18.948220  6838 consensus_peers.cc:597] T 224bf90f4f4046da8c9e348cd430290a P 51189711d2b5477b933be640e670abd3 -> Peer db67c807d21d4bb0b5524e694ce22117 (127.5.145.65:38263): Couldn't send request to peer db67c807d21d4bb0b5524e694ce22117. Status: Remote error: Service unavailable: service kudu.consensus.ConsensusService not registered on TabletServer. This is attempt 1: this message will repeat every 5th retry.
W20260713 09:01:18.962715  6912 consensus_peers.cc:597] T 4689211e1ac947868be49faaab84fce6 P 196ed3221107460fb0ff3a95a65ca0b7 -> Peer db67c807d21d4bb0b5524e694ce22117 (127.5.145.65:38263): Couldn't send request to peer db67c807d21d4bb0b5524e694ce22117. Status: Remote error: Service unavailable: service kudu.consensus.ConsensusService not registered on TabletServer. This is attempt 1: this message will repeat every 5th retry.
I20260713 09:01:18.981096  5701 ts_tablet_manager.cc:1507] Shutting down tablet manager...
I20260713 09:01:18.981935  5701 tablet_replica.cc:333] T 3f2bf1cebb504b6f8e01b1b10a784c2f P db67c807d21d4bb0b5524e694ce22117: stopping tablet replica
I20260713 09:01:18.982722  5701 raft_consensus.cc:2243] T 3f2bf1cebb504b6f8e01b1b10a784c2f P db67c807d21d4bb0b5524e694ce22117 [term 2 FOLLOWER]: Raft consensus shutting down.
I20260713 09:01:18.983162  5701 raft_consensus.cc:2272] T 3f2bf1cebb504b6f8e01b1b10a784c2f P db67c807d21d4bb0b5524e694ce22117 [term 2 FOLLOWER]: Raft consensus is shut down!
I20260713 09:01:18.985015  5701 tablet_replica.cc:333] T a8a175cb571b4ebb8a065ae5edd52611 P db67c807d21d4bb0b5524e694ce22117: stopping tablet replica
I20260713 09:01:18.985532  5701 raft_consensus.cc:2243] T a8a175cb571b4ebb8a065ae5edd52611 P db67c807d21d4bb0b5524e694ce22117 [term 1 FOLLOWER]: Raft consensus shutting down.
I20260713 09:01:18.986132  5701 raft_consensus.cc:2272] T a8a175cb571b4ebb8a065ae5edd52611 P db67c807d21d4bb0b5524e694ce22117 [term 1 FOLLOWER]: Raft consensus is shut down!
I20260713 09:01:18.988128  5701 tablet_replica.cc:333] T c419d76c92a34240910f180c07c85551 P db67c807d21d4bb0b5524e694ce22117: stopping tablet replica
I20260713 09:01:18.988620  5701 raft_consensus.cc:2243] T c419d76c92a34240910f180c07c85551 P db67c807d21d4bb0b5524e694ce22117 [term 1 FOLLOWER]: Raft consensus shutting down.
I20260713 09:01:18.989148  5701 raft_consensus.cc:2272] T c419d76c92a34240910f180c07c85551 P db67c807d21d4bb0b5524e694ce22117 [term 1 FOLLOWER]: Raft consensus is shut down!
I20260713 09:01:18.990942  5701 tablet_replica.cc:333] T 6a0157a4638c43948e41804251df3e73 P db67c807d21d4bb0b5524e694ce22117: stopping tablet replica
I20260713 09:01:18.991509  5701 raft_consensus.cc:2243] T 6a0157a4638c43948e41804251df3e73 P db67c807d21d4bb0b5524e694ce22117 [term 1 FOLLOWER]: Raft consensus shutting down.
I20260713 09:01:18.992179  5701 raft_consensus.cc:2272] T 6a0157a4638c43948e41804251df3e73 P db67c807d21d4bb0b5524e694ce22117 [term 1 FOLLOWER]: Raft consensus is shut down!
I20260713 09:01:18.994031  5701 tablet_replica.cc:333] T 1895edee9af74aeab3b41b7f068ba691 P db67c807d21d4bb0b5524e694ce22117: stopping tablet replica
I20260713 09:01:18.994560  5701 raft_consensus.cc:2243] T 1895edee9af74aeab3b41b7f068ba691 P db67c807d21d4bb0b5524e694ce22117 [term 1 FOLLOWER]: Raft consensus shutting down.
I20260713 09:01:18.994966  5701 raft_consensus.cc:2272] T 1895edee9af74aeab3b41b7f068ba691 P db67c807d21d4bb0b5524e694ce22117 [term 1 FOLLOWER]: Raft consensus is shut down!
I20260713 09:01:18.996898  5701 tablet_replica.cc:333] T 071658c0907e4131a0acecb1eb4787c3 P db67c807d21d4bb0b5524e694ce22117: stopping tablet replica
I20260713 09:01:18.997385  5701 raft_consensus.cc:2243] T 071658c0907e4131a0acecb1eb4787c3 P db67c807d21d4bb0b5524e694ce22117 [term 1 FOLLOWER]: Raft consensus shutting down.
I20260713 09:01:18.998003  5701 raft_consensus.cc:2272] T 071658c0907e4131a0acecb1eb4787c3 P db67c807d21d4bb0b5524e694ce22117 [term 1 FOLLOWER]: Raft consensus is shut down!
I20260713 09:01:18.999670  5701 tablet_replica.cc:333] T 4689211e1ac947868be49faaab84fce6 P db67c807d21d4bb0b5524e694ce22117: stopping tablet replica
I20260713 09:01:19.000147  5701 raft_consensus.cc:2243] T 4689211e1ac947868be49faaab84fce6 P db67c807d21d4bb0b5524e694ce22117 [term 1 FOLLOWER]: Raft consensus shutting down.
I20260713 09:01:19.000605  5701 raft_consensus.cc:2272] T 4689211e1ac947868be49faaab84fce6 P db67c807d21d4bb0b5524e694ce22117 [term 1 FOLLOWER]: Raft consensus is shut down!
I20260713 09:01:19.002345  5701 tablet_replica.cc:333] T 98e99035abbd49a390233ea5e9543787 P db67c807d21d4bb0b5524e694ce22117: stopping tablet replica
I20260713 09:01:19.002871  5701 raft_consensus.cc:2243] T 98e99035abbd49a390233ea5e9543787 P db67c807d21d4bb0b5524e694ce22117 [term 1 LEADER]: Raft consensus shutting down.
I20260713 09:01:19.003690  5701 raft_consensus.cc:2272] T 98e99035abbd49a390233ea5e9543787 P db67c807d21d4bb0b5524e694ce22117 [term 1 FOLLOWER]: Raft consensus is shut down!
I20260713 09:01:19.005556  5701 tablet_replica.cc:333] T 9cecc9b850494dcc90144591ba063948 P db67c807d21d4bb0b5524e694ce22117: stopping tablet replica
I20260713 09:01:19.006162  5701 raft_consensus.cc:2243] T 9cecc9b850494dcc90144591ba063948 P db67c807d21d4bb0b5524e694ce22117 [term 2 FOLLOWER]: Raft consensus shutting down.
I20260713 09:01:19.006577  5701 raft_consensus.cc:2272] T 9cecc9b850494dcc90144591ba063948 P db67c807d21d4bb0b5524e694ce22117 [term 2 FOLLOWER]: Raft consensus is shut down!
I20260713 09:01:19.009161  5701 tablet_replica.cc:333] T 32df6e866b5748d29e11843106bacf3e P db67c807d21d4bb0b5524e694ce22117: stopping tablet replica
I20260713 09:01:19.009815  5701 raft_consensus.cc:2243] T 32df6e866b5748d29e11843106bacf3e P db67c807d21d4bb0b5524e694ce22117 [term 1 LEADER]: Raft consensus shutting down.
W20260713 09:01:19.010205  6912 consensus_peers.cc:597] T 6a0157a4638c43948e41804251df3e73 P 196ed3221107460fb0ff3a95a65ca0b7 -> Peer db67c807d21d4bb0b5524e694ce22117 (127.5.145.65:38263): Couldn't send request to peer db67c807d21d4bb0b5524e694ce22117. Status: Remote error: Service unavailable: service kudu.consensus.ConsensusService not registered on TabletServer. This is attempt 1: this message will repeat every 5th retry.
I20260713 09:01:19.010816  5701 raft_consensus.cc:2272] T 32df6e866b5748d29e11843106bacf3e P db67c807d21d4bb0b5524e694ce22117 [term 1 FOLLOWER]: Raft consensus is shut down!
I20260713 09:01:19.012816  5701 tablet_replica.cc:333] T da01cfc5ff7c4eb38ed7775b31105056 P db67c807d21d4bb0b5524e694ce22117: stopping tablet replica
I20260713 09:01:19.013319  5701 raft_consensus.cc:2243] T da01cfc5ff7c4eb38ed7775b31105056 P db67c807d21d4bb0b5524e694ce22117 [term 1 LEADER]: Raft consensus shutting down.
I20260713 09:01:19.014024  5701 raft_consensus.cc:2272] T da01cfc5ff7c4eb38ed7775b31105056 P db67c807d21d4bb0b5524e694ce22117 [term 1 FOLLOWER]: Raft consensus is shut down!
I20260713 09:01:19.015795  5701 tablet_replica.cc:333] T 10c3848fbab64382acf171e6e6de8a7a P db67c807d21d4bb0b5524e694ce22117: stopping tablet replica
I20260713 09:01:19.016311  5701 raft_consensus.cc:2243] T 10c3848fbab64382acf171e6e6de8a7a P db67c807d21d4bb0b5524e694ce22117 [term 2 FOLLOWER]: Raft consensus shutting down.
I20260713 09:01:19.016841  5701 raft_consensus.cc:2272] T 10c3848fbab64382acf171e6e6de8a7a P db67c807d21d4bb0b5524e694ce22117 [term 2 FOLLOWER]: Raft consensus is shut down!
I20260713 09:01:19.018378  5701 tablet_replica.cc:333] T 731123923cca4202ac5a2b622aa56d45 P db67c807d21d4bb0b5524e694ce22117: stopping tablet replica
I20260713 09:01:19.018932  5701 raft_consensus.cc:2243] T 731123923cca4202ac5a2b622aa56d45 P db67c807d21d4bb0b5524e694ce22117 [term 1 LEADER]: Raft consensus shutting down.
I20260713 09:01:19.019731  5701 raft_consensus.cc:2272] T 731123923cca4202ac5a2b622aa56d45 P db67c807d21d4bb0b5524e694ce22117 [term 1 FOLLOWER]: Raft consensus is shut down!
I20260713 09:01:19.021500  5701 tablet_replica.cc:333] T 84e405ed0df14514be2e2d1405683f8c P db67c807d21d4bb0b5524e694ce22117: stopping tablet replica
I20260713 09:01:19.021996  5701 raft_consensus.cc:2243] T 84e405ed0df14514be2e2d1405683f8c P db67c807d21d4bb0b5524e694ce22117 [term 1 FOLLOWER]: Raft consensus shutting down.
I20260713 09:01:19.022534  5701 raft_consensus.cc:2272] T 84e405ed0df14514be2e2d1405683f8c P db67c807d21d4bb0b5524e694ce22117 [term 1 FOLLOWER]: Raft consensus is shut down!
I20260713 09:01:19.024411  5701 tablet_replica.cc:333] T 898f65f51399459d9e87c130540c6c0b P db67c807d21d4bb0b5524e694ce22117: stopping tablet replica
I20260713 09:01:19.024899  5701 raft_consensus.cc:2243] T 898f65f51399459d9e87c130540c6c0b P db67c807d21d4bb0b5524e694ce22117 [term 2 LEADER]: Raft consensus shutting down.
I20260713 09:01:19.025599  5701 raft_consensus.cc:2272] T 898f65f51399459d9e87c130540c6c0b P db67c807d21d4bb0b5524e694ce22117 [term 2 FOLLOWER]: Raft consensus is shut down!
I20260713 09:01:19.027313  5701 tablet_replica.cc:333] T cfe17a748c4342fd8517d91d10e95611 P db67c807d21d4bb0b5524e694ce22117: stopping tablet replica
I20260713 09:01:19.027952  5701 raft_consensus.cc:2243] T cfe17a748c4342fd8517d91d10e95611 P db67c807d21d4bb0b5524e694ce22117 [term 1 LEADER]: Raft consensus shutting down.
I20260713 09:01:19.028811  5701 raft_consensus.cc:2272] T cfe17a748c4342fd8517d91d10e95611 P db67c807d21d4bb0b5524e694ce22117 [term 1 FOLLOWER]: Raft consensus is shut down!
I20260713 09:01:19.030932  5701 tablet_replica.cc:333] T 224bf90f4f4046da8c9e348cd430290a P db67c807d21d4bb0b5524e694ce22117: stopping tablet replica
W20260713 09:01:19.031306  6838 consensus_peers.cc:597] T c419d76c92a34240910f180c07c85551 P 51189711d2b5477b933be640e670abd3 -> Peer db67c807d21d4bb0b5524e694ce22117 (127.5.145.65:38263): Couldn't send request to peer db67c807d21d4bb0b5524e694ce22117. Status: Remote error: Service unavailable: service kudu.consensus.ConsensusService not registered on TabletServer. This is attempt 1: this message will repeat every 5th retry.
I20260713 09:01:19.031490  5701 raft_consensus.cc:2243] T 224bf90f4f4046da8c9e348cd430290a P db67c807d21d4bb0b5524e694ce22117 [term 1 FOLLOWER]: Raft consensus shutting down.
I20260713 09:01:19.032116  5701 raft_consensus.cc:2272] T 224bf90f4f4046da8c9e348cd430290a P db67c807d21d4bb0b5524e694ce22117 [term 1 FOLLOWER]: Raft consensus is shut down!
I20260713 09:01:19.034039  5701 tablet_replica.cc:333] T 6d581bd621b244f4bdcc0920e2a9620d P db67c807d21d4bb0b5524e694ce22117: stopping tablet replica
I20260713 09:01:19.034482  5701 raft_consensus.cc:2243] T 6d581bd621b244f4bdcc0920e2a9620d P db67c807d21d4bb0b5524e694ce22117 [term 1 FOLLOWER]: Raft consensus shutting down.
I20260713 09:01:19.034901  5701 raft_consensus.cc:2272] T 6d581bd621b244f4bdcc0920e2a9620d P db67c807d21d4bb0b5524e694ce22117 [term 1 FOLLOWER]: Raft consensus is shut down!
W20260713 09:01:19.059209  7178 consensus_peers.cc:597] T 10c3848fbab64382acf171e6e6de8a7a P 1edcab33b6f143b69550bc3a351babde -> Peer db67c807d21d4bb0b5524e694ce22117 (127.5.145.65:38263): Couldn't send request to peer db67c807d21d4bb0b5524e694ce22117. Status: Remote error: Service unavailable: service kudu.consensus.ConsensusService not registered on TabletServer. This is attempt 1: this message will repeat every 5th retry.
I20260713 09:01:19.075984  5701 tablet_server.cc:196] TabletServer@127.5.145.65:0 shutdown complete.
I20260713 09:01:19.133538  5701 tablet_server.cc:179] TabletServer@127.5.145.66:0 shutting down...
W20260713 09:01:19.142103  7179 consensus_peers.cc:597] T 9cecc9b850494dcc90144591ba063948 P 1edcab33b6f143b69550bc3a351babde -> Peer 51189711d2b5477b933be640e670abd3 (127.5.145.66:40955): Couldn't send request to peer 51189711d2b5477b933be640e670abd3. Status: Remote error: Service unavailable: service kudu.consensus.ConsensusService not registered on TabletServer. This is attempt 1: this message will repeat every 5th retry.
W20260713 09:01:19.148481  7178 consensus_peers.cc:597] T 9cecc9b850494dcc90144591ba063948 P 1edcab33b6f143b69550bc3a351babde -> Peer db67c807d21d4bb0b5524e694ce22117 (127.5.145.65:38263): Couldn't send request to peer db67c807d21d4bb0b5524e694ce22117. Status: Network error: Client connection negotiation failed: client connection to 127.5.145.65:38263: connect: Connection refused (error 111). This is attempt 1: this message will repeat every 5th retry.
I20260713 09:01:19.188023  5701 ts_tablet_manager.cc:1507] Shutting down tablet manager...
I20260713 09:01:19.188971  5701 tablet_replica.cc:333] T 5aea4bc2a06541ee949e86ff22f391bb P 51189711d2b5477b933be640e670abd3: stopping tablet replica
I20260713 09:01:19.189909  5701 raft_consensus.cc:2243] T 5aea4bc2a06541ee949e86ff22f391bb P 51189711d2b5477b933be640e670abd3 [term 1 FOLLOWER]: Raft consensus shutting down.
I20260713 09:01:19.190590  5701 raft_consensus.cc:2272] T 5aea4bc2a06541ee949e86ff22f391bb P 51189711d2b5477b933be640e670abd3 [term 1 FOLLOWER]: Raft consensus is shut down!
W20260713 09:01:19.191851  7179 consensus_peers.cc:597] T aff438ab043d44b982cbafdc95f6ff59 P 1edcab33b6f143b69550bc3a351babde -> Peer 51189711d2b5477b933be640e670abd3 (127.5.145.66:40955): Couldn't send request to peer 51189711d2b5477b933be640e670abd3. Status: Remote error: Service unavailable: service kudu.consensus.ConsensusService not registered on TabletServer. This is attempt 1: this message will repeat every 5th retry.
I20260713 09:01:19.193380  5701 tablet_replica.cc:333] T c419d76c92a34240910f180c07c85551 P 51189711d2b5477b933be640e670abd3: stopping tablet replica
I20260713 09:01:19.194259  5701 raft_consensus.cc:2243] T c419d76c92a34240910f180c07c85551 P 51189711d2b5477b933be640e670abd3 [term 1 LEADER]: Raft consensus shutting down.
I20260713 09:01:19.195241  5701 raft_consensus.cc:2272] T c419d76c92a34240910f180c07c85551 P 51189711d2b5477b933be640e670abd3 [term 1 FOLLOWER]: Raft consensus is shut down!
I20260713 09:01:19.197856  5701 tablet_replica.cc:333] T aff438ab043d44b982cbafdc95f6ff59 P 51189711d2b5477b933be640e670abd3: stopping tablet replica
I20260713 09:01:19.198663  5701 raft_consensus.cc:2243] T aff438ab043d44b982cbafdc95f6ff59 P 51189711d2b5477b933be640e670abd3 [term 2 FOLLOWER]: Raft consensus shutting down.
I20260713 09:01:19.199198  5701 raft_consensus.cc:2272] T aff438ab043d44b982cbafdc95f6ff59 P 51189711d2b5477b933be640e670abd3 [term 2 FOLLOWER]: Raft consensus is shut down!
I20260713 09:01:19.202567  5701 tablet_replica.cc:333] T b9727427e9a04b33898181d955415c9c P 51189711d2b5477b933be640e670abd3: stopping tablet replica
I20260713 09:01:19.203364  5701 raft_consensus.cc:2243] T b9727427e9a04b33898181d955415c9c P 51189711d2b5477b933be640e670abd3 [term 1 LEADER]: Raft consensus shutting down.
I20260713 09:01:19.204350  5701 raft_consensus.cc:2272] T b9727427e9a04b33898181d955415c9c P 51189711d2b5477b933be640e670abd3 [term 1 FOLLOWER]: Raft consensus is shut down!
I20260713 09:01:19.206911  5701 tablet_replica.cc:333] T 1895edee9af74aeab3b41b7f068ba691 P 51189711d2b5477b933be640e670abd3: stopping tablet replica
I20260713 09:01:19.207757  5701 raft_consensus.cc:2243] T 1895edee9af74aeab3b41b7f068ba691 P 51189711d2b5477b933be640e670abd3 [term 1 FOLLOWER]: Raft consensus shutting down.
I20260713 09:01:19.208339  5701 raft_consensus.cc:2272] T 1895edee9af74aeab3b41b7f068ba691 P 51189711d2b5477b933be640e670abd3 [term 1 FOLLOWER]: Raft consensus is shut down!
I20260713 09:01:19.211092  5701 tablet_replica.cc:333] T 98e99035abbd49a390233ea5e9543787 P 51189711d2b5477b933be640e670abd3: stopping tablet replica
I20260713 09:01:19.211947  5701 raft_consensus.cc:2243] T 98e99035abbd49a390233ea5e9543787 P 51189711d2b5477b933be640e670abd3 [term 1 FOLLOWER]: Raft consensus shutting down.
I20260713 09:01:19.212743  5701 raft_consensus.cc:2272] T 98e99035abbd49a390233ea5e9543787 P 51189711d2b5477b933be640e670abd3 [term 1 FOLLOWER]: Raft consensus is shut down!
W20260713 09:01:19.213095  6838 consensus_peers.cc:597] T 6d581bd621b244f4bdcc0920e2a9620d P 51189711d2b5477b933be640e670abd3 -> Peer db67c807d21d4bb0b5524e694ce22117 (127.5.145.65:38263): Couldn't send request to peer db67c807d21d4bb0b5524e694ce22117. Status: Network error: Client connection negotiation failed: client connection to 127.5.145.65:38263: connect: Connection refused (error 111). This is attempt 1: this message will repeat every 5th retry.
I20260713 09:01:19.215561  5701 tablet_replica.cc:333] T ed5777ea03764157bba75dd5831ee83b P 51189711d2b5477b933be640e670abd3: stopping tablet replica
I20260713 09:01:19.216539  5701 raft_consensus.cc:2243] T ed5777ea03764157bba75dd5831ee83b P 51189711d2b5477b933be640e670abd3 [term 2 FOLLOWER]: Raft consensus shutting down.
I20260713 09:01:19.217079  5701 raft_consensus.cc:2272] T ed5777ea03764157bba75dd5831ee83b P 51189711d2b5477b933be640e670abd3 [term 2 FOLLOWER]: Raft consensus is shut down!
I20260713 09:01:19.219812  5701 tablet_replica.cc:333] T 9cecc9b850494dcc90144591ba063948 P 51189711d2b5477b933be640e670abd3: stopping tablet replica
I20260713 09:01:19.220606  5701 raft_consensus.cc:2243] T 9cecc9b850494dcc90144591ba063948 P 51189711d2b5477b933be640e670abd3 [term 2 FOLLOWER]: Raft consensus shutting down.
W20260713 09:01:19.220983  6913 consensus_peers.cc:597] T 1895edee9af74aeab3b41b7f068ba691 P 196ed3221107460fb0ff3a95a65ca0b7 -> Peer 51189711d2b5477b933be640e670abd3 (127.5.145.66:40955): Couldn't send request to peer 51189711d2b5477b933be640e670abd3. Status: Remote error: Service unavailable: service kudu.consensus.ConsensusService not registered on TabletServer. This is attempt 1: this message will repeat every 5th retry.
I20260713 09:01:19.221166  5701 raft_consensus.cc:2272] T 9cecc9b850494dcc90144591ba063948 P 51189711d2b5477b933be640e670abd3 [term 2 FOLLOWER]: Raft consensus is shut down!
I20260713 09:01:19.224232  5701 tablet_replica.cc:333] T 32df6e866b5748d29e11843106bacf3e P 51189711d2b5477b933be640e670abd3: stopping tablet replica
I20260713 09:01:19.225046  5701 raft_consensus.cc:2243] T 32df6e866b5748d29e11843106bacf3e P 51189711d2b5477b933be640e670abd3 [term 1 FOLLOWER]: Raft consensus shutting down.
I20260713 09:01:19.225692  5701 raft_consensus.cc:2272] T 32df6e866b5748d29e11843106bacf3e P 51189711d2b5477b933be640e670abd3 [term 1 FOLLOWER]: Raft consensus is shut down!
I20260713 09:01:19.228288  5701 tablet_replica.cc:333] T da01cfc5ff7c4eb38ed7775b31105056 P 51189711d2b5477b933be640e670abd3: stopping tablet replica
I20260713 09:01:19.229115  5701 raft_consensus.cc:2243] T da01cfc5ff7c4eb38ed7775b31105056 P 51189711d2b5477b933be640e670abd3 [term 1 FOLLOWER]: Raft consensus shutting down.
I20260713 09:01:19.229832  5701 raft_consensus.cc:2272] T da01cfc5ff7c4eb38ed7775b31105056 P 51189711d2b5477b933be640e670abd3 [term 1 FOLLOWER]: Raft consensus is shut down!
I20260713 09:01:19.232335  5701 tablet_replica.cc:333] T 6d581bd621b244f4bdcc0920e2a9620d P 51189711d2b5477b933be640e670abd3: stopping tablet replica
I20260713 09:01:19.233132  5701 raft_consensus.cc:2243] T 6d581bd621b244f4bdcc0920e2a9620d P 51189711d2b5477b933be640e670abd3 [term 1 LEADER]: Raft consensus shutting down.
I20260713 09:01:19.234176  5701 raft_consensus.cc:2272] T 6d581bd621b244f4bdcc0920e2a9620d P 51189711d2b5477b933be640e670abd3 [term 1 FOLLOWER]: Raft consensus is shut down!
I20260713 09:01:19.236766  5701 tablet_replica.cc:333] T 224bf90f4f4046da8c9e348cd430290a P 51189711d2b5477b933be640e670abd3: stopping tablet replica
I20260713 09:01:19.237516  5701 raft_consensus.cc:2243] T 224bf90f4f4046da8c9e348cd430290a P 51189711d2b5477b933be640e670abd3 [term 1 LEADER]: Raft consensus shutting down.
