I20260713 09:00:33.681471  5911 raft_consensus.cc:515] T 9c17efaeb1fd4cfcb0d877181ae50526 P edb823bf533b41d4aafab4a5b98de935 [term 2 FOLLOWER]: Starting forced leader election with config: opid_index: -1 OBSOLETE_local: false peers { permanent_uuid: "09b2a5012aae46f9bac24ed935473c01" member_type: VOTER last_known_addr { host: "127.5.145.65" port: 36233 } } peers { permanent_uuid: "edb823bf533b41d4aafab4a5b98de935" member_type: VOTER last_known_addr { host: "127.5.145.66" port: 36705 } } peers { permanent_uuid: "50c3d47ad5814e318f9899cee2ad6078" member_type: VOTER last_known_addr { host: "127.5.145.67" port: 33327 } }
I20260713 09:00:33.683018  5911 leader_election.cc:290] T 9c17efaeb1fd4cfcb0d877181ae50526 P edb823bf533b41d4aafab4a5b98de935 [CANDIDATE]: Term 2 election: Requested vote from peers 09b2a5012aae46f9bac24ed935473c01 (127.5.145.65:36233), 50c3d47ad5814e318f9899cee2ad6078 (127.5.145.67:33327)
I20260713 09:00:33.683926  5835 tablet_service.cc:1917] Received RequestConsensusVote() RPC: tablet_id: "9c17efaeb1fd4cfcb0d877181ae50526" candidate_uuid: "edb823bf533b41d4aafab4a5b98de935" candidate_term: 2 candidate_status { last_received { term: 1 index: 1 } } ignore_live_leader: true dest_uuid: "09b2a5012aae46f9bac24ed935473c01"
I20260713 09:00:33.684068  5985 tablet_service.cc:1917] Received RequestConsensusVote() RPC: tablet_id: "9c17efaeb1fd4cfcb0d877181ae50526" candidate_uuid: "edb823bf533b41d4aafab4a5b98de935" candidate_term: 2 candidate_status { last_received { term: 1 index: 1 } } ignore_live_leader: true dest_uuid: "50c3d47ad5814e318f9899cee2ad6078"
I20260713 09:00:33.684525  5835 raft_consensus.cc:3055] T 9c17efaeb1fd4cfcb0d877181ae50526 P 09b2a5012aae46f9bac24ed935473c01 [term 1 LEADER]: Stepping down as leader of term 1
I20260713 09:00:33.684583  5985 raft_consensus.cc:3060] T 9c17efaeb1fd4cfcb0d877181ae50526 P 50c3d47ad5814e318f9899cee2ad6078 [term 1 FOLLOWER]: Advancing to term 2
I20260713 09:00:33.685004  5835 raft_consensus.cc:740] T 9c17efaeb1fd4cfcb0d877181ae50526 P 09b2a5012aae46f9bac24ed935473c01 [term 1 LEADER]: Becoming Follower/Learner. State: Replica: 09b2a5012aae46f9bac24ed935473c01, State: Running, Role: LEADER
I20260713 09:00:33.685840  5835 consensus_queue.cc:260] T 9c17efaeb1fd4cfcb0d877181ae50526 P 09b2a5012aae46f9bac24ed935473c01 [NON_LEADER]: Queue going to NON_LEADER mode. State: All replicated index: 0, Majority replicated index: 1, Committed index: 1, Last appended: 1.1, Last appended by leader: 1, Current term: 1, Majority size: -1, State: 0, Mode: NON_LEADER, active raft config: opid_index: -1 OBSOLETE_local: false peers { permanent_uuid: "09b2a5012aae46f9bac24ed935473c01" member_type: VOTER last_known_addr { host: "127.5.145.65" port: 36233 } } peers { permanent_uuid: "edb823bf533b41d4aafab4a5b98de935" member_type: VOTER last_known_addr { host: "127.5.145.66" port: 36705 } } peers { permanent_uuid: "50c3d47ad5814e318f9899cee2ad6078" member_type: VOTER last_known_addr { host: "127.5.145.67" port: 33327 } }
I20260713 09:00:33.687021  5835 raft_consensus.cc:3060] T 9c17efaeb1fd4cfcb0d877181ae50526 P 09b2a5012aae46f9bac24ed935473c01 [term 1 FOLLOWER]: Advancing to term 2
I20260713 09:00:33.689433  5985 raft_consensus.cc:2468] T 9c17efaeb1fd4cfcb0d877181ae50526 P 50c3d47ad5814e318f9899cee2ad6078 [term 2 FOLLOWER]: Leader election vote request: Granting yes vote for candidate edb823bf533b41d4aafab4a5b98de935 in term 2.
I20260713 09:00:33.690413  5874 leader_election.cc:304] T 9c17efaeb1fd4cfcb0d877181ae50526 P edb823bf533b41d4aafab4a5b98de935 [CANDIDATE]: Term 2 election: Election decided. Result: candidate won. Election summary: received 2 responses out of 3 voters: 2 yes votes; 0 no votes. yes voters: 50c3d47ad5814e318f9899cee2ad6078, edb823bf533b41d4aafab4a5b98de935; no voters: 
I20260713 09:00:33.691076  6057 raft_consensus.cc:2804] T 9c17efaeb1fd4cfcb0d877181ae50526 P edb823bf533b41d4aafab4a5b98de935 [term 2 FOLLOWER]: Leader election won for term 2
I20260713 09:00:33.691591  6057 raft_consensus.cc:697] T 9c17efaeb1fd4cfcb0d877181ae50526 P edb823bf533b41d4aafab4a5b98de935 [term 2 LEADER]: Becoming Leader. State: Replica: edb823bf533b41d4aafab4a5b98de935, State: Running, Role: LEADER
I20260713 09:00:33.692279  6057 consensus_queue.cc:237] T 9c17efaeb1fd4cfcb0d877181ae50526 P edb823bf533b41d4aafab4a5b98de935 [LEADER]: Queue going to LEADER mode. State: All replicated index: 0, Majority replicated index: 1, Committed index: 1, Last appended: 1.1, Last appended by leader: 1, Current term: 2, Majority size: 2, State: 0, Mode: LEADER, active raft config: opid_index: -1 OBSOLETE_local: false peers { permanent_uuid: "09b2a5012aae46f9bac24ed935473c01" member_type: VOTER last_known_addr { host: "127.5.145.65" port: 36233 } } peers { permanent_uuid: "edb823bf533b41d4aafab4a5b98de935" member_type: VOTER last_known_addr { host: "127.5.145.66" port: 36705 } } peers { permanent_uuid: "50c3d47ad5814e318f9899cee2ad6078" member_type: VOTER last_known_addr { host: "127.5.145.67" port: 33327 } }
I20260713 09:00:33.693385  5835 raft_consensus.cc:2468] T 9c17efaeb1fd4cfcb0d877181ae50526 P 09b2a5012aae46f9bac24ed935473c01 [term 2 FOLLOWER]: Leader election vote request: Granting yes vote for candidate edb823bf533b41d4aafab4a5b98de935 in term 2.
I20260713 09:00:33.698884  5733 catalog_manager.cc:5697] T 9c17efaeb1fd4cfcb0d877181ae50526 P edb823bf533b41d4aafab4a5b98de935 reported cstate change: term changed from 1 to 2, leader changed from 09b2a5012aae46f9bac24ed935473c01 (127.5.145.65) to edb823bf533b41d4aafab4a5b98de935 (127.5.145.66). New cstate: current_term: 2 leader_uuid: "edb823bf533b41d4aafab4a5b98de935" committed_config { opid_index: -1 OBSOLETE_local: false peers { permanent_uuid: "09b2a5012aae46f9bac24ed935473c01" member_type: VOTER last_known_addr { host: "127.5.145.65" port: 36233 } health_report { overall_health: UNKNOWN } } peers { permanent_uuid: "edb823bf533b41d4aafab4a5b98de935" member_type: VOTER last_known_addr { host: "127.5.145.66" port: 36705 } health_report { overall_health: HEALTHY } } peers { permanent_uuid: "50c3d47ad5814e318f9899cee2ad6078" member_type: VOTER last_known_addr { host: "127.5.145.67" port: 33327 } health_report { overall_health: UNKNOWN } } }
I20260713 09:00:33.724460  6034 raft_consensus.cc:993] T 967a6831c81a484aa11e0c7368f0a00a P 50c3d47ad5814e318f9899cee2ad6078: : Instructing follower 09b2a5012aae46f9bac24ed935473c01 to start an election
I20260713 09:00:33.724970  6043 raft_consensus.cc:1081] T 967a6831c81a484aa11e0c7368f0a00a P 50c3d47ad5814e318f9899cee2ad6078 [term 1 LEADER]: Signalling peer 09b2a5012aae46f9bac24ed935473c01 to start an election
I20260713 09:00:33.726444  5835 tablet_service.cc:2044] Received Run Leader Election RPC: tablet_id: "967a6831c81a484aa11e0c7368f0a00a"
dest_uuid: "09b2a5012aae46f9bac24ed935473c01"
 from {username='slave'} at 127.0.0.1:48444
I20260713 09:00:33.727078  5835 raft_consensus.cc:493] T 967a6831c81a484aa11e0c7368f0a00a P 09b2a5012aae46f9bac24ed935473c01 [term 1 FOLLOWER]: Starting forced leader election (received explicit request)
I20260713 09:00:33.727488  5835 raft_consensus.cc:3060] T 967a6831c81a484aa11e0c7368f0a00a P 09b2a5012aae46f9bac24ed935473c01 [term 1 FOLLOWER]: Advancing to term 2
I20260713 09:00:33.734027  5835 raft_consensus.cc:515] T 967a6831c81a484aa11e0c7368f0a00a P 09b2a5012aae46f9bac24ed935473c01 [term 2 FOLLOWER]: Starting forced leader election with config: opid_index: -1 OBSOLETE_local: false peers { permanent_uuid: "09b2a5012aae46f9bac24ed935473c01" member_type: VOTER last_known_addr { host: "127.5.145.65" port: 36233 } } peers { permanent_uuid: "edb823bf533b41d4aafab4a5b98de935" member_type: VOTER last_known_addr { host: "127.5.145.66" port: 36705 } } peers { permanent_uuid: "50c3d47ad5814e318f9899cee2ad6078" member_type: VOTER last_known_addr { host: "127.5.145.67" port: 33327 } }
I20260713 09:00:33.735941  5835 leader_election.cc:290] T 967a6831c81a484aa11e0c7368f0a00a P 09b2a5012aae46f9bac24ed935473c01 [CANDIDATE]: Term 2 election: Requested vote from peers edb823bf533b41d4aafab4a5b98de935 (127.5.145.66:36705), 50c3d47ad5814e318f9899cee2ad6078 (127.5.145.67:33327)
I20260713 09:00:33.736786  5911 tablet_service.cc:1917] Received RequestConsensusVote() RPC: tablet_id: "967a6831c81a484aa11e0c7368f0a00a" candidate_uuid: "09b2a5012aae46f9bac24ed935473c01" candidate_term: 2 candidate_status { last_received { term: 1 index: 1 } } ignore_live_leader: true dest_uuid: "edb823bf533b41d4aafab4a5b98de935"
I20260713 09:00:33.736868  5985 tablet_service.cc:1917] Received RequestConsensusVote() RPC: tablet_id: "967a6831c81a484aa11e0c7368f0a00a" candidate_uuid: "09b2a5012aae46f9bac24ed935473c01" candidate_term: 2 candidate_status { last_received { term: 1 index: 1 } } ignore_live_leader: true dest_uuid: "50c3d47ad5814e318f9899cee2ad6078"
I20260713 09:00:33.737442  5911 raft_consensus.cc:3060] T 967a6831c81a484aa11e0c7368f0a00a P edb823bf533b41d4aafab4a5b98de935 [term 1 FOLLOWER]: Advancing to term 2
I20260713 09:00:33.737502  5985 raft_consensus.cc:3055] T 967a6831c81a484aa11e0c7368f0a00a P 50c3d47ad5814e318f9899cee2ad6078 [term 1 LEADER]: Stepping down as leader of term 1
I20260713 09:00:33.737875  5985 raft_consensus.cc:740] T 967a6831c81a484aa11e0c7368f0a00a P 50c3d47ad5814e318f9899cee2ad6078 [term 1 LEADER]: Becoming Follower/Learner. State: Replica: 50c3d47ad5814e318f9899cee2ad6078, State: Running, Role: LEADER
I20260713 09:00:33.738606  5985 consensus_queue.cc:260] T 967a6831c81a484aa11e0c7368f0a00a P 50c3d47ad5814e318f9899cee2ad6078 [NON_LEADER]: Queue going to NON_LEADER mode. State: All replicated index: 0, Majority replicated index: 1, Committed index: 1, Last appended: 1.1, Last appended by leader: 1, Current term: 1, Majority size: -1, State: 0, Mode: NON_LEADER, active raft config: opid_index: -1 OBSOLETE_local: false peers { permanent_uuid: "09b2a5012aae46f9bac24ed935473c01" member_type: VOTER last_known_addr { host: "127.5.145.65" port: 36233 } } peers { permanent_uuid: "edb823bf533b41d4aafab4a5b98de935" member_type: VOTER last_known_addr { host: "127.5.145.66" port: 36705 } } peers { permanent_uuid: "50c3d47ad5814e318f9899cee2ad6078" member_type: VOTER last_known_addr { host: "127.5.145.67" port: 33327 } }
I20260713 09:00:33.739753  5985 raft_consensus.cc:3060] T 967a6831c81a484aa11e0c7368f0a00a P 50c3d47ad5814e318f9899cee2ad6078 [term 1 FOLLOWER]: Advancing to term 2
I20260713 09:00:33.742085  5911 raft_consensus.cc:2468] T 967a6831c81a484aa11e0c7368f0a00a P edb823bf533b41d4aafab4a5b98de935 [term 2 FOLLOWER]: Leader election vote request: Granting yes vote for candidate 09b2a5012aae46f9bac24ed935473c01 in term 2.
I20260713 09:00:33.743072  5799 leader_election.cc:304] T 967a6831c81a484aa11e0c7368f0a00a P 09b2a5012aae46f9bac24ed935473c01 [CANDIDATE]: Term 2 election: Election decided. Result: candidate won. Election summary: received 2 responses out of 3 voters: 2 yes votes; 0 no votes. yes voters: 09b2a5012aae46f9bac24ed935473c01, edb823bf533b41d4aafab4a5b98de935; no voters: 
I20260713 09:00:33.743770  6075 raft_consensus.cc:2804] T 967a6831c81a484aa11e0c7368f0a00a P 09b2a5012aae46f9bac24ed935473c01 [term 2 FOLLOWER]: Leader election won for term 2
I20260713 09:00:33.744194  6075 raft_consensus.cc:697] T 967a6831c81a484aa11e0c7368f0a00a P 09b2a5012aae46f9bac24ed935473c01 [term 2 LEADER]: Becoming Leader. State: Replica: 09b2a5012aae46f9bac24ed935473c01, State: Running, Role: LEADER
I20260713 09:00:33.744972  6075 consensus_queue.cc:237] T 967a6831c81a484aa11e0c7368f0a00a P 09b2a5012aae46f9bac24ed935473c01 [LEADER]: Queue going to LEADER mode. State: All replicated index: 0, Majority replicated index: 1, Committed index: 1, Last appended: 1.1, Last appended by leader: 1, Current term: 2, Majority size: 2, State: 0, Mode: LEADER, active raft config: opid_index: -1 OBSOLETE_local: false peers { permanent_uuid: "09b2a5012aae46f9bac24ed935473c01" member_type: VOTER last_known_addr { host: "127.5.145.65" port: 36233 } } peers { permanent_uuid: "edb823bf533b41d4aafab4a5b98de935" member_type: VOTER last_known_addr { host: "127.5.145.66" port: 36705 } } peers { permanent_uuid: "50c3d47ad5814e318f9899cee2ad6078" member_type: VOTER last_known_addr { host: "127.5.145.67" port: 33327 } }
I20260713 09:00:33.745740  5985 raft_consensus.cc:2468] T 967a6831c81a484aa11e0c7368f0a00a P 50c3d47ad5814e318f9899cee2ad6078 [term 2 FOLLOWER]: Leader election vote request: Granting yes vote for candidate 09b2a5012aae46f9bac24ed935473c01 in term 2.
I20260713 09:00:33.751533  5733 catalog_manager.cc:5697] T 967a6831c81a484aa11e0c7368f0a00a P 09b2a5012aae46f9bac24ed935473c01 reported cstate change: term changed from 1 to 2, leader changed from 50c3d47ad5814e318f9899cee2ad6078 (127.5.145.67) to 09b2a5012aae46f9bac24ed935473c01 (127.5.145.65). New cstate: current_term: 2 leader_uuid: "09b2a5012aae46f9bac24ed935473c01" committed_config { opid_index: -1 OBSOLETE_local: false peers { permanent_uuid: "09b2a5012aae46f9bac24ed935473c01" member_type: VOTER last_known_addr { host: "127.5.145.65" port: 36233 } health_report { overall_health: HEALTHY } } peers { permanent_uuid: "edb823bf533b41d4aafab4a5b98de935" member_type: VOTER last_known_addr { host: "127.5.145.66" port: 36705 } health_report { overall_health: UNKNOWN } } peers { permanent_uuid: "50c3d47ad5814e318f9899cee2ad6078" member_type: VOTER last_known_addr { host: "127.5.145.67" port: 33327 } health_report { overall_health: UNKNOWN } } }
I20260713 09:00:33.783308  5985 raft_consensus.cc:1275] T c994f6e2f2dc4648af3faa80e367843d P 50c3d47ad5814e318f9899cee2ad6078 [term 2 FOLLOWER]: Refusing update from remote peer 09b2a5012aae46f9bac24ed935473c01: Log matching property violated. Preceding OpId in replica: term: 1 index: 1. Preceding OpId from leader: term: 2 index: 2. (index mismatch)
I20260713 09:00:33.784789  6075 consensus_queue.cc:1048] T c994f6e2f2dc4648af3faa80e367843d P 09b2a5012aae46f9bac24ed935473c01 [LEADER]: Connected to new peer: Peer: permanent_uuid: "50c3d47ad5814e318f9899cee2ad6078" member_type: VOTER last_known_addr { host: "127.5.145.67" port: 33327 }, Status: LMP_MISMATCH, Last received: 0.0, Next index: 2, Last known committed idx: 1, Time since last communication: 0.000s
I20260713 09:00:33.797711  5911 raft_consensus.cc:1275] T c994f6e2f2dc4648af3faa80e367843d P edb823bf533b41d4aafab4a5b98de935 [term 2 FOLLOWER]: Refusing update from remote peer 09b2a5012aae46f9bac24ed935473c01: Log matching property violated. Preceding OpId in replica: term: 1 index: 1. Preceding OpId from leader: term: 2 index: 2. (index mismatch)
I20260713 09:00:33.799108  6076 consensus_queue.cc:1048] T c994f6e2f2dc4648af3faa80e367843d P 09b2a5012aae46f9bac24ed935473c01 [LEADER]: Connected to new peer: Peer: permanent_uuid: "edb823bf533b41d4aafab4a5b98de935" member_type: VOTER last_known_addr { host: "127.5.145.66" port: 36705 }, Status: LMP_MISMATCH, Last received: 0.0, Next index: 2, Last known committed idx: 1, Time since last communication: 0.000s
I20260713 09:00:33.830041  6036 raft_consensus.cc:993] T f79ceb0f33674db6914422b6b5bfcde7 P 09b2a5012aae46f9bac24ed935473c01: : Instructing follower edb823bf533b41d4aafab4a5b98de935 to start an election
I20260713 09:00:33.830546  6036 raft_consensus.cc:1081] T f79ceb0f33674db6914422b6b5bfcde7 P 09b2a5012aae46f9bac24ed935473c01 [term 1 LEADER]: Signalling peer edb823bf533b41d4aafab4a5b98de935 to start an election
I20260713 09:00:33.832108  5911 tablet_service.cc:2044] Received Run Leader Election RPC: tablet_id: "f79ceb0f33674db6914422b6b5bfcde7"
dest_uuid: "edb823bf533b41d4aafab4a5b98de935"
 from {username='slave'} at 127.0.0.1:39738
I20260713 09:00:33.832654  5911 raft_consensus.cc:493] T f79ceb0f33674db6914422b6b5bfcde7 P edb823bf533b41d4aafab4a5b98de935 [term 1 FOLLOWER]: Starting forced leader election (received explicit request)
I20260713 09:00:33.832996  5911 raft_consensus.cc:3060] T f79ceb0f33674db6914422b6b5bfcde7 P edb823bf533b41d4aafab4a5b98de935 [term 1 FOLLOWER]: Advancing to term 2
I20260713 09:00:33.839562  5911 raft_consensus.cc:515] T f79ceb0f33674db6914422b6b5bfcde7 P edb823bf533b41d4aafab4a5b98de935 [term 2 FOLLOWER]: Starting forced leader election with config: opid_index: -1 OBSOLETE_local: false peers { permanent_uuid: "09b2a5012aae46f9bac24ed935473c01" member_type: VOTER last_known_addr { host: "127.5.145.65" port: 36233 } } peers { permanent_uuid: "edb823bf533b41d4aafab4a5b98de935" member_type: VOTER last_known_addr { host: "127.5.145.66" port: 36705 } } peers { permanent_uuid: "50c3d47ad5814e318f9899cee2ad6078" member_type: VOTER last_known_addr { host: "127.5.145.67" port: 33327 } }
I20260713 09:00:33.841610  5911 leader_election.cc:290] T f79ceb0f33674db6914422b6b5bfcde7 P edb823bf533b41d4aafab4a5b98de935 [CANDIDATE]: Term 2 election: Requested vote from peers 09b2a5012aae46f9bac24ed935473c01 (127.5.145.65:36233), 50c3d47ad5814e318f9899cee2ad6078 (127.5.145.67:33327)
I20260713 09:00:33.842271  5835 tablet_service.cc:1917] Received RequestConsensusVote() RPC: tablet_id: "f79ceb0f33674db6914422b6b5bfcde7" candidate_uuid: "edb823bf533b41d4aafab4a5b98de935" candidate_term: 2 candidate_status { last_received { term: 1 index: 1 } } ignore_live_leader: true dest_uuid: "09b2a5012aae46f9bac24ed935473c01"
I20260713 09:00:33.842679  5985 tablet_service.cc:1917] Received RequestConsensusVote() RPC: tablet_id: "f79ceb0f33674db6914422b6b5bfcde7" candidate_uuid: "edb823bf533b41d4aafab4a5b98de935" candidate_term: 2 candidate_status { last_received { term: 1 index: 1 } } ignore_live_leader: true dest_uuid: "50c3d47ad5814e318f9899cee2ad6078"
I20260713 09:00:33.842881  5835 raft_consensus.cc:3055] T f79ceb0f33674db6914422b6b5bfcde7 P 09b2a5012aae46f9bac24ed935473c01 [term 1 LEADER]: Stepping down as leader of term 1
I20260713 09:00:33.843255  5985 raft_consensus.cc:3060] T f79ceb0f33674db6914422b6b5bfcde7 P 50c3d47ad5814e318f9899cee2ad6078 [term 1 FOLLOWER]: Advancing to term 2
I20260713 09:00:33.843305  5835 raft_consensus.cc:740] T f79ceb0f33674db6914422b6b5bfcde7 P 09b2a5012aae46f9bac24ed935473c01 [term 1 LEADER]: Becoming Follower/Learner. State: Replica: 09b2a5012aae46f9bac24ed935473c01, State: Running, Role: LEADER
I20260713 09:00:33.844201  5835 consensus_queue.cc:260] T f79ceb0f33674db6914422b6b5bfcde7 P 09b2a5012aae46f9bac24ed935473c01 [NON_LEADER]: Queue going to NON_LEADER mode. State: All replicated index: 0, Majority replicated index: 1, Committed index: 1, Last appended: 1.1, Last appended by leader: 1, Current term: 1, Majority size: -1, State: 0, Mode: NON_LEADER, active raft config: opid_index: -1 OBSOLETE_local: false peers { permanent_uuid: "09b2a5012aae46f9bac24ed935473c01" member_type: VOTER last_known_addr { host: "127.5.145.65" port: 36233 } } peers { permanent_uuid: "edb823bf533b41d4aafab4a5b98de935" member_type: VOTER last_known_addr { host: "127.5.145.66" port: 36705 } } peers { permanent_uuid: "50c3d47ad5814e318f9899cee2ad6078" member_type: VOTER last_known_addr { host: "127.5.145.67" port: 33327 } }
I20260713 09:00:33.845064  5835 raft_consensus.cc:3060] T f79ceb0f33674db6914422b6b5bfcde7 P 09b2a5012aae46f9bac24ed935473c01 [term 1 FOLLOWER]: Advancing to term 2
I20260713 09:00:33.848752  5835 raft_consensus.cc:2468] T f79ceb0f33674db6914422b6b5bfcde7 P 09b2a5012aae46f9bac24ed935473c01 [term 2 FOLLOWER]: Leader election vote request: Granting yes vote for candidate edb823bf533b41d4aafab4a5b98de935 in term 2.
I20260713 09:00:33.849709  5877 leader_election.cc:304] T f79ceb0f33674db6914422b6b5bfcde7 P edb823bf533b41d4aafab4a5b98de935 [CANDIDATE]: Term 2 election: Election decided. Result: candidate won. Election summary: received 2 responses out of 3 voters: 2 yes votes; 0 no votes. yes voters: 09b2a5012aae46f9bac24ed935473c01, edb823bf533b41d4aafab4a5b98de935; no voters: 
I20260713 09:00:33.849788  5985 raft_consensus.cc:2468] T f79ceb0f33674db6914422b6b5bfcde7 P 50c3d47ad5814e318f9899cee2ad6078 [term 2 FOLLOWER]: Leader election vote request: Granting yes vote for candidate edb823bf533b41d4aafab4a5b98de935 in term 2.
I20260713 09:00:33.850461  6057 raft_consensus.cc:2804] T f79ceb0f33674db6914422b6b5bfcde7 P edb823bf533b41d4aafab4a5b98de935 [term 2 FOLLOWER]: Leader election won for term 2
I20260713 09:00:33.850968  6057 raft_consensus.cc:697] T f79ceb0f33674db6914422b6b5bfcde7 P edb823bf533b41d4aafab4a5b98de935 [term 2 LEADER]: Becoming Leader. State: Replica: edb823bf533b41d4aafab4a5b98de935, State: Running, Role: LEADER
I20260713 09:00:33.851794  6057 consensus_queue.cc:237] T f79ceb0f33674db6914422b6b5bfcde7 P edb823bf533b41d4aafab4a5b98de935 [LEADER]: Queue going to LEADER mode. State: All replicated index: 0, Majority replicated index: 1, Committed index: 1, Last appended: 1.1, Last appended by leader: 1, Current term: 2, Majority size: 2, State: 0, Mode: LEADER, active raft config: opid_index: -1 OBSOLETE_local: false peers { permanent_uuid: "09b2a5012aae46f9bac24ed935473c01" member_type: VOTER last_known_addr { host: "127.5.145.65" port: 36233 } } peers { permanent_uuid: "edb823bf533b41d4aafab4a5b98de935" member_type: VOTER last_known_addr { host: "127.5.145.66" port: 36705 } } peers { permanent_uuid: "50c3d47ad5814e318f9899cee2ad6078" member_type: VOTER last_known_addr { host: "127.5.145.67" port: 33327 } }
I20260713 09:00:33.858292  5733 catalog_manager.cc:5697] T f79ceb0f33674db6914422b6b5bfcde7 P edb823bf533b41d4aafab4a5b98de935 reported cstate change: term changed from 1 to 2, leader changed from 09b2a5012aae46f9bac24ed935473c01 (127.5.145.65) to edb823bf533b41d4aafab4a5b98de935 (127.5.145.66). New cstate: current_term: 2 leader_uuid: "edb823bf533b41d4aafab4a5b98de935" committed_config { opid_index: -1 OBSOLETE_local: false peers { permanent_uuid: "09b2a5012aae46f9bac24ed935473c01" member_type: VOTER last_known_addr { host: "127.5.145.65" port: 36233 } health_report { overall_health: UNKNOWN } } peers { permanent_uuid: "edb823bf533b41d4aafab4a5b98de935" member_type: VOTER last_known_addr { host: "127.5.145.66" port: 36705 } health_report { overall_health: HEALTHY } } peers { permanent_uuid: "50c3d47ad5814e318f9899cee2ad6078" member_type: VOTER last_known_addr { host: "127.5.145.67" port: 33327 } health_report { overall_health: UNKNOWN } } }
I20260713 09:00:33.931779  5985 raft_consensus.cc:1275] T efbaf0f6ff3040d7aae70cab32bc0898 P 50c3d47ad5814e318f9899cee2ad6078 [term 2 FOLLOWER]: Refusing update from remote peer 09b2a5012aae46f9bac24ed935473c01: Log matching property violated. Preceding OpId in replica: term: 1 index: 1. Preceding OpId from leader: term: 2 index: 2. (index mismatch)
I20260713 09:00:33.933071  6036 consensus_queue.cc:1048] T efbaf0f6ff3040d7aae70cab32bc0898 P 09b2a5012aae46f9bac24ed935473c01 [LEADER]: Connected to new peer: Peer: permanent_uuid: "50c3d47ad5814e318f9899cee2ad6078" member_type: VOTER last_known_addr { host: "127.5.145.67" port: 33327 }, Status: LMP_MISMATCH, Last received: 0.0, Next index: 2, Last known committed idx: 1, Time since last communication: 0.000s
I20260713 09:00:33.940521  5911 raft_consensus.cc:1275] T efbaf0f6ff3040d7aae70cab32bc0898 P edb823bf533b41d4aafab4a5b98de935 [term 2 FOLLOWER]: Refusing update from remote peer 09b2a5012aae46f9bac24ed935473c01: Log matching property violated. Preceding OpId in replica: term: 1 index: 1. Preceding OpId from leader: term: 2 index: 2. (index mismatch)
I20260713 09:00:33.942759  6075 consensus_queue.cc:1048] T efbaf0f6ff3040d7aae70cab32bc0898 P 09b2a5012aae46f9bac24ed935473c01 [LEADER]: Connected to new peer: Peer: permanent_uuid: "edb823bf533b41d4aafab4a5b98de935" member_type: VOTER last_known_addr { host: "127.5.145.66" port: 36705 }, Status: LMP_MISMATCH, Last received: 0.0, Next index: 2, Last known committed idx: 1, Time since last communication: 0.000s
I20260713 09:00:34.017071  5985 raft_consensus.cc:1275] T 1ea1fca4478a42009757ae43ed602e50 P 50c3d47ad5814e318f9899cee2ad6078 [term 2 FOLLOWER]: Refusing update from remote peer 09b2a5012aae46f9bac24ed935473c01: Log matching property violated. Preceding OpId in replica: term: 1 index: 1. Preceding OpId from leader: term: 2 index: 2. (index mismatch)
I20260713 09:00:34.018299  6075 consensus_queue.cc:1048] T 1ea1fca4478a42009757ae43ed602e50 P 09b2a5012aae46f9bac24ed935473c01 [LEADER]: Connected to new peer: Peer: permanent_uuid: "50c3d47ad5814e318f9899cee2ad6078" member_type: VOTER last_known_addr { host: "127.5.145.67" port: 33327 }, Status: LMP_MISMATCH, Last received: 0.0, Next index: 2, Last known committed idx: 1, Time since last communication: 0.000s
I20260713 09:00:34.027005  5911 raft_consensus.cc:1275] T 1ea1fca4478a42009757ae43ed602e50 P edb823bf533b41d4aafab4a5b98de935 [term 2 FOLLOWER]: Refusing update from remote peer 09b2a5012aae46f9bac24ed935473c01: Log matching property violated. Preceding OpId in replica: term: 1 index: 1. Preceding OpId from leader: term: 2 index: 2. (index mismatch)
I20260713 09:00:34.028883  6076 consensus_queue.cc:1048] T 1ea1fca4478a42009757ae43ed602e50 P 09b2a5012aae46f9bac24ed935473c01 [LEADER]: Connected to new peer: Peer: permanent_uuid: "edb823bf533b41d4aafab4a5b98de935" member_type: VOTER last_known_addr { host: "127.5.145.66" port: 36705 }, Status: LMP_MISMATCH, Last received: 0.0, Next index: 2, Last known committed idx: 1, Time since last communication: 0.000s
I20260713 09:00:34.096769  5985 raft_consensus.cc:1275] T ac780c793ff6452bb161df36d03c1f71 P 50c3d47ad5814e318f9899cee2ad6078 [term 2 FOLLOWER]: Refusing update from remote peer edb823bf533b41d4aafab4a5b98de935: Log matching property violated. Preceding OpId in replica: term: 1 index: 1. Preceding OpId from leader: term: 2 index: 2. (index mismatch)
I20260713 09:00:34.098042  6057 consensus_queue.cc:1048] T ac780c793ff6452bb161df36d03c1f71 P edb823bf533b41d4aafab4a5b98de935 [LEADER]: Connected to new peer: Peer: permanent_uuid: "50c3d47ad5814e318f9899cee2ad6078" member_type: VOTER last_known_addr { host: "127.5.145.67" port: 33327 }, Status: LMP_MISMATCH, Last received: 0.0, Next index: 2, Last known committed idx: 1, Time since last communication: 0.000s
I20260713 09:00:34.101805  5835 raft_consensus.cc:1275] T 9c17efaeb1fd4cfcb0d877181ae50526 P 09b2a5012aae46f9bac24ed935473c01 [term 2 FOLLOWER]: Refusing update from remote peer edb823bf533b41d4aafab4a5b98de935: Log matching property violated. Preceding OpId in replica: term: 1 index: 1. Preceding OpId from leader: term: 2 index: 2. (index mismatch)
I20260713 09:00:34.103583  6093 consensus_queue.cc:1048] T 9c17efaeb1fd4cfcb0d877181ae50526 P edb823bf533b41d4aafab4a5b98de935 [LEADER]: Connected to new peer: Peer: permanent_uuid: "09b2a5012aae46f9bac24ed935473c01" member_type: VOTER last_known_addr { host: "127.5.145.65" port: 36233 }, Status: LMP_MISMATCH, Last received: 0.0, Next index: 2, Last known committed idx: 1, Time since last communication: 0.000s
I20260713 09:00:34.107882  5835 raft_consensus.cc:1275] T ac780c793ff6452bb161df36d03c1f71 P 09b2a5012aae46f9bac24ed935473c01 [term 2 FOLLOWER]: Refusing update from remote peer edb823bf533b41d4aafab4a5b98de935: Log matching property violated. Preceding OpId in replica: term: 1 index: 1. Preceding OpId from leader: term: 2 index: 2. (index mismatch)
I20260713 09:00:34.109824  6112 consensus_queue.cc:1048] T ac780c793ff6452bb161df36d03c1f71 P edb823bf533b41d4aafab4a5b98de935 [LEADER]: Connected to new peer: Peer: permanent_uuid: "09b2a5012aae46f9bac24ed935473c01" member_type: VOTER last_known_addr { host: "127.5.145.65" port: 36233 }, Status: LMP_MISMATCH, Last received: 0.0, Next index: 2, Last known committed idx: 1, Time since last communication: 0.000s
I20260713 09:00:34.116758  5985 raft_consensus.cc:1275] T 9c17efaeb1fd4cfcb0d877181ae50526 P 50c3d47ad5814e318f9899cee2ad6078 [term 2 FOLLOWER]: Refusing update from remote peer edb823bf533b41d4aafab4a5b98de935: Log matching property violated. Preceding OpId in replica: term: 1 index: 1. Preceding OpId from leader: term: 2 index: 2. (index mismatch)
I20260713 09:00:34.118343  6057 consensus_queue.cc:1048] T 9c17efaeb1fd4cfcb0d877181ae50526 P edb823bf533b41d4aafab4a5b98de935 [LEADER]: Connected to new peer: Peer: permanent_uuid: "50c3d47ad5814e318f9899cee2ad6078" member_type: VOTER last_known_addr { host: "127.5.145.67" port: 33327 }, Status: LMP_MISMATCH, Last received: 0.0, Next index: 2, Last known committed idx: 1, Time since last communication: 0.000s
I20260713 09:00:34.176198  5911 raft_consensus.cc:1275] T 967a6831c81a484aa11e0c7368f0a00a P edb823bf533b41d4aafab4a5b98de935 [term 2 FOLLOWER]: Refusing update from remote peer 09b2a5012aae46f9bac24ed935473c01: Log matching property violated. Preceding OpId in replica: term: 1 index: 1. Preceding OpId from leader: term: 2 index: 2. (index mismatch)
I20260713 09:00:34.177502  6076 consensus_queue.cc:1048] T 967a6831c81a484aa11e0c7368f0a00a P 09b2a5012aae46f9bac24ed935473c01 [LEADER]: Connected to new peer: Peer: permanent_uuid: "edb823bf533b41d4aafab4a5b98de935" member_type: VOTER last_known_addr { host: "127.5.145.66" port: 36705 }, Status: LMP_MISMATCH, Last received: 0.0, Next index: 2, Last known committed idx: 1, Time since last communication: 0.000s
I20260713 09:00:34.188647  5985 raft_consensus.cc:1275] T 967a6831c81a484aa11e0c7368f0a00a P 50c3d47ad5814e318f9899cee2ad6078 [term 2 FOLLOWER]: Refusing update from remote peer 09b2a5012aae46f9bac24ed935473c01: Log matching property violated. Preceding OpId in replica: term: 1 index: 1. Preceding OpId from leader: term: 2 index: 2. (index mismatch)
I20260713 09:00:34.190237  6075 consensus_queue.cc:1048] T 967a6831c81a484aa11e0c7368f0a00a P 09b2a5012aae46f9bac24ed935473c01 [LEADER]: Connected to new peer: Peer: permanent_uuid: "50c3d47ad5814e318f9899cee2ad6078" member_type: VOTER last_known_addr { host: "127.5.145.67" port: 33327 }, Status: LMP_MISMATCH, Last received: 0.0, Next index: 2, Last known committed idx: 1, Time since last communication: 0.000s
I20260713 09:00:34.318007  5835 raft_consensus.cc:1275] T f79ceb0f33674db6914422b6b5bfcde7 P 09b2a5012aae46f9bac24ed935473c01 [term 2 FOLLOWER]: Refusing update from remote peer edb823bf533b41d4aafab4a5b98de935: Log matching property violated. Preceding OpId in replica: term: 1 index: 1. Preceding OpId from leader: term: 2 index: 2. (index mismatch)
I20260713 09:00:34.319149  6057 consensus_queue.cc:1048] T f79ceb0f33674db6914422b6b5bfcde7 P edb823bf533b41d4aafab4a5b98de935 [LEADER]: Connected to new peer: Peer: permanent_uuid: "09b2a5012aae46f9bac24ed935473c01" member_type: VOTER last_known_addr { host: "127.5.145.65" port: 36233 }, Status: LMP_MISMATCH, Last received: 0.0, Next index: 2, Last known committed idx: 1, Time since last communication: 0.000s
I20260713 09:00:34.327011  5985 raft_consensus.cc:1275] T f79ceb0f33674db6914422b6b5bfcde7 P 50c3d47ad5814e318f9899cee2ad6078 [term 2 FOLLOWER]: Refusing update from remote peer edb823bf533b41d4aafab4a5b98de935: Log matching property violated. Preceding OpId in replica: term: 1 index: 1. Preceding OpId from leader: term: 2 index: 2. (index mismatch)
I20260713 09:00:34.328711  6057 consensus_queue.cc:1048] T f79ceb0f33674db6914422b6b5bfcde7 P edb823bf533b41d4aafab4a5b98de935 [LEADER]: Connected to new peer: Peer: permanent_uuid: "50c3d47ad5814e318f9899cee2ad6078" member_type: VOTER last_known_addr { host: "127.5.145.67" port: 33327 }, Status: LMP_MISMATCH, Last received: 0.0, Next index: 2, Last known committed idx: 1, Time since last communication: 0.000s
I20260713 09:00:36.341230  5701 auto_leader_rebalancer-test.cc:320] The leader distribution is 
I20260713 09:00:36.342010  5701 auto_leader_rebalancer.cc:141] leader rebalance for table test-workload
I20260713 09:00:36.360477  5835 tablet_service.cc:2072] Received LeaderStepDown RPC: tablet_id: "efbaf0f6ff3040d7aae70cab32bc0898"
dest_uuid: "09b2a5012aae46f9bac24ed935473c01"
mode: GRACEFUL
new_leader_uuid: "50c3d47ad5814e318f9899cee2ad6078"
 from {username='slave'} at 127.0.0.1:48480
I20260713 09:00:36.360904  5835 raft_consensus.cc:606] T efbaf0f6ff3040d7aae70cab32bc0898 P 09b2a5012aae46f9bac24ed935473c01 [term 2 LEADER]: Received request to transfer leadership to TS 50c3d47ad5814e318f9899cee2ad6078
I20260713 09:00:36.371934  5911 tablet_service.cc:2072] Received LeaderStepDown RPC: tablet_id: "f79ceb0f33674db6914422b6b5bfcde7"
dest_uuid: "edb823bf533b41d4aafab4a5b98de935"
mode: GRACEFUL
new_leader_uuid: "50c3d47ad5814e318f9899cee2ad6078"
 from {username='slave'} at 127.0.0.1:39752
I20260713 09:00:36.372408  5911 raft_consensus.cc:606] T f79ceb0f33674db6914422b6b5bfcde7 P edb823bf533b41d4aafab4a5b98de935 [term 2 LEADER]: Received request to transfer leadership to TS 50c3d47ad5814e318f9899cee2ad6078
I20260713 09:00:36.373453  5701 auto_leader_rebalancer.cc:479] table: test-workload, leader rebalance finish, leader transfer count: 2
I20260713 09:00:36.373843  5701 auto_leader_rebalancer.cc:554] All tables' leader rebalancing finished this round
I20260713 09:00:36.605794  6036 raft_consensus.cc:993] T efbaf0f6ff3040d7aae70cab32bc0898 P 09b2a5012aae46f9bac24ed935473c01: : Instructing follower 50c3d47ad5814e318f9899cee2ad6078 to start an election
I20260713 09:00:36.606200  6122 raft_consensus.cc:1081] T efbaf0f6ff3040d7aae70cab32bc0898 P 09b2a5012aae46f9bac24ed935473c01 [term 2 LEADER]: Signalling peer 50c3d47ad5814e318f9899cee2ad6078 to start an election
I20260713 09:00:36.607702  5984 tablet_service.cc:2044] Received Run Leader Election RPC: tablet_id: "efbaf0f6ff3040d7aae70cab32bc0898"
dest_uuid: "50c3d47ad5814e318f9899cee2ad6078"
 from {username='slave'} at 127.0.0.1:37384
I20260713 09:00:36.608237  5984 raft_consensus.cc:493] T efbaf0f6ff3040d7aae70cab32bc0898 P 50c3d47ad5814e318f9899cee2ad6078 [term 2 FOLLOWER]: Starting forced leader election (received explicit request)
I20260713 09:00:36.608692  5984 raft_consensus.cc:3060] T efbaf0f6ff3040d7aae70cab32bc0898 P 50c3d47ad5814e318f9899cee2ad6078 [term 2 FOLLOWER]: Advancing to term 3
I20260713 09:00:36.613590  5984 raft_consensus.cc:515] T efbaf0f6ff3040d7aae70cab32bc0898 P 50c3d47ad5814e318f9899cee2ad6078 [term 3 FOLLOWER]: Starting forced leader election with config: opid_index: -1 OBSOLETE_local: false peers { permanent_uuid: "50c3d47ad5814e318f9899cee2ad6078" member_type: VOTER last_known_addr { host: "127.5.145.67" port: 33327 } } peers { permanent_uuid: "edb823bf533b41d4aafab4a5b98de935" member_type: VOTER last_known_addr { host: "127.5.145.66" port: 36705 } } peers { permanent_uuid: "09b2a5012aae46f9bac24ed935473c01" member_type: VOTER last_known_addr { host: "127.5.145.65" port: 36233 } }
I20260713 09:00:36.615239  5984 leader_election.cc:290] T efbaf0f6ff3040d7aae70cab32bc0898 P 50c3d47ad5814e318f9899cee2ad6078 [CANDIDATE]: Term 3 election: Requested vote from peers edb823bf533b41d4aafab4a5b98de935 (127.5.145.66:36705), 09b2a5012aae46f9bac24ed935473c01 (127.5.145.65:36233)
I20260713 09:00:36.615904  5911 tablet_service.cc:1917] Received RequestConsensusVote() RPC: tablet_id: "efbaf0f6ff3040d7aae70cab32bc0898" candidate_uuid: "50c3d47ad5814e318f9899cee2ad6078" candidate_term: 3 candidate_status { last_received { term: 2 index: 2 } } ignore_live_leader: true dest_uuid: "edb823bf533b41d4aafab4a5b98de935"
I20260713 09:00:36.616250  5835 tablet_service.cc:1917] Received RequestConsensusVote() RPC: tablet_id: "efbaf0f6ff3040d7aae70cab32bc0898" candidate_uuid: "50c3d47ad5814e318f9899cee2ad6078" candidate_term: 3 candidate_status { last_received { term: 2 index: 2 } } ignore_live_leader: true dest_uuid: "09b2a5012aae46f9bac24ed935473c01"
I20260713 09:00:36.616472  5911 raft_consensus.cc:3060] T efbaf0f6ff3040d7aae70cab32bc0898 P edb823bf533b41d4aafab4a5b98de935 [term 2 FOLLOWER]: Advancing to term 3
I20260713 09:00:36.616737  5835 raft_consensus.cc:3055] T efbaf0f6ff3040d7aae70cab32bc0898 P 09b2a5012aae46f9bac24ed935473c01 [term 2 LEADER]: Stepping down as leader of term 2
I20260713 09:00:36.617014  5835 raft_consensus.cc:740] T efbaf0f6ff3040d7aae70cab32bc0898 P 09b2a5012aae46f9bac24ed935473c01 [term 2 LEADER]: Becoming Follower/Learner. State: Replica: 09b2a5012aae46f9bac24ed935473c01, State: Running, Role: LEADER
I20260713 09:00:36.617707  5835 consensus_queue.cc:260] T efbaf0f6ff3040d7aae70cab32bc0898 P 09b2a5012aae46f9bac24ed935473c01 [NON_LEADER]: Queue going to NON_LEADER mode. State: All replicated index: 0, Majority replicated index: 2, Committed index: 2, Last appended: 2.2, Last appended by leader: 2, Current term: 2, Majority size: -1, State: 0, Mode: NON_LEADER, active raft config: opid_index: -1 OBSOLETE_local: false peers { permanent_uuid: "50c3d47ad5814e318f9899cee2ad6078" member_type: VOTER last_known_addr { host: "127.5.145.67" port: 33327 } } peers { permanent_uuid: "edb823bf533b41d4aafab4a5b98de935" member_type: VOTER last_known_addr { host: "127.5.145.66" port: 36705 } } peers { permanent_uuid: "09b2a5012aae46f9bac24ed935473c01" member_type: VOTER last_known_addr { host: "127.5.145.65" port: 36233 } }
I20260713 09:00:36.618744  5835 raft_consensus.cc:3060] T efbaf0f6ff3040d7aae70cab32bc0898 P 09b2a5012aae46f9bac24ed935473c01 [term 2 FOLLOWER]: Advancing to term 3
I20260713 09:00:36.622726  5911 raft_consensus.cc:2468] T efbaf0f6ff3040d7aae70cab32bc0898 P edb823bf533b41d4aafab4a5b98de935 [term 3 FOLLOWER]: Leader election vote request: Granting yes vote for candidate 50c3d47ad5814e318f9899cee2ad6078 in term 3.
I20260713 09:00:36.623929  5948 leader_election.cc:304] T efbaf0f6ff3040d7aae70cab32bc0898 P 50c3d47ad5814e318f9899cee2ad6078 [CANDIDATE]: Term 3 election: Election decided. Result: candidate won. Election summary: received 2 responses out of 3 voters: 2 yes votes; 0 no votes. yes voters: 50c3d47ad5814e318f9899cee2ad6078, edb823bf533b41d4aafab4a5b98de935; no voters: 
I20260713 09:00:36.624300  5835 raft_consensus.cc:2468] T efbaf0f6ff3040d7aae70cab32bc0898 P 09b2a5012aae46f9bac24ed935473c01 [term 3 FOLLOWER]: Leader election vote request: Granting yes vote for candidate 50c3d47ad5814e318f9899cee2ad6078 in term 3.
I20260713 09:00:36.624855  6034 raft_consensus.cc:2804] T efbaf0f6ff3040d7aae70cab32bc0898 P 50c3d47ad5814e318f9899cee2ad6078 [term 3 FOLLOWER]: Leader election won for term 3
I20260713 09:00:36.626327  6034 raft_consensus.cc:697] T efbaf0f6ff3040d7aae70cab32bc0898 P 50c3d47ad5814e318f9899cee2ad6078 [term 3 LEADER]: Becoming Leader. State: Replica: 50c3d47ad5814e318f9899cee2ad6078, State: Running, Role: LEADER
I20260713 09:00:36.627102  6034 consensus_queue.cc:237] T efbaf0f6ff3040d7aae70cab32bc0898 P 50c3d47ad5814e318f9899cee2ad6078 [LEADER]: Queue going to LEADER mode. State: All replicated index: 0, Majority replicated index: 2, Committed index: 2, Last appended: 2.2, Last appended by leader: 2, Current term: 3, Majority size: 2, State: 0, Mode: LEADER, active raft config: opid_index: -1 OBSOLETE_local: false peers { permanent_uuid: "50c3d47ad5814e318f9899cee2ad6078" member_type: VOTER last_known_addr { host: "127.5.145.67" port: 33327 } } peers { permanent_uuid: "edb823bf533b41d4aafab4a5b98de935" member_type: VOTER last_known_addr { host: "127.5.145.66" port: 36705 } } peers { permanent_uuid: "09b2a5012aae46f9bac24ed935473c01" member_type: VOTER last_known_addr { host: "127.5.145.65" port: 36233 } }
I20260713 09:00:36.636296  5729 catalog_manager.cc:5697] T efbaf0f6ff3040d7aae70cab32bc0898 P 50c3d47ad5814e318f9899cee2ad6078 reported cstate change: term changed from 2 to 3, leader changed from 09b2a5012aae46f9bac24ed935473c01 (127.5.145.65) to 50c3d47ad5814e318f9899cee2ad6078 (127.5.145.67). New cstate: current_term: 3 leader_uuid: "50c3d47ad5814e318f9899cee2ad6078" committed_config { opid_index: -1 OBSOLETE_local: false peers { permanent_uuid: "50c3d47ad5814e318f9899cee2ad6078" member_type: VOTER last_known_addr { host: "127.5.145.67" port: 33327 } health_report { overall_health: HEALTHY } } peers { permanent_uuid: "edb823bf533b41d4aafab4a5b98de935" member_type: VOTER last_known_addr { host: "127.5.145.66" port: 36705 } health_report { overall_health: UNKNOWN } } peers { permanent_uuid: "09b2a5012aae46f9bac24ed935473c01" member_type: VOTER last_known_addr { host: "127.5.145.65" port: 36233 } health_report { overall_health: UNKNOWN } } }
I20260713 09:00:36.787516  6057 raft_consensus.cc:993] T f79ceb0f33674db6914422b6b5bfcde7 P edb823bf533b41d4aafab4a5b98de935: : Instructing follower 50c3d47ad5814e318f9899cee2ad6078 to start an election
I20260713 09:00:36.787932  6057 raft_consensus.cc:1081] T f79ceb0f33674db6914422b6b5bfcde7 P edb823bf533b41d4aafab4a5b98de935 [term 2 LEADER]: Signalling peer 50c3d47ad5814e318f9899cee2ad6078 to start an election
I20260713 09:00:36.789287  5984 tablet_service.cc:2044] Received Run Leader Election RPC: tablet_id: "f79ceb0f33674db6914422b6b5bfcde7"
dest_uuid: "50c3d47ad5814e318f9899cee2ad6078"
 from {username='slave'} at 127.0.0.1:37382
I20260713 09:00:36.789824  5984 raft_consensus.cc:493] T f79ceb0f33674db6914422b6b5bfcde7 P 50c3d47ad5814e318f9899cee2ad6078 [term 2 FOLLOWER]: Starting forced leader election (received explicit request)
I20260713 09:00:36.790184  5984 raft_consensus.cc:3060] T f79ceb0f33674db6914422b6b5bfcde7 P 50c3d47ad5814e318f9899cee2ad6078 [term 2 FOLLOWER]: Advancing to term 3
I20260713 09:00:36.795046  5984 raft_consensus.cc:515] T f79ceb0f33674db6914422b6b5bfcde7 P 50c3d47ad5814e318f9899cee2ad6078 [term 3 FOLLOWER]: Starting forced leader election with config: opid_index: -1 OBSOLETE_local: false peers { permanent_uuid: "09b2a5012aae46f9bac24ed935473c01" member_type: VOTER last_known_addr { host: "127.5.145.65" port: 36233 } } peers { permanent_uuid: "edb823bf533b41d4aafab4a5b98de935" member_type: VOTER last_known_addr { host: "127.5.145.66" port: 36705 } } peers { permanent_uuid: "50c3d47ad5814e318f9899cee2ad6078" member_type: VOTER last_known_addr { host: "127.5.145.67" port: 33327 } }
I20260713 09:00:36.796780  5984 leader_election.cc:290] T f79ceb0f33674db6914422b6b5bfcde7 P 50c3d47ad5814e318f9899cee2ad6078 [CANDIDATE]: Term 3 election: Requested vote from peers 09b2a5012aae46f9bac24ed935473c01 (127.5.145.65:36233), edb823bf533b41d4aafab4a5b98de935 (127.5.145.66:36705)
I20260713 09:00:36.797473  5835 tablet_service.cc:1917] Received RequestConsensusVote() RPC: tablet_id: "f79ceb0f33674db6914422b6b5bfcde7" candidate_uuid: "50c3d47ad5814e318f9899cee2ad6078" candidate_term: 3 candidate_status { last_received { term: 2 index: 2 } } ignore_live_leader: true dest_uuid: "09b2a5012aae46f9bac24ed935473c01"
I20260713 09:00:36.797859  5911 tablet_service.cc:1917] Received RequestConsensusVote() RPC: tablet_id: "f79ceb0f33674db6914422b6b5bfcde7" candidate_uuid: "50c3d47ad5814e318f9899cee2ad6078" candidate_term: 3 candidate_status { last_received { term: 2 index: 2 } } ignore_live_leader: true dest_uuid: "edb823bf533b41d4aafab4a5b98de935"
I20260713 09:00:36.798064  5835 raft_consensus.cc:3060] T f79ceb0f33674db6914422b6b5bfcde7 P 09b2a5012aae46f9bac24ed935473c01 [term 2 FOLLOWER]: Advancing to term 3
I20260713 09:00:36.798463  5911 raft_consensus.cc:3055] T f79ceb0f33674db6914422b6b5bfcde7 P edb823bf533b41d4aafab4a5b98de935 [term 2 LEADER]: Stepping down as leader of term 2
I20260713 09:00:36.798760  5911 raft_consensus.cc:740] T f79ceb0f33674db6914422b6b5bfcde7 P edb823bf533b41d4aafab4a5b98de935 [term 2 LEADER]: Becoming Follower/Learner. State: Replica: edb823bf533b41d4aafab4a5b98de935, State: Running, Role: LEADER
I20260713 09:00:36.799520  5911 consensus_queue.cc:260] T f79ceb0f33674db6914422b6b5bfcde7 P edb823bf533b41d4aafab4a5b98de935 [NON_LEADER]: Queue going to NON_LEADER mode. State: All replicated index: 0, Majority replicated index: 2, Committed index: 2, Last appended: 2.2, Last appended by leader: 2, Current term: 2, Majority size: -1, State: 0, Mode: NON_LEADER, active raft config: opid_index: -1 OBSOLETE_local: false peers { permanent_uuid: "09b2a5012aae46f9bac24ed935473c01" member_type: VOTER last_known_addr { host: "127.5.145.65" port: 36233 } } peers { permanent_uuid: "edb823bf533b41d4aafab4a5b98de935" member_type: VOTER last_known_addr { host: "127.5.145.66" port: 36705 } } peers { permanent_uuid: "50c3d47ad5814e318f9899cee2ad6078" member_type: VOTER last_known_addr { host: "127.5.145.67" port: 33327 } }
I20260713 09:00:36.800520  5911 raft_consensus.cc:3060] T f79ceb0f33674db6914422b6b5bfcde7 P edb823bf533b41d4aafab4a5b98de935 [term 2 FOLLOWER]: Advancing to term 3
I20260713 09:00:36.803002  5835 raft_consensus.cc:2468] T f79ceb0f33674db6914422b6b5bfcde7 P 09b2a5012aae46f9bac24ed935473c01 [term 3 FOLLOWER]: Leader election vote request: Granting yes vote for candidate 50c3d47ad5814e318f9899cee2ad6078 in term 3.
I20260713 09:00:36.804003  5951 leader_election.cc:304] T f79ceb0f33674db6914422b6b5bfcde7 P 50c3d47ad5814e318f9899cee2ad6078 [CANDIDATE]: Term 3 election: Election decided. Result: candidate won. Election summary: received 2 responses out of 3 voters: 2 yes votes; 0 no votes. yes voters: 09b2a5012aae46f9bac24ed935473c01, 50c3d47ad5814e318f9899cee2ad6078; no voters: 
I20260713 09:00:36.804888  6034 raft_consensus.cc:2804] T f79ceb0f33674db6914422b6b5bfcde7 P 50c3d47ad5814e318f9899cee2ad6078 [term 3 FOLLOWER]: Leader election won for term 3
I20260713 09:00:36.805272  6034 raft_consensus.cc:697] T f79ceb0f33674db6914422b6b5bfcde7 P 50c3d47ad5814e318f9899cee2ad6078 [term 3 LEADER]: Becoming Leader. State: Replica: 50c3d47ad5814e318f9899cee2ad6078, State: Running, Role: LEADER
I20260713 09:00:36.806093  5911 raft_consensus.cc:2468] T f79ceb0f33674db6914422b6b5bfcde7 P edb823bf533b41d4aafab4a5b98de935 [term 3 FOLLOWER]: Leader election vote request: Granting yes vote for candidate 50c3d47ad5814e318f9899cee2ad6078 in term 3.
I20260713 09:00:36.805979  6034 consensus_queue.cc:237] T f79ceb0f33674db6914422b6b5bfcde7 P 50c3d47ad5814e318f9899cee2ad6078 [LEADER]: Queue going to LEADER mode. State: All replicated index: 0, Majority replicated index: 2, Committed index: 2, Last appended: 2.2, Last appended by leader: 2, Current term: 3, Majority size: 2, State: 0, Mode: LEADER, active raft config: opid_index: -1 OBSOLETE_local: false peers { permanent_uuid: "09b2a5012aae46f9bac24ed935473c01" member_type: VOTER last_known_addr { host: "127.5.145.65" port: 36233 } } peers { permanent_uuid: "edb823bf533b41d4aafab4a5b98de935" member_type: VOTER last_known_addr { host: "127.5.145.66" port: 36705 } } peers { permanent_uuid: "50c3d47ad5814e318f9899cee2ad6078" member_type: VOTER last_known_addr { host: "127.5.145.67" port: 33327 } }
I20260713 09:00:36.812664  5729 catalog_manager.cc:5697] T f79ceb0f33674db6914422b6b5bfcde7 P 50c3d47ad5814e318f9899cee2ad6078 reported cstate change: term changed from 2 to 3, leader changed from edb823bf533b41d4aafab4a5b98de935 (127.5.145.66) to 50c3d47ad5814e318f9899cee2ad6078 (127.5.145.67). New cstate: current_term: 3 leader_uuid: "50c3d47ad5814e318f9899cee2ad6078" committed_config { opid_index: -1 OBSOLETE_local: false peers { permanent_uuid: "09b2a5012aae46f9bac24ed935473c01" member_type: VOTER last_known_addr { host: "127.5.145.65" port: 36233 } health_report { overall_health: UNKNOWN } } peers { permanent_uuid: "edb823bf533b41d4aafab4a5b98de935" member_type: VOTER last_known_addr { host: "127.5.145.66" port: 36705 } health_report { overall_health: UNKNOWN } } peers { permanent_uuid: "50c3d47ad5814e318f9899cee2ad6078" member_type: VOTER last_known_addr { host: "127.5.145.67" port: 33327 } health_report { overall_health: HEALTHY } } }
I20260713 09:00:37.024535  5911 raft_consensus.cc:1275] T efbaf0f6ff3040d7aae70cab32bc0898 P edb823bf533b41d4aafab4a5b98de935 [term 3 FOLLOWER]: Refusing update from remote peer 50c3d47ad5814e318f9899cee2ad6078: Log matching property violated. Preceding OpId in replica: term: 2 index: 2. Preceding OpId from leader: term: 3 index: 3. (index mismatch)
I20260713 09:00:37.025981  6034 consensus_queue.cc:1048] T efbaf0f6ff3040d7aae70cab32bc0898 P 50c3d47ad5814e318f9899cee2ad6078 [LEADER]: Connected to new peer: Peer: permanent_uuid: "edb823bf533b41d4aafab4a5b98de935" member_type: VOTER last_known_addr { host: "127.5.145.66" port: 36705 }, Status: LMP_MISMATCH, Last received: 0.0, Next index: 3, Last known committed idx: 2, Time since last communication: 0.000s
I20260713 09:00:37.037953  5835 raft_consensus.cc:1275] T efbaf0f6ff3040d7aae70cab32bc0898 P 09b2a5012aae46f9bac24ed935473c01 [term 3 FOLLOWER]: Refusing update from remote peer 50c3d47ad5814e318f9899cee2ad6078: Log matching property violated. Preceding OpId in replica: term: 2 index: 2. Preceding OpId from leader: term: 3 index: 3. (index mismatch)
I20260713 09:00:37.039201  6133 consensus_queue.cc:1048] T efbaf0f6ff3040d7aae70cab32bc0898 P 50c3d47ad5814e318f9899cee2ad6078 [LEADER]: Connected to new peer: Peer: permanent_uuid: "09b2a5012aae46f9bac24ed935473c01" member_type: VOTER last_known_addr { host: "127.5.145.65" port: 36233 }, Status: LMP_MISMATCH, Last received: 0.0, Next index: 3, Last known committed idx: 2, Time since last communication: 0.000s
I20260713 09:00:37.303997  5911 raft_consensus.cc:1275] T f79ceb0f33674db6914422b6b5bfcde7 P edb823bf533b41d4aafab4a5b98de935 [term 3 FOLLOWER]: Refusing update from remote peer 50c3d47ad5814e318f9899cee2ad6078: Log matching property violated. Preceding OpId in replica: term: 2 index: 2. Preceding OpId from leader: term: 3 index: 3. (index mismatch)
I20260713 09:00:37.305182  6133 consensus_queue.cc:1048] T f79ceb0f33674db6914422b6b5bfcde7 P 50c3d47ad5814e318f9899cee2ad6078 [LEADER]: Connected to new peer: Peer: permanent_uuid: "edb823bf533b41d4aafab4a5b98de935" member_type: VOTER last_known_addr { host: "127.5.145.66" port: 36705 }, Status: LMP_MISMATCH, Last received: 0.0, Next index: 3, Last known committed idx: 2, Time since last communication: 0.000s
I20260713 09:00:37.313807  5835 raft_consensus.cc:1275] T f79ceb0f33674db6914422b6b5bfcde7 P 09b2a5012aae46f9bac24ed935473c01 [term 3 FOLLOWER]: Refusing update from remote peer 50c3d47ad5814e318f9899cee2ad6078: Log matching property violated. Preceding OpId in replica: term: 2 index: 2. Preceding OpId from leader: term: 3 index: 3. (index mismatch)
