I20260713 09:01:08.166280   760 raft_consensus.cc:740] T 69de233631444dc29210331b4b174404 P 9b8c786f4531405dbfa8d5fac756d6a6 [term 0 FOLLOWER]: Becoming Follower/Learner. State: Replica: 9b8c786f4531405dbfa8d5fac756d6a6, State: Initialized, Role: FOLLOWER
I20260713 09:01:08.167667   759 tablet_bootstrap.cc:492] T 777ed5f2aeed4b9894809bd636ef49a4 P 4ed61864f3ea49569642d1a97797d616: Bootstrap starting.
I20260713 09:01:08.167277   760 consensus_queue.cc:260] T 69de233631444dc29210331b4b174404 P 9b8c786f4531405dbfa8d5fac756d6a6 [NON_LEADER]: Queue going to NON_LEADER mode. State: All replicated index: 0, Majority replicated index: 0, Committed index: 0, Last appended: 0.0, Last appended by leader: 0, Current term: 0, Majority size: -1, State: 0, Mode: NON_LEADER, active raft config: opid_index: -1 OBSOLETE_local: false peers { permanent_uuid: "b2a83dad93d44e87a33aa34c679396b4" member_type: VOTER last_known_addr { host: "127.0.107.193" port: 36005 } } peers { permanent_uuid: "9b8c786f4531405dbfa8d5fac756d6a6" member_type: VOTER last_known_addr { host: "127.0.107.195" port: 45641 } } peers { permanent_uuid: "4ed61864f3ea49569642d1a97797d616" member_type: VOTER last_known_addr { host: "127.0.107.194" port: 42995 } }
I20260713 09:01:08.168370   758 ts_tablet_manager.cc:1434] T 9a64a1ba61434dd3a67d11e08ad9beb8 P b2a83dad93d44e87a33aa34c679396b4: Time spent starting tablet: real 0.020s	user 0.014s	sys 0.005s
I20260713 09:01:08.169245   758 tablet_bootstrap.cc:492] T d81a82d561e34d2ba6f45a0c2e12d45e P b2a83dad93d44e87a33aa34c679396b4: Bootstrap starting.
I20260713 09:01:08.175385   759 tablet_bootstrap.cc:654] T 777ed5f2aeed4b9894809bd636ef49a4 P 4ed61864f3ea49569642d1a97797d616: Neither blocks nor log segments found. Creating new log.
I20260713 09:01:08.175733   758 tablet_bootstrap.cc:654] T d81a82d561e34d2ba6f45a0c2e12d45e P b2a83dad93d44e87a33aa34c679396b4: Neither blocks nor log segments found. Creating new log.
I20260713 09:01:08.179204   740 heartbeater.cc:499] Master 127.0.107.254:35431 was elected leader, sending a full tablet report...
I20260713 09:01:08.181468   760 ts_tablet_manager.cc:1434] T 69de233631444dc29210331b4b174404 P 9b8c786f4531405dbfa8d5fac756d6a6: Time spent starting tablet: real 0.022s	user 0.002s	sys 0.013s
I20260713 09:01:08.182667   760 tablet_bootstrap.cc:492] T 2bf9515451d4453889637cb633e0d0cb P 9b8c786f4531405dbfa8d5fac756d6a6: Bootstrap starting.
W20260713 09:01:08.191874   667 tablet.cc:2406] T be23e0ae21394b918fae74a8920819fa P 4ed61864f3ea49569642d1a97797d616: Can't schedule compaction. Clean time has not been advanced past its initial value.
I20260713 09:01:08.193317   760 tablet_bootstrap.cc:654] T 2bf9515451d4453889637cb633e0d0cb P 9b8c786f4531405dbfa8d5fac756d6a6: Neither blocks nor log segments found. Creating new log.
I20260713 09:01:08.195714   759 tablet_bootstrap.cc:492] T 777ed5f2aeed4b9894809bd636ef49a4 P 4ed61864f3ea49569642d1a97797d616: No bootstrap required, opened a new log
I20260713 09:01:08.196188   759 ts_tablet_manager.cc:1403] T 777ed5f2aeed4b9894809bd636ef49a4 P 4ed61864f3ea49569642d1a97797d616: Time spent bootstrapping tablet: real 0.029s	user 0.019s	sys 0.007s
I20260713 09:01:08.199447   759 raft_consensus.cc:359] T 777ed5f2aeed4b9894809bd636ef49a4 P 4ed61864f3ea49569642d1a97797d616 [term 0 FOLLOWER]: Replica starting. Triggering 0 pending ops. Active config: opid_index: -1 OBSOLETE_local: false peers { permanent_uuid: "b2a83dad93d44e87a33aa34c679396b4" member_type: VOTER last_known_addr { host: "127.0.107.193" port: 36005 } } peers { permanent_uuid: "4ed61864f3ea49569642d1a97797d616" member_type: VOTER last_known_addr { host: "127.0.107.194" port: 42995 } } peers { permanent_uuid: "9b8c786f4531405dbfa8d5fac756d6a6" member_type: VOTER last_known_addr { host: "127.0.107.195" port: 45641 } }
I20260713 09:01:08.200156   759 raft_consensus.cc:385] T 777ed5f2aeed4b9894809bd636ef49a4 P 4ed61864f3ea49569642d1a97797d616 [term 0 FOLLOWER]: Consensus starting up: Expiring failure detector timer to make a prompt election more likely
I20260713 09:01:08.200450   759 raft_consensus.cc:740] T 777ed5f2aeed4b9894809bd636ef49a4 P 4ed61864f3ea49569642d1a97797d616 [term 0 FOLLOWER]: Becoming Follower/Learner. State: Replica: 4ed61864f3ea49569642d1a97797d616, State: Initialized, Role: FOLLOWER
I20260713 09:01:08.201052   758 tablet_bootstrap.cc:492] T d81a82d561e34d2ba6f45a0c2e12d45e P b2a83dad93d44e87a33aa34c679396b4: No bootstrap required, opened a new log
I20260713 09:01:08.201516   758 ts_tablet_manager.cc:1403] T d81a82d561e34d2ba6f45a0c2e12d45e P b2a83dad93d44e87a33aa34c679396b4: Time spent bootstrapping tablet: real 0.032s	user 0.013s	sys 0.014s
I20260713 09:01:08.201288   759 consensus_queue.cc:260] T 777ed5f2aeed4b9894809bd636ef49a4 P 4ed61864f3ea49569642d1a97797d616 [NON_LEADER]: Queue going to NON_LEADER mode. State: All replicated index: 0, Majority replicated index: 0, Committed index: 0, Last appended: 0.0, Last appended by leader: 0, Current term: 0, Majority size: -1, State: 0, Mode: NON_LEADER, active raft config: opid_index: -1 OBSOLETE_local: false peers { permanent_uuid: "b2a83dad93d44e87a33aa34c679396b4" member_type: VOTER last_known_addr { host: "127.0.107.193" port: 36005 } } peers { permanent_uuid: "4ed61864f3ea49569642d1a97797d616" member_type: VOTER last_known_addr { host: "127.0.107.194" port: 42995 } } peers { permanent_uuid: "9b8c786f4531405dbfa8d5fac756d6a6" member_type: VOTER last_known_addr { host: "127.0.107.195" port: 45641 } }
I20260713 09:01:08.203859   759 ts_tablet_manager.cc:1434] T 777ed5f2aeed4b9894809bd636ef49a4 P 4ed61864f3ea49569642d1a97797d616: Time spent starting tablet: real 0.007s	user 0.004s	sys 0.004s
I20260713 09:01:08.204777   759 tablet_bootstrap.cc:492] T 69de233631444dc29210331b4b174404 P 4ed61864f3ea49569642d1a97797d616: Bootstrap starting.
I20260713 09:01:08.205134   758 raft_consensus.cc:359] T d81a82d561e34d2ba6f45a0c2e12d45e P b2a83dad93d44e87a33aa34c679396b4 [term 0 FOLLOWER]: Replica starting. Triggering 0 pending ops. Active config: opid_index: -1 OBSOLETE_local: false peers { permanent_uuid: "b2a83dad93d44e87a33aa34c679396b4" member_type: VOTER last_known_addr { host: "127.0.107.193" port: 36005 } } peers { permanent_uuid: "4ed61864f3ea49569642d1a97797d616" member_type: VOTER last_known_addr { host: "127.0.107.194" port: 42995 } } peers { permanent_uuid: "9b8c786f4531405dbfa8d5fac756d6a6" member_type: VOTER last_known_addr { host: "127.0.107.195" port: 45641 } }
I20260713 09:01:08.205785   758 raft_consensus.cc:385] T d81a82d561e34d2ba6f45a0c2e12d45e P b2a83dad93d44e87a33aa34c679396b4 [term 0 FOLLOWER]: Consensus starting up: Expiring failure detector timer to make a prompt election more likely
I20260713 09:01:08.206070   758 raft_consensus.cc:740] T d81a82d561e34d2ba6f45a0c2e12d45e P b2a83dad93d44e87a33aa34c679396b4 [term 0 FOLLOWER]: Becoming Follower/Learner. State: Replica: b2a83dad93d44e87a33aa34c679396b4, State: Initialized, Role: FOLLOWER
I20260713 09:01:08.206933   758 consensus_queue.cc:260] T d81a82d561e34d2ba6f45a0c2e12d45e P b2a83dad93d44e87a33aa34c679396b4 [NON_LEADER]: Queue going to NON_LEADER mode. State: All replicated index: 0, Majority replicated index: 0, Committed index: 0, Last appended: 0.0, Last appended by leader: 0, Current term: 0, Majority size: -1, State: 0, Mode: NON_LEADER, active raft config: opid_index: -1 OBSOLETE_local: false peers { permanent_uuid: "b2a83dad93d44e87a33aa34c679396b4" member_type: VOTER last_known_addr { host: "127.0.107.193" port: 36005 } } peers { permanent_uuid: "4ed61864f3ea49569642d1a97797d616" member_type: VOTER last_known_addr { host: "127.0.107.194" port: 42995 } } peers { permanent_uuid: "9b8c786f4531405dbfa8d5fac756d6a6" member_type: VOTER last_known_addr { host: "127.0.107.195" port: 45641 } }
I20260713 09:01:08.209647   760 tablet_bootstrap.cc:492] T 2bf9515451d4453889637cb633e0d0cb P 9b8c786f4531405dbfa8d5fac756d6a6: No bootstrap required, opened a new log
I20260713 09:01:08.210090   760 ts_tablet_manager.cc:1403] T 2bf9515451d4453889637cb633e0d0cb P 9b8c786f4531405dbfa8d5fac756d6a6: Time spent bootstrapping tablet: real 0.028s	user 0.012s	sys 0.002s
I20260713 09:01:08.210459   758 ts_tablet_manager.cc:1434] T d81a82d561e34d2ba6f45a0c2e12d45e P b2a83dad93d44e87a33aa34c679396b4: Time spent starting tablet: real 0.009s	user 0.003s	sys 0.005s
I20260713 09:01:08.211469   758 tablet_bootstrap.cc:492] T 69de233631444dc29210331b4b174404 P b2a83dad93d44e87a33aa34c679396b4: Bootstrap starting.
I20260713 09:01:08.213161   760 raft_consensus.cc:359] T 2bf9515451d4453889637cb633e0d0cb P 9b8c786f4531405dbfa8d5fac756d6a6 [term 0 FOLLOWER]: Replica starting. Triggering 0 pending ops. Active config: opid_index: -1 OBSOLETE_local: false peers { permanent_uuid: "b2a83dad93d44e87a33aa34c679396b4" member_type: VOTER last_known_addr { host: "127.0.107.193" port: 36005 } } peers { permanent_uuid: "4ed61864f3ea49569642d1a97797d616" member_type: VOTER last_known_addr { host: "127.0.107.194" port: 42995 } } peers { permanent_uuid: "9b8c786f4531405dbfa8d5fac756d6a6" member_type: VOTER last_known_addr { host: "127.0.107.195" port: 45641 } }
I20260713 09:01:08.213820   760 raft_consensus.cc:385] T 2bf9515451d4453889637cb633e0d0cb P 9b8c786f4531405dbfa8d5fac756d6a6 [term 0 FOLLOWER]: Consensus starting up: Expiring failure detector timer to make a prompt election more likely
I20260713 09:01:08.214111   760 raft_consensus.cc:740] T 2bf9515451d4453889637cb633e0d0cb P 9b8c786f4531405dbfa8d5fac756d6a6 [term 0 FOLLOWER]: Becoming Follower/Learner. State: Replica: 9b8c786f4531405dbfa8d5fac756d6a6, State: Initialized, Role: FOLLOWER
I20260713 09:01:08.215039   760 consensus_queue.cc:260] T 2bf9515451d4453889637cb633e0d0cb P 9b8c786f4531405dbfa8d5fac756d6a6 [NON_LEADER]: Queue going to NON_LEADER mode. State: All replicated index: 0, Majority replicated index: 0, Committed index: 0, Last appended: 0.0, Last appended by leader: 0, Current term: 0, Majority size: -1, State: 0, Mode: NON_LEADER, active raft config: opid_index: -1 OBSOLETE_local: false peers { permanent_uuid: "b2a83dad93d44e87a33aa34c679396b4" member_type: VOTER last_known_addr { host: "127.0.107.193" port: 36005 } } peers { permanent_uuid: "4ed61864f3ea49569642d1a97797d616" member_type: VOTER last_known_addr { host: "127.0.107.194" port: 42995 } } peers { permanent_uuid: "9b8c786f4531405dbfa8d5fac756d6a6" member_type: VOTER last_known_addr { host: "127.0.107.195" port: 45641 } }
I20260713 09:01:08.217918   760 ts_tablet_manager.cc:1434] T 2bf9515451d4453889637cb633e0d0cb P 9b8c786f4531405dbfa8d5fac756d6a6: Time spent starting tablet: real 0.008s	user 0.001s	sys 0.005s
I20260713 09:01:08.218813   760 tablet_bootstrap.cc:492] T 03f57c0832394784a71670ce7d3d7d76 P 9b8c786f4531405dbfa8d5fac756d6a6: Bootstrap starting.
I20260713 09:01:08.221050   758 tablet_bootstrap.cc:654] T 69de233631444dc29210331b4b174404 P b2a83dad93d44e87a33aa34c679396b4: Neither blocks nor log segments found. Creating new log.
I20260713 09:01:08.225688   760 tablet_bootstrap.cc:654] T 03f57c0832394784a71670ce7d3d7d76 P 9b8c786f4531405dbfa8d5fac756d6a6: Neither blocks nor log segments found. Creating new log.
I20260713 09:01:08.226780   759 tablet_bootstrap.cc:654] T 69de233631444dc29210331b4b174404 P 4ed61864f3ea49569642d1a97797d616: Neither blocks nor log segments found. Creating new log.
I20260713 09:01:08.235605   758 tablet_bootstrap.cc:492] T 69de233631444dc29210331b4b174404 P b2a83dad93d44e87a33aa34c679396b4: No bootstrap required, opened a new log
I20260713 09:01:08.236413   758 ts_tablet_manager.cc:1403] T 69de233631444dc29210331b4b174404 P b2a83dad93d44e87a33aa34c679396b4: Time spent bootstrapping tablet: real 0.025s	user 0.009s	sys 0.005s
I20260713 09:01:08.239228   758 raft_consensus.cc:359] T 69de233631444dc29210331b4b174404 P b2a83dad93d44e87a33aa34c679396b4 [term 0 FOLLOWER]: Replica starting. Triggering 0 pending ops. Active config: opid_index: -1 OBSOLETE_local: false peers { permanent_uuid: "b2a83dad93d44e87a33aa34c679396b4" member_type: VOTER last_known_addr { host: "127.0.107.193" port: 36005 } } peers { permanent_uuid: "9b8c786f4531405dbfa8d5fac756d6a6" member_type: VOTER last_known_addr { host: "127.0.107.195" port: 45641 } } peers { permanent_uuid: "4ed61864f3ea49569642d1a97797d616" member_type: VOTER last_known_addr { host: "127.0.107.194" port: 42995 } }
I20260713 09:01:08.239930   758 raft_consensus.cc:385] T 69de233631444dc29210331b4b174404 P b2a83dad93d44e87a33aa34c679396b4 [term 0 FOLLOWER]: Consensus starting up: Expiring failure detector timer to make a prompt election more likely
I20260713 09:01:08.240221   758 raft_consensus.cc:740] T 69de233631444dc29210331b4b174404 P b2a83dad93d44e87a33aa34c679396b4 [term 0 FOLLOWER]: Becoming Follower/Learner. State: Replica: b2a83dad93d44e87a33aa34c679396b4, State: Initialized, Role: FOLLOWER
I20260713 09:01:08.241093   758 consensus_queue.cc:260] T 69de233631444dc29210331b4b174404 P b2a83dad93d44e87a33aa34c679396b4 [NON_LEADER]: Queue going to NON_LEADER mode. State: All replicated index: 0, Majority replicated index: 0, Committed index: 0, Last appended: 0.0, Last appended by leader: 0, Current term: 0, Majority size: -1, State: 0, Mode: NON_LEADER, active raft config: opid_index: -1 OBSOLETE_local: false peers { permanent_uuid: "b2a83dad93d44e87a33aa34c679396b4" member_type: VOTER last_known_addr { host: "127.0.107.193" port: 36005 } } peers { permanent_uuid: "9b8c786f4531405dbfa8d5fac756d6a6" member_type: VOTER last_known_addr { host: "127.0.107.195" port: 45641 } } peers { permanent_uuid: "4ed61864f3ea49569642d1a97797d616" member_type: VOTER last_known_addr { host: "127.0.107.194" port: 42995 } }
I20260713 09:01:08.243854   758 ts_tablet_manager.cc:1434] T 69de233631444dc29210331b4b174404 P b2a83dad93d44e87a33aa34c679396b4: Time spent starting tablet: real 0.007s	user 0.006s	sys 0.000s
I20260713 09:01:08.244493   759 tablet_bootstrap.cc:492] T 69de233631444dc29210331b4b174404 P 4ed61864f3ea49569642d1a97797d616: No bootstrap required, opened a new log
I20260713 09:01:08.244737   758 tablet_bootstrap.cc:492] T 777ed5f2aeed4b9894809bd636ef49a4 P b2a83dad93d44e87a33aa34c679396b4: Bootstrap starting.
I20260713 09:01:08.244661   760 tablet_bootstrap.cc:492] T 03f57c0832394784a71670ce7d3d7d76 P 9b8c786f4531405dbfa8d5fac756d6a6: No bootstrap required, opened a new log
I20260713 09:01:08.245369   760 ts_tablet_manager.cc:1403] T 03f57c0832394784a71670ce7d3d7d76 P 9b8c786f4531405dbfa8d5fac756d6a6: Time spent bootstrapping tablet: real 0.027s	user 0.013s	sys 0.005s
I20260713 09:01:08.248277   760 raft_consensus.cc:359] T 03f57c0832394784a71670ce7d3d7d76 P 9b8c786f4531405dbfa8d5fac756d6a6 [term 0 FOLLOWER]: Replica starting. Triggering 0 pending ops. Active config: opid_index: -1 OBSOLETE_local: false peers { permanent_uuid: "b2a83dad93d44e87a33aa34c679396b4" member_type: VOTER last_known_addr { host: "127.0.107.193" port: 36005 } } peers { permanent_uuid: "4ed61864f3ea49569642d1a97797d616" member_type: VOTER last_known_addr { host: "127.0.107.194" port: 42995 } } peers { permanent_uuid: "9b8c786f4531405dbfa8d5fac756d6a6" member_type: VOTER last_known_addr { host: "127.0.107.195" port: 45641 } }
I20260713 09:01:08.244940   759 ts_tablet_manager.cc:1403] T 69de233631444dc29210331b4b174404 P 4ed61864f3ea49569642d1a97797d616: Time spent bootstrapping tablet: real 0.040s	user 0.013s	sys 0.005s
I20260713 09:01:08.249326   760 raft_consensus.cc:385] T 03f57c0832394784a71670ce7d3d7d76 P 9b8c786f4531405dbfa8d5fac756d6a6 [term 0 FOLLOWER]: Consensus starting up: Expiring failure detector timer to make a prompt election more likely
I20260713 09:01:08.249751   760 raft_consensus.cc:740] T 03f57c0832394784a71670ce7d3d7d76 P 9b8c786f4531405dbfa8d5fac756d6a6 [term 0 FOLLOWER]: Becoming Follower/Learner. State: Replica: 9b8c786f4531405dbfa8d5fac756d6a6, State: Initialized, Role: FOLLOWER
I20260713 09:01:08.250550   760 consensus_queue.cc:260] T 03f57c0832394784a71670ce7d3d7d76 P 9b8c786f4531405dbfa8d5fac756d6a6 [NON_LEADER]: Queue going to NON_LEADER mode. State: All replicated index: 0, Majority replicated index: 0, Committed index: 0, Last appended: 0.0, Last appended by leader: 0, Current term: 0, Majority size: -1, State: 0, Mode: NON_LEADER, active raft config: opid_index: -1 OBSOLETE_local: false peers { permanent_uuid: "b2a83dad93d44e87a33aa34c679396b4" member_type: VOTER last_known_addr { host: "127.0.107.193" port: 36005 } } peers { permanent_uuid: "4ed61864f3ea49569642d1a97797d616" member_type: VOTER last_known_addr { host: "127.0.107.194" port: 42995 } } peers { permanent_uuid: "9b8c786f4531405dbfa8d5fac756d6a6" member_type: VOTER last_known_addr { host: "127.0.107.195" port: 45641 } }
I20260713 09:01:08.252086   759 raft_consensus.cc:359] T 69de233631444dc29210331b4b174404 P 4ed61864f3ea49569642d1a97797d616 [term 0 FOLLOWER]: Replica starting. Triggering 0 pending ops. Active config: opid_index: -1 OBSOLETE_local: false peers { permanent_uuid: "b2a83dad93d44e87a33aa34c679396b4" member_type: VOTER last_known_addr { host: "127.0.107.193" port: 36005 } } peers { permanent_uuid: "9b8c786f4531405dbfa8d5fac756d6a6" member_type: VOTER last_known_addr { host: "127.0.107.195" port: 45641 } } peers { permanent_uuid: "4ed61864f3ea49569642d1a97797d616" member_type: VOTER last_known_addr { host: "127.0.107.194" port: 42995 } }
I20260713 09:01:08.252758   759 raft_consensus.cc:385] T 69de233631444dc29210331b4b174404 P 4ed61864f3ea49569642d1a97797d616 [term 0 FOLLOWER]: Consensus starting up: Expiring failure detector timer to make a prompt election more likely
I20260713 09:01:08.253144   760 ts_tablet_manager.cc:1434] T 03f57c0832394784a71670ce7d3d7d76 P 9b8c786f4531405dbfa8d5fac756d6a6: Time spent starting tablet: real 0.007s	user 0.006s	sys 0.000s
I20260713 09:01:08.254578   760 tablet_bootstrap.cc:492] T d81a82d561e34d2ba6f45a0c2e12d45e P 9b8c786f4531405dbfa8d5fac756d6a6: Bootstrap starting.
I20260713 09:01:08.256490   758 tablet_bootstrap.cc:654] T 777ed5f2aeed4b9894809bd636ef49a4 P b2a83dad93d44e87a33aa34c679396b4: Neither blocks nor log segments found. Creating new log.
I20260713 09:01:08.253072   759 raft_consensus.cc:740] T 69de233631444dc29210331b4b174404 P 4ed61864f3ea49569642d1a97797d616 [term 0 FOLLOWER]: Becoming Follower/Learner. State: Replica: 4ed61864f3ea49569642d1a97797d616, State: Initialized, Role: FOLLOWER
I20260713 09:01:08.259863   759 consensus_queue.cc:260] T 69de233631444dc29210331b4b174404 P 4ed61864f3ea49569642d1a97797d616 [NON_LEADER]: Queue going to NON_LEADER mode. State: All replicated index: 0, Majority replicated index: 0, Committed index: 0, Last appended: 0.0, Last appended by leader: 0, Current term: 0, Majority size: -1, State: 0, Mode: NON_LEADER, active raft config: opid_index: -1 OBSOLETE_local: false peers { permanent_uuid: "b2a83dad93d44e87a33aa34c679396b4" member_type: VOTER last_known_addr { host: "127.0.107.193" port: 36005 } } peers { permanent_uuid: "9b8c786f4531405dbfa8d5fac756d6a6" member_type: VOTER last_known_addr { host: "127.0.107.195" port: 45641 } } peers { permanent_uuid: "4ed61864f3ea49569642d1a97797d616" member_type: VOTER last_known_addr { host: "127.0.107.194" port: 42995 } }
I20260713 09:01:08.262035   759 ts_tablet_manager.cc:1434] T 69de233631444dc29210331b4b174404 P 4ed61864f3ea49569642d1a97797d616: Time spent starting tablet: real 0.013s	user 0.006s	sys 0.000s
I20260713 09:01:08.262902   759 tablet_bootstrap.cc:492] T 9a64a1ba61434dd3a67d11e08ad9beb8 P 4ed61864f3ea49569642d1a97797d616: Bootstrap starting.
I20260713 09:01:08.263166   760 tablet_bootstrap.cc:654] T d81a82d561e34d2ba6f45a0c2e12d45e P 9b8c786f4531405dbfa8d5fac756d6a6: Neither blocks nor log segments found. Creating new log.
I20260713 09:01:08.268038   765 raft_consensus.cc:493] T be23e0ae21394b918fae74a8920819fa P 4ed61864f3ea49569642d1a97797d616 [term 0 FOLLOWER]: Starting pre-election (no leader contacted us within the election timeout)
I20260713 09:01:08.268538   765 raft_consensus.cc:515] T be23e0ae21394b918fae74a8920819fa P 4ed61864f3ea49569642d1a97797d616 [term 0 FOLLOWER]: Starting pre-election with config: opid_index: -1 OBSOLETE_local: false peers { permanent_uuid: "b2a83dad93d44e87a33aa34c679396b4" member_type: VOTER last_known_addr { host: "127.0.107.193" port: 36005 } } peers { permanent_uuid: "4ed61864f3ea49569642d1a97797d616" member_type: VOTER last_known_addr { host: "127.0.107.194" port: 42995 } } peers { permanent_uuid: "9b8c786f4531405dbfa8d5fac756d6a6" member_type: VOTER last_known_addr { host: "127.0.107.195" port: 45641 } }
I20260713 09:01:08.269774   759 tablet_bootstrap.cc:654] T 9a64a1ba61434dd3a67d11e08ad9beb8 P 4ed61864f3ea49569642d1a97797d616: Neither blocks nor log segments found. Creating new log.
I20260713 09:01:08.271822   765 leader_election.cc:290] T be23e0ae21394b918fae74a8920819fa P 4ed61864f3ea49569642d1a97797d616 [CANDIDATE]: Term 1 pre-election: Requested pre-vote from peers b2a83dad93d44e87a33aa34c679396b4 (127.0.107.193:36005), 9b8c786f4531405dbfa8d5fac756d6a6 (127.0.107.195:45641)
I20260713 09:01:08.291113   765 raft_consensus.cc:493] T 69de233631444dc29210331b4b174404 P 4ed61864f3ea49569642d1a97797d616 [term 0 FOLLOWER]: Starting pre-election (no leader contacted us within the election timeout)
I20260713 09:01:08.291596   765 raft_consensus.cc:515] T 69de233631444dc29210331b4b174404 P 4ed61864f3ea49569642d1a97797d616 [term 0 FOLLOWER]: Starting pre-election with config: opid_index: -1 OBSOLETE_local: false peers { permanent_uuid: "b2a83dad93d44e87a33aa34c679396b4" member_type: VOTER last_known_addr { host: "127.0.107.193" port: 36005 } } peers { permanent_uuid: "9b8c786f4531405dbfa8d5fac756d6a6" member_type: VOTER last_known_addr { host: "127.0.107.195" port: 45641 } } peers { permanent_uuid: "4ed61864f3ea49569642d1a97797d616" member_type: VOTER last_known_addr { host: "127.0.107.194" port: 42995 } }
I20260713 09:01:08.293541   765 leader_election.cc:290] T 69de233631444dc29210331b4b174404 P 4ed61864f3ea49569642d1a97797d616 [CANDIDATE]: Term 1 pre-election: Requested pre-vote from peers b2a83dad93d44e87a33aa34c679396b4 (127.0.107.193:36005), 9b8c786f4531405dbfa8d5fac756d6a6 (127.0.107.195:45641)
I20260713 09:01:08.294183   766 raft_consensus.cc:493] T 2bf9515451d4453889637cb633e0d0cb P 9b8c786f4531405dbfa8d5fac756d6a6 [term 0 FOLLOWER]: Starting pre-election (no leader contacted us within the election timeout)
I20260713 09:01:08.294624   766 raft_consensus.cc:515] T 2bf9515451d4453889637cb633e0d0cb P 9b8c786f4531405dbfa8d5fac756d6a6 [term 0 FOLLOWER]: Starting pre-election with config: opid_index: -1 OBSOLETE_local: false peers { permanent_uuid: "b2a83dad93d44e87a33aa34c679396b4" member_type: VOTER last_known_addr { host: "127.0.107.193" port: 36005 } } peers { permanent_uuid: "4ed61864f3ea49569642d1a97797d616" member_type: VOTER last_known_addr { host: "127.0.107.194" port: 42995 } } peers { permanent_uuid: "9b8c786f4531405dbfa8d5fac756d6a6" member_type: VOTER last_known_addr { host: "127.0.107.195" port: 45641 } }
I20260713 09:01:08.296504   758 tablet_bootstrap.cc:492] T 777ed5f2aeed4b9894809bd636ef49a4 P b2a83dad93d44e87a33aa34c679396b4: No bootstrap required, opened a new log
I20260713 09:01:08.297021   758 ts_tablet_manager.cc:1403] T 777ed5f2aeed4b9894809bd636ef49a4 P b2a83dad93d44e87a33aa34c679396b4: Time spent bootstrapping tablet: real 0.052s	user 0.016s	sys 0.005s
I20260713 09:01:08.297045   766 leader_election.cc:290] T 2bf9515451d4453889637cb633e0d0cb P 9b8c786f4531405dbfa8d5fac756d6a6 [CANDIDATE]: Term 1 pre-election: Requested pre-vote from peers b2a83dad93d44e87a33aa34c679396b4 (127.0.107.193:36005), 4ed61864f3ea49569642d1a97797d616 (127.0.107.194:42995)
I20260713 09:01:08.300447   758 raft_consensus.cc:359] T 777ed5f2aeed4b9894809bd636ef49a4 P b2a83dad93d44e87a33aa34c679396b4 [term 0 FOLLOWER]: Replica starting. Triggering 0 pending ops. Active config: opid_index: -1 OBSOLETE_local: false peers { permanent_uuid: "b2a83dad93d44e87a33aa34c679396b4" member_type: VOTER last_known_addr { host: "127.0.107.193" port: 36005 } } peers { permanent_uuid: "4ed61864f3ea49569642d1a97797d616" member_type: VOTER last_known_addr { host: "127.0.107.194" port: 42995 } } peers { permanent_uuid: "9b8c786f4531405dbfa8d5fac756d6a6" member_type: VOTER last_known_addr { host: "127.0.107.195" port: 45641 } }
I20260713 09:01:08.301240   758 raft_consensus.cc:385] T 777ed5f2aeed4b9894809bd636ef49a4 P b2a83dad93d44e87a33aa34c679396b4 [term 0 FOLLOWER]: Consensus starting up: Expiring failure detector timer to make a prompt election more likely
I20260713 09:01:08.301541   758 raft_consensus.cc:740] T 777ed5f2aeed4b9894809bd636ef49a4 P b2a83dad93d44e87a33aa34c679396b4 [term 0 FOLLOWER]: Becoming Follower/Learner. State: Replica: b2a83dad93d44e87a33aa34c679396b4, State: Initialized, Role: FOLLOWER
I20260713 09:01:08.302245   758 consensus_queue.cc:260] T 777ed5f2aeed4b9894809bd636ef49a4 P b2a83dad93d44e87a33aa34c679396b4 [NON_LEADER]: Queue going to NON_LEADER mode. State: All replicated index: 0, Majority replicated index: 0, Committed index: 0, Last appended: 0.0, Last appended by leader: 0, Current term: 0, Majority size: -1, State: 0, Mode: NON_LEADER, active raft config: opid_index: -1 OBSOLETE_local: false peers { permanent_uuid: "b2a83dad93d44e87a33aa34c679396b4" member_type: VOTER last_known_addr { host: "127.0.107.193" port: 36005 } } peers { permanent_uuid: "4ed61864f3ea49569642d1a97797d616" member_type: VOTER last_known_addr { host: "127.0.107.194" port: 42995 } } peers { permanent_uuid: "9b8c786f4531405dbfa8d5fac756d6a6" member_type: VOTER last_known_addr { host: "127.0.107.195" port: 45641 } }
I20260713 09:01:08.306130   758 ts_tablet_manager.cc:1434] T 777ed5f2aeed4b9894809bd636ef49a4 P b2a83dad93d44e87a33aa34c679396b4: Time spent starting tablet: real 0.009s	user 0.006s	sys 0.000s
I20260713 09:01:08.307119   758 tablet_bootstrap.cc:492] T 03f57c0832394784a71670ce7d3d7d76 P b2a83dad93d44e87a33aa34c679396b4: Bootstrap starting.
I20260713 09:01:08.312577   759 tablet_bootstrap.cc:492] T 9a64a1ba61434dd3a67d11e08ad9beb8 P 4ed61864f3ea49569642d1a97797d616: No bootstrap required, opened a new log
I20260713 09:01:08.313122   759 ts_tablet_manager.cc:1403] T 9a64a1ba61434dd3a67d11e08ad9beb8 P 4ed61864f3ea49569642d1a97797d616: Time spent bootstrapping tablet: real 0.050s	user 0.009s	sys 0.007s
I20260713 09:01:08.316538   759 raft_consensus.cc:359] T 9a64a1ba61434dd3a67d11e08ad9beb8 P 4ed61864f3ea49569642d1a97797d616 [term 0 FOLLOWER]: Replica starting. Triggering 0 pending ops. Active config: opid_index: -1 OBSOLETE_local: false peers { permanent_uuid: "b2a83dad93d44e87a33aa34c679396b4" member_type: VOTER last_known_addr { host: "127.0.107.193" port: 36005 } } peers { permanent_uuid: "4ed61864f3ea49569642d1a97797d616" member_type: VOTER last_known_addr { host: "127.0.107.194" port: 42995 } } peers { permanent_uuid: "9b8c786f4531405dbfa8d5fac756d6a6" member_type: VOTER last_known_addr { host: "127.0.107.195" port: 45641 } }
I20260713 09:01:08.317353   759 raft_consensus.cc:385] T 9a64a1ba61434dd3a67d11e08ad9beb8 P 4ed61864f3ea49569642d1a97797d616 [term 0 FOLLOWER]: Consensus starting up: Expiring failure detector timer to make a prompt election more likely
I20260713 09:01:08.317655   759 raft_consensus.cc:740] T 9a64a1ba61434dd3a67d11e08ad9beb8 P 4ed61864f3ea49569642d1a97797d616 [term 0 FOLLOWER]: Becoming Follower/Learner. State: Replica: 4ed61864f3ea49569642d1a97797d616, State: Initialized, Role: FOLLOWER
I20260713 09:01:08.318284   759 consensus_queue.cc:260] T 9a64a1ba61434dd3a67d11e08ad9beb8 P 4ed61864f3ea49569642d1a97797d616 [NON_LEADER]: Queue going to NON_LEADER mode. State: All replicated index: 0, Majority replicated index: 0, Committed index: 0, Last appended: 0.0, Last appended by leader: 0, Current term: 0, Majority size: -1, State: 0, Mode: NON_LEADER, active raft config: opid_index: -1 OBSOLETE_local: false peers { permanent_uuid: "b2a83dad93d44e87a33aa34c679396b4" member_type: VOTER last_known_addr { host: "127.0.107.193" port: 36005 } } peers { permanent_uuid: "4ed61864f3ea49569642d1a97797d616" member_type: VOTER last_known_addr { host: "127.0.107.194" port: 42995 } } peers { permanent_uuid: "9b8c786f4531405dbfa8d5fac756d6a6" member_type: VOTER last_known_addr { host: "127.0.107.195" port: 45641 } }
I20260713 09:01:08.329542   759 ts_tablet_manager.cc:1434] T 9a64a1ba61434dd3a67d11e08ad9beb8 P 4ed61864f3ea49569642d1a97797d616: Time spent starting tablet: real 0.016s	user 0.005s	sys 0.002s
I20260713 09:01:08.329995   766 raft_consensus.cc:493] T 69de233631444dc29210331b4b174404 P 9b8c786f4531405dbfa8d5fac756d6a6 [term 0 FOLLOWER]: Starting pre-election (no leader contacted us within the election timeout)
I20260713 09:01:08.330497   759 tablet_bootstrap.cc:492] T 590ca944048b4eb9a1b524d6d1f0286d P 4ed61864f3ea49569642d1a97797d616: Bootstrap starting.
I20260713 09:01:08.330448   766 raft_consensus.cc:515] T 69de233631444dc29210331b4b174404 P 9b8c786f4531405dbfa8d5fac756d6a6 [term 0 FOLLOWER]: Starting pre-election with config: opid_index: -1 OBSOLETE_local: false peers { permanent_uuid: "b2a83dad93d44e87a33aa34c679396b4" member_type: VOTER last_known_addr { host: "127.0.107.193" port: 36005 } } peers { permanent_uuid: "9b8c786f4531405dbfa8d5fac756d6a6" member_type: VOTER last_known_addr { host: "127.0.107.195" port: 45641 } } peers { permanent_uuid: "4ed61864f3ea49569642d1a97797d616" member_type: VOTER last_known_addr { host: "127.0.107.194" port: 42995 } }
I20260713 09:01:08.332412   766 leader_election.cc:290] T 69de233631444dc29210331b4b174404 P 9b8c786f4531405dbfa8d5fac756d6a6 [CANDIDATE]: Term 1 pre-election: Requested pre-vote from peers b2a83dad93d44e87a33aa34c679396b4 (127.0.107.193:36005), 4ed61864f3ea49569642d1a97797d616 (127.0.107.194:42995)
I20260713 09:01:08.346997   760 tablet_bootstrap.cc:492] T d81a82d561e34d2ba6f45a0c2e12d45e P 9b8c786f4531405dbfa8d5fac756d6a6: No bootstrap required, opened a new log
I20260713 09:01:08.347491   765 raft_consensus.cc:493] T 9a64a1ba61434dd3a67d11e08ad9beb8 P 4ed61864f3ea49569642d1a97797d616 [term 0 FOLLOWER]: Starting pre-election (no leader contacted us within the election timeout)
I20260713 09:01:08.347966   758 tablet_bootstrap.cc:654] T 03f57c0832394784a71670ce7d3d7d76 P b2a83dad93d44e87a33aa34c679396b4: Neither blocks nor log segments found. Creating new log.
I20260713 09:01:08.348425   759 tablet_bootstrap.cc:654] T 590ca944048b4eb9a1b524d6d1f0286d P 4ed61864f3ea49569642d1a97797d616: Neither blocks nor log segments found. Creating new log.
I20260713 09:01:08.347982   765 raft_consensus.cc:515] T 9a64a1ba61434dd3a67d11e08ad9beb8 P 4ed61864f3ea49569642d1a97797d616 [term 0 FOLLOWER]: Starting pre-election with config: opid_index: -1 OBSOLETE_local: false peers { permanent_uuid: "b2a83dad93d44e87a33aa34c679396b4" member_type: VOTER last_known_addr { host: "127.0.107.193" port: 36005 } } peers { permanent_uuid: "4ed61864f3ea49569642d1a97797d616" member_type: VOTER last_known_addr { host: "127.0.107.194" port: 42995 } } peers { permanent_uuid: "9b8c786f4531405dbfa8d5fac756d6a6" member_type: VOTER last_known_addr { host: "127.0.107.195" port: 45641 } }
I20260713 09:01:08.352128   765 leader_election.cc:290] T 9a64a1ba61434dd3a67d11e08ad9beb8 P 4ed61864f3ea49569642d1a97797d616 [CANDIDATE]: Term 1 pre-election: Requested pre-vote from peers b2a83dad93d44e87a33aa34c679396b4 (127.0.107.193:36005), 9b8c786f4531405dbfa8d5fac756d6a6 (127.0.107.195:45641)
I20260713 09:01:08.347491   760 ts_tablet_manager.cc:1403] T d81a82d561e34d2ba6f45a0c2e12d45e P 9b8c786f4531405dbfa8d5fac756d6a6: Time spent bootstrapping tablet: real 0.094s	user 0.026s	sys 0.016s
I20260713 09:01:08.352008   566 tablet_service.cc:1917] Received RequestConsensusVote() RPC: tablet_id: "be23e0ae21394b918fae74a8920819fa" candidate_uuid: "4ed61864f3ea49569642d1a97797d616" candidate_term: 1 candidate_status { last_received { term: 0 index: 0 } } ignore_live_leader: false dest_uuid: "b2a83dad93d44e87a33aa34c679396b4" is_pre_election: true
I20260713 09:01:08.353272   565 tablet_service.cc:1917] Received RequestConsensusVote() RPC: tablet_id: "69de233631444dc29210331b4b174404" candidate_uuid: "4ed61864f3ea49569642d1a97797d616" candidate_term: 1 candidate_status { last_received { term: 0 index: 0 } } ignore_live_leader: false dest_uuid: "b2a83dad93d44e87a33aa34c679396b4" is_pre_election: true
I20260713 09:01:08.354681   565 raft_consensus.cc:2468] T 69de233631444dc29210331b4b174404 P b2a83dad93d44e87a33aa34c679396b4 [term 0 FOLLOWER]: Leader pre-election vote request: Granting yes vote for candidate 4ed61864f3ea49569642d1a97797d616 in term 0.
I20260713 09:01:08.355554   566 tablet_service.cc:1917] Received RequestConsensusVote() RPC: tablet_id: "9a64a1ba61434dd3a67d11e08ad9beb8" candidate_uuid: "4ed61864f3ea49569642d1a97797d616" candidate_term: 1 candidate_status { last_received { term: 0 index: 0 } } ignore_live_leader: false dest_uuid: "b2a83dad93d44e87a33aa34c679396b4" is_pre_election: true
I20260713 09:01:08.356297   566 raft_consensus.cc:2468] T 9a64a1ba61434dd3a67d11e08ad9beb8 P b2a83dad93d44e87a33aa34c679396b4 [term 0 FOLLOWER]: Leader pre-election vote request: Granting yes vote for candidate 4ed61864f3ea49569642d1a97797d616 in term 0.
I20260713 09:01:08.359436   564 tablet_service.cc:1917] Received RequestConsensusVote() RPC: tablet_id: "69de233631444dc29210331b4b174404" candidate_uuid: "9b8c786f4531405dbfa8d5fac756d6a6" candidate_term: 1 candidate_status { last_received { term: 0 index: 0 } } ignore_live_leader: false dest_uuid: "b2a83dad93d44e87a33aa34c679396b4" is_pre_election: true
I20260713 09:01:08.360930   564 raft_consensus.cc:2468] T 69de233631444dc29210331b4b174404 P b2a83dad93d44e87a33aa34c679396b4 [term 0 FOLLOWER]: Leader pre-election vote request: Granting yes vote for candidate 9b8c786f4531405dbfa8d5fac756d6a6 in term 0.
I20260713 09:01:08.361756   760 raft_consensus.cc:359] T d81a82d561e34d2ba6f45a0c2e12d45e P 9b8c786f4531405dbfa8d5fac756d6a6 [term 0 FOLLOWER]: Replica starting. Triggering 0 pending ops. Active config: opid_index: -1 OBSOLETE_local: false peers { permanent_uuid: "b2a83dad93d44e87a33aa34c679396b4" member_type: VOTER last_known_addr { host: "127.0.107.193" port: 36005 } } peers { permanent_uuid: "4ed61864f3ea49569642d1a97797d616" member_type: VOTER last_known_addr { host: "127.0.107.194" port: 42995 } } peers { permanent_uuid: "9b8c786f4531405dbfa8d5fac756d6a6" member_type: VOTER last_known_addr { host: "127.0.107.195" port: 45641 } }
I20260713 09:01:08.363749   760 raft_consensus.cc:385] T d81a82d561e34d2ba6f45a0c2e12d45e P 9b8c786f4531405dbfa8d5fac756d6a6 [term 0 FOLLOWER]: Consensus starting up: Expiring failure detector timer to make a prompt election more likely
I20260713 09:01:08.364080   678 leader_election.cc:304] T 69de233631444dc29210331b4b174404 P 9b8c786f4531405dbfa8d5fac756d6a6 [CANDIDATE]: Term 1 pre-election: Election decided. Result: candidate won. Election summary: received 2 responses out of 3 voters: 2 yes votes; 0 no votes. yes voters: 9b8c786f4531405dbfa8d5fac756d6a6, b2a83dad93d44e87a33aa34c679396b4; no voters: 
I20260713 09:01:08.364283   760 raft_consensus.cc:740] T d81a82d561e34d2ba6f45a0c2e12d45e P 9b8c786f4531405dbfa8d5fac756d6a6 [term 0 FOLLOWER]: Becoming Follower/Learner. State: Replica: 9b8c786f4531405dbfa8d5fac756d6a6, State: Initialized, Role: FOLLOWER
I20260713 09:01:08.365005   766 raft_consensus.cc:2804] T 69de233631444dc29210331b4b174404 P 9b8c786f4531405dbfa8d5fac756d6a6 [term 0 FOLLOWER]: Leader pre-election won for term 1
I20260713 09:01:08.363114   565 tablet_service.cc:1917] Received RequestConsensusVote() RPC: tablet_id: "2bf9515451d4453889637cb633e0d0cb" candidate_uuid: "9b8c786f4531405dbfa8d5fac756d6a6" candidate_term: 1 candidate_status { last_received { term: 0 index: 0 } } ignore_live_leader: false dest_uuid: "b2a83dad93d44e87a33aa34c679396b4" is_pre_election: true
I20260713 09:01:08.365437   766 raft_consensus.cc:493] T 69de233631444dc29210331b4b174404 P 9b8c786f4531405dbfa8d5fac756d6a6 [term 0 FOLLOWER]: Starting leader election (no leader contacted us within the election timeout)
I20260713 09:01:08.365177   760 consensus_queue.cc:260] T d81a82d561e34d2ba6f45a0c2e12d45e P 9b8c786f4531405dbfa8d5fac756d6a6 [NON_LEADER]: Queue going to NON_LEADER mode. State: All replicated index: 0, Majority replicated index: 0, Committed index: 0, Last appended: 0.0, Last appended by leader: 0, Current term: 0, Majority size: -1, State: 0, Mode: NON_LEADER, active raft config: opid_index: -1 OBSOLETE_local: false peers { permanent_uuid: "b2a83dad93d44e87a33aa34c679396b4" member_type: VOTER last_known_addr { host: "127.0.107.193" port: 36005 } } peers { permanent_uuid: "4ed61864f3ea49569642d1a97797d616" member_type: VOTER last_known_addr { host: "127.0.107.194" port: 42995 } } peers { permanent_uuid: "9b8c786f4531405dbfa8d5fac756d6a6" member_type: VOTER last_known_addr { host: "127.0.107.195" port: 45641 } }
I20260713 09:01:08.365785   766 raft_consensus.cc:3060] T 69de233631444dc29210331b4b174404 P 9b8c786f4531405dbfa8d5fac756d6a6 [term 0 FOLLOWER]: Advancing to term 1
W20260713 09:01:08.369719   678 leader_election.cc:343] T 2bf9515451d4453889637cb633e0d0cb P 9b8c786f4531405dbfa8d5fac756d6a6 [CANDIDATE]: Term 1 pre-election: Tablet error from VoteRequest() call to peer b2a83dad93d44e87a33aa34c679396b4 (127.0.107.193:36005): Illegal state: must be running to vote when last-logged opid is not known
W20260713 09:01:08.387297   604 leader_election.cc:343] T be23e0ae21394b918fae74a8920819fa P 4ed61864f3ea49569642d1a97797d616 [CANDIDATE]: Term 1 pre-election: Tablet error from VoteRequest() call to peer b2a83dad93d44e87a33aa34c679396b4 (127.0.107.193:36005): Illegal state: must be running to vote when last-logged opid is not known
I20260713 09:01:08.388622   604 leader_election.cc:304] T 69de233631444dc29210331b4b174404 P 4ed61864f3ea49569642d1a97797d616 [CANDIDATE]: Term 1 pre-election: Election decided. Result: candidate won. Election summary: received 2 responses out of 3 voters: 2 yes votes; 0 no votes. yes voters: 4ed61864f3ea49569642d1a97797d616, b2a83dad93d44e87a33aa34c679396b4; no voters: 
I20260713 09:01:08.387256   766 raft_consensus.cc:515] T 69de233631444dc29210331b4b174404 P 9b8c786f4531405dbfa8d5fac756d6a6 [term 1 FOLLOWER]: Starting leader election with config: opid_index: -1 OBSOLETE_local: false peers { permanent_uuid: "b2a83dad93d44e87a33aa34c679396b4" member_type: VOTER last_known_addr { host: "127.0.107.193" port: 36005 } } peers { permanent_uuid: "9b8c786f4531405dbfa8d5fac756d6a6" member_type: VOTER last_known_addr { host: "127.0.107.195" port: 45641 } } peers { permanent_uuid: "4ed61864f3ea49569642d1a97797d616" member_type: VOTER last_known_addr { host: "127.0.107.194" port: 42995 } }
I20260713 09:01:08.390982   760 ts_tablet_manager.cc:1434] T d81a82d561e34d2ba6f45a0c2e12d45e P 9b8c786f4531405dbfa8d5fac756d6a6: Time spent starting tablet: real 0.037s	user 0.008s	sys 0.004s
I20260713 09:01:08.393757   760 tablet_bootstrap.cc:492] T be23e0ae21394b918fae74a8920819fa P 9b8c786f4531405dbfa8d5fac756d6a6: Bootstrap starting.
I20260713 09:01:08.394356   565 tablet_service.cc:1917] Received RequestConsensusVote() RPC: tablet_id: "69de233631444dc29210331b4b174404" candidate_uuid: "9b8c786f4531405dbfa8d5fac756d6a6" candidate_term: 1 candidate_status { last_received { term: 0 index: 0 } } ignore_live_leader: false dest_uuid: "b2a83dad93d44e87a33aa34c679396b4"
I20260713 09:01:08.394891   565 raft_consensus.cc:3060] T 69de233631444dc29210331b4b174404 P b2a83dad93d44e87a33aa34c679396b4 [term 0 FOLLOWER]: Advancing to term 1
I20260713 09:01:08.397333   765 raft_consensus.cc:2804] T 69de233631444dc29210331b4b174404 P 4ed61864f3ea49569642d1a97797d616 [term 0 FOLLOWER]: Leader pre-election won for term 1
I20260713 09:01:08.398280   765 raft_consensus.cc:493] T 69de233631444dc29210331b4b174404 P 4ed61864f3ea49569642d1a97797d616 [term 0 FOLLOWER]: Starting leader election (no leader contacted us within the election timeout)
I20260713 09:01:08.399080   765 raft_consensus.cc:3060] T 69de233631444dc29210331b4b174404 P 4ed61864f3ea49569642d1a97797d616 [term 0 FOLLOWER]: Advancing to term 1
I20260713 09:01:08.399734   783 raft_consensus.cc:493] T d81a82d561e34d2ba6f45a0c2e12d45e P 9b8c786f4531405dbfa8d5fac756d6a6 [term 0 FOLLOWER]: Starting pre-election (no leader contacted us within the election timeout)
I20260713 09:01:08.392765   766 leader_election.cc:290] T 69de233631444dc29210331b4b174404 P 9b8c786f4531405dbfa8d5fac756d6a6 [CANDIDATE]: Term 1 election: Requested vote from peers b2a83dad93d44e87a33aa34c679396b4 (127.0.107.193:36005), 4ed61864f3ea49569642d1a97797d616 (127.0.107.194:42995)
I20260713 09:01:08.397891   604 leader_election.cc:304] T 9a64a1ba61434dd3a67d11e08ad9beb8 P 4ed61864f3ea49569642d1a97797d616 [CANDIDATE]: Term 1 pre-election: Election decided. Result: candidate won. Election summary: received 2 responses out of 3 voters: 2 yes votes; 0 no votes. yes voters: 4ed61864f3ea49569642d1a97797d616, b2a83dad93d44e87a33aa34c679396b4; no voters: 
I20260713 09:01:08.400182   783 raft_consensus.cc:515] T d81a82d561e34d2ba6f45a0c2e12d45e P 9b8c786f4531405dbfa8d5fac756d6a6 [term 0 FOLLOWER]: Starting pre-election with config: opid_index: -1 OBSOLETE_local: false peers { permanent_uuid: "b2a83dad93d44e87a33aa34c679396b4" member_type: VOTER last_known_addr { host: "127.0.107.193" port: 36005 } } peers { permanent_uuid: "4ed61864f3ea49569642d1a97797d616" member_type: VOTER last_known_addr { host: "127.0.107.194" port: 42995 } } peers { permanent_uuid: "9b8c786f4531405dbfa8d5fac756d6a6" member_type: VOTER last_known_addr { host: "127.0.107.195" port: 45641 } }
I20260713 09:01:08.404911   641 tablet_service.cc:1917] Received RequestConsensusVote() RPC: tablet_id: "2bf9515451d4453889637cb633e0d0cb" candidate_uuid: "9b8c786f4531405dbfa8d5fac756d6a6" candidate_term: 1 candidate_status { last_received { term: 0 index: 0 } } ignore_live_leader: false dest_uuid: "4ed61864f3ea49569642d1a97797d616" is_pre_election: true
I20260713 09:01:08.407898   639 tablet_service.cc:1917] Received RequestConsensusVote() RPC: tablet_id: "69de233631444dc29210331b4b174404" candidate_uuid: "9b8c786f4531405dbfa8d5fac756d6a6" candidate_term: 1 candidate_status { last_received { term: 0 index: 0 } } ignore_live_leader: false dest_uuid: "4ed61864f3ea49569642d1a97797d616"
I20260713 09:01:08.409533   759 tablet_bootstrap.cc:492] T 590ca944048b4eb9a1b524d6d1f0286d P 4ed61864f3ea49569642d1a97797d616: No bootstrap required, opened a new log
I20260713 09:01:08.406447   640 tablet_service.cc:1917] Received RequestConsensusVote() RPC: tablet_id: "69de233631444dc29210331b4b174404" candidate_uuid: "9b8c786f4531405dbfa8d5fac756d6a6" candidate_term: 1 candidate_status { last_received { term: 0 index: 0 } } ignore_live_leader: false dest_uuid: "4ed61864f3ea49569642d1a97797d616" is_pre_election: true
W20260713 09:01:08.409209   678 leader_election.cc:343] T 2bf9515451d4453889637cb633e0d0cb P 9b8c786f4531405dbfa8d5fac756d6a6 [CANDIDATE]: Term 1 pre-election: Tablet error from VoteRequest() call to peer 4ed61864f3ea49569642d1a97797d616 (127.0.107.194:42995): Illegal state: must be running to vote when last-logged opid is not known
I20260713 09:01:08.409993   759 ts_tablet_manager.cc:1403] T 590ca944048b4eb9a1b524d6d1f0286d P 4ed61864f3ea49569642d1a97797d616: Time spent bootstrapping tablet: real 0.080s	user 0.012s	sys 0.012s
I20260713 09:01:08.411933   678 leader_election.cc:304] T 2bf9515451d4453889637cb633e0d0cb P 9b8c786f4531405dbfa8d5fac756d6a6 [CANDIDATE]: Term 1 pre-election: Election decided. Result: candidate lost. Election summary: received 3 responses out of 3 voters: 1 yes votes; 2 no votes. yes voters: 9b8c786f4531405dbfa8d5fac756d6a6; no voters: 4ed61864f3ea49569642d1a97797d616, b2a83dad93d44e87a33aa34c679396b4
I20260713 09:01:08.414114   758 tablet_bootstrap.cc:492] T 03f57c0832394784a71670ce7d3d7d76 P b2a83dad93d44e87a33aa34c679396b4: No bootstrap required, opened a new log
I20260713 09:01:08.415472   758 ts_tablet_manager.cc:1403] T 03f57c0832394784a71670ce7d3d7d76 P b2a83dad93d44e87a33aa34c679396b4: Time spent bootstrapping tablet: real 0.109s	user 0.005s	sys 0.015s
I20260713 09:01:08.418905   565 raft_consensus.cc:2468] T 69de233631444dc29210331b4b174404 P b2a83dad93d44e87a33aa34c679396b4 [term 1 FOLLOWER]: Leader election vote request: Granting yes vote for candidate 9b8c786f4531405dbfa8d5fac756d6a6 in term 1.
I20260713 09:01:08.419020   759 raft_consensus.cc:359] T 590ca944048b4eb9a1b524d6d1f0286d P 4ed61864f3ea49569642d1a97797d616 [term 0 FOLLOWER]: Replica starting. Triggering 0 pending ops. Active config: opid_index: -1 OBSOLETE_local: false peers { permanent_uuid: "b2a83dad93d44e87a33aa34c679396b4" member_type: VOTER last_known_addr { host: "127.0.107.193" port: 36005 } } peers { permanent_uuid: "4ed61864f3ea49569642d1a97797d616" member_type: VOTER last_known_addr { host: "127.0.107.194" port: 42995 } } peers { permanent_uuid: "9b8c786f4531405dbfa8d5fac756d6a6" member_type: VOTER last_known_addr { host: "127.0.107.195" port: 45641 } }
I20260713 09:01:08.419783   759 raft_consensus.cc:385] T 590ca944048b4eb9a1b524d6d1f0286d P 4ed61864f3ea49569642d1a97797d616 [term 0 FOLLOWER]: Consensus starting up: Expiring failure detector timer to make a prompt election more likely
I20260713 09:01:08.420061   678 leader_election.cc:304] T 69de233631444dc29210331b4b174404 P 9b8c786f4531405dbfa8d5fac756d6a6 [CANDIDATE]: Term 1 election: Election decided. Result: candidate won. Election summary: received 2 responses out of 3 voters: 2 yes votes; 0 no votes. yes voters: 9b8c786f4531405dbfa8d5fac756d6a6, b2a83dad93d44e87a33aa34c679396b4; no voters: 
I20260713 09:01:08.421485   766 raft_consensus.cc:2804] T 69de233631444dc29210331b4b174404 P 9b8c786f4531405dbfa8d5fac756d6a6 [term 1 FOLLOWER]: Leader election won for term 1
I20260713 09:01:08.420082   759 raft_consensus.cc:740] T 590ca944048b4eb9a1b524d6d1f0286d P 4ed61864f3ea49569642d1a97797d616 [term 0 FOLLOWER]: Becoming Follower/Learner. State: Replica: 4ed61864f3ea49569642d1a97797d616, State: Initialized, Role: FOLLOWER
I20260713 09:01:08.425267   765 raft_consensus.cc:515] T 69de233631444dc29210331b4b174404 P 4ed61864f3ea49569642d1a97797d616 [term 1 FOLLOWER]: Starting leader election with config: opid_index: -1 OBSOLETE_local: false peers { permanent_uuid: "b2a83dad93d44e87a33aa34c679396b4" member_type: VOTER last_known_addr { host: "127.0.107.193" port: 36005 } } peers { permanent_uuid: "9b8c786f4531405dbfa8d5fac756d6a6" member_type: VOTER last_known_addr { host: "127.0.107.195" port: 45641 } } peers { permanent_uuid: "4ed61864f3ea49569642d1a97797d616" member_type: VOTER last_known_addr { host: "127.0.107.194" port: 42995 } }
I20260713 09:01:08.419044   758 raft_consensus.cc:359] T 03f57c0832394784a71670ce7d3d7d76 P b2a83dad93d44e87a33aa34c679396b4 [term 0 FOLLOWER]: Replica starting. Triggering 0 pending ops. Active config: opid_index: -1 OBSOLETE_local: false peers { permanent_uuid: "b2a83dad93d44e87a33aa34c679396b4" member_type: VOTER last_known_addr { host: "127.0.107.193" port: 36005 } } peers { permanent_uuid: "4ed61864f3ea49569642d1a97797d616" member_type: VOTER last_known_addr { host: "127.0.107.194" port: 42995 } } peers { permanent_uuid: "9b8c786f4531405dbfa8d5fac756d6a6" member_type: VOTER last_known_addr { host: "127.0.107.195" port: 45641 } }
I20260713 09:01:08.429598   766 raft_consensus.cc:697] T 69de233631444dc29210331b4b174404 P 9b8c786f4531405dbfa8d5fac756d6a6 [term 1 LEADER]: Becoming Leader. State: Replica: 9b8c786f4531405dbfa8d5fac756d6a6, State: Running, Role: LEADER
I20260713 09:01:08.430217   786 raft_consensus.cc:493] T 03f57c0832394784a71670ce7d3d7d76 P 9b8c786f4531405dbfa8d5fac756d6a6 [term 0 FOLLOWER]: Starting pre-election (no leader contacted us within the election timeout)
I20260713 09:01:08.430492   766 consensus_queue.cc:237] T 69de233631444dc29210331b4b174404 P 9b8c786f4531405dbfa8d5fac756d6a6 [LEADER]: Queue going to LEADER mode. State: All replicated index: 0, Majority replicated index: 0, Committed index: 0, Last appended: 0.0, Last appended by leader: 0, Current term: 1, Majority size: 2, State: 0, Mode: LEADER, active raft config: opid_index: -1 OBSOLETE_local: false peers { permanent_uuid: "b2a83dad93d44e87a33aa34c679396b4" member_type: VOTER last_known_addr { host: "127.0.107.193" port: 36005 } } peers { permanent_uuid: "9b8c786f4531405dbfa8d5fac756d6a6" member_type: VOTER last_known_addr { host: "127.0.107.195" port: 45641 } } peers { permanent_uuid: "4ed61864f3ea49569642d1a97797d616" member_type: VOTER last_known_addr { host: "127.0.107.194" port: 42995 } }
I20260713 09:01:08.430688   786 raft_consensus.cc:515] T 03f57c0832394784a71670ce7d3d7d76 P 9b8c786f4531405dbfa8d5fac756d6a6 [term 0 FOLLOWER]: Starting pre-election with config: opid_index: -1 OBSOLETE_local: false peers { permanent_uuid: "b2a83dad93d44e87a33aa34c679396b4" member_type: VOTER last_known_addr { host: "127.0.107.193" port: 36005 } } peers { permanent_uuid: "4ed61864f3ea49569642d1a97797d616" member_type: VOTER last_known_addr { host: "127.0.107.194" port: 42995 } } peers { permanent_uuid: "9b8c786f4531405dbfa8d5fac756d6a6" member_type: VOTER last_known_addr { host: "127.0.107.195" port: 45641 } }
I20260713 09:01:08.432605   763 raft_consensus.cc:493] T 777ed5f2aeed4b9894809bd636ef49a4 P b2a83dad93d44e87a33aa34c679396b4 [term 0 FOLLOWER]: Starting pre-election (no leader contacted us within the election timeout)
I20260713 09:01:08.427047   758 raft_consensus.cc:385] T 03f57c0832394784a71670ce7d3d7d76 P b2a83dad93d44e87a33aa34c679396b4 [term 0 FOLLOWER]: Consensus starting up: Expiring failure detector timer to make a prompt election more likely
